[INFO] cloning repository https://github.com/mikedotexe/near-collections-issue
[INFO] running `Command { std: "git" "-c" "credential.helper=" "-c" "credential.helper=/workspace/cargo-home/bin/git-credential-null" "clone" "--bare" "https://github.com/mikedotexe/near-collections-issue" "/workspace/cache/git-repos/https%3A%2F%2Fgithub.com%2Fmikedotexe%2Fnear-collections-issue", kill_on_drop: false }`
[INFO] [stderr] Cloning into bare repository '/workspace/cache/git-repos/https%3A%2F%2Fgithub.com%2Fmikedotexe%2Fnear-collections-issue'...
[INFO] running `Command { std: "git" "rev-parse" "HEAD", kill_on_drop: false }`
[INFO] [stdout] 8e553e8bc20c001901ec91530046ff547803dfac
[INFO] testing mikedotexe/near-collections-issue against beta-2021-08-01 for beta-1.55-1
[INFO] running `Command { std: "git" "clone" "/workspace/cache/git-repos/https%3A%2F%2Fgithub.com%2Fmikedotexe%2Fnear-collections-issue" "/workspace/builds/worker-4/source", kill_on_drop: false }`
[INFO] [stderr] Cloning into '/workspace/builds/worker-4/source'...
[INFO] [stderr] done.
[INFO] validating manifest of git repo https://github.com/mikedotexe/near-collections-issue on toolchain beta-2021-08-01
[INFO] running `Command { std: "/workspace/cargo-home/bin/cargo" "+beta-2021-08-01" "metadata" "--manifest-path" "Cargo.toml" "--no-deps", kill_on_drop: false }`
[INFO] removed /workspace/builds/worker-4/source/.cargo/config
[INFO] started tweaking git repo https://github.com/mikedotexe/near-collections-issue
[INFO] finished tweaking git repo https://github.com/mikedotexe/near-collections-issue
[INFO] tweaked toml for git repo https://github.com/mikedotexe/near-collections-issue written to /workspace/builds/worker-4/source/Cargo.toml
[INFO] crate git repo https://github.com/mikedotexe/near-collections-issue already has a lockfile, it will not be regenerated
[INFO] running `Command { std: "/workspace/cargo-home/bin/cargo" "+beta-2021-08-01" "fetch" "--manifest-path" "Cargo.toml", kill_on_drop: false }`
[INFO] [stderr]  Downloading crates ...
[INFO] [stderr]   Downloaded borsh-derive-internal v0.6.2
[INFO] [stderr]   Downloaded borsh-derive v0.6.2
[INFO] [stderr]   Downloaded borsh-schema-derive-internal v0.6.2
[INFO] [stderr]   Downloaded borsh v0.6.2
[INFO] [stderr]   Downloaded near-vm-errors v0.9.1
[INFO] [stderr]   Downloaded near-runtime-fees v0.9.1
[INFO] [stderr]   Downloaded near-sdk-macros v0.11.0
[INFO] [stderr]   Downloaded near-sdk-core v0.11.0
[INFO] [stderr]   Downloaded near-sdk v0.11.0
[INFO] [stderr]   Downloaded near-vm-logic v0.9.1
[INFO] running `Command { std: "docker" "create" "-v" "/var/lib/crater-agent-workspace/builds/worker-4/target:/opt/rustwide/target:rw,Z" "-v" "/var/lib/crater-agent-workspace/builds/worker-4/source:/opt/rustwide/workdir:ro,Z" "-v" "/var/lib/crater-agent-workspace/cargo-home:/opt/rustwide/cargo-home:ro,Z" "-v" "/var/lib/crater-agent-workspace/rustup-home:/opt/rustwide/rustup-home:ro,Z" "-e" "SOURCE_DIR=/opt/rustwide/workdir" "-e" "CARGO_TARGET_DIR=/opt/rustwide/target" "-e" "CARGO_HOME=/opt/rustwide/cargo-home" "-e" "RUSTUP_HOME=/opt/rustwide/rustup-home" "-w" "/opt/rustwide/workdir" "-m" "1610612736" "--user" "0:0" "--network" "none" "ghcr.io/rust-lang/crates-build-env/linux@sha256:34b6a614d2c27851fe6cbf88fbd1137609cefab8b10d0615aaeb6fd47975d74e" "/opt/rustwide/cargo-home/bin/cargo" "+beta-2021-08-01" "metadata" "--no-deps" "--format-version=1", kill_on_drop: false }`
[INFO] [stderr] WARNING: Your kernel does not support swap limit capabilities or the cgroup is not mounted. Memory limited without swap.
[INFO] [stdout] c454a6f393bcaa8a87ffae9834b97a596c47155614666bc80fce5466e6214d63
[INFO] running `Command { std: "docker" "start" "-a" "c454a6f393bcaa8a87ffae9834b97a596c47155614666bc80fce5466e6214d63", kill_on_drop: false }`
[INFO] running `Command { std: "docker" "inspect" "c454a6f393bcaa8a87ffae9834b97a596c47155614666bc80fce5466e6214d63", kill_on_drop: false }`
[INFO] running `Command { std: "docker" "rm" "-f" "c454a6f393bcaa8a87ffae9834b97a596c47155614666bc80fce5466e6214d63", kill_on_drop: false }`
[INFO] [stdout] c454a6f393bcaa8a87ffae9834b97a596c47155614666bc80fce5466e6214d63
[INFO] running `Command { std: "docker" "create" "-v" "/var/lib/crater-agent-workspace/builds/worker-4/target:/opt/rustwide/target:rw,Z" "-v" "/var/lib/crater-agent-workspace/builds/worker-4/source:/opt/rustwide/workdir:ro,Z" "-v" "/var/lib/crater-agent-workspace/cargo-home:/opt/rustwide/cargo-home:ro,Z" "-v" "/var/lib/crater-agent-workspace/rustup-home:/opt/rustwide/rustup-home:ro,Z" "-e" "SOURCE_DIR=/opt/rustwide/workdir" "-e" "CARGO_TARGET_DIR=/opt/rustwide/target" "-e" "CARGO_INCREMENTAL=0" "-e" "RUST_BACKTRACE=full" "-e" "RUSTFLAGS=--cap-lints=warn" "-e" "CARGO_HOME=/opt/rustwide/cargo-home" "-e" "RUSTUP_HOME=/opt/rustwide/rustup-home" "-w" "/opt/rustwide/workdir" "-m" "1610612736" "--user" "0:0" "--network" "none" "ghcr.io/rust-lang/crates-build-env/linux@sha256:34b6a614d2c27851fe6cbf88fbd1137609cefab8b10d0615aaeb6fd47975d74e" "/opt/rustwide/cargo-home/bin/cargo" "+beta-2021-08-01" "build" "--frozen" "--message-format=json", kill_on_drop: false }`
[INFO] [stdout] 4832567c1a535fafa1ce76f2bb85835bef8383fc6e2861e8c4d435af5d9f4313
[INFO] [stderr] WARNING: Your kernel does not support swap limit capabilities or the cgroup is not mounted. Memory limited without swap.
[INFO] running `Command { std: "docker" "start" "-a" "4832567c1a535fafa1ce76f2bb85835bef8383fc6e2861e8c4d435af5d9f4313", kill_on_drop: false }`
[INFO] [stderr]    Compiling syn v1.0.38
[INFO] [stderr]    Compiling serde_json v1.0.57
[INFO] [stderr]    Compiling wee_alloc v0.4.5
[INFO] [stderr]    Compiling memory_units v0.4.0
[INFO] [stderr]    Compiling num-traits v0.2.12
[INFO] [stderr]    Compiling num-rational v0.2.4
[INFO] [stderr]    Compiling sha3 v0.8.2
[INFO] [stderr]    Compiling sha2 v0.8.2
[INFO] [stderr]    Compiling num-integer v0.1.43
[INFO] [stderr]    Compiling num-bigint v0.2.6
[INFO] [stderr]    Compiling borsh-derive-internal v0.6.2
[INFO] [stderr]    Compiling borsh-schema-derive-internal v0.6.2
[INFO] [stderr]    Compiling near-sdk-core v0.11.0
[INFO] [stderr]    Compiling serde_derive v1.0.114
[INFO] [stderr]    Compiling borsh-derive v0.6.2
[INFO] [stderr]    Compiling near-sdk-macros v0.11.0
[INFO] [stderr]    Compiling borsh v0.6.2
[INFO] [stderr]    Compiling serde v1.0.114
[INFO] [stderr]    Compiling near-runtime-fees v0.9.1
[INFO] [stderr]    Compiling near-rpc-error-core v0.1.0
[INFO] [stderr]    Compiling near-rpc-error-macro v0.1.0
[INFO] [stderr]    Compiling near-vm-errors v0.9.1
[INFO] [stderr]    Compiling near-vm-logic v0.9.1
[INFO] [stderr]    Compiling near-sdk v0.11.0
[INFO] [stderr]    Compiling near-collections-issues v0.0.1 (/opt/rustwide/workdir)
[INFO] [stderr]     Finished dev [unoptimized + debuginfo] target(s) in 39.38s
[INFO] running `Command { std: "docker" "inspect" "4832567c1a535fafa1ce76f2bb85835bef8383fc6e2861e8c4d435af5d9f4313", kill_on_drop: false }`
[INFO] running `Command { std: "docker" "rm" "-f" "4832567c1a535fafa1ce76f2bb85835bef8383fc6e2861e8c4d435af5d9f4313", kill_on_drop: false }`
[INFO] [stdout] 4832567c1a535fafa1ce76f2bb85835bef8383fc6e2861e8c4d435af5d9f4313
[INFO] running `Command { std: "docker" "create" "-v" "/var/lib/crater-agent-workspace/builds/worker-4/target:/opt/rustwide/target:rw,Z" "-v" "/var/lib/crater-agent-workspace/builds/worker-4/source:/opt/rustwide/workdir:ro,Z" "-v" "/var/lib/crater-agent-workspace/cargo-home:/opt/rustwide/cargo-home:ro,Z" "-v" "/var/lib/crater-agent-workspace/rustup-home:/opt/rustwide/rustup-home:ro,Z" "-e" "SOURCE_DIR=/opt/rustwide/workdir" "-e" "CARGO_TARGET_DIR=/opt/rustwide/target" "-e" "CARGO_INCREMENTAL=0" "-e" "RUST_BACKTRACE=full" "-e" "RUSTFLAGS=--cap-lints=warn" "-e" "CARGO_HOME=/opt/rustwide/cargo-home" "-e" "RUSTUP_HOME=/opt/rustwide/rustup-home" "-w" "/opt/rustwide/workdir" "-m" "1610612736" "--user" "0:0" "--network" "none" "ghcr.io/rust-lang/crates-build-env/linux@sha256:34b6a614d2c27851fe6cbf88fbd1137609cefab8b10d0615aaeb6fd47975d74e" "/opt/rustwide/cargo-home/bin/cargo" "+beta-2021-08-01" "test" "--frozen" "--no-run" "--message-format=json", kill_on_drop: false }`
[INFO] [stdout] 7838eeb088816b0332b6a1b86d8a0556187f125975dd599293af2abe01b3d620
[INFO] [stderr] WARNING: Your kernel does not support swap limit capabilities or the cgroup is not mounted. Memory limited without swap.
[INFO] running `Command { std: "docker" "start" "-a" "7838eeb088816b0332b6a1b86d8a0556187f125975dd599293af2abe01b3d620", kill_on_drop: false }`
[INFO] [stderr]    Compiling near-collections-issues v0.0.1 (/opt/rustwide/workdir)
[INFO] [stderr]     Finished test [unoptimized + debuginfo] target(s) in 1.64s
[INFO] running `Command { std: "docker" "inspect" "7838eeb088816b0332b6a1b86d8a0556187f125975dd599293af2abe01b3d620", kill_on_drop: false }`
[INFO] running `Command { std: "docker" "rm" "-f" "7838eeb088816b0332b6a1b86d8a0556187f125975dd599293af2abe01b3d620", kill_on_drop: false }`
[INFO] [stdout] 7838eeb088816b0332b6a1b86d8a0556187f125975dd599293af2abe01b3d620
[INFO] running `Command { std: "docker" "create" "-v" "/var/lib/crater-agent-workspace/builds/worker-4/target:/opt/rustwide/target:rw,Z" "-v" "/var/lib/crater-agent-workspace/builds/worker-4/source:/opt/rustwide/workdir:ro,Z" "-v" "/var/lib/crater-agent-workspace/cargo-home:/opt/rustwide/cargo-home:ro,Z" "-v" "/var/lib/crater-agent-workspace/rustup-home:/opt/rustwide/rustup-home:ro,Z" "-e" "SOURCE_DIR=/opt/rustwide/workdir" "-e" "CARGO_TARGET_DIR=/opt/rustwide/target" "-e" "CARGO_INCREMENTAL=0" "-e" "RUST_BACKTRACE=full" "-e" "RUSTFLAGS=--cap-lints=warn" "-e" "CARGO_HOME=/opt/rustwide/cargo-home" "-e" "RUSTUP_HOME=/opt/rustwide/rustup-home" "-w" "/opt/rustwide/workdir" "-m" "1610612736" "--user" "0:0" "--network" "none" "ghcr.io/rust-lang/crates-build-env/linux@sha256:34b6a614d2c27851fe6cbf88fbd1137609cefab8b10d0615aaeb6fd47975d74e" "/opt/rustwide/cargo-home/bin/cargo" "+beta-2021-08-01" "test" "--frozen", kill_on_drop: false }`
[INFO] [stderr] WARNING: Your kernel does not support swap limit capabilities or the cgroup is not mounted. Memory limited without swap.
[INFO] [stdout] 2f9663fd9967102e1fd98393b9c84475147d5f0735f41202289b6145cb423084
[INFO] running `Command { std: "docker" "start" "-a" "2f9663fd9967102e1fd98393b9c84475147d5f0735f41202289b6145cb423084", kill_on_drop: false }`
[INFO] [stderr]     Finished test [unoptimized + debuginfo] target(s) in 0.04s
[INFO] [stderr]      Running unittests (/opt/rustwide/target/debug/deps/near_collections_issues-2a91ffedc1f6c430)
[INFO] [stdout] 
[INFO] [stdout] running 1 test
[INFO] [stdout] test tests::test_break_nested ... FAILED
[INFO] [stdout] 
[INFO] [stdout] failures:
[INFO] [stdout] 
[INFO] [stdout] ---- tests::test_break_nested stdout ----
[INFO] [stdout] thread 'tests::test_break_nested' panicked at 'called `Result::unwrap()` on an `Err` value: HostError(GuestPanic { panic_msg: "The collection is an inconsistent state. Did previous smart contract execution terminate unexpectedly?" })', /opt/rustwide/cargo-home/registry/src/github.com-1ecc6299db9ec823/near-sdk-0.11.0/src/environment/mocked_blockchain.rs:164:54
[INFO] [stdout] stack backtrace:
[INFO] [stdout]    0:     0x5620be6bd6e0 - std::backtrace_rs::backtrace::libunwind::trace::hff4d1766e93f64f1
[INFO] [stdout]                                at /rustc/53fd98ca776cb875bc9e5514f56b52eb74f9e7a9/library/std/src/../../backtrace/src/backtrace/libunwind.rs:90:5
[INFO] [stdout]    1:     0x5620be6bd6e0 - std::backtrace_rs::backtrace::trace_unsynchronized::h56bbc8eb78770bcb
[INFO] [stdout]                                at /rustc/53fd98ca776cb875bc9e5514f56b52eb74f9e7a9/library/std/src/../../backtrace/src/backtrace/mod.rs:66:5
[INFO] [stdout]    2:     0x5620be6bd6e0 - std::sys_common::backtrace::_print_fmt::h5c8e75464faca780
[INFO] [stdout]                                at /rustc/53fd98ca776cb875bc9e5514f56b52eb74f9e7a9/library/std/src/sys_common/backtrace.rs:67:5
[INFO] [stdout]    3:     0x5620be6bd6e0 - <std::sys_common::backtrace::_print::DisplayBacktrace as core::fmt::Display>::fmt::h48b88277def8b362
[INFO] [stdout]                                at /rustc/53fd98ca776cb875bc9e5514f56b52eb74f9e7a9/library/std/src/sys_common/backtrace.rs:46:22
[INFO] [stdout]    4:     0x5620be6e005c - core::fmt::write::h3381b3176fe2b3d3
[INFO] [stdout]                                at /rustc/53fd98ca776cb875bc9e5514f56b52eb74f9e7a9/library/core/src/fmt/mod.rs:1115:17
[INFO] [stdout]    5:     0x5620be6ba645 - std::io::Write::write_fmt::h5f34a676f60246b5
[INFO] [stdout]                                at /rustc/53fd98ca776cb875bc9e5514f56b52eb74f9e7a9/library/std/src/io/mod.rs:1665:15
[INFO] [stdout]    6:     0x5620be6bf6db - std::sys_common::backtrace::_print::ha537687d6c17dd0d
[INFO] [stdout]                                at /rustc/53fd98ca776cb875bc9e5514f56b52eb74f9e7a9/library/std/src/sys_common/backtrace.rs:49:5
[INFO] [stdout]    7:     0x5620be6bf6db - std::sys_common::backtrace::print::h61376ae57d131d72
[INFO] [stdout]                                at /rustc/53fd98ca776cb875bc9e5514f56b52eb74f9e7a9/library/std/src/sys_common/backtrace.rs:36:9
[INFO] [stdout]    8:     0x5620be6bf6db - std::panicking::default_hook::{{closure}}::h0f7208c0b9644a54
[INFO] [stdout]                                at /rustc/53fd98ca776cb875bc9e5514f56b52eb74f9e7a9/library/std/src/panicking.rs:208:50
[INFO] [stdout]    9:     0x5620be6bf1ec - std::panicking::default_hook::hdac7fc06578c14ce
[INFO] [stdout]                                at /rustc/53fd98ca776cb875bc9e5514f56b52eb74f9e7a9/library/std/src/panicking.rs:222:9
[INFO] [stdout]   10:     0x5620be6bfda4 - std::panicking::rust_panic_with_hook::h72b21c283da3d1ef
[INFO] [stdout]                                at /rustc/53fd98ca776cb875bc9e5514f56b52eb74f9e7a9/library/std/src/panicking.rs:622:17
[INFO] [stdout]   11:     0x5620be6bf887 - std::panicking::begin_panic_handler::{{closure}}::he5778f1729cff84a
[INFO] [stdout]                                at /rustc/53fd98ca776cb875bc9e5514f56b52eb74f9e7a9/library/std/src/panicking.rs:519:13
[INFO] [stdout]   12:     0x5620be6bdbbc - std::sys_common::backtrace::__rust_end_short_backtrace::h2d11ca8b453b4b1d
[INFO] [stdout]                                at /rustc/53fd98ca776cb875bc9e5514f56b52eb74f9e7a9/library/std/src/sys_common/backtrace.rs:141:18
[INFO] [stdout]   13:     0x5620be6bf7e9 - rust_begin_unwind
[INFO] [stdout]                                at /rustc/53fd98ca776cb875bc9e5514f56b52eb74f9e7a9/library/std/src/panicking.rs:515:5
[INFO] [stdout]   14:     0x5620be5df3b1 - core::panicking::panic_fmt::hf9de31d4acbce4db
[INFO] [stdout]                                at /rustc/53fd98ca776cb875bc9e5514f56b52eb74f9e7a9/library/core/src/panicking.rs:92:14
[INFO] [stdout]   15:     0x5620be5df4a3 - core::result::unwrap_failed::ha0c84e81219e5878
[INFO] [stdout]                                at /rustc/53fd98ca776cb875bc9e5514f56b52eb74f9e7a9/library/core/src/result.rs:1599:5
[INFO] [stdout]   16:     0x5620be639bfc - core::result::Result<T,E>::unwrap::h7e5814e9fc01b50f
[INFO] [stdout]                                at /rustc/53fd98ca776cb875bc9e5514f56b52eb74f9e7a9/library/core/src/result.rs:1281:23
[INFO] [stdout]   17:     0x5620be63468f - <near_sdk::environment::mocked_blockchain::MockedBlockchain as near_sdk::environment::blockchain_interface::BlockchainInterface>::panic_utf8::hdd32c575c1f5c5d8
[INFO] [stdout]                                at /opt/rustwide/cargo-home/registry/src/github.com-1ecc6299db9ec823/near-sdk-0.11.0/src/environment/mocked_blockchain.rs:164:9
[INFO] [stdout]   18:     0x5620be6367a4 - near_sdk::environment::env::panic::{{closure}}::hd57803e38bf4bbef
[INFO] [stdout]                                at /opt/rustwide/cargo-home/registry/src/github.com-1ecc6299db9ec823/near-sdk-0.11.0/src/environment/env.rs:688:13
[INFO] [stdout]   19:     0x5620be63a59a - std::thread::local::LocalKey<T>::try_with::hcef034a8e7f652e2
[INFO] [stdout]                                at /rustc/53fd98ca776cb875bc9e5514f56b52eb74f9e7a9/library/std/src/thread/local.rs:399:16
[INFO] [stdout]   20:     0x5620be639ee4 - std::thread::local::LocalKey<T>::with::h90482de0be7f1d50
[INFO] [stdout]                                at /rustc/53fd98ca776cb875bc9e5514f56b52eb74f9e7a9/library/std/src/thread/local.rs:375:9
[INFO] [stdout]   21:     0x5620be636657 - near_sdk::environment::env::panic::hf4f4d84b4ee62f71
[INFO] [stdout]                                at /opt/rustwide/cargo-home/registry/src/github.com-1ecc6299db9ec823/near-sdk-0.11.0/src/environment/env.rs:687:9
[INFO] [stdout]   22:     0x5620be5f2a03 - near_sdk::collections::unordered_map::UnorderedMap<K,V>::get_raw::{{closure}}::h25ec3aa1f023061d
[INFO] [stdout]                                at /opt/rustwide/cargo-home/registry/src/github.com-1ecc6299db9ec823/near-sdk-0.11.0/src/collections/unordered_map.rs:87:21
[INFO] [stdout]   23:     0x5620be5e78d2 - core::option::Option<T>::map::h9af7fb7b72d746e5
[INFO] [stdout]                                at /rustc/53fd98ca776cb875bc9e5514f56b52eb74f9e7a9/library/core/src/option.rs:823:29
[INFO] [stdout]   24:     0x5620be5f299e - near_sdk::collections::unordered_map::UnorderedMap<K,V>::get_raw::hf353d8316485d017
[INFO] [stdout]                                at /opt/rustwide/cargo-home/registry/src/github.com-1ecc6299db9ec823/near-sdk-0.11.0/src/collections/unordered_map.rs:85:9
[INFO] [stdout]   25:     0x5620be5f1940 - near_sdk::collections::unordered_map::UnorderedMap<K,V>::get::h230bde8f6fefbdcc
[INFO] [stdout]                                at /opt/rustwide/cargo-home/registry/src/github.com-1ecc6299db9ec823/near-sdk-0.11.0/src/collections/unordered_map.rs:177:9
[INFO] [stdout]   26:     0x5620be5e19b2 - near_sdk::collections::tree_map::TreeMap<K,V>::contains_key::h2d0f9fe9595a43bd
[INFO] [stdout]                                at /opt/rustwide/cargo-home/registry/src/github.com-1ecc6299db9ec823/near-sdk-0.11.0/src/collections/tree_map.rs:94:9
[INFO] [stdout]   27:     0x5620be5e3294 - near_sdk::collections::tree_map::TreeMap<K,V>::insert::h729993885083e790
[INFO] [stdout]                                at /opt/rustwide/cargo-home/registry/src/github.com-1ecc6299db9ec823/near-sdk-0.11.0/src/collections/tree_map.rs:102:13
[INFO] [stdout]   28:     0x5620be5eb19d - near_collections_issues::CollectionIssues::insert_nested_treemap_num::h5dd570a219f875c0
[INFO] [stdout]                                at /opt/rustwide/workdir/src/lib.rs:39:9
[INFO] [stdout]   29:     0x5620be5ea58e - near_collections_issues::tests::test_break_nested::h53474138db882de1
[INFO] [stdout]                                at /opt/rustwide/workdir/src/lib.rs:105:9
[INFO] [stdout]   30:     0x5620be5ea09a - near_collections_issues::tests::test_break_nested::{{closure}}::hfb49656d7b73c9ed
[INFO] [stdout]                                at /opt/rustwide/workdir/src/lib.rs:99:5
[INFO] [stdout]   31:     0x5620be5eb51e - core::ops::function::FnOnce::call_once::h971cee8c2d19896b
[INFO] [stdout]                                at /rustc/53fd98ca776cb875bc9e5514f56b52eb74f9e7a9/library/core/src/ops/function.rs:227:5
[INFO] [stdout]   32:     0x5620be62c1e3 - core::ops::function::FnOnce::call_once::hbb52c4519d3137b0
[INFO] [stdout]                                at /rustc/53fd98ca776cb875bc9e5514f56b52eb74f9e7a9/library/core/src/ops/function.rs:227:5
[INFO] [stdout]   33:     0x5620be62c1e3 - test::__rust_begin_short_backtrace::h86fe3a2a5a5121af
[INFO] [stdout]                                at /rustc/53fd98ca776cb875bc9e5514f56b52eb74f9e7a9/library/test/src/lib.rs:578:5
[INFO] [stdout]   34:     0x5620be62ac98 - <alloc::boxed::Box<F,A> as core::ops::function::FnOnce<Args>>::call_once::hfd956bc3d57399be
[INFO] [stdout]                                at /rustc/53fd98ca776cb875bc9e5514f56b52eb74f9e7a9/library/alloc/src/boxed.rs:1572:9
[INFO] [stdout]   35:     0x5620be62ac98 - <std::panic::AssertUnwindSafe<F> as core::ops::function::FnOnce<()>>::call_once::h40dc93e0ddb5938a
[INFO] [stdout]                                at /rustc/53fd98ca776cb875bc9e5514f56b52eb74f9e7a9/library/std/src/panic.rs:347:9
[INFO] [stdout]   36:     0x5620be62ac98 - std::panicking::try::do_call::h90d07750cb47c562
[INFO] [stdout]                                at /rustc/53fd98ca776cb875bc9e5514f56b52eb74f9e7a9/library/std/src/panicking.rs:401:40
[INFO] [stdout]   37:     0x5620be62ac98 - std::panicking::try::h063c84733ad2a629
[INFO] [stdout]                                at /rustc/53fd98ca776cb875bc9e5514f56b52eb74f9e7a9/library/std/src/panicking.rs:365:19
[INFO] [stdout]   38:     0x5620be62ac98 - std::panic::catch_unwind::h0c464836a84e7c08
[INFO] [stdout]                                at /rustc/53fd98ca776cb875bc9e5514f56b52eb74f9e7a9/library/std/src/panic.rs:434:14
[INFO] [stdout]   39:     0x5620be62ac98 - test::run_test_in_process::h5cb06ef620b157fc
[INFO] [stdout]                                at /rustc/53fd98ca776cb875bc9e5514f56b52eb74f9e7a9/library/test/src/lib.rs:601:18
[INFO] [stdout]   40:     0x5620be62ac98 - test::run_test::run_test_inner::{{closure}}::h76f677f4b93f9828
[INFO] [stdout]                                at /rustc/53fd98ca776cb875bc9e5514f56b52eb74f9e7a9/library/test/src/lib.rs:493:39
[INFO] [stdout]   41:     0x5620be5f942d - test::run_test::run_test_inner::{{closure}}::h366d01fe04f4d67a
[INFO] [stdout]                                at /rustc/53fd98ca776cb875bc9e5514f56b52eb74f9e7a9/library/test/src/lib.rs:520:37
[INFO] [stdout]   42:     0x5620be5f942d - std::sys_common::backtrace::__rust_begin_short_backtrace::h7dfa0de4eb395af2
[INFO] [stdout]                                at /rustc/53fd98ca776cb875bc9e5514f56b52eb74f9e7a9/library/std/src/sys_common/backtrace.rs:125:18
[INFO] [stdout]   43:     0x5620be5fdbf8 - std::thread::Builder::spawn_unchecked::{{closure}}::{{closure}}::hf0a74bb58798037f
[INFO] [stdout]                                at /rustc/53fd98ca776cb875bc9e5514f56b52eb74f9e7a9/library/std/src/thread/mod.rs:476:17
[INFO] [stdout]   44:     0x5620be5fdbf8 - <std::panic::AssertUnwindSafe<F> as core::ops::function::FnOnce<()>>::call_once::hb024e854818586ac
[INFO] [stdout]                                at /rustc/53fd98ca776cb875bc9e5514f56b52eb74f9e7a9/library/std/src/panic.rs:347:9
[INFO] [stdout]   45:     0x5620be5fdbf8 - std::panicking::try::do_call::hb2dd9f1d0d48e41d
[INFO] [stdout]                                at /rustc/53fd98ca776cb875bc9e5514f56b52eb74f9e7a9/library/std/src/panicking.rs:401:40
[INFO] [stdout]   46:     0x5620be5fdbf8 - std::panicking::try::h4717ae7bac8b2bf3
[INFO] [stdout]                                at /rustc/53fd98ca776cb875bc9e5514f56b52eb74f9e7a9/library/std/src/panicking.rs:365:19
[INFO] [stdout]   47:     0x5620be5fdbf8 - std::panic::catch_unwind::h0dc8a061326ce8d8
[INFO] [stdout]                                at /rustc/53fd98ca776cb875bc9e5514f56b52eb74f9e7a9/library/std/src/panic.rs:434:14
[INFO] [stdout]   48:     0x5620be5fdbf8 - std::thread::Builder::spawn_unchecked::{{closure}}::haa369e2d6fd00aa1
[INFO] [stdout]                                at /rustc/53fd98ca776cb875bc9e5514f56b52eb74f9e7a9/library/std/src/thread/mod.rs:475:30
[INFO] [stdout]   49:     0x5620be5fdbf8 - core::ops::function::FnOnce::call_once{{vtable.shim}}::h36dcf3de8b056f17
[INFO] [stdout]                                at /rustc/53fd98ca776cb875bc9e5514f56b52eb74f9e7a9/library/core/src/ops/function.rs:227:5
[INFO] [stdout]   50:     0x5620be6c4917 - <alloc::boxed::Box<F,A> as core::ops::function::FnOnce<Args>>::call_once::h65c29e4642be2358
[INFO] [stdout]                                at /rustc/53fd98ca776cb875bc9e5514f56b52eb74f9e7a9/library/alloc/src/boxed.rs:1572:9
[INFO] [stdout]   51:     0x5620be6c4917 - <alloc::boxed::Box<F,A> as core::ops::function::FnOnce<Args>>::call_once::hd0f8f7fbbd9fffbf
[INFO] [stdout]                                at /rustc/53fd98ca776cb875bc9e5514f56b52eb74f9e7a9/library/alloc/src/boxed.rs:1572:9
[INFO] [stdout]   52:     0x5620be6c4917 - std::sys::unix::thread::Thread::new::thread_start::h2fd22fee3ca77b65
[INFO] [stdout]                                at /rustc/53fd98ca776cb875bc9e5514f56b52eb74f9e7a9/library/std/src/sys/unix/thread.rs:74:17
[INFO] [stdout]   53:     0x7f8d98ee9609 - start_thread
[INFO] [stdout]   54:     0x7f8d99174293 - clone
[INFO] [stdout]   55:                0x0 - <unknown>
[INFO] [stdout] 
[INFO] [stdout] 
[INFO] [stdout] failures:
[INFO] [stdout]     tests::test_break_nested
[INFO] [stdout] 
[INFO] [stdout] test result: FAILED. 0 passed; 1 failed; 0 ignored; 0 measured; 0 filtered out; finished in 0.05s
[INFO] [stdout] 
[INFO] [stderr] error: test failed, to rerun pass '--lib'
[INFO] running `Command { std: "docker" "inspect" "2f9663fd9967102e1fd98393b9c84475147d5f0735f41202289b6145cb423084", kill_on_drop: false }`
[INFO] running `Command { std: "docker" "rm" "-f" "2f9663fd9967102e1fd98393b9c84475147d5f0735f41202289b6145cb423084", kill_on_drop: false }`
[INFO] [stdout] 2f9663fd9967102e1fd98393b9c84475147d5f0735f41202289b6145cb423084
