[INFO] cloning repository https://github.com/michaeleliot/balldontlie-rust
[INFO] running `Command { std: "git" "-c" "credential.helper=" "-c" "credential.helper=/workspace/cargo-home/bin/git-credential-null" "clone" "--bare" "https://github.com/michaeleliot/balldontlie-rust" "/workspace/cache/git-repos/https%3A%2F%2Fgithub.com%2Fmichaeleliot%2Fballdontlie-rust", kill_on_drop: false }`
[INFO] [stderr] Cloning into bare repository '/workspace/cache/git-repos/https%3A%2F%2Fgithub.com%2Fmichaeleliot%2Fballdontlie-rust'...
[INFO] running `Command { std: "git" "rev-parse" "HEAD", kill_on_drop: false }`
[INFO] [stdout] 4af982cdeee5a4b8c87fbd8fa3557568300dc8de
[INFO] testing michaeleliot/balldontlie-rust against 1.54.0 for beta-1.55-1
[INFO] running `Command { std: "git" "clone" "/workspace/cache/git-repos/https%3A%2F%2Fgithub.com%2Fmichaeleliot%2Fballdontlie-rust" "/workspace/builds/worker-0/source", kill_on_drop: false }`
[INFO] [stderr] Cloning into '/workspace/builds/worker-0/source'...
[INFO] [stderr] done.
[INFO] validating manifest of git repo https://github.com/michaeleliot/balldontlie-rust on toolchain 1.54.0
[INFO] running `Command { std: "/workspace/cargo-home/bin/cargo" "+1.54.0" "metadata" "--manifest-path" "Cargo.toml" "--no-deps", kill_on_drop: false }`
[INFO] started tweaking git repo https://github.com/michaeleliot/balldontlie-rust
[INFO] finished tweaking git repo https://github.com/michaeleliot/balldontlie-rust
[INFO] tweaked toml for git repo https://github.com/michaeleliot/balldontlie-rust written to /workspace/builds/worker-0/source/Cargo.toml
[INFO] crate git repo https://github.com/michaeleliot/balldontlie-rust already has a lockfile, it will not be regenerated
[INFO] running `Command { std: "/workspace/cargo-home/bin/cargo" "+1.54.0" "fetch" "--manifest-path" "Cargo.toml", kill_on_drop: false }`
[INFO] [stderr]     Blocking waiting for file lock on package cache
[INFO] running `Command { std: "docker" "create" "-v" "/var/lib/crater-agent-workspace/builds/worker-0/target:/opt/rustwide/target:rw,Z" "-v" "/var/lib/crater-agent-workspace/builds/worker-0/source:/opt/rustwide/workdir:ro,Z" "-v" "/var/lib/crater-agent-workspace/cargo-home:/opt/rustwide/cargo-home:ro,Z" "-v" "/var/lib/crater-agent-workspace/rustup-home:/opt/rustwide/rustup-home:ro,Z" "-e" "SOURCE_DIR=/opt/rustwide/workdir" "-e" "CARGO_TARGET_DIR=/opt/rustwide/target" "-e" "CARGO_HOME=/opt/rustwide/cargo-home" "-e" "RUSTUP_HOME=/opt/rustwide/rustup-home" "-w" "/opt/rustwide/workdir" "-m" "1610612736" "--user" "0:0" "--network" "none" "ghcr.io/rust-lang/crates-build-env/linux@sha256:34b6a614d2c27851fe6cbf88fbd1137609cefab8b10d0615aaeb6fd47975d74e" "/opt/rustwide/cargo-home/bin/cargo" "+1.54.0" "metadata" "--no-deps" "--format-version=1", kill_on_drop: false }`
[INFO] [stdout] d52cf5ccdcf648a141527cb64723c9a530afc2220fdf70fdd0fbb96c5d179d33
[INFO] [stderr] WARNING: Your kernel does not support swap limit capabilities or the cgroup is not mounted. Memory limited without swap.
[INFO] running `Command { std: "docker" "start" "-a" "d52cf5ccdcf648a141527cb64723c9a530afc2220fdf70fdd0fbb96c5d179d33", kill_on_drop: false }`
[INFO] running `Command { std: "docker" "inspect" "d52cf5ccdcf648a141527cb64723c9a530afc2220fdf70fdd0fbb96c5d179d33", kill_on_drop: false }`
[INFO] running `Command { std: "docker" "rm" "-f" "d52cf5ccdcf648a141527cb64723c9a530afc2220fdf70fdd0fbb96c5d179d33", kill_on_drop: false }`
[INFO] [stdout] d52cf5ccdcf648a141527cb64723c9a530afc2220fdf70fdd0fbb96c5d179d33
[INFO] running `Command { std: "docker" "create" "-v" "/var/lib/crater-agent-workspace/builds/worker-0/target:/opt/rustwide/target:rw,Z" "-v" "/var/lib/crater-agent-workspace/builds/worker-0/source:/opt/rustwide/workdir:ro,Z" "-v" "/var/lib/crater-agent-workspace/cargo-home:/opt/rustwide/cargo-home:ro,Z" "-v" "/var/lib/crater-agent-workspace/rustup-home:/opt/rustwide/rustup-home:ro,Z" "-e" "SOURCE_DIR=/opt/rustwide/workdir" "-e" "CARGO_TARGET_DIR=/opt/rustwide/target" "-e" "CARGO_INCREMENTAL=0" "-e" "RUST_BACKTRACE=full" "-e" "RUSTFLAGS=--cap-lints=warn" "-e" "CARGO_HOME=/opt/rustwide/cargo-home" "-e" "RUSTUP_HOME=/opt/rustwide/rustup-home" "-w" "/opt/rustwide/workdir" "-m" "1610612736" "--user" "0:0" "--network" "none" "ghcr.io/rust-lang/crates-build-env/linux@sha256:34b6a614d2c27851fe6cbf88fbd1137609cefab8b10d0615aaeb6fd47975d74e" "/opt/rustwide/cargo-home/bin/cargo" "+1.54.0" "build" "--frozen" "--message-format=json", kill_on_drop: false }`
[INFO] [stdout] 4cf516148c9bdd0240175da6968e597bae376ba481a1ee212cb604250e56d70b
[INFO] [stderr] WARNING: Your kernel does not support swap limit capabilities or the cgroup is not mounted. Memory limited without swap.
[INFO] running `Command { std: "docker" "start" "-a" "4cf516148c9bdd0240175da6968e597bae376ba481a1ee212cb604250e56d70b", kill_on_drop: false }`
[INFO] [stderr]    Compiling syn v1.0.72
[INFO] [stderr]    Compiling futures-task v0.3.15
[INFO] [stderr]    Compiling futures-util v0.3.15
[INFO] [stderr]    Compiling socket2 v0.4.0
[INFO] [stderr]    Compiling mio v0.7.11
[INFO] [stderr]    Compiling openssl-sys v0.9.63
[INFO] [stderr]    Compiling openssl v0.10.34
[INFO] [stderr]    Compiling native-tls v0.2.7
[INFO] [stderr]    Compiling tokio-macros v1.2.0
[INFO] [stderr]    Compiling serde_derive v1.0.126
[INFO] [stderr]    Compiling pin-project-internal v1.0.7
[INFO] [stderr]    Compiling tokio v1.6.1
[INFO] [stderr]    Compiling pin-project v1.0.7
[INFO] [stderr]    Compiling serde v1.0.126
[INFO] [stderr]    Compiling tokio-util v0.6.7
[INFO] [stderr]    Compiling tokio-native-tls v0.3.0
[INFO] [stderr]    Compiling h2 v0.3.3
[INFO] [stderr]    Compiling serde_json v1.0.64
[INFO] [stderr]    Compiling serde_urlencoded v0.7.0
[INFO] [stderr]    Compiling hyper v0.14.8
[INFO] [stderr]    Compiling hyper-tls v0.5.0
[INFO] [stderr]    Compiling reqwest v0.11.3
[INFO] [stderr]    Compiling ball_dont_lie v0.2.0 (/opt/rustwide/workdir)
[INFO] [stderr]     Finished dev [unoptimized + debuginfo] target(s) in 39.93s
[INFO] running `Command { std: "docker" "inspect" "4cf516148c9bdd0240175da6968e597bae376ba481a1ee212cb604250e56d70b", kill_on_drop: false }`
[INFO] running `Command { std: "docker" "rm" "-f" "4cf516148c9bdd0240175da6968e597bae376ba481a1ee212cb604250e56d70b", kill_on_drop: false }`
[INFO] [stdout] 4cf516148c9bdd0240175da6968e597bae376ba481a1ee212cb604250e56d70b
[INFO] running `Command { std: "docker" "create" "-v" "/var/lib/crater-agent-workspace/builds/worker-0/target:/opt/rustwide/target:rw,Z" "-v" "/var/lib/crater-agent-workspace/builds/worker-0/source:/opt/rustwide/workdir:ro,Z" "-v" "/var/lib/crater-agent-workspace/cargo-home:/opt/rustwide/cargo-home:ro,Z" "-v" "/var/lib/crater-agent-workspace/rustup-home:/opt/rustwide/rustup-home:ro,Z" "-e" "SOURCE_DIR=/opt/rustwide/workdir" "-e" "CARGO_TARGET_DIR=/opt/rustwide/target" "-e" "CARGO_INCREMENTAL=0" "-e" "RUST_BACKTRACE=full" "-e" "RUSTFLAGS=--cap-lints=warn" "-e" "CARGO_HOME=/opt/rustwide/cargo-home" "-e" "RUSTUP_HOME=/opt/rustwide/rustup-home" "-w" "/opt/rustwide/workdir" "-m" "1610612736" "--user" "0:0" "--network" "none" "ghcr.io/rust-lang/crates-build-env/linux@sha256:34b6a614d2c27851fe6cbf88fbd1137609cefab8b10d0615aaeb6fd47975d74e" "/opt/rustwide/cargo-home/bin/cargo" "+1.54.0" "test" "--frozen" "--no-run" "--message-format=json", kill_on_drop: false }`
[INFO] [stderr] WARNING: Your kernel does not support swap limit capabilities or the cgroup is not mounted. Memory limited without swap.
[INFO] [stdout] 02e72055bc50b2f0f1f1329bb420a5ed8ae862feb413d3302c4f533abe4d8b9d
[INFO] running `Command { std: "docker" "start" "-a" "02e72055bc50b2f0f1f1329bb420a5ed8ae862feb413d3302c4f533abe4d8b9d", kill_on_drop: false }`
[INFO] [stderr]    Compiling ball_dont_lie v0.2.0 (/opt/rustwide/workdir)
[INFO] [stderr]     Finished test [unoptimized + debuginfo] target(s) in 1.80s
[INFO] running `Command { std: "docker" "inspect" "02e72055bc50b2f0f1f1329bb420a5ed8ae862feb413d3302c4f533abe4d8b9d", kill_on_drop: false }`
[INFO] running `Command { std: "docker" "rm" "-f" "02e72055bc50b2f0f1f1329bb420a5ed8ae862feb413d3302c4f533abe4d8b9d", kill_on_drop: false }`
[INFO] [stdout] 02e72055bc50b2f0f1f1329bb420a5ed8ae862feb413d3302c4f533abe4d8b9d
[INFO] running `Command { std: "docker" "create" "-v" "/var/lib/crater-agent-workspace/builds/worker-0/target:/opt/rustwide/target:rw,Z" "-v" "/var/lib/crater-agent-workspace/builds/worker-0/source:/opt/rustwide/workdir:ro,Z" "-v" "/var/lib/crater-agent-workspace/cargo-home:/opt/rustwide/cargo-home:ro,Z" "-v" "/var/lib/crater-agent-workspace/rustup-home:/opt/rustwide/rustup-home:ro,Z" "-e" "SOURCE_DIR=/opt/rustwide/workdir" "-e" "CARGO_TARGET_DIR=/opt/rustwide/target" "-e" "CARGO_INCREMENTAL=0" "-e" "RUST_BACKTRACE=full" "-e" "RUSTFLAGS=--cap-lints=warn" "-e" "CARGO_HOME=/opt/rustwide/cargo-home" "-e" "RUSTUP_HOME=/opt/rustwide/rustup-home" "-w" "/opt/rustwide/workdir" "-m" "1610612736" "--user" "0:0" "--network" "none" "ghcr.io/rust-lang/crates-build-env/linux@sha256:34b6a614d2c27851fe6cbf88fbd1137609cefab8b10d0615aaeb6fd47975d74e" "/opt/rustwide/cargo-home/bin/cargo" "+1.54.0" "test" "--frozen", kill_on_drop: false }`
[INFO] [stderr] WARNING: Your kernel does not support swap limit capabilities or the cgroup is not mounted. Memory limited without swap.
[INFO] [stdout] 52eda4e5260f3b6bf96a479c0c9060e3aa28f4cebac9c8792900c5fb570b9c77
[INFO] running `Command { std: "docker" "start" "-a" "52eda4e5260f3b6bf96a479c0c9060e3aa28f4cebac9c8792900c5fb570b9c77", kill_on_drop: false }`
[INFO] [stderr]     Finished test [unoptimized + debuginfo] target(s) in 0.10s
[INFO] [stderr]      Running unittests (/opt/rustwide/target/debug/deps/ball_dont_lie-28f15ab42273a952)
[INFO] [stdout] 
[INFO] [stdout] running 0 tests
[INFO] [stdout] 
[INFO] [stdout] test result: ok. 0 passed; 0 failed; 0 ignored; 0 measured; 0 filtered out; finished in 0.00s
[INFO] [stdout] 
[INFO] [stderr]    Doc-tests ball_dont_lie
[INFO] [stdout] 
[INFO] [stdout] running 8 tests
[INFO] [stdout] test src/players.rs - players::get_players (line 28) ... FAILED
[INFO] [stdout] test src/teams.rs - teams::get_teams (line 26) ... FAILED
[INFO] [stdout] test src/games.rs - games::get_games (line 44) ... FAILED
[INFO] [stdout] test src/stats.rs - stats::get_stats (line 48) ... FAILED
[INFO] [stdout] test src/players.rs - players::get_player (line 63) ... FAILED
[INFO] [stdout] test src/season_averages.rs - season_averages::get_season_averages (line 27) ... FAILED
[INFO] [stdout] test src/teams.rs - teams::get_team (line 53) ... FAILED
[INFO] [stdout] test src/games.rs - games::get_game (line 109) ... FAILED
[INFO] [stdout] 
[INFO] [stdout] failures:
[INFO] [stdout] 
[INFO] [stdout] ---- src/players.rs - players::get_players (line 28) stdout ----
[INFO] [stdout] error[E0425]: cannot find function `get_players` in this scope
[INFO] [stdout]  --> src/players.rs:29:1
[INFO] [stdout]   |
[INFO] [stdout] 3 | get_players(Default::default())
[INFO] [stdout]   | ^^^^^^^^^^^ not found in this scope
[INFO] [stdout]   |
[INFO] [stdout] help: consider importing this function
[INFO] [stdout]   |
[INFO] [stdout] 2 | use ball_dont_lie::players::get_players;
[INFO] [stdout]   |
[INFO] [stdout] 
[INFO] [stdout] error: aborting due to previous error
[INFO] [stdout] 
[INFO] [stdout] For more information about this error, try `rustc --explain E0425`.
[INFO] [stdout] Couldn't compile the test.
[INFO] [stdout] ---- src/teams.rs - teams::get_teams (line 26) stdout ----
[INFO] [stdout] error[E0425]: cannot find function `get_stats` in this scope
[INFO] [stdout]  --> src/teams.rs:27:1
[INFO] [stdout]   |
[INFO] [stdout] 3 | get_stats(Default::default())
[INFO] [stdout]   | ^^^^^^^^^ not found in this scope
[INFO] [stdout]   |
[INFO] [stdout] help: consider importing this function
[INFO] [stdout]   |
[INFO] [stdout] 2 | use ball_dont_lie::stats::get_stats;
[INFO] [stdout]   |
[INFO] [stdout] 
[INFO] [stdout] error: aborting due to previous error
[INFO] [stdout] 
[INFO] [stdout] For more information about this error, try `rustc --explain E0425`.
[INFO] [stdout] Couldn't compile the test.
[INFO] [stdout] ---- src/games.rs - games::get_games (line 44) stdout ----
[INFO] [stdout] error[E0422]: cannot find struct, variant or union type `GamesQueryParams` in this scope
[INFO] [stdout]  --> src/games.rs:45:22
[INFO] [stdout]   |
[INFO] [stdout] 3 | let example_params = GamesQueryParams {
[INFO] [stdout]   |                      ^^^^^^^^^^^^^^^^ not found in this scope
[INFO] [stdout]   |
[INFO] [stdout] help: consider importing this struct
[INFO] [stdout]   |
[INFO] [stdout] 2 | use ball_dont_lie::games::GamesQueryParams;
[INFO] [stdout]   |
[INFO] [stdout] 
[INFO] [stdout] error[E0425]: cannot find function `get_games` in this scope
[INFO] [stdout]  --> src/games.rs:50:1
[INFO] [stdout]   |
[INFO] [stdout] 8 | get_games(example_params)
[INFO] [stdout]   | ^^^^^^^^^ not found in this scope
[INFO] [stdout]   |
[INFO] [stdout] help: consider importing this function
[INFO] [stdout]   |
[INFO] [stdout] 2 | use ball_dont_lie::games::get_games;
[INFO] [stdout]   |
[INFO] [stdout] 
[INFO] [stdout] error: aborting due to 2 previous errors
[INFO] [stdout] 
[INFO] [stdout] Some errors have detailed explanations: E0422, E0425.
[INFO] [stdout] For more information about an error, try `rustc --explain E0422`.
[INFO] [stdout] Couldn't compile the test.
[INFO] [stdout] ---- src/stats.rs - stats::get_stats (line 48) stdout ----
[INFO] [stdout] error[E0425]: cannot find function `get_stats` in this scope
[INFO] [stdout]  --> src/stats.rs:49:1
[INFO] [stdout]   |
[INFO] [stdout] 3 | get_stats(Default::default())
[INFO] [stdout]   | ^^^^^^^^^ not found in this scope
[INFO] [stdout]   |
[INFO] [stdout] help: consider importing this function
[INFO] [stdout]   |
[INFO] [stdout] 2 | use ball_dont_lie::stats::get_stats;
[INFO] [stdout]   |
[INFO] [stdout] 
[INFO] [stdout] error: aborting due to previous error
[INFO] [stdout] 
[INFO] [stdout] For more information about this error, try `rustc --explain E0425`.
[INFO] [stdout] Couldn't compile the test.
[INFO] [stdout] ---- src/players.rs - players::get_player (line 63) stdout ----
[INFO] [stdout] error[E0425]: cannot find function `get_player` in this scope
[INFO] [stdout]  --> src/players.rs:64:1
[INFO] [stdout]   |
[INFO] [stdout] 3 | get_player(1)
[INFO] [stdout]   | ^^^^^^^^^^ not found in this scope
[INFO] [stdout]   |
[INFO] [stdout] help: consider importing this function
[INFO] [stdout]   |
[INFO] [stdout] 2 | use ball_dont_lie::players::get_player;
[INFO] [stdout]   |
[INFO] [stdout] 
[INFO] [stdout] error: aborting due to previous error
[INFO] [stdout] 
[INFO] [stdout] For more information about this error, try `rustc --explain E0425`.
[INFO] [stdout] Couldn't compile the test.
[INFO] [stdout] ---- src/season_averages.rs - season_averages::get_season_averages (line 27) stdout ----
[INFO] [stdout] error[E0425]: cannot find function `get_season_averages` in this scope
[INFO] [stdout]  --> src/season_averages.rs:28:1
[INFO] [stdout]   |
[INFO] [stdout] 3 | get_season_averages(Default::default())
[INFO] [stdout]   | ^^^^^^^^^^^^^^^^^^^ not found in this scope
[INFO] [stdout]   |
[INFO] [stdout] help: consider importing this function
[INFO] [stdout]   |
[INFO] [stdout] 2 | use ball_dont_lie::season_averages::get_season_averages;
[INFO] [stdout]   |
[INFO] [stdout] 
[INFO] [stdout] error: aborting due to previous error
[INFO] [stdout] 
[INFO] [stdout] For more information about this error, try `rustc --explain E0425`.
[INFO] [stdout] Couldn't compile the test.
[INFO] [stdout] ---- src/teams.rs - teams::get_team (line 53) stdout ----
[INFO] [stdout] error[E0425]: cannot find function `get_stats` in this scope
[INFO] [stdout]  --> src/teams.rs:54:1
[INFO] [stdout]   |
[INFO] [stdout] 3 | get_stats(1)
[INFO] [stdout]   | ^^^^^^^^^ not found in this scope
[INFO] [stdout]   |
[INFO] [stdout] help: consider importing this function
[INFO] [stdout]   |
[INFO] [stdout] 2 | use ball_dont_lie::stats::get_stats;
[INFO] [stdout]   |
[INFO] [stdout] 
[INFO] [stdout] error: aborting due to previous error
[INFO] [stdout] 
[INFO] [stdout] For more information about this error, try `rustc --explain E0425`.
[INFO] [stdout] Couldn't compile the test.
[INFO] [stdout] ---- src/games.rs - games::get_game (line 109) stdout ----
[INFO] [stdout] error[E0425]: cannot find function `get_game` in this scope
[INFO] [stdout]  --> src/games.rs:110:1
[INFO] [stdout]   |
[INFO] [stdout] 3 | get_game(1533)
[INFO] [stdout]   | ^^^^^^^^ not found in this scope
[INFO] [stdout]   |
[INFO] [stdout] help: consider importing this function
[INFO] [stdout]   |
[INFO] [stdout] 2 | use ball_dont_lie::games::get_game;
[INFO] [stdout]   |
[INFO] [stdout] 
[INFO] [stdout] error: aborting due to previous error
[INFO] [stdout] 
[INFO] [stdout] For more information about this error, try `rustc --explain E0425`.
[INFO] [stdout] Couldn't compile the test.
[INFO] [stdout] 
[INFO] [stdout] failures:
[INFO] [stdout]     src/games.rs - games::get_game (line 109)
[INFO] [stdout]     src/games.rs - games::get_games (line 44)
[INFO] [stdout]     src/players.rs - players::get_player (line 63)
[INFO] [stdout]     src/players.rs - players::get_players (line 28)
[INFO] [stdout]     src/season_averages.rs - season_averages::get_season_averages (line 27)
[INFO] [stdout]     src/stats.rs - stats::get_stats (line 48)
[INFO] [stdout]     src/teams.rs - teams::get_team (line 53)
[INFO] [stdout]     src/teams.rs - teams::get_teams (line 26)
[INFO] [stdout] 
[INFO] [stdout] test result: FAILED. 0 passed; 8 failed; 0 ignored; 0 measured; 0 filtered out; finished in 1.26s
[INFO] [stdout] 
[INFO] [stderr] error: test failed, to rerun pass '--doc'
[INFO] running `Command { std: "docker" "inspect" "52eda4e5260f3b6bf96a479c0c9060e3aa28f4cebac9c8792900c5fb570b9c77", kill_on_drop: false }`
[INFO] running `Command { std: "docker" "rm" "-f" "52eda4e5260f3b6bf96a479c0c9060e3aa28f4cebac9c8792900c5fb570b9c77", kill_on_drop: false }`
[INFO] [stdout] 52eda4e5260f3b6bf96a479c0c9060e3aa28f4cebac9c8792900c5fb570b9c77
