[INFO] cloning repository https://github.com/mdsteele/tachyomancer
[INFO] running `Command { std: "git" "-c" "credential.helper=" "-c" "credential.helper=/workspace/cargo-home/bin/git-credential-null" "clone" "--bare" "https://github.com/mdsteele/tachyomancer" "/workspace/cache/git-repos/https%3A%2F%2Fgithub.com%2Fmdsteele%2Ftachyomancer", kill_on_drop: false }`
[INFO] [stderr] Cloning into bare repository '/workspace/cache/git-repos/https%3A%2F%2Fgithub.com%2Fmdsteele%2Ftachyomancer'...
[INFO] running `Command { std: "git" "rev-parse" "HEAD", kill_on_drop: false }`
[INFO] [stdout] 4600f83f00f1ba78f5b69f6b86f729ac696b60fe
[INFO] testing mdsteele/tachyomancer against beta-2021-08-01 for beta-1.55-1
[INFO] running `Command { std: "git" "clone" "/workspace/cache/git-repos/https%3A%2F%2Fgithub.com%2Fmdsteele%2Ftachyomancer" "/workspace/builds/worker-53/source", kill_on_drop: false }`
[INFO] [stderr] Cloning into '/workspace/builds/worker-53/source'...
[INFO] [stderr] done.
[INFO] validating manifest of git repo https://github.com/mdsteele/tachyomancer on toolchain beta-2021-08-01
[INFO] running `Command { std: "/workspace/cargo-home/bin/cargo" "+beta-2021-08-01" "metadata" "--manifest-path" "Cargo.toml" "--no-deps", kill_on_drop: false }`
[INFO] started tweaking git repo https://github.com/mdsteele/tachyomancer
[INFO] finished tweaking git repo https://github.com/mdsteele/tachyomancer
[INFO] tweaked toml for git repo https://github.com/mdsteele/tachyomancer written to /workspace/builds/worker-53/source/Cargo.toml
[INFO] crate git repo https://github.com/mdsteele/tachyomancer already has a lockfile, it will not be regenerated
[INFO] running `Command { std: "/workspace/cargo-home/bin/cargo" "+beta-2021-08-01" "fetch" "--manifest-path" "Cargo.toml", kill_on_drop: false }`
[INFO] [stderr]     Blocking waiting for file lock on package cache
[INFO] [stderr]     Blocking waiting for file lock on package cache
[INFO] [stderr]  Downloading crates ...
[INFO] [stderr]   Downloaded strum v0.16.0
[INFO] [stderr]   Downloaded cgmath v0.17.0
[INFO] [stderr]   Downloaded webpki-roots v0.19.0
[INFO] [stderr]   Downloaded syn v1.0.16
[INFO] [stderr]   Downloaded gl v0.13.0
[INFO] [stderr]   Downloaded ureq v1.3.0
[INFO] [stderr]   Downloaded standback v0.2.8
[INFO] [stderr]   Downloaded strum_macros v0.16.0
[INFO] [stderr]   Downloaded route-recognizer v0.1.13
[INFO] [stderr]   Downloaded libc v0.2.67
[INFO] [stderr]   Downloaded sdl2 v0.34.2
[INFO] [stderr]   Downloaded router v0.6.0
[INFO] [stderr]   Downloaded chunked_transfer v1.2.0
[INFO] [stderr]   Downloaded cookie v0.13.3
[INFO] [stderr]   Downloaded sdl2-sys v0.34.2
[INFO] [stderr]   Downloaded bswap v1.0.0
[INFO] [stderr]   Downloaded sha v1.0.3
[INFO] [stderr]   Downloaded ring v0.16.11
[INFO] [stderr]   Downloaded nsvg v0.5.1
[INFO] [stderr]   Downloaded icns v0.3.0
[INFO] running `Command { std: "docker" "create" "-v" "/var/lib/crater-agent-workspace/builds/worker-53/target:/opt/rustwide/target:rw,Z" "-v" "/var/lib/crater-agent-workspace/builds/worker-53/source:/opt/rustwide/workdir:ro,Z" "-v" "/var/lib/crater-agent-workspace/cargo-home:/opt/rustwide/cargo-home:ro,Z" "-v" "/var/lib/crater-agent-workspace/rustup-home:/opt/rustwide/rustup-home:ro,Z" "-e" "SOURCE_DIR=/opt/rustwide/workdir" "-e" "CARGO_TARGET_DIR=/opt/rustwide/target" "-e" "CARGO_HOME=/opt/rustwide/cargo-home" "-e" "RUSTUP_HOME=/opt/rustwide/rustup-home" "-w" "/opt/rustwide/workdir" "-m" "1610612736" "--user" "0:0" "--network" "none" "ghcr.io/rust-lang/crates-build-env/linux@sha256:34b6a614d2c27851fe6cbf88fbd1137609cefab8b10d0615aaeb6fd47975d74e" "/opt/rustwide/cargo-home/bin/cargo" "+beta-2021-08-01" "metadata" "--no-deps" "--format-version=1", kill_on_drop: false }`
[INFO] [stdout] 78da2368daea07f45e70e7c5d5de4bf2851e25e1c5b82891df0d916bc60c103e
[INFO] running `Command { std: "docker" "start" "-a" "78da2368daea07f45e70e7c5d5de4bf2851e25e1c5b82891df0d916bc60c103e", kill_on_drop: false }`
[INFO] running `Command { std: "docker" "inspect" "78da2368daea07f45e70e7c5d5de4bf2851e25e1c5b82891df0d916bc60c103e", kill_on_drop: false }`
[INFO] running `Command { std: "docker" "rm" "-f" "78da2368daea07f45e70e7c5d5de4bf2851e25e1c5b82891df0d916bc60c103e", kill_on_drop: false }`
[INFO] [stdout] 78da2368daea07f45e70e7c5d5de4bf2851e25e1c5b82891df0d916bc60c103e
[INFO] running `Command { std: "docker" "create" "-v" "/var/lib/crater-agent-workspace/builds/worker-53/target:/opt/rustwide/target:rw,Z" "-v" "/var/lib/crater-agent-workspace/builds/worker-53/source:/opt/rustwide/workdir:ro,Z" "-v" "/var/lib/crater-agent-workspace/cargo-home:/opt/rustwide/cargo-home:ro,Z" "-v" "/var/lib/crater-agent-workspace/rustup-home:/opt/rustwide/rustup-home:ro,Z" "-e" "SOURCE_DIR=/opt/rustwide/workdir" "-e" "CARGO_TARGET_DIR=/opt/rustwide/target" "-e" "CARGO_INCREMENTAL=0" "-e" "RUST_BACKTRACE=full" "-e" "RUSTFLAGS=--cap-lints=warn" "-e" "CARGO_HOME=/opt/rustwide/cargo-home" "-e" "RUSTUP_HOME=/opt/rustwide/rustup-home" "-w" "/opt/rustwide/workdir" "-m" "1610612736" "--user" "0:0" "--network" "none" "ghcr.io/rust-lang/crates-build-env/linux@sha256:34b6a614d2c27851fe6cbf88fbd1137609cefab8b10d0615aaeb6fd47975d74e" "/opt/rustwide/cargo-home/bin/cargo" "+beta-2021-08-01" "build" "--frozen" "--message-format=json", kill_on_drop: false }`
[INFO] [stdout] a9a575c665f2f6e467cb931c748f55627136a619d57ef151d8943c2da593b375
[INFO] running `Command { std: "docker" "start" "-a" "a9a575c665f2f6e467cb931c748f55627136a619d57ef151d8943c2da593b375", kill_on_drop: false }`
[INFO] [stderr]     Blocking waiting for file lock on package cache
[INFO] [stderr]     Blocking waiting for file lock on package cache
[INFO] [stderr]    Compiling libc v0.2.67
[INFO] [stderr]    Compiling autocfg v1.0.0
[INFO] [stderr]    Compiling cfg-if v0.1.10
[INFO] [stderr]    Compiling autocfg v0.1.7
[INFO] [stderr]    Compiling rand_core v0.4.2
[INFO] [stderr]    Compiling byteorder v1.3.4
[INFO] [stderr]    Compiling log v0.4.8
[INFO] [stderr]    Compiling proc-macro2 v1.0.9
[INFO] [stderr]    Compiling unicode-xid v0.2.0
[INFO] [stderr]    Compiling syn v1.0.16
[INFO] [stderr]    Compiling version_check v0.1.5
[INFO] [stderr]    Compiling cc v1.0.50
[INFO] [stderr]    Compiling matches v0.1.8
[INFO] [stderr]    Compiling smallvec v1.2.0
[INFO] [stderr]    Compiling siphasher v0.2.3
[INFO] [stderr]    Compiling version_check v0.9.1
[INFO] [stderr]    Compiling serde v1.0.104
[INFO] [stderr]    Compiling lazy_static v1.4.0
[INFO] [stderr]    Compiling standback v0.2.8
[INFO] [stderr]    Compiling traitobject v0.1.0
[INFO] [stderr]    Compiling unicode-segmentation v1.6.0
[INFO] [stderr]    Compiling bitflags v1.2.1
[INFO] [stderr]    Compiling adler32 v1.0.4
[INFO] [stderr]    Compiling httparse v1.3.4
[INFO] [stderr]    Compiling untrusted v0.7.0
[INFO] [stderr]    Compiling khronos_api v3.1.0
[INFO] [stderr]    Compiling spin v0.5.2
[INFO] [stderr]    Compiling safemem v0.3.3
[INFO] [stderr]    Compiling proc-macro-hack v0.5.16
[INFO] [stderr]    Compiling either v1.5.3
[INFO] [stderr]    Compiling version-compare v0.0.10
[INFO] [stderr]    Compiling cgmath v0.17.0
[INFO] [stderr]    Compiling percent-encoding v1.0.1
[INFO] [stderr]    Compiling percent-encoding v2.1.0
[INFO] [stderr]    Compiling xml-rs v0.8.0
[INFO] [stderr]    Compiling typeable v0.1.2
[INFO] [stderr]    Compiling language-tags v0.2.2
[INFO] [stderr]    Compiling fixedbitset v0.1.9
[INFO] [stderr]    Compiling modifier v0.1.0
[INFO] [stderr]    Compiling strum v0.16.0
[INFO] [stderr]    Compiling arrayvec v0.5.1
[INFO] [stderr]    Compiling unicode-width v0.1.7
[INFO] [stderr]    Compiling static_assertions v1.1.0
[INFO] [stderr]    Compiling downcast-rs v1.1.1
[INFO] [stderr]    Compiling route-recognizer v0.1.13
[INFO] [stderr]    Compiling bswap v1.0.0
[INFO] [stderr]    Compiling sdl2 v0.34.2
[INFO] [stderr]    Compiling base64 v0.11.0
[INFO] [stderr]    Compiling base64 v0.12.3
[INFO] [stderr]    Compiling tinyvec v0.3.3
[INFO] [stderr]    Compiling chunked_transfer v1.2.0
[INFO] [stderr]    Compiling claxon v0.4.2
[INFO] [stderr]    Compiling unicode-normalization v0.1.12
[INFO] [stderr]    Compiling itertools v0.8.2
[INFO] [stderr]    Compiling unicode-bidi v0.3.4
[INFO] [stderr]    Compiling inflate v0.4.5
[INFO] [stderr]    Compiling heck v0.3.1
[INFO] [stderr]    Compiling unsafe-any v0.4.2
[INFO] [stderr]    Compiling sha v1.0.3
[INFO] [stderr]    Compiling qstring v0.7.2
[INFO] [stderr]    Compiling typemap v0.3.3
[INFO] [stderr]    Compiling log v0.3.9
[INFO] [stderr]    Compiling num-traits v0.2.11
[INFO] [stderr]    Compiling num-integer v0.1.42
[INFO] [stderr]    Compiling num-iter v0.1.40
[INFO] [stderr]    Compiling indexmap v1.3.2
[INFO] [stderr]    Compiling getopts v0.2.21
[INFO] [stderr]    Compiling rand_core v0.3.1
[INFO] [stderr]    Compiling rand_jitter v0.1.4
[INFO] [stderr]    Compiling rand_chacha v0.1.1
[INFO] [stderr]    Compiling rand_pcg v0.1.2
[INFO] [stderr]    Compiling rand v0.6.5
[INFO] [stderr]    Compiling sdl2-sys v0.34.2
[INFO] [stderr]    Compiling mime v0.2.6
[INFO] [stderr]    Compiling rand_hc v0.1.0
[INFO] [stderr]    Compiling rand_xorshift v0.1.1
[INFO] [stderr]    Compiling rand_isaac v0.1.1
[INFO] [stderr]    Compiling unicase v1.4.2
[INFO] [stderr]    Compiling deflate v0.7.20
[INFO] [stderr]    Compiling base64 v0.9.3
[INFO] [stderr]    Compiling stb_truetype v0.3.1
[INFO] [stderr]    Compiling ogg v0.7.0
[INFO] [stderr]    Compiling jpeg-decoder v0.1.18
[INFO] [stderr]    Compiling time v0.2.16
[INFO] [stderr]    Compiling unicase v2.6.0
[INFO] [stderr]    Compiling plugin v0.2.6
[INFO] [stderr]    Compiling gl_generator v0.13.1
[INFO] [stderr]    Compiling rand_os v0.1.3
[INFO] [stderr]    Compiling time v0.1.42
[INFO] [stderr]    Compiling num_cpus v1.12.0
[INFO] [stderr]    Compiling dirs-sys v0.3.4
[INFO] [stderr]    Compiling ring v0.16.11
[INFO] [stderr]    Compiling nsvg v0.5.1
[INFO] [stderr]    Compiling lewton v0.10.1
[INFO] [stderr]    Compiling quote v1.0.2
[INFO] [stderr]    Compiling directories v2.0.2
[INFO] [stderr]    Compiling idna v0.1.5
[INFO] [stderr]    Compiling idna v0.2.0
[INFO] [stderr]    Compiling phf_shared v0.7.24
[INFO] [stderr]    Compiling phf v0.7.24
[INFO] [stderr]    Compiling url v1.7.2
[INFO] [stderr]    Compiling url v2.1.1
[INFO] [stderr]    Compiling gl v0.13.0
[INFO] [stderr]    Compiling approx v0.3.2
[INFO] [stderr]    Compiling pathfinding v1.1.12
[INFO] [stderr]    Compiling ordered-float v1.0.2
[INFO] [stderr]    Compiling phf_generator v0.7.24
[INFO] [stderr]    Compiling hyper v0.10.16
[INFO] [stderr]    Compiling rusttype v0.8.2
[INFO] [stderr]    Compiling phf_codegen v0.7.24
[INFO] [stderr]    Compiling png v0.13.2
[INFO] [stderr]    Compiling mime_guess v1.8.7
[INFO] [stderr]    Compiling icns v0.3.0
[INFO] [stderr]    Compiling toml v0.5.6
[INFO] [stderr]    Compiling iron v0.6.1
[INFO] [stderr]    Compiling router v0.6.0
[INFO] [stderr]    Compiling webpki v0.21.2
[INFO] [stderr]    Compiling sct v0.6.0
[INFO] [stderr]    Compiling rustls v0.17.0
[INFO] [stderr]    Compiling webpki-roots v0.19.0
[INFO] [stderr]    Compiling serde_derive v1.0.104
[INFO] [stderr]    Compiling time-macros-impl v0.1.1
[INFO] [stderr]    Compiling strum_macros v0.16.0
[INFO] [stderr]    Compiling time-macros v0.1.0
[INFO] [stderr]    Compiling cookie v0.13.3
[INFO] [stderr]    Compiling ureq v1.3.0
[INFO] [stderr]    Compiling tachy v0.1.0 (/opt/rustwide/workdir/tachy)
[INFO] [stderr]    Compiling tachyomancer v0.1.0 (/opt/rustwide/workdir/tachyomancer)
[INFO] [stderr]    Compiling tachyoscope v0.1.0 (/opt/rustwide/workdir/tachyoscope)
[INFO] [stderr]     Finished dev [unoptimized + debuginfo] target(s) in 58.56s
[INFO] running `Command { std: "docker" "inspect" "a9a575c665f2f6e467cb931c748f55627136a619d57ef151d8943c2da593b375", kill_on_drop: false }`
[INFO] running `Command { std: "docker" "rm" "-f" "a9a575c665f2f6e467cb931c748f55627136a619d57ef151d8943c2da593b375", kill_on_drop: false }`
[INFO] [stdout] a9a575c665f2f6e467cb931c748f55627136a619d57ef151d8943c2da593b375
[INFO] running `Command { std: "docker" "create" "-v" "/var/lib/crater-agent-workspace/builds/worker-53/target:/opt/rustwide/target:rw,Z" "-v" "/var/lib/crater-agent-workspace/builds/worker-53/source:/opt/rustwide/workdir:ro,Z" "-v" "/var/lib/crater-agent-workspace/cargo-home:/opt/rustwide/cargo-home:ro,Z" "-v" "/var/lib/crater-agent-workspace/rustup-home:/opt/rustwide/rustup-home:ro,Z" "-e" "SOURCE_DIR=/opt/rustwide/workdir" "-e" "CARGO_TARGET_DIR=/opt/rustwide/target" "-e" "CARGO_INCREMENTAL=0" "-e" "RUST_BACKTRACE=full" "-e" "RUSTFLAGS=--cap-lints=warn" "-e" "CARGO_HOME=/opt/rustwide/cargo-home" "-e" "RUSTUP_HOME=/opt/rustwide/rustup-home" "-w" "/opt/rustwide/workdir" "-m" "1610612736" "--user" "0:0" "--network" "none" "ghcr.io/rust-lang/crates-build-env/linux@sha256:34b6a614d2c27851fe6cbf88fbd1137609cefab8b10d0615aaeb6fd47975d74e" "/opt/rustwide/cargo-home/bin/cargo" "+beta-2021-08-01" "test" "--frozen" "--no-run" "--message-format=json", kill_on_drop: false }`
[INFO] [stdout] 6a0cd96e8a6e39779ee74298982dbd1a5a990bad9160a73061b26640ea6c3779
[INFO] running `Command { std: "docker" "start" "-a" "6a0cd96e8a6e39779ee74298982dbd1a5a990bad9160a73061b26640ea6c3779", kill_on_drop: false }`
[INFO] [stderr]     Blocking waiting for file lock on package cache
[INFO] [stderr]    Compiling portpicker v0.1.0
[INFO] [stderr]    Compiling tachy v0.1.0 (/opt/rustwide/workdir/tachy)
[INFO] [stderr]    Compiling tachyomancer v0.1.0 (/opt/rustwide/workdir/tachyomancer)
[INFO] [stderr]    Compiling tachyoscope v0.1.0 (/opt/rustwide/workdir/tachyoscope)
[INFO] [stderr]     Finished test [unoptimized + debuginfo] target(s) in 12.11s
[INFO] running `Command { std: "docker" "inspect" "6a0cd96e8a6e39779ee74298982dbd1a5a990bad9160a73061b26640ea6c3779", kill_on_drop: false }`
[INFO] running `Command { std: "docker" "rm" "-f" "6a0cd96e8a6e39779ee74298982dbd1a5a990bad9160a73061b26640ea6c3779", kill_on_drop: false }`
[INFO] [stdout] 6a0cd96e8a6e39779ee74298982dbd1a5a990bad9160a73061b26640ea6c3779
[INFO] running `Command { std: "docker" "create" "-v" "/var/lib/crater-agent-workspace/builds/worker-53/target:/opt/rustwide/target:rw,Z" "-v" "/var/lib/crater-agent-workspace/builds/worker-53/source:/opt/rustwide/workdir:ro,Z" "-v" "/var/lib/crater-agent-workspace/cargo-home:/opt/rustwide/cargo-home:ro,Z" "-v" "/var/lib/crater-agent-workspace/rustup-home:/opt/rustwide/rustup-home:ro,Z" "-e" "SOURCE_DIR=/opt/rustwide/workdir" "-e" "CARGO_TARGET_DIR=/opt/rustwide/target" "-e" "CARGO_INCREMENTAL=0" "-e" "RUST_BACKTRACE=full" "-e" "RUSTFLAGS=--cap-lints=warn" "-e" "CARGO_HOME=/opt/rustwide/cargo-home" "-e" "RUSTUP_HOME=/opt/rustwide/rustup-home" "-w" "/opt/rustwide/workdir" "-m" "1610612736" "--user" "0:0" "--network" "none" "ghcr.io/rust-lang/crates-build-env/linux@sha256:34b6a614d2c27851fe6cbf88fbd1137609cefab8b10d0615aaeb6fd47975d74e" "/opt/rustwide/cargo-home/bin/cargo" "+beta-2021-08-01" "test" "--frozen", kill_on_drop: false }`
[INFO] [stdout] 699cf7149155b19984502b95ee51dda230560667abe084134cdc0139237a3260
[INFO] running `Command { std: "docker" "start" "-a" "699cf7149155b19984502b95ee51dda230560667abe084134cdc0139237a3260", kill_on_drop: false }`
[INFO] [stderr]     Blocking waiting for file lock on package cache
[INFO] [stderr]     Blocking waiting for file lock on package cache
[INFO] [stderr]     Finished test [unoptimized + debuginfo] target(s) in 0.83s
[INFO] [stderr]      Running unittests (/opt/rustwide/target/debug/deps/tachy-8e8b0d74ac465975)
[INFO] [stdout] 
[INFO] [stdout] running 117 tests
[INFO] [stdout] test geom::cast::tests::point2_as_i32_floor ... ok
[INFO] [stdout] test geom::cast::tests::point2_as_i32_round ... ok
[INFO] [stdout] test geom::color::tests::color3_mix ... ok
[INFO] [stdout] test geom::color::tests::color3_with_alpha ... ok
[INFO] [stdout] test geom::color::tests::color4_mix ... ok
[INFO] [stdout] test geom::dir::tests::direction_add_sub_neg ... ok
[INFO] [stdout] test geom::dir::tests::direction_delta_angle ... ok
[INFO] [stdout] test geom::dir::tests::direction_flip ... ok
[INFO] [stdout] test geom::dir::tests::direction_rotate ... ok
[INFO] [stdout] test geom::fixed::tests::fixed_abs ... ok
[INFO] [stdout] test geom::fixed::tests::fixed_add ... ok
[INFO] [stdout] test geom::fixed::tests::fixed_add_assign ... ok
[INFO] [stdout] test geom::fixed::tests::fixed_display ... ok
[INFO] [stdout] test geom::fixed::tests::fixed_mul ... ok
[INFO] [stdout] test geom::fixed::tests::fixed_mul_assign ... ok
[INFO] [stdout] test geom::fixed::tests::fixed_neg ... ok
[INFO] [stdout] test geom::fixed::tests::fixed_new ... ok
[INFO] [stdout] test geom::fixed::tests::fixed_sub ... ok
[INFO] [stdout] test geom::fixed::tests::fixed_sub_assign ... ok
[INFO] [stdout] test geom::fixed::tests::from_ratio_basic ... ok
[INFO] [stdout] test geom::fixed::tests::from_ratio_clamping ... ok
[INFO] [stdout] test geom::fixed::tests::from_ratio_rounding ... ok
[INFO] [stdout] test geom::fixed::tests::round_trip_encoded ... ok
[INFO] [stdout] test geom::fixed::tests::round_trip_f64 ... ok
[INFO] [stdout] test geom::orient::tests::orientation_times_direction ... ok
[INFO] [stdout] test geom::orient::tests::orientation_times_orientation ... ok
[INFO] [stdout] test geom::orient::tests::orientation_to_and_from_string ... ok
[INFO] [stdout] test geom::polygon::tests::intersection_ending_on_line_segment ... ok
[INFO] [stdout] test geom::polygon::tests::intersection_starting_on_line_segment ... ok
[INFO] [stdout] test geom::polygon::tests::line_segment_intersection ... ok
[INFO] [stdout] test geom::polygon::tests::polygon_contains_point ... ok
[INFO] [stdout] test geom::polygon::tests::polygon_contains_point_on_edge ... ok
[INFO] [stdout] test geom::polygon::tests::polygon_edge_intersection ... ok
[INFO] [stdout] test geom::polygon::tests::polygon_edges ... ok
[INFO] [stdout] test geom::rect::tests::negative_rect_iter ... ok
[INFO] [stdout] test geom::rect::tests::negative_rects_do_not_contain_any_points ... ok
[INFO] [stdout] test geom::rect::tests::rect_contains_point ... ok
[INFO] [stdout] test geom::rect::tests::deserialize_rect ... ok
[INFO] [stdout] test geom::rect::tests::rect_contains_rect ... ok
[INFO] [stdout] test geom::rect::tests::rect_intersection ... ok
[INFO] [stdout] test geom::rect::tests::rect_iter ... ok
[INFO] [stdout] test geom::rect::tests::rect_iter_exact_size ... ok
[INFO] [stdout] test geom::rect::tests::rect_mul_div ... ok
[INFO] [stdout] test geom::rect::tests::rect_size_as_float ... ok
[INFO] [stdout] test geom::rect::tests::rect_size_mul_div ... ok
[INFO] [stdout] test geom::rect::tests::serialize_rect ... ok
[INFO] [stdout] test save::chip::tests::chip_set ... ok
[INFO] [stdout] test save::chip::tests::chip_type_is_small ... ok
[INFO] [stdout] test save::chip::tests::display_comment ... ok
[INFO] [stdout] test save::converse::tests::first_chapter ... ok
[INFO] [stdout] test save::chip::tests::chip_type_to_and_from_string ... ok
[INFO] [stdout] test save::puzzle::tests::puzzle_kinds ... ok
[INFO] [stdout] test save::circuit::tests::serialize_circuit_data ... ok
[INFO] [stdout] test save::puzzle::tests::puzzle_to_and_from_string ... ok
[INFO] [stdout] test save::circuit::tests::deserialize_circuit_data ... ok
[INFO] [stdout] test save::score::tests::deserialize_score_curve ... ok
[INFO] [stdout] test save::score::tests::fix_dominated_scores_with_same_score ... ok
[INFO] [stdout] test save::score::tests::deserialize_score_curve_map ... ok
[INFO] [stdout] test save::score::tests::fix_dominated_scores_with_same_area ... ok
[INFO] [stdout] test save::score::tests::fix_fully_dominated_scores ... ok
[INFO] [stdout] test save::score::tests::fix_repeated_scores ... ok
[INFO] [stdout] test save::score::tests::fix_empty_scores ... ok
[INFO] [stdout] test save::score::tests::fix_scores_with_one_score ... ok
[INFO] [stdout] test save::score::tests::fix_unsorted_scores ... ok
[INFO] [stdout] test save::score::tests::insert_into_score_curve_map ... ok
[INFO] [stdout] test save::score::tests::serialize_score_curve ... ok
[INFO] [stdout] test save::score::tests::serialize_score_curve_map ... ok
[INFO] [stdout] test save::set::tests::new_puzzle_set_has_nothing_solved ... ok
[INFO] [stdout] test save::set::tests::new_puzzle_set_has_nothing_unlocked ... ok
[INFO] [stdout] test save::size::tests::interval_double ... ok
[INFO] [stdout] test save::set::tests::puzzle_set_with_everything_solved ... ok
[INFO] [stdout] test save::size::tests::interval_half ... ok
[INFO] [stdout] test save::size::tests::interval_is_empty ... ok
[INFO] [stdout] test save::size::tests::min_wire_size ... ok
[INFO] [stdout] test save::solution::tests::serialize_solution_data ... ok
[INFO] [stdout] test state::change::tests::collapse_add_remove_chip ... ok
[INFO] [stdout] test state::change::tests::collapse_empty_replace_wires_to_nothing ... ok
[INFO] [stdout] test state::change::tests::collapse_inverse_replace_wires_to_nothing ... ok
[INFO] [stdout] test save::solution::tests::deserialize_solution_data ... ok
[INFO] [stdout] test state::change::tests::collapse_noop_replace_wires_to_nothing ... ok
[INFO] [stdout] test state::change::tests::collapse_set_bounds ... ok
[INFO] [stdout] test state::change::tests::collapse_two_replace_wires_into_one ... ok
[INFO] [stdout] test state::check::tests::group_no_wires ... ok
[INFO] [stdout] test state::check::tests::group_multiple_wires ... ok
[INFO] [stdout] test state::check::tests::typecheck_no_wires ... ok
[INFO] [stdout] test state::check::tests::typecheck_one_wire_error ... ok
[INFO] [stdout] test state::check::tests::typecheck_one_wire_success ... ok
[INFO] [stdout] test state::check::tests::typecheck_two_wires_success ... ok
[INFO] [stdout] test state::interface::tests::interface_min_bounds_size ... ok
[INFO] [stdout] test state::interface::tests::interface_positioning ... ok
[INFO] [stdout] test state::puzzle::collector::tests::positions_are_unique ... ok
[INFO] [stdout] test state::puzzle::collector::tests::positions_are_within_grid ... ok
[INFO] [stdout] test state::puzzle::cryocycler::tests::cycles_hit_each_pod_twice ... ok
[INFO] [stdout] test state::puzzle::enrichment::tests::non_leaves_start_empty ... ok
[INFO] [stdout] test state::puzzle::enrichment::tests::transfers_are_valid ... ok
[INFO] [stdout] test state::puzzle::enrichment::tests::tree_is_valid ... ok
[INFO] [stdout] test state::puzzle::guidance::tests::enemies_list_is_valid ... ok
[INFO] [stdout] test state::puzzle::lander::tests::thrust ... ok
[INFO] [stdout] test state::puzzle::lander::tests::wind ... ok
[INFO] [stdout] test state::puzzle::mining::tests::base_needs_all_ore_deposits ... ok
[INFO] [stdout] test state::puzzle::resonator::tests::speeds_are_sorted ... ok
[INFO] [stdout] test state::puzzle::resonator::tests::speeds_divide_semirange ... ok
[INFO] [stdout] test state::puzzle::rng::tests::golden_sequence ... ok
[INFO] [stdout] test state::puzzle::rng::tests::rand_int_same_as_rand_u32 ... ok
[INFO] [stdout] test state::puzzle::rng::tests::rand_int_same_as_rand_u4 ... ok
[INFO] [stdout] test state::puzzle::rng::tests::rand_int_stays_in_range ... ok
[INFO] [stdout] test state::puzzle::sapper::tests::initial_position_is_empty ... ok
[INFO] [stdout] test state::puzzle::sapper::tests::maze_entries_are_valid ... ok
[INFO] [stdout] test state::puzzle::shields::tests::beam_cooldown_description ... ok
[INFO] [stdout] test state::puzzle::shields::tests::torpedoes_list_is_valid ... ok
[INFO] [stdout] test state::puzzle::sonar::tests::walls_do_not_get_too_close ... ok
[INFO] [stdout] test state::puzzle::storage::tests::command_sequence_is_valid ... ok
[INFO] [stdout] test state::puzzle::translator::tests::alien_bytes_and_values ... ok
[INFO] [stdout] test state::puzzle::translator::tests::translate_words ... ok
[INFO] [stdout] test state::puzzle::translator::tests::translation_buffer_is_large_enough ... ok
[INFO] [stdout] test state::puzzle::translator::tests::translations_are_sorted ... ok
[INFO] [stdout] test state::puzzle::turret::tests::enemies_list_is_valid ... ok
[INFO] [stdout] 
[INFO] [stdout] test result: ok. 117 passed; 0 failed; 0 ignored; 0 measured; 0 filtered out; finished in 0.02s
[INFO] [stdout] 
[INFO] [stderr]      Running tests/failures.rs (/opt/rustwide/target/debug/deps/failures-d0cb79d8d4569816)
[INFO] [stdout] 
[INFO] [stdout] running 21 tests
[INFO] [stdout] test cryocycler_invalid_pod ... ok
[INFO] [stdout] test cryocycler_unready_pod ... ok
[INFO] [stdout] test fab_behavior_wrong ... ok
[INFO] [stdout] test cryocycler_already_thawed ... ok
[INFO] [stdout] test enrichment_invalid_tank ... ok
[INFO] [stdout] test fuel_synth_not_enough_to_mix ... ok
[INFO] [stdout] test fuel_synth_tank_1_overflow ... ok
[INFO] [stdout] test guidance_shot_down ... ok
[INFO] [stdout] test enrichment_occupied_tank ... ok
[INFO] [stdout] test fuel_synth_tank_2_overflow ... ok
[INFO] [stdout] test mining_robot_carry_too_much ... ok
[INFO] [stdout] test robot_arm_manipulate_wrong_position ... ok
[INFO] [stdout] test robot_arm_reply_before_done ... ok
[INFO] [stdout] test sonar_crash_stbd ... ok
[INFO] [stdout] test sonar_crash_port ... ok
[INFO] [stdout] test robot_arm_manipulate_twice ... ok
[INFO] [stdout] test fuel_synth_intakes_open_while_mixing ... ok
[INFO] [stdout] test fuel_synth_mix_while_mixing ... ok
[INFO] [stdout] test infinite_loop ... ok
[INFO] [stdout] test robot_arm_reply_twice ... ok
[INFO] [stderr]      Running tests/malformed.rs (/opt/rustwide/target/debug/deps/malformed-b15e129a6c87942b)
[INFO] [stdout] test x_unit_incomplete_detonation ... ok
[INFO] [stdout] 
[INFO] [stdout] test result: ok. 21 passed; 0 failed; 0 ignored; 0 measured; 0 filtered out; finished in 0.01s
[INFO] [stdout] 
[INFO] [stdout] 
[INFO] [stdout] running 7 tests
[INFO] [stdout] test empty_bounds ... ok
[INFO] [stderr]      Running tests/solutions.rs (/opt/rustwide/target/debug/deps/solutions-69d457f19cc33d43)
[INFO] [stdout] test wires_out_of_bounds ... ok
[INFO] [stdout] test chip_out_of_bounds ... ok
[INFO] [stdout] test chip_not_allowed ... ok
[INFO] [stdout] test mismatched_wires ... ok
[INFO] [stdout] test overlapping_chips ... ok
[INFO] [stdout] test wires_underneath_chips ... ok
[INFO] [stdout] 
[INFO] [stdout] test result: ok. 7 passed; 0 failed; 0 ignored; 0 measured; 0 filtered out; finished in 0.00s
[INFO] [stdout] 
[INFO] [stdout] 
[INFO] [stdout] running 49 tests
[INFO] [stdout] test automate_heliostat_small ... ok
[INFO] [stdout] test automate_fuel_synth ... ok
[INFO] [stdout] test automate_heliostat_fast ... ok
[INFO] [stdout] test automate_drilling_rig ... ok
[INFO] [stdout] test automate_grapple ... ok
[INFO] [stdout] test automate_sensors_fast ... ok
[INFO] [stdout] test automate_mining_robot ... ok
[INFO] [stdout] test automate_sensors_small ... ok
[INFO] [stdout] test command_lander_manual ... ok
[INFO] [stdout] test fabricate_counter ... ok
[INFO] [stdout] test automate_incubator ... ok
[INFO] [stdout] test fabricate_halve ... ok
[INFO] [stdout] test fabricate_inc ... ok
[INFO] [stdout] test command_lander_auto ... ok
[INFO] [stdout] test automate_resonator_small ... ok
[INFO] [stdout] test fabricate_latch ... ok
[INFO] [stdout] test fabricate_egg_timer ... ok
[INFO] [stdout] test automate_cryocycler ... ok
[INFO] [stdout] test fabricate_mul ... ok
[INFO] [stdout] test automate_reactor_small ... ok
[INFO] [stdout] test automate_reactor_fast ... ok
[INFO] [stdout] test automate_collector ... ok
[INFO] [stdout] test automate_injector ... ok
[INFO] [stdout] test fabricate_xor ... ok
[INFO] [stdout] test tutorial_add ... ok
[INFO] [stdout] test tutorial_amp ... ok
[INFO] [stdout] test fabricate_stack ... ok
[INFO] [stdout] test fabricate_queue ... ok
[INFO] [stdout] test fabricate_stopwatch ... ok
[INFO] [stdout] test tutorial_adc ... ok
[INFO] [stdout] test automate_reactor_medium ... ok
[INFO] [stdout] test automate_resonator_fast ... ok
[INFO] [stdout] test automate_enrichment ... ok
[INFO] [stdout] test tutorial_clock ... ok
[INFO] [stdout] test automate_robot_arm ... ok
[INFO] [stdout] test tutorial_demux ... ok
[INFO] [stdout] test automate_geiger_counter_fast ... ok
[INFO] [stdout] test tutorial_mux ... ok
[INFO] [stdout] test tutorial_or ... ok
[INFO] [stdout] test tutorial_ram ... ok
[INFO] [stdout] test tutorial_sum ... ok
[INFO] [stdout] test automate_translator ... ok
[INFO] [stdout] test automate_sonar ... ok
[INFO] [stdout] test automate_storage_depot ... ok
[INFO] [stdout] test command_shields_manual ... ok
[INFO] [stdout] test automate_geiger_counter_small ... ok
[INFO] [stdout] test command_sapper_manual ... ok
[INFO] [stdout] test tutorial_integrate ... ok
[INFO] [stdout] test automate_x_unit ... ok
[INFO] [stdout] 
[INFO] [stdout] test result: ok. 49 passed; 0 failed; 0 ignored; 0 measured; 0 filtered out; finished in 0.57s
[INFO] [stdout] 
[INFO] [stderr]      Running unittests (/opt/rustwide/target/debug/deps/tachyomancer-ea7a8d8d49578d85)
[INFO] [stdout] 
[INFO] [stdout] running 25 tests
[INFO] [stdout] test mancer::font::enums::tests::font_from_str_round_trip ... ok
[INFO] [stdout] test mancer::gui::event::tests::make_clock_tick_event ... ok
[INFO] [stdout] test mancer::gui::event::tests::make_debug_event ... ok
[INFO] [stdout] test mancer::save::encode::tests::name_decode_errors ... ok
[INFO] [stdout] test mancer::save::encode::tests::name_round_trip ... ok
[INFO] [stdout] test mancer::save::hotkey::tests::categories_contain_all_hotkeys ... ok
[INFO] [stdout] test mancer::save::hotkey::tests::default_hotkey_code_round_trip ... ok
[INFO] [stdout] test mancer::save::hotkey::tests::default_has_defaults ... ok
[INFO] [stdout] test mancer::save::hotkey::tests::hotkey_to_and_from_string ... ok
[INFO] [stdout] test mancer::save::hotkey::tests::set_keycode_different ... ok
[INFO] [stdout] test mancer::save::hotkey::tests::set_keycode_same ... ok
[INFO] [stdout] test mancer::save::hotkey::tests::swap_keycodes ... ok
[INFO] [stdout] test mancer::save::hotkey::tests::serialization ... ok
[INFO] [stdout] test mancer::view::circuit::select::tests::cut_removes_edge_stub ... ok
[INFO] [stdout] test mancer::view::circuit::select::tests::paste_splices_wires ... ok
[INFO] [stdout] test mancer::view::circuit::select::tests::pasting_a_chip_removes_stubs_not_on_port ... ok
[INFO] [stdout] test mancer::view::circuit::wiredrag::tests::zone_from_grid_pt_polygon ... ok
[INFO] [stdout] test mancer::view::circuit::wiredrag::tests::zones_along_line_basic ... ok
[INFO] [stdout] test mancer::view::circuit::select::tests::pasting_a_wire_removes_new_stubs ... ok
[INFO] [stdout] test mancer::view::circuit::wiredrag::tests::zones_along_line_regression ... ok
[INFO] [stdout] test mancer::view::graph::tests::max_tick_format ... ok
[INFO] [stdout] test mancer::view::paragraph::tests::explicit_linebreaks ... ok
[INFO] [stdout] test mancer::view::paragraph::tests::multiple_styles ... ok
[INFO] [stdout] test mancer::view::paragraph::tests::wrap_word_too_big_for_line ... ok
[INFO] [stdout] test mancer::view::paragraph::tests::simple_text_wrap ... ok
[INFO] [stdout] 
[INFO] [stdout] test result: ok. 25 passed; 0 failed; 0 ignored; 0 measured; 0 filtered out; finished in 0.02s
[INFO] [stdout] 
[INFO] [stderr]      Running unittests (/opt/rustwide/target/debug/deps/tachyoscope-2ac1fa51fb65b6a9)
[INFO] [stdout] 
[INFO] [stdout] running 4 tests
[INFO] [stdout] test tests::out_of_bounds_solution ... ok
[INFO] [stdout] test db::shared::tests::circuit_hash_1 ... ok
[INFO] [stdout] test db::shared::tests::circuit_hash_2 ... ok
[INFO] [stdout] test db::inmemory::tests::num_verified_solutions ... ok
[INFO] [stdout] 
[INFO] [stdout] test result: ok. 4 passed; 0 failed; 0 ignored; 0 measured; 0 filtered out; finished in 0.00s
[INFO] [stdout] 
[INFO] [stderr]      Running unittests (/opt/rustwide/target/debug/deps/tachyoscope-dcdb8a75127a249a)
[INFO] [stdout] 
[INFO] [stdout] running 0 tests
[INFO] [stdout] 
[INFO] [stdout] test result: ok. 0 passed; 0 failed; 0 ignored; 0 measured; 0 filtered out; finished in 0.00s
[INFO] [stdout] 
[INFO] [stderr]      Running tests/http.rs (/opt/rustwide/target/debug/deps/http-d7018b80b1d2a145)
[INFO] [stdout] 
[INFO] [stdout] running 4 tests
[INFO] [stdout] test readiness_check ... FAILED
[INFO] [stdout] test submit_invalid_solution_toml ... FAILED
[INFO] [stdout] test submit_invalid_utf8 ... FAILED
[INFO] [stdout] test submit_solution ... FAILED
[INFO] [stdout] 
[INFO] [stdout] failures:
[INFO] [stdout] 
[INFO] [stdout] ---- readiness_check stdout ----
[INFO] [stdout] thread 'readiness_check' panicked at 'called `Option::unwrap()` on a `None` value', tachyoscope/tests/http.rs:40:47
[INFO] [stdout] stack backtrace:
[INFO] [stdout]    0:     0x5641595d68e0 - std::backtrace_rs::backtrace::libunwind::trace::hff4d1766e93f64f1
[INFO] [stdout]                                at /rustc/53fd98ca776cb875bc9e5514f56b52eb74f9e7a9/library/std/src/../../backtrace/src/backtrace/libunwind.rs:90:5
[INFO] [stdout]    1:     0x5641595d68e0 - std::backtrace_rs::backtrace::trace_unsynchronized::h56bbc8eb78770bcb
[INFO] [stdout]                                at /rustc/53fd98ca776cb875bc9e5514f56b52eb74f9e7a9/library/std/src/../../backtrace/src/backtrace/mod.rs:66:5
[INFO] [stdout]    2:     0x5641595d68e0 - std::sys_common::backtrace::_print_fmt::h5c8e75464faca780
[INFO] [stdout]                                at /rustc/53fd98ca776cb875bc9e5514f56b52eb74f9e7a9/library/std/src/sys_common/backtrace.rs:67:5
[INFO] [stdout]    3:     0x5641595d68e0 - <std::sys_common::backtrace::_print::DisplayBacktrace as core::fmt::Display>::fmt::h48b88277def8b362
[INFO] [stdout]                                at /rustc/53fd98ca776cb875bc9e5514f56b52eb74f9e7a9/library/std/src/sys_common/backtrace.rs:46:22
[INFO] [stdout]    4:     0x5641595fba7c - core::fmt::write::h3381b3176fe2b3d3
[INFO] [stdout]                                at /rustc/53fd98ca776cb875bc9e5514f56b52eb74f9e7a9/library/core/src/fmt/mod.rs:1115:17
[INFO] [stdout]    5:     0x5641595cf9a5 - std::io::Write::write_fmt::h5f34a676f60246b5
[INFO] [stdout]                                at /rustc/53fd98ca776cb875bc9e5514f56b52eb74f9e7a9/library/std/src/io/mod.rs:1665:15
[INFO] [stdout]    6:     0x5641595d8a5b - std::sys_common::backtrace::_print::ha537687d6c17dd0d
[INFO] [stdout]                                at /rustc/53fd98ca776cb875bc9e5514f56b52eb74f9e7a9/library/std/src/sys_common/backtrace.rs:49:5
[INFO] [stdout]    7:     0x5641595d8a5b - std::sys_common::backtrace::print::h61376ae57d131d72
[INFO] [stdout]                                at /rustc/53fd98ca776cb875bc9e5514f56b52eb74f9e7a9/library/std/src/sys_common/backtrace.rs:36:9
[INFO] [stdout]    8:     0x5641595d8a5b - std::panicking::default_hook::{{closure}}::h0f7208c0b9644a54
[INFO] [stdout]                                at /rustc/53fd98ca776cb875bc9e5514f56b52eb74f9e7a9/library/std/src/panicking.rs:208:50
[INFO] [stdout]    9:     0x5641595d856c - std::panicking::default_hook::hdac7fc06578c14ce
[INFO] [stdout]                                at /rustc/53fd98ca776cb875bc9e5514f56b52eb74f9e7a9/library/std/src/panicking.rs:222:9
[INFO] [stdout]   10:     0x5641595d9124 - std::panicking::rust_panic_with_hook::h72b21c283da3d1ef
[INFO] [stdout]                                at /rustc/53fd98ca776cb875bc9e5514f56b52eb74f9e7a9/library/std/src/panicking.rs:622:17
[INFO] [stdout]   11:     0x5641595d8bd7 - std::panicking::begin_panic_handler::{{closure}}::he5778f1729cff84a
[INFO] [stdout]                                at /rustc/53fd98ca776cb875bc9e5514f56b52eb74f9e7a9/library/std/src/panicking.rs:517:13
[INFO] [stdout]   12:     0x5641595d6dbc - std::sys_common::backtrace::__rust_end_short_backtrace::h2d11ca8b453b4b1d
[INFO] [stdout]                                at /rustc/53fd98ca776cb875bc9e5514f56b52eb74f9e7a9/library/std/src/sys_common/backtrace.rs:141:18
[INFO] [stdout]   13:     0x5641595d8b69 - rust_begin_unwind
[INFO] [stdout]                                at /rustc/53fd98ca776cb875bc9e5514f56b52eb74f9e7a9/library/std/src/panicking.rs:515:5
[INFO] [stdout]   14:     0x564158f9eac1 - core::panicking::panic_fmt::hf9de31d4acbce4db
[INFO] [stdout]                                at /rustc/53fd98ca776cb875bc9e5514f56b52eb74f9e7a9/library/core/src/panicking.rs:92:14
[INFO] [stdout]   15:     0x564158f9ea0d - core::panicking::panic::h8a6bc58a21c6c095
[INFO] [stdout]                                at /rustc/53fd98ca776cb875bc9e5514f56b52eb74f9e7a9/library/core/src/panicking.rs:50:5
[INFO] [stdout]   16:     0x5641591743d3 - core::option::Option<T>::unwrap::h745b8209149eafdc
[INFO] [stdout]                                at /rustc/53fd98ca776cb875bc9e5514f56b52eb74f9e7a9/library/core/src/option.rs:722:21
[INFO] [stdout]   17:     0x564158f9f76c - http::readiness_check::h0abe5fe6f2174cd2
[INFO] [stdout]                                at /opt/rustwide/workdir/tachyoscope/tests/http.rs:40:16
[INFO] [stdout]   18:     0x564158f9f71a - http::readiness_check::{{closure}}::h2f7c65976687fd94
[INFO] [stdout]                                at /opt/rustwide/workdir/tachyoscope/tests/http.rs:39:1
[INFO] [stdout]   19:     0x564158fa1fbe - core::ops::function::FnOnce::call_once::h27d04edee5e022ec
[INFO] [stdout]                                at /rustc/53fd98ca776cb875bc9e5514f56b52eb74f9e7a9/library/core/src/ops/function.rs:227:5
[INFO] [stdout]   20:     0x564158fd6563 - core::ops::function::FnOnce::call_once::hbb52c4519d3137b0
[INFO] [stdout]                                at /rustc/53fd98ca776cb875bc9e5514f56b52eb74f9e7a9/library/core/src/ops/function.rs:227:5
[INFO] [stdout]   21:     0x564158fd6563 - test::__rust_begin_short_backtrace::h86fe3a2a5a5121af
[INFO] [stdout]                                at /rustc/53fd98ca776cb875bc9e5514f56b52eb74f9e7a9/library/test/src/lib.rs:578:5
[INFO] [stdout]   22:     0x564158fd5018 - <alloc::boxed::Box<F,A> as core::ops::function::FnOnce<Args>>::call_once::hfd956bc3d57399be
[INFO] [stdout]                                at /rustc/53fd98ca776cb875bc9e5514f56b52eb74f9e7a9/library/alloc/src/boxed.rs:1572:9
[INFO] [stdout]   23:     0x564158fd5018 - <std::panic::AssertUnwindSafe<F> as core::ops::function::FnOnce<()>>::call_once::h40dc93e0ddb5938a
[INFO] [stdout]                                at /rustc/53fd98ca776cb875bc9e5514f56b52eb74f9e7a9/library/std/src/panic.rs:347:9
[INFO] [stdout]   24:     0x564158fd5018 - std::panicking::try::do_call::h90d07750cb47c562
[INFO] [stdout]                                at /rustc/53fd98ca776cb875bc9e5514f56b52eb74f9e7a9/library/std/src/panicking.rs:401:40
[INFO] [stdout]   25:     0x564158fd5018 - std::panicking::try::h063c84733ad2a629
[INFO] [stdout]                                at /rustc/53fd98ca776cb875bc9e5514f56b52eb74f9e7a9/library/std/src/panicking.rs:365:19
[INFO] [stdout]   26:     0x564158fd5018 - std::panic::catch_unwind::h0c464836a84e7c08
[INFO] [stdout]                                at /rustc/53fd98ca776cb875bc9e5514f56b52eb74f9e7a9/library/std/src/panic.rs:434:14
[INFO] [stdout]   27:     0x564158fd5018 - test::run_test_in_process::h5cb06ef620b157fc
[INFO] [stdout]                                at /rustc/53fd98ca776cb875bc9e5514f56b52eb74f9e7a9/library/test/src/lib.rs:601:18
[INFO] [stdout]   28:     0x564158fd5018 - test::run_test::run_test_inner::{{closure}}::h76f677f4b93f9828
[INFO] [stdout]                                at /rustc/53fd98ca776cb875bc9e5514f56b52eb74f9e7a9/library/test/src/lib.rs:493:39
[INFO] [stdout]   29:     0x564158fa37ad - test::run_test::run_test_inner::{{closure}}::h366d01fe04f4d67a
[INFO] [stdout]                                at /rustc/53fd98ca776cb875bc9e5514f56b52eb74f9e7a9/library/test/src/lib.rs:520:37
[INFO] [stdout]   30:     0x564158fa37ad - std::sys_common::backtrace::__rust_begin_short_backtrace::h7dfa0de4eb395af2
[INFO] [stdout]                                at /rustc/53fd98ca776cb875bc9e5514f56b52eb74f9e7a9/library/std/src/sys_common/backtrace.rs:125:18
[INFO] [stdout]   31:     0x564158fa7f78 - std::thread::Builder::spawn_unchecked::{{closure}}::{{closure}}::hf0a74bb58798037f
[INFO] [stdout]                                at /rustc/53fd98ca776cb875bc9e5514f56b52eb74f9e7a9/library/std/src/thread/mod.rs:476:17
[INFO] [stdout]   32:     0x564158fa7f78 - <std::panic::AssertUnwindSafe<F> as core::ops::function::FnOnce<()>>::call_once::hb024e854818586ac
[INFO] [stdout]                                at /rustc/53fd98ca776cb875bc9e5514f56b52eb74f9e7a9/library/std/src/panic.rs:347:9
[INFO] [stdout]   33:     0x564158fa7f78 - std::panicking::try::do_call::hb2dd9f1d0d48e41d
[INFO] [stdout]                                at /rustc/53fd98ca776cb875bc9e5514f56b52eb74f9e7a9/library/std/src/panicking.rs:401:40
[INFO] [stdout]   34:     0x564158fa7f78 - std::panicking::try::h4717ae7bac8b2bf3
[INFO] [stdout]                                at /rustc/53fd98ca776cb875bc9e5514f56b52eb74f9e7a9/library/std/src/panicking.rs:365:19
[INFO] [stdout]   35:     0x564158fa7f78 - std::panic::catch_unwind::h0dc8a061326ce8d8
[INFO] [stdout]                                at /rustc/53fd98ca776cb875bc9e5514f56b52eb74f9e7a9/library/std/src/panic.rs:434:14
[INFO] [stdout]   36:     0x564158fa7f78 - std::thread::Builder::spawn_unchecked::{{closure}}::haa369e2d6fd00aa1
[INFO] [stdout]                                at /rustc/53fd98ca776cb875bc9e5514f56b52eb74f9e7a9/library/std/src/thread/mod.rs:475:30
[INFO] [stdout]   37:     0x564158fa7f78 - core::ops::function::FnOnce::call_once{{vtable.shim}}::h36dcf3de8b056f17
[INFO] [stdout]                                at /rustc/53fd98ca776cb875bc9e5514f56b52eb74f9e7a9/library/core/src/ops/function.rs:227:5
[INFO] [stdout]   38:     0x5641595de847 - <alloc::boxed::Box<F,A> as core::ops::function::FnOnce<Args>>::call_once::h65c29e4642be2358
[INFO] [stdout]                                at /rustc/53fd98ca776cb875bc9e5514f56b52eb74f9e7a9/library/alloc/src/boxed.rs:1572:9
[INFO] [stdout]   39:     0x5641595de847 - <alloc::boxed::Box<F,A> as core::ops::function::FnOnce<Args>>::call_once::hd0f8f7fbbd9fffbf
[INFO] [stdout]                                at /rustc/53fd98ca776cb875bc9e5514f56b52eb74f9e7a9/library/alloc/src/boxed.rs:1572:9
[INFO] [stdout]   40:     0x5641595de847 - std::sys::unix::thread::Thread::new::thread_start::h2fd22fee3ca77b65
[INFO] [stdout]                                at /rustc/53fd98ca776cb875bc9e5514f56b52eb74f9e7a9/library/std/src/sys/unix/thread.rs:74:17
[INFO] [stdout]   41:     0x7f32a1124609 - start_thread
[INFO] [stdout]   42:     0x7f32a0efc293 - clone
[INFO] [stdout]   43:                0x0 - <unknown>
[INFO] [stdout] 
[INFO] [stdout] ---- submit_invalid_solution_toml stdout ----
[INFO] [stdout] thread 'submit_invalid_solution_toml' panicked at 'called `Option::unwrap()` on a `None` value', tachyoscope/tests/http.rs:114:47
[INFO] [stdout] stack backtrace:
[INFO] [stdout]    0:     0x5641595d68e0 - std::backtrace_rs::backtrace::libunwind::trace::hff4d1766e93f64f1
[INFO] [stdout]                                at /rustc/53fd98ca776cb875bc9e5514f56b52eb74f9e7a9/library/std/src/../../backtrace/src/backtrace/libunwind.rs:90:5
[INFO] [stdout]    1:     0x5641595d68e0 - std::backtrace_rs::backtrace::trace_unsynchronized::h56bbc8eb78770bcb
[INFO] [stdout]                                at /rustc/53fd98ca776cb875bc9e5514f56b52eb74f9e7a9/library/std/src/../../backtrace/src/backtrace/mod.rs:66:5
[INFO] [stdout]    2:     0x5641595d68e0 - std::sys_common::backtrace::_print_fmt::h5c8e75464faca780
[INFO] [stdout]                                at /rustc/53fd98ca776cb875bc9e5514f56b52eb74f9e7a9/library/std/src/sys_common/backtrace.rs:67:5
[INFO] [stdout]    3:     0x5641595d68e0 - <std::sys_common::backtrace::_print::DisplayBacktrace as core::fmt::Display>::fmt::h48b88277def8b362
[INFO] [stdout]                                at /rustc/53fd98ca776cb875bc9e5514f56b52eb74f9e7a9/library/std/src/sys_common/backtrace.rs:46:22
[INFO] [stdout]    4:     0x5641595fba7c - core::fmt::write::h3381b3176fe2b3d3
[INFO] [stdout]                                at /rustc/53fd98ca776cb875bc9e5514f56b52eb74f9e7a9/library/core/src/fmt/mod.rs:1115:17
[INFO] [stdout]    5:     0x5641595cf9a5 - std::io::Write::write_fmt::h5f34a676f60246b5
[INFO] [stdout]                                at /rustc/53fd98ca776cb875bc9e5514f56b52eb74f9e7a9/library/std/src/io/mod.rs:1665:15
[INFO] [stdout]    6:     0x5641595d8a5b - std::sys_common::backtrace::_print::ha537687d6c17dd0d
[INFO] [stdout]                                at /rustc/53fd98ca776cb875bc9e5514f56b52eb74f9e7a9/library/std/src/sys_common/backtrace.rs:49:5
[INFO] [stdout]    7:     0x5641595d8a5b - std::sys_common::backtrace::print::h61376ae57d131d72
[INFO] [stdout]                                at /rustc/53fd98ca776cb875bc9e5514f56b52eb74f9e7a9/library/std/src/sys_common/backtrace.rs:36:9
[INFO] [stdout]    8:     0x5641595d8a5b - std::panicking::default_hook::{{closure}}::h0f7208c0b9644a54
[INFO] [stdout]                                at /rustc/53fd98ca776cb875bc9e5514f56b52eb74f9e7a9/library/std/src/panicking.rs:208:50
[INFO] [stdout]    9:     0x5641595d856c - std::panicking::default_hook::hdac7fc06578c14ce
[INFO] [stdout]                                at /rustc/53fd98ca776cb875bc9e5514f56b52eb74f9e7a9/library/std/src/panicking.rs:222:9
[INFO] [stdout]   10:     0x5641595d9124 - std::panicking::rust_panic_with_hook::h72b21c283da3d1ef
[INFO] [stdout]                                at /rustc/53fd98ca776cb875bc9e5514f56b52eb74f9e7a9/library/std/src/panicking.rs:622:17
[INFO] [stdout]   11:     0x5641595d8bd7 - std::panicking::begin_panic_handler::{{closure}}::he5778f1729cff84a
[INFO] [stdout]                                at /rustc/53fd98ca776cb875bc9e5514f56b52eb74f9e7a9/library/std/src/panicking.rs:517:13
[INFO] [stdout]   12:     0x5641595d6dbc - std::sys_common::backtrace::__rust_end_short_backtrace::h2d11ca8b453b4b1d
[INFO] [stdout]                                at /rustc/53fd98ca776cb875bc9e5514f56b52eb74f9e7a9/library/std/src/sys_common/backtrace.rs:141:18
[INFO] [stdout]   13:     0x5641595d8b69 - rust_begin_unwind
[INFO] [stdout]                                at /rustc/53fd98ca776cb875bc9e5514f56b52eb74f9e7a9/library/std/src/panicking.rs:515:5
[INFO] [stdout]   14:     0x564158f9eac1 - core::panicking::panic_fmt::hf9de31d4acbce4db
[INFO] [stdout]                                at /rustc/53fd98ca776cb875bc9e5514f56b52eb74f9e7a9/library/core/src/panicking.rs:92:14
[INFO] [stdout]   15:     0x564158f9ea0d - core::panicking::panic::h8a6bc58a21c6c095
[INFO] [stdout]                                at /rustc/53fd98ca776cb875bc9e5514f56b52eb74f9e7a9/library/core/src/panicking.rs:50:5
[INFO] [stdout]   16:     0x5641591743d3 - core::option::Option<T>::unwrap::h745b8209149eafdc
[INFO] [stdout]                                at /rustc/53fd98ca776cb875bc9e5514f56b52eb74f9e7a9/library/core/src/option.rs:722:21
[INFO] [stdout]   17:     0x564158fa122c - http::submit_invalid_solution_toml::h4968946e2e85bd49
[INFO] [stdout]                                at /opt/rustwide/workdir/tachyoscope/tests/http.rs:114:16
[INFO] [stdout]   18:     0x564158fa11da - http::submit_invalid_solution_toml::{{closure}}::h8344f1ae79daf209
[INFO] [stdout]                                at /opt/rustwide/workdir/tachyoscope/tests/http.rs:113:1
[INFO] [stdout]   19:     0x564158fa20ce - core::ops::function::FnOnce::call_once::hea14bc1a0ee27317
[INFO] [stdout]                                at /rustc/53fd98ca776cb875bc9e5514f56b52eb74f9e7a9/library/core/src/ops/function.rs:227:5
[INFO] [stdout]   20:     0x564158fd6563 - core::ops::function::FnOnce::call_once::hbb52c4519d3137b0
[INFO] [stdout]                                at /rustc/53fd98ca776cb875bc9e5514f56b52eb74f9e7a9/library/core/src/ops/function.rs:227:5
[INFO] [stdout]   21:     0x564158fd6563 - test::__rust_begin_short_backtrace::h86fe3a2a5a5121af
[INFO] [stdout]                                at /rustc/53fd98ca776cb875bc9e5514f56b52eb74f9e7a9/library/test/src/lib.rs:578:5
[INFO] [stdout]   22:     0x564158fd5018 - <alloc::boxed::Box<F,A> as core::ops::function::FnOnce<Args>>::call_once::hfd956bc3d57399be
[INFO] [stdout]                                at /rustc/53fd98ca776cb875bc9e5514f56b52eb74f9e7a9/library/alloc/src/boxed.rs:1572:9
[INFO] [stdout]   23:     0x564158fd5018 - <std::panic::AssertUnwindSafe<F> as core::ops::function::FnOnce<()>>::call_once::h40dc93e0ddb5938a
[INFO] [stdout]                                at /rustc/53fd98ca776cb875bc9e5514f56b52eb74f9e7a9/library/std/src/panic.rs:347:9
[INFO] [stdout]   24:     0x564158fd5018 - std::panicking::try::do_call::h90d07750cb47c562
[INFO] [stdout]                                at /rustc/53fd98ca776cb875bc9e5514f56b52eb74f9e7a9/library/std/src/panicking.rs:401:40
[INFO] [stdout]   25:     0x564158fd5018 - std::panicking::try::h063c84733ad2a629
[INFO] [stdout]                                at /rustc/53fd98ca776cb875bc9e5514f56b52eb74f9e7a9/library/std/src/panicking.rs:365:19
[INFO] [stdout]   26:     0x564158fd5018 - std::panic::catch_unwind::h0c464836a84e7c08
[INFO] [stdout]                                at /rustc/53fd98ca776cb875bc9e5514f56b52eb74f9e7a9/library/std/src/panic.rs:434:14
[INFO] [stdout]   27:     0x564158fd5018 - test::run_test_in_process::h5cb06ef620b157fc
[INFO] [stdout]                                at /rustc/53fd98ca776cb875bc9e5514f56b52eb74f9e7a9/library/test/src/lib.rs:601:18
[INFO] [stdout]   28:     0x564158fd5018 - test::run_test::run_test_inner::{{closure}}::h76f677f4b93f9828
[INFO] [stdout]                                at /rustc/53fd98ca776cb875bc9e5514f56b52eb74f9e7a9/library/test/src/lib.rs:493:39
[INFO] [stdout]   29:     0x564158fa37ad - test::run_test::run_test_inner::{{closure}}::h366d01fe04f4d67a
[INFO] [stdout]                                at /rustc/53fd98ca776cb875bc9e5514f56b52eb74f9e7a9/library/test/src/lib.rs:520:37
[INFO] [stdout]   30:     0x564158fa37ad - std::sys_common::backtrace::__rust_begin_short_backtrace::h7dfa0de4eb395af2
[INFO] [stdout]                                at /rustc/53fd98ca776cb875bc9e5514f56b52eb74f9e7a9/library/std/src/sys_common/backtrace.rs:125:18
[INFO] [stdout]   31:     0x564158fa7f78 - std::thread::Builder::spawn_unchecked::{{closure}}::{{closure}}::hf0a74bb58798037f
[INFO] [stdout]                                at /rustc/53fd98ca776cb875bc9e5514f56b52eb74f9e7a9/library/std/src/thread/mod.rs:476:17
[INFO] [stdout]   32:     0x564158fa7f78 - <std::panic::AssertUnwindSafe<F> as core::ops::function::FnOnce<()>>::call_once::hb024e854818586ac
[INFO] [stdout]                                at /rustc/53fd98ca776cb875bc9e5514f56b52eb74f9e7a9/library/std/src/panic.rs:347:9
[INFO] [stdout]   33:     0x564158fa7f78 - std::panicking::try::do_call::hb2dd9f1d0d48e41d
[INFO] [stdout]                                at /rustc/53fd98ca776cb875bc9e5514f56b52eb74f9e7a9/library/std/src/panicking.rs:401:40
[INFO] [stdout]   34:     0x564158fa7f78 - std::panicking::try::h4717ae7bac8b2bf3
[INFO] [stdout]                                at /rustc/53fd98ca776cb875bc9e5514f56b52eb74f9e7a9/library/std/src/panicking.rs:365:19
[INFO] [stdout]   35:     0x564158fa7f78 - std::panic::catch_unwind::h0dc8a061326ce8d8
[INFO] [stdout]                                at /rustc/53fd98ca776cb875bc9e5514f56b52eb74f9e7a9/library/std/src/panic.rs:434:14
[INFO] [stdout]   36:     0x564158fa7f78 - std::thread::Builder::spawn_unchecked::{{closure}}::haa369e2d6fd00aa1
[INFO] [stdout]                                at /rustc/53fd98ca776cb875bc9e5514f56b52eb74f9e7a9/library/std/src/thread/mod.rs:475:30
[INFO] [stdout]   37:     0x564158fa7f78 - core::ops::function::FnOnce::call_once{{vtable.shim}}::h36dcf3de8b056f17
[INFO] [stdout]                                at /rustc/53fd98ca776cb875bc9e5514f56b52eb74f9e7a9/library/core/src/ops/function.rs:227:5
[INFO] [stdout]   38:     0x5641595de847 - <alloc::boxed::Box<F,A> as core::ops::function::FnOnce<Args>>::call_once::h65c29e4642be2358
[INFO] [stdout]                                at /rustc/53fd98ca776cb875bc9e5514f56b52eb74f9e7a9/library/alloc/src/boxed.rs:1572:9
[INFO] [stdout]   39:     0x5641595de847 - <alloc::boxed::Box<F,A> as core::ops::function::FnOnce<Args>>::call_once::hd0f8f7fbbd9fffbf
[INFO] [stdout]                                at /rustc/53fd98ca776cb875bc9e5514f56b52eb74f9e7a9/library/alloc/src/boxed.rs:1572:9
[INFO] [stdout]   40:     0x5641595de847 - std::sys::unix::thread::Thread::new::thread_start::h2fd22fee3ca77b65
[INFO] [stdout]                                at /rustc/53fd98ca776cb875bc9e5514f56b52eb74f9e7a9/library/std/src/sys/unix/thread.rs:74:17
[INFO] [stdout]   41:     0x7f32a1124609 - start_thread
[INFO] [stdout]   42:     0x7f32a0efc293 - clone
[INFO] [stdout]   43:                0x0 - <unknown>
[INFO] [stdout] 
[INFO] [stdout] ---- submit_invalid_utf8 stdout ----
[INFO] [stdout] thread 'submit_invalid_utf8' panicked at 'called `Option::unwrap()` on a `None` value', tachyoscope/tests/http.rs:96:47
[INFO] [stdout] stack backtrace:
[INFO] [stdout]    0:     0x5641595d68e0 - std::backtrace_rs::backtrace::libunwind::trace::hff4d1766e93f64f1
[INFO] [stdout]                                at /rustc/53fd98ca776cb875bc9e5514f56b52eb74f9e7a9/library/std/src/../../backtrace/src/backtrace/libunwind.rs:90:5
[INFO] [stdout]    1:     0x5641595d68e0 - std::backtrace_rs::backtrace::trace_unsynchronized::h56bbc8eb78770bcb
[INFO] [stdout]                                at /rustc/53fd98ca776cb875bc9e5514f56b52eb74f9e7a9/library/std/src/../../backtrace/src/backtrace/mod.rs:66:5
[INFO] [stdout]    2:     0x5641595d68e0 - std::sys_common::backtrace::_print_fmt::h5c8e75464faca780
[INFO] [stdout]                                at /rustc/53fd98ca776cb875bc9e5514f56b52eb74f9e7a9/library/std/src/sys_common/backtrace.rs:67:5
[INFO] [stdout]    3:     0x5641595d68e0 - <std::sys_common::backtrace::_print::DisplayBacktrace as core::fmt::Display>::fmt::h48b88277def8b362
[INFO] [stdout]                                at /rustc/53fd98ca776cb875bc9e5514f56b52eb74f9e7a9/library/std/src/sys_common/backtrace.rs:46:22
[INFO] [stdout]    4:     0x5641595fba7c - core::fmt::write::h3381b3176fe2b3d3
[INFO] [stdout]                                at /rustc/53fd98ca776cb875bc9e5514f56b52eb74f9e7a9/library/core/src/fmt/mod.rs:1115:17
[INFO] [stdout]    5:     0x5641595cf9a5 - std::io::Write::write_fmt::h5f34a676f60246b5
[INFO] [stdout]                                at /rustc/53fd98ca776cb875bc9e5514f56b52eb74f9e7a9/library/std/src/io/mod.rs:1665:15
[INFO] [stdout]    6:     0x5641595d8a5b - std::sys_common::backtrace::_print::ha537687d6c17dd0d
[INFO] [stdout]                                at /rustc/53fd98ca776cb875bc9e5514f56b52eb74f9e7a9/library/std/src/sys_common/backtrace.rs:49:5
[INFO] [stdout]    7:     0x5641595d8a5b - std::sys_common::backtrace::print::h61376ae57d131d72
[INFO] [stdout]                                at /rustc/53fd98ca776cb875bc9e5514f56b52eb74f9e7a9/library/std/src/sys_common/backtrace.rs:36:9
[INFO] [stdout]    8:     0x5641595d8a5b - std::panicking::default_hook::{{closure}}::h0f7208c0b9644a54
[INFO] [stdout]                                at /rustc/53fd98ca776cb875bc9e5514f56b52eb74f9e7a9/library/std/src/panicking.rs:208:50
[INFO] [stdout]    9:     0x5641595d856c - std::panicking::default_hook::hdac7fc06578c14ce
[INFO] [stdout]                                at /rustc/53fd98ca776cb875bc9e5514f56b52eb74f9e7a9/library/std/src/panicking.rs:222:9
[INFO] [stdout]   10:     0x5641595d9124 - std::panicking::rust_panic_with_hook::h72b21c283da3d1ef
[INFO] [stdout]                                at /rustc/53fd98ca776cb875bc9e5514f56b52eb74f9e7a9/library/std/src/panicking.rs:622:17
[INFO] [stdout]   11:     0x5641595d8bd7 - std::panicking::begin_panic_handler::{{closure}}::he5778f1729cff84a
[INFO] [stdout]                                at /rustc/53fd98ca776cb875bc9e5514f56b52eb74f9e7a9/library/std/src/panicking.rs:517:13
[INFO] [stdout]   12:     0x5641595d6dbc - std::sys_common::backtrace::__rust_end_short_backtrace::h2d11ca8b453b4b1d
[INFO] [stdout]                                at /rustc/53fd98ca776cb875bc9e5514f56b52eb74f9e7a9/library/std/src/sys_common/backtrace.rs:141:18
[INFO] [stdout]   13:     0x5641595d8b69 - rust_begin_unwind
[INFO] [stdout]                                at /rustc/53fd98ca776cb875bc9e5514f56b52eb74f9e7a9/library/std/src/panicking.rs:515:5
[INFO] [stdout]   14:     0x564158f9eac1 - core::panicking::panic_fmt::hf9de31d4acbce4db
[INFO] [stdout]                                at /rustc/53fd98ca776cb875bc9e5514f56b52eb74f9e7a9/library/core/src/panicking.rs:92:14
[INFO] [stdout]   15:     0x564158f9ea0d - core::panicking::panic::h8a6bc58a21c6c095
[INFO] [stdout]                                at /rustc/53fd98ca776cb875bc9e5514f56b52eb74f9e7a9/library/core/src/panicking.rs:50:5
[INFO] [stdout]   16:     0x5641591743d3 - core::option::Option<T>::unwrap::h745b8209149eafdc
[INFO] [stdout]                                at /rustc/53fd98ca776cb875bc9e5514f56b52eb74f9e7a9/library/core/src/option.rs:722:21
[INFO] [stdout]   17:     0x564158fa0c8c - http::submit_invalid_utf8::had5780e70325c6b9
[INFO] [stdout]                                at /opt/rustwide/workdir/tachyoscope/tests/http.rs:96:16
[INFO] [stdout]   18:     0x564158fa0c3a - http::submit_invalid_utf8::{{closure}}::hc3de3146e36501af
[INFO] [stdout]                                at /opt/rustwide/workdir/tachyoscope/tests/http.rs:95:1
[INFO] [stdout]   19:     0x564158fa203e - core::ops::function::FnOnce::call_once::hcbfc13e9b11e1654
[INFO] [stdout]                                at /rustc/53fd98ca776cb875bc9e5514f56b52eb74f9e7a9/library/core/src/ops/function.rs:227:5
[INFO] [stdout]   20:     0x564158fd6563 - core::ops::function::FnOnce::call_once::hbb52c4519d3137b0
[INFO] [stdout]                                at /rustc/53fd98ca776cb875bc9e5514f56b52eb74f9e7a9/library/core/src/ops/function.rs:227:5
[INFO] [stdout]   21:     0x564158fd6563 - test::__rust_begin_short_backtrace::h86fe3a2a5a5121af
[INFO] [stdout]                                at /rustc/53fd98ca776cb875bc9e5514f56b52eb74f9e7a9/library/test/src/lib.rs:578:5
[INFO] [stdout]   22:     0x564158fd5018 - <alloc::boxed::Box<F,A> as core::ops::function::FnOnce<Args>>::call_once::hfd956bc3d57399be
[INFO] [stdout]                                at /rustc/53fd98ca776cb875bc9e5514f56b52eb74f9e7a9/library/alloc/src/boxed.rs:1572:9
[INFO] [stdout]   23:     0x564158fd5018 - <std::panic::AssertUnwindSafe<F> as core::ops::function::FnOnce<()>>::call_once::h40dc93e0ddb5938a
[INFO] [stdout]                                at /rustc/53fd98ca776cb875bc9e5514f56b52eb74f9e7a9/library/std/src/panic.rs:347:9
[INFO] [stdout]   24:     0x564158fd5018 - std::panicking::try::do_call::h90d07750cb47c562
[INFO] [stdout]                                at /rustc/53fd98ca776cb875bc9e5514f56b52eb74f9e7a9/library/std/src/panicking.rs:401:40
[INFO] [stdout]   25:     0x564158fd5018 - std::panicking::try::h063c84733ad2a629
[INFO] [stdout]                                at /rustc/53fd98ca776cb875bc9e5514f56b52eb74f9e7a9/library/std/src/panicking.rs:365:19
[INFO] [stdout]   26:     0x564158fd5018 - std::panic::catch_unwind::h0c464836a84e7c08
[INFO] [stdout]                                at /rustc/53fd98ca776cb875bc9e5514f56b52eb74f9e7a9/library/std/src/panic.rs:434:14
[INFO] [stdout]   27:     0x564158fd5018 - test::run_test_in_process::h5cb06ef620b157fc
[INFO] [stdout]                                at /rustc/53fd98ca776cb875bc9e5514f56b52eb74f9e7a9/library/test/src/lib.rs:601:18
[INFO] [stdout]   28:     0x564158fd5018 - test::run_test::run_test_inner::{{closure}}::h76f677f4b93f9828
[INFO] [stdout]                                at /rustc/53fd98ca776cb875bc9e5514f56b52eb74f9e7a9/library/test/src/lib.rs:493:39
[INFO] [stdout]   29:     0x564158fa37ad - test::run_test::run_test_inner::{{closure}}::h366d01fe04f4d67a
[INFO] [stdout]                                at /rustc/53fd98ca776cb875bc9e5514f56b52eb74f9e7a9/library/test/src/lib.rs:520:37
[INFO] [stdout]   30:     0x564158fa37ad - std::sys_common::backtrace::__rust_begin_short_backtrace::h7dfa0de4eb395af2
[INFO] [stdout]                                at /rustc/53fd98ca776cb875bc9e5514f56b52eb74f9e7a9/library/std/src/sys_common/backtrace.rs:125:18
[INFO] [stdout]   31:     0x564158fa7f78 - std::thread::Builder::spawn_unchecked::{{closure}}::{{closure}}::hf0a74bb58798037f
[INFO] [stdout]                                at /rustc/53fd98ca776cb875bc9e5514f56b52eb74f9e7a9/library/std/src/thread/mod.rs:476:17
[INFO] [stdout]   32:     0x564158fa7f78 - <std::panic::AssertUnwindSafe<F> as core::ops::function::FnOnce<()>>::call_once::hb024e854818586ac
[INFO] [stdout]                                at /rustc/53fd98ca776cb875bc9e5514f56b52eb74f9e7a9/library/std/src/panic.rs:347:9
[INFO] [stdout]   33:     0x564158fa7f78 - std::panicking::try::do_call::hb2dd9f1d0d48e41d
[INFO] [stdout]                                at /rustc/53fd98ca776cb875bc9e5514f56b52eb74f9e7a9/library/std/src/panicking.rs:401:40
[INFO] [stdout]   34:     0x564158fa7f78 - std::panicking::try::h4717ae7bac8b2bf3
[INFO] [stdout]                                at /rustc/53fd98ca776cb875bc9e5514f56b52eb74f9e7a9/library/std/src/panicking.rs:365:19
[INFO] [stdout]   35:     0x564158fa7f78 - std::panic::catch_unwind::h0dc8a061326ce8d8
[INFO] [stdout]                                at /rustc/53fd98ca776cb875bc9e5514f56b52eb74f9e7a9/library/std/src/panic.rs:434:14
[INFO] [stdout]   36:     0x564158fa7f78 - std::thread::Builder::spawn_unchecked::{{closure}}::haa369e2d6fd00aa1
[INFO] [stdout]                                at /rustc/53fd98ca776cb875bc9e5514f56b52eb74f9e7a9/library/std/src/thread/mod.rs:475:30
[INFO] [stdout]   37:     0x564158fa7f78 - core::ops::function::FnOnce::call_once{{vtable.shim}}::h36dcf3de8b056f17
[INFO] [stdout]                                at /rustc/53fd98ca776cb875bc9e5514f56b52eb74f9e7a9/library/core/src/ops/function.rs:227:5
[INFO] [stdout]   38:     0x5641595de847 - <alloc::boxed::Box<F,A> as core::ops::function::FnOnce<Args>>::call_once::h65c29e4642be2358
[INFO] [stdout]                                at /rustc/53fd98ca776cb875bc9e5514f56b52eb74f9e7a9/library/alloc/src/boxed.rs:1572:9
[INFO] [stdout]   39:     0x5641595de847 - <alloc::boxed::Box<F,A> as core::ops::function::FnOnce<Args>>::call_once::hd0f8f7fbbd9fffbf
[INFO] [stdout]                                at /rustc/53fd98ca776cb875bc9e5514f56b52eb74f9e7a9/library/alloc/src/boxed.rs:1572:9
[INFO] [stdout]   40:     0x5641595de847 - std::sys::unix::thread::Thread::new::thread_start::h2fd22fee3ca77b65
[INFO] [stdout]                                at /rustc/53fd98ca776cb875bc9e5514f56b52eb74f9e7a9/library/std/src/sys/unix/thread.rs:74:17
[INFO] [stdout]   41:     0x7f32a1124609 - start_thread
[INFO] [stdout]   42:     0x7f32a0efc293 - clone
[INFO] [stdout]   43:                0x0 - <unknown>
[INFO] [stdout] 
[INFO] [stdout] ---- submit_solution stdout ----
[INFO] [stdout] thread 'submit_solution' panicked at 'called `Option::unwrap()` on a `None` value', tachyoscope/tests/http.rs:56:47
[INFO] [stdout] stack backtrace:
[INFO] [stdout]    0:     0x5641595d68e0 - std::backtrace_rs::backtrace::libunwind::trace::hff4d1766e93f64f1
[INFO] [stdout]                                at /rustc/53fd98ca776cb875bc9e5514f56b52eb74f9e7a9/library/std/src/../../backtrace/src/backtrace/libunwind.rs:90:5
[INFO] [stdout]    1:     0x5641595d68e0 - std::backtrace_rs::backtrace::trace_unsynchronized::h56bbc8eb78770bcb
[INFO] [stdout]                                at /rustc/53fd98ca776cb875bc9e5514f56b52eb74f9e7a9/library/std/src/../../backtrace/src/backtrace/mod.rs:66:5
[INFO] [stdout]    2:     0x5641595d68e0 - std::sys_common::backtrace::_print_fmt::h5c8e75464faca780
[INFO] [stdout]                                at /rustc/53fd98ca776cb875bc9e5514f56b52eb74f9e7a9/library/std/src/sys_common/backtrace.rs:67:5
[INFO] [stdout]    3:     0x5641595d68e0 - <std::sys_common::backtrace::_print::DisplayBacktrace as core::fmt::Display>::fmt::h48b88277def8b362
[INFO] [stdout]                                at /rustc/53fd98ca776cb875bc9e5514f56b52eb74f9e7a9/library/std/src/sys_common/backtrace.rs:46:22
[INFO] [stdout]    4:     0x5641595fba7c - core::fmt::write::h3381b3176fe2b3d3
[INFO] [stdout]                                at /rustc/53fd98ca776cb875bc9e5514f56b52eb74f9e7a9/library/core/src/fmt/mod.rs:1115:17
[INFO] [stdout]    5:     0x5641595cf9a5 - std::io::Write::write_fmt::h5f34a676f60246b5
[INFO] [stdout]                                at /rustc/53fd98ca776cb875bc9e5514f56b52eb74f9e7a9/library/std/src/io/mod.rs:1665:15
[INFO] [stdout]    6:     0x5641595d8a5b - std::sys_common::backtrace::_print::ha537687d6c17dd0d
[INFO] [stdout]                                at /rustc/53fd98ca776cb875bc9e5514f56b52eb74f9e7a9/library/std/src/sys_common/backtrace.rs:49:5
[INFO] [stdout]    7:     0x5641595d8a5b - std::sys_common::backtrace::print::h61376ae57d131d72
[INFO] [stdout]                                at /rustc/53fd98ca776cb875bc9e5514f56b52eb74f9e7a9/library/std/src/sys_common/backtrace.rs:36:9
[INFO] [stdout]    8:     0x5641595d8a5b - std::panicking::default_hook::{{closure}}::h0f7208c0b9644a54
[INFO] [stdout]                                at /rustc/53fd98ca776cb875bc9e5514f56b52eb74f9e7a9/library/std/src/panicking.rs:208:50
[INFO] [stdout]    9:     0x5641595d856c - std::panicking::default_hook::hdac7fc06578c14ce
[INFO] [stdout]                                at /rustc/53fd98ca776cb875bc9e5514f56b52eb74f9e7a9/library/std/src/panicking.rs:222:9
[INFO] [stdout]   10:     0x5641595d9124 - std::panicking::rust_panic_with_hook::h72b21c283da3d1ef
[INFO] [stdout]                                at /rustc/53fd98ca776cb875bc9e5514f56b52eb74f9e7a9/library/std/src/panicking.rs:622:17
[INFO] [stdout]   11:     0x5641595d8bd7 - std::panicking::begin_panic_handler::{{closure}}::he5778f1729cff84a
[INFO] [stdout]                                at /rustc/53fd98ca776cb875bc9e5514f56b52eb74f9e7a9/library/std/src/panicking.rs:517:13
[INFO] [stdout]   12:     0x5641595d6dbc - std::sys_common::backtrace::__rust_end_short_backtrace::h2d11ca8b453b4b1d
[INFO] [stdout]                                at /rustc/53fd98ca776cb875bc9e5514f56b52eb74f9e7a9/library/std/src/sys_common/backtrace.rs:141:18
[INFO] [stdout]   13:     0x5641595d8b69 - rust_begin_unwind
[INFO] [stdout]                                at /rustc/53fd98ca776cb875bc9e5514f56b52eb74f9e7a9/library/std/src/panicking.rs:515:5
[INFO] [stdout]   14:     0x564158f9eac1 - core::panicking::panic_fmt::hf9de31d4acbce4db
[INFO] [stdout]                                at /rustc/53fd98ca776cb875bc9e5514f56b52eb74f9e7a9/library/core/src/panicking.rs:92:14
[INFO] [stdout]   15:     0x564158f9ea0d - core::panicking::panic::h8a6bc58a21c6c095
[INFO] [stdout]                                at /rustc/53fd98ca776cb875bc9e5514f56b52eb74f9e7a9/library/core/src/panicking.rs:50:5
[INFO] [stdout]   16:     0x5641591743d3 - core::option::Option<T>::unwrap::h745b8209149eafdc
[INFO] [stdout]                                at /rustc/53fd98ca776cb875bc9e5514f56b52eb74f9e7a9/library/core/src/option.rs:722:21
[INFO] [stdout]   17:     0x564158f9fd06 - http::submit_solution::h5c09abe61e939200
[INFO] [stdout]                                at /opt/rustwide/workdir/tachyoscope/tests/http.rs:56:16
[INFO] [stdout]   18:     0x564158f9fc9a - http::submit_solution::{{closure}}::h2a8389bb450ea5f5
[INFO] [stdout]                                at /opt/rustwide/workdir/tachyoscope/tests/http.rs:54:1
[INFO] [stdout]   19:     0x564158fa1ffe - core::ops::function::FnOnce::call_once::h88a418ed4b81a064
[INFO] [stdout]                                at /rustc/53fd98ca776cb875bc9e5514f56b52eb74f9e7a9/library/core/src/ops/function.rs:227:5
[INFO] [stdout]   20:     0x564158fd6563 - core::ops::function::FnOnce::call_once::hbb52c4519d3137b0
[INFO] [stdout]                                at /rustc/53fd98ca776cb875bc9e5514f56b52eb74f9e7a9/library/core/src/ops/function.rs:227:5
[INFO] [stdout]   21:     0x564158fd6563 - test::__rust_begin_short_backtrace::h86fe3a2a5a5121af
[INFO] [stdout]                                at /rustc/53fd98ca776cb875bc9e5514f56b52eb74f9e7a9/library/test/src/lib.rs:578:5
[INFO] [stdout]   22:     0x564158fd5018 - <alloc::boxed::Box<F,A> as core::ops::function::FnOnce<Args>>::call_once::hfd956bc3d57399be
[INFO] [stdout]                                at /rustc/53fd98ca776cb875bc9e5514f56b52eb74f9e7a9/library/alloc/src/boxed.rs:1572:9
[INFO] [stdout]   23:     0x564158fd5018 - <std::panic::AssertUnwindSafe<F> as core::ops::function::FnOnce<()>>::call_once::h40dc93e0ddb5938a
[INFO] [stdout]                                at /rustc/53fd98ca776cb875bc9e5514f56b52eb74f9e7a9/library/std/src/panic.rs:347:9
[INFO] [stdout]   24:     0x564158fd5018 - std::panicking::try::do_call::h90d07750cb47c562
[INFO] [stdout]                                at /rustc/53fd98ca776cb875bc9e5514f56b52eb74f9e7a9/library/std/src/panicking.rs:401:40
[INFO] [stdout]   25:     0x564158fd5018 - std::panicking::try::h063c84733ad2a629
[INFO] [stdout]                                at /rustc/53fd98ca776cb875bc9e5514f56b52eb74f9e7a9/library/std/src/panicking.rs:365:19
[INFO] [stdout]   26:     0x564158fd5018 - std::panic::catch_unwind::h0c464836a84e7c08
[INFO] [stdout]                                at /rustc/53fd98ca776cb875bc9e5514f56b52eb74f9e7a9/library/std/src/panic.rs:434:14
[INFO] [stdout]   27:     0x564158fd5018 - test::run_test_in_process::h5cb06ef620b157fc
[INFO] [stdout]                                at /rustc/53fd98ca776cb875bc9e5514f56b52eb74f9e7a9/library/test/src/lib.rs:601:18
[INFO] [stdout]   28:     0x564158fd5018 - test::run_test::run_test_inner::{{closure}}::h76f677f4b93f9828
[INFO] [stdout]                                at /rustc/53fd98ca776cb875bc9e5514f56b52eb74f9e7a9/library/test/src/lib.rs:493:39
[INFO] [stdout]   29:     0x564158fa37ad - test::run_test::run_test_inner::{{closure}}::h366d01fe04f4d67a
[INFO] [stdout]                                at /rustc/53fd98ca776cb875bc9e5514f56b52eb74f9e7a9/library/test/src/lib.rs:520:37
[INFO] [stdout]   30:     0x564158fa37ad - std::sys_common::backtrace::__rust_begin_short_backtrace::h7dfa0de4eb395af2
[INFO] [stdout]                                at /rustc/53fd98ca776cb875bc9e5514f56b52eb74f9e7a9/library/std/src/sys_common/backtrace.rs:125:18
[INFO] [stdout]   31:     0x564158fa7f78 - std::thread::Builder::spawn_unchecked::{{closure}}::{{closure}}::hf0a74bb58798037f
[INFO] [stdout]                                at /rustc/53fd98ca776cb875bc9e5514f56b52eb74f9e7a9/library/std/src/thread/mod.rs:476:17
[INFO] [stdout]   32:     0x564158fa7f78 - <std::panic::AssertUnwindSafe<F> as core::ops::function::FnOnce<()>>::call_once::hb024e854818586ac
[INFO] [stdout]                                at /rustc/53fd98ca776cb875bc9e5514f56b52eb74f9e7a9/library/std/src/panic.rs:347:9
[INFO] [stdout]   33:     0x564158fa7f78 - std::panicking::try::do_call::hb2dd9f1d0d48e41d
[INFO] [stdout]                                at /rustc/53fd98ca776cb875bc9e5514f56b52eb74f9e7a9/library/std/src/panicking.rs:401:40
[INFO] [stdout]   34:     0x564158fa7f78 - std::panicking::try::h4717ae7bac8b2bf3
[INFO] [stdout]                                at /rustc/53fd98ca776cb875bc9e5514f56b52eb74f9e7a9/library/std/src/panicking.rs:365:19
[INFO] [stdout]   35:     0x564158fa7f78 - std::panic::catch_unwind::h0dc8a061326ce8d8
[INFO] [stdout]                                at /rustc/53fd98ca776cb875bc9e5514f56b52eb74f9e7a9/library/std/src/panic.rs:434:14
[INFO] [stdout]   36:     0x564158fa7f78 - std::thread::Builder::spawn_unchecked::{{closure}}::haa369e2d6fd00aa1
[INFO] [stdout]                                at /rustc/53fd98ca776cb875bc9e5514f56b52eb74f9e7a9/library/std/src/thread/mod.rs:475:30
[INFO] [stdout]   37:     0x564158fa7f78 - core::ops::function::FnOnce::call_once{{vtable.shim}}::h36dcf3de8b056f17
[INFO] [stdout]                                at /rustc/53fd98ca776cb875bc9e5514f56b52eb74f9e7a9/library/core/src/ops/function.rs:227:5
[INFO] [stdout]   38:     0x5641595de847 - <alloc::boxed::Box<F,A> as core::ops::function::FnOnce<Args>>::call_once::h65c29e4642be2358
[INFO] [stdout]                                at /rustc/53fd98ca776cb875bc9e5514f56b52eb74f9e7a9/library/alloc/src/boxed.rs:1572:9
[INFO] [stdout]   39:     0x5641595de847 - <alloc::boxed::Box<F,A> as core::ops::function::FnOnce<Args>>::call_once::hd0f8f7fbbd9fffbf
[INFO] [stdout]                                at /rustc/53fd98ca776cb875bc9e5514f56b52eb74f9e7a9/library/alloc/src/boxed.rs:1572:9
[INFO] [stdout]   40:     0x5641595de847 - std::sys::unix::thread::Thread::new::thread_start::h2fd22fee3ca77b65
[INFO] [stdout]                                at /rustc/53fd98ca776cb875bc9e5514f56b52eb74f9e7a9/library/std/src/sys/unix/thread.rs:74:17
[INFO] [stdout]   41:     0x7f32a1124609 - start_thread
[INFO] [stdout]   42:     0x7f32a0efc293 - clone
[INFO] [stdout]   43:                0x0 - <unknown>
[INFO] [stdout] 
[INFO] [stdout] 
[INFO] [stdout] failures:
[INFO] [stdout]     readiness_check
[INFO] [stdout]     submit_invalid_solution_toml
[INFO] [stdout]     submit_invalid_utf8
[INFO] [stdout]     submit_solution
[INFO] [stdout] 
[INFO] [stdout] test result: FAILED. 0 passed; 4 failed; 0 ignored; 0 measured; 0 filtered out; finished in 0.03s
[INFO] [stdout] 
[INFO] [stderr] error: test failed, to rerun pass '-p tachyoscope --test http'
[INFO] running `Command { std: "docker" "inspect" "699cf7149155b19984502b95ee51dda230560667abe084134cdc0139237a3260", kill_on_drop: false }`
[INFO] running `Command { std: "docker" "rm" "-f" "699cf7149155b19984502b95ee51dda230560667abe084134cdc0139237a3260", kill_on_drop: false }`
[INFO] [stdout] 699cf7149155b19984502b95ee51dda230560667abe084134cdc0139237a3260
