[INFO] cloning repository https://github.com/max-block/i-use-it
[INFO] running `Command { std: "git" "-c" "credential.helper=" "-c" "credential.helper=/workspace/cargo-home/bin/git-credential-null" "clone" "--bare" "https://github.com/max-block/i-use-it" "/workspace/cache/git-repos/https%3A%2F%2Fgithub.com%2Fmax-block%2Fi-use-it", kill_on_drop: false }`
[INFO] [stderr] Cloning into bare repository '/workspace/cache/git-repos/https%3A%2F%2Fgithub.com%2Fmax-block%2Fi-use-it'...
[INFO] running `Command { std: "git" "rev-parse" "HEAD", kill_on_drop: false }`
[INFO] [stdout] 935fa4c261b985eb6b666d3de98df8b815a4c6f4
[INFO] testing max-block/i-use-it against 1.54.0 for beta-1.55-1
[INFO] running `Command { std: "git" "clone" "/workspace/cache/git-repos/https%3A%2F%2Fgithub.com%2Fmax-block%2Fi-use-it" "/workspace/builds/worker-28/source", kill_on_drop: false }`
[INFO] [stderr] Cloning into '/workspace/builds/worker-28/source'...
[INFO] [stderr] done.
[INFO] validating manifest of git repo https://github.com/max-block/i-use-it on toolchain 1.54.0
[INFO] running `Command { std: "/workspace/cargo-home/bin/cargo" "+1.54.0" "metadata" "--manifest-path" "Cargo.toml" "--no-deps", kill_on_drop: false }`
[INFO] started tweaking git repo https://github.com/max-block/i-use-it
[INFO] finished tweaking git repo https://github.com/max-block/i-use-it
[INFO] tweaked toml for git repo https://github.com/max-block/i-use-it written to /workspace/builds/worker-28/source/Cargo.toml
[INFO] crate git repo https://github.com/max-block/i-use-it already has a lockfile, it will not be regenerated
[INFO] running `Command { std: "/workspace/cargo-home/bin/cargo" "+1.54.0" "fetch" "--manifest-path" "Cargo.toml", kill_on_drop: false }`
[INFO] [stderr]     Blocking waiting for file lock on package cache
[INFO] running `Command { std: "docker" "create" "-v" "/var/lib/crater-agent-workspace/builds/worker-28/target:/opt/rustwide/target:rw,Z" "-v" "/var/lib/crater-agent-workspace/builds/worker-28/source:/opt/rustwide/workdir:ro,Z" "-v" "/var/lib/crater-agent-workspace/cargo-home:/opt/rustwide/cargo-home:ro,Z" "-v" "/var/lib/crater-agent-workspace/rustup-home:/opt/rustwide/rustup-home:ro,Z" "-e" "SOURCE_DIR=/opt/rustwide/workdir" "-e" "CARGO_TARGET_DIR=/opt/rustwide/target" "-e" "CARGO_HOME=/opt/rustwide/cargo-home" "-e" "RUSTUP_HOME=/opt/rustwide/rustup-home" "-w" "/opt/rustwide/workdir" "-m" "1610612736" "--user" "0:0" "--network" "none" "ghcr.io/rust-lang/crates-build-env/linux@sha256:34b6a614d2c27851fe6cbf88fbd1137609cefab8b10d0615aaeb6fd47975d74e" "/opt/rustwide/cargo-home/bin/cargo" "+1.54.0" "metadata" "--no-deps" "--format-version=1", kill_on_drop: false }`
[INFO] [stdout] 497d264e6b58c632db03c70b6d559a37e683323645d97ae731f885992a264efc
[INFO] running `Command { std: "docker" "start" "-a" "497d264e6b58c632db03c70b6d559a37e683323645d97ae731f885992a264efc", kill_on_drop: false }`
[INFO] running `Command { std: "docker" "inspect" "497d264e6b58c632db03c70b6d559a37e683323645d97ae731f885992a264efc", kill_on_drop: false }`
[INFO] running `Command { std: "docker" "rm" "-f" "497d264e6b58c632db03c70b6d559a37e683323645d97ae731f885992a264efc", kill_on_drop: false }`
[INFO] [stdout] 497d264e6b58c632db03c70b6d559a37e683323645d97ae731f885992a264efc
[INFO] running `Command { std: "docker" "create" "-v" "/var/lib/crater-agent-workspace/builds/worker-28/target:/opt/rustwide/target:rw,Z" "-v" "/var/lib/crater-agent-workspace/builds/worker-28/source:/opt/rustwide/workdir:ro,Z" "-v" "/var/lib/crater-agent-workspace/cargo-home:/opt/rustwide/cargo-home:ro,Z" "-v" "/var/lib/crater-agent-workspace/rustup-home:/opt/rustwide/rustup-home:ro,Z" "-e" "SOURCE_DIR=/opt/rustwide/workdir" "-e" "CARGO_TARGET_DIR=/opt/rustwide/target" "-e" "CARGO_INCREMENTAL=0" "-e" "RUST_BACKTRACE=full" "-e" "RUSTFLAGS=--cap-lints=warn" "-e" "CARGO_HOME=/opt/rustwide/cargo-home" "-e" "RUSTUP_HOME=/opt/rustwide/rustup-home" "-w" "/opt/rustwide/workdir" "-m" "1610612736" "--user" "0:0" "--network" "none" "ghcr.io/rust-lang/crates-build-env/linux@sha256:34b6a614d2c27851fe6cbf88fbd1137609cefab8b10d0615aaeb6fd47975d74e" "/opt/rustwide/cargo-home/bin/cargo" "+1.54.0" "build" "--frozen" "--message-format=json", kill_on_drop: false }`
[INFO] [stdout] 9ac66d1b258188161dfe2d0ce7a17a25bd7f542be7ffb49358329a188ecaa691
[INFO] running `Command { std: "docker" "start" "-a" "9ac66d1b258188161dfe2d0ce7a17a25bd7f542be7ffb49358329a188ecaa691", kill_on_drop: false }`
[INFO] [stderr]    Compiling proc-macro2 v1.0.21
[INFO] [stderr]    Compiling cc v1.0.60
[INFO] [stderr]    Compiling libc v0.2.77
[INFO] [stderr]    Compiling cfg-if v0.1.10
[INFO] [stderr]    Compiling syn v1.0.41
[INFO] [stderr]    Compiling pkg-config v0.3.18
[INFO] [stderr]    Compiling log v0.4.11
[INFO] [stderr]    Compiling memchr v2.3.3
[INFO] [stderr]    Compiling futures-core v0.3.5
[INFO] [stderr]    Compiling pin-project-internal v0.4.23
[INFO] [stderr]    Compiling slab v0.4.2
[INFO] [stderr]    Compiling fnv v1.0.7
[INFO] [stderr]    Compiling itoa v0.4.6
[INFO] [stderr]    Compiling bytes v0.5.6
[INFO] [stderr]    Compiling serde_derive v1.0.116
[INFO] [stderr]    Compiling once_cell v1.4.1
[INFO] [stderr]    Compiling pin-project-lite v0.1.7
[INFO] [stderr]    Compiling serde v1.0.116
[INFO] [stderr]    Compiling pin-utils v0.1.0
[INFO] [stderr]    Compiling futures-io v0.3.5
[INFO] [stderr]    Compiling openssl-probe v0.1.2
[INFO] [stderr]    Compiling foreign-types-shared v0.1.1
[INFO] [stderr]    Compiling openssl v0.10.30
[INFO] [stderr]    Compiling httparse v1.3.4
[INFO] [stderr]    Compiling hashbrown v0.9.0
[INFO] [stderr]    Compiling native-tls v0.2.4
[INFO] [stderr]    Compiling ucd-trie v0.1.3
[INFO] [stderr]    Compiling futures-sink v0.3.5
[INFO] [stderr]    Compiling tinyvec v0.3.4
[INFO] [stderr]    Compiling encoding_rs v0.8.24
[INFO] [stderr]    Compiling maybe-uninit v2.0.0
[INFO] [stderr]    Compiling serde_json v1.0.58
[INFO] [stderr]    Compiling try-lock v0.2.3
[INFO] [stderr]    Compiling maplit v1.0.2
[INFO] [stderr]    Compiling percent-encoding v2.1.0
[INFO] [stderr]    Compiling curl v0.4.33
[INFO] [stderr]    Compiling tower-service v0.3.0
[INFO] [stderr]    Compiling mime v0.3.16
[INFO] [stderr]    Compiling httpdate v0.3.2
[INFO] [stderr]    Compiling dtoa v0.4.6
[INFO] [stderr]    Compiling isahc v0.9.10
[INFO] [stderr]    Compiling base64 v0.12.3
[INFO] [stderr]    Compiling quick-error v2.0.0
[INFO] [stderr]    Compiling ipnet v2.3.0
[INFO] [stderr]    Compiling indexmap v1.6.0
[INFO] [stderr]    Compiling crossbeam-utils v0.7.2
[INFO] [stderr]    Compiling tracing-core v0.1.16
[INFO] [stderr]    Compiling unicase v2.6.0
[INFO] [stderr]    Compiling futures-task v0.3.5
[INFO] [stderr]    Compiling foreign-types v0.3.2
[INFO] [stderr]    Compiling futures-channel v0.3.5
[INFO] [stderr]    Compiling unicode-normalization v0.1.13
[INFO] [stderr]    Compiling pest v2.1.3
[INFO] [stderr]    Compiling http v0.2.1
[INFO] [stderr]    Compiling want v0.3.0
[INFO] [stderr]    Compiling quote v1.0.7
[INFO] [stderr]    Compiling mime_guess v2.0.3
[INFO] [stderr]    Compiling openssl-sys v0.9.58
[INFO] [stderr]    Compiling libnghttp2-sys v0.1.4+1.41.0
[INFO] [stderr]    Compiling libz-sys v1.1.2
[INFO] [stderr]    Compiling curl-sys v0.4.36+curl-7.71.1
[INFO] [stderr]    Compiling idna v0.2.0
[INFO] [stderr]    Compiling net2 v0.2.35
[INFO] [stderr]    Compiling num_cpus v1.13.0
[INFO] [stderr]    Compiling iovec v0.1.4
[INFO] [stderr]    Compiling socket2 v0.3.15
[INFO] [stderr]    Compiling crossbeam-channel v0.4.4
[INFO] [stderr]    Compiling threadpool v1.8.1
[INFO] [stderr]    Compiling mio v0.6.22
[INFO] [stderr]    Compiling pest_meta v2.1.3
[INFO] [stderr]    Compiling url v2.1.1
[INFO] [stderr]    Compiling tokio v0.2.22
[INFO] [stderr]    Compiling http-body v0.3.1
[INFO] [stderr]    Compiling pest_generator v2.1.3
[INFO] [stderr]    Compiling tokio-util v0.3.1
[INFO] [stderr]    Compiling tokio-tls v0.3.1
[INFO] [stderr]    Compiling tracing-attributes v0.1.11
[INFO] [stderr]    Compiling pest_derive v2.1.0
[INFO] [stderr]    Compiling tracing v0.1.19
[INFO] [stderr]    Compiling pin-project v0.4.23
[INFO] [stderr]    Compiling futures-util v0.3.5
[INFO] [stderr]    Compiling tracing-futures v0.2.4
[INFO] [stderr]    Compiling h2 v0.2.6
[INFO] [stderr]    Compiling sluice v0.5.2
[INFO] [stderr]    Compiling serde_urlencoded v0.6.1
[INFO] [stderr]    Compiling toml v0.5.6
[INFO] [stderr]    Compiling hyper v0.13.8
[INFO] [stderr]    Compiling handlebars v3.5.0
[INFO] [stderr]    Compiling hyper-tls v0.4.3
[INFO] [stderr]    Compiling reqwest v0.10.8
[INFO] [stderr]    Compiling i-use-it v0.1.0 (/opt/rustwide/workdir)
[INFO] [stderr]     Finished dev [unoptimized + debuginfo] target(s) in 43.12s
[INFO] running `Command { std: "docker" "inspect" "9ac66d1b258188161dfe2d0ce7a17a25bd7f542be7ffb49358329a188ecaa691", kill_on_drop: false }`
[INFO] running `Command { std: "docker" "rm" "-f" "9ac66d1b258188161dfe2d0ce7a17a25bd7f542be7ffb49358329a188ecaa691", kill_on_drop: false }`
[INFO] [stdout] 9ac66d1b258188161dfe2d0ce7a17a25bd7f542be7ffb49358329a188ecaa691
[INFO] running `Command { std: "docker" "create" "-v" "/var/lib/crater-agent-workspace/builds/worker-28/target:/opt/rustwide/target:rw,Z" "-v" "/var/lib/crater-agent-workspace/builds/worker-28/source:/opt/rustwide/workdir:ro,Z" "-v" "/var/lib/crater-agent-workspace/cargo-home:/opt/rustwide/cargo-home:ro,Z" "-v" "/var/lib/crater-agent-workspace/rustup-home:/opt/rustwide/rustup-home:ro,Z" "-e" "SOURCE_DIR=/opt/rustwide/workdir" "-e" "CARGO_TARGET_DIR=/opt/rustwide/target" "-e" "CARGO_INCREMENTAL=0" "-e" "RUST_BACKTRACE=full" "-e" "RUSTFLAGS=--cap-lints=warn" "-e" "CARGO_HOME=/opt/rustwide/cargo-home" "-e" "RUSTUP_HOME=/opt/rustwide/rustup-home" "-w" "/opt/rustwide/workdir" "-m" "1610612736" "--user" "0:0" "--network" "none" "ghcr.io/rust-lang/crates-build-env/linux@sha256:34b6a614d2c27851fe6cbf88fbd1137609cefab8b10d0615aaeb6fd47975d74e" "/opt/rustwide/cargo-home/bin/cargo" "+1.54.0" "test" "--frozen" "--no-run" "--message-format=json", kill_on_drop: false }`
[INFO] [stdout] 8c28cb8bcd1476f9afeaf9b0850fbd7bf6094172276544384c5c1ac5350112b8
[INFO] running `Command { std: "docker" "start" "-a" "8c28cb8bcd1476f9afeaf9b0850fbd7bf6094172276544384c5c1ac5350112b8", kill_on_drop: false }`
[INFO] [stderr]    Compiling i-use-it v0.1.0 (/opt/rustwide/workdir)
[INFO] [stderr]     Finished test [unoptimized + debuginfo] target(s) in 3.73s
[INFO] running `Command { std: "docker" "inspect" "8c28cb8bcd1476f9afeaf9b0850fbd7bf6094172276544384c5c1ac5350112b8", kill_on_drop: false }`
[INFO] running `Command { std: "docker" "rm" "-f" "8c28cb8bcd1476f9afeaf9b0850fbd7bf6094172276544384c5c1ac5350112b8", kill_on_drop: false }`
[INFO] [stdout] 8c28cb8bcd1476f9afeaf9b0850fbd7bf6094172276544384c5c1ac5350112b8
[INFO] running `Command { std: "docker" "create" "-v" "/var/lib/crater-agent-workspace/builds/worker-28/target:/opt/rustwide/target:rw,Z" "-v" "/var/lib/crater-agent-workspace/builds/worker-28/source:/opt/rustwide/workdir:ro,Z" "-v" "/var/lib/crater-agent-workspace/cargo-home:/opt/rustwide/cargo-home:ro,Z" "-v" "/var/lib/crater-agent-workspace/rustup-home:/opt/rustwide/rustup-home:ro,Z" "-e" "SOURCE_DIR=/opt/rustwide/workdir" "-e" "CARGO_TARGET_DIR=/opt/rustwide/target" "-e" "CARGO_INCREMENTAL=0" "-e" "RUST_BACKTRACE=full" "-e" "RUSTFLAGS=--cap-lints=warn" "-e" "CARGO_HOME=/opt/rustwide/cargo-home" "-e" "RUSTUP_HOME=/opt/rustwide/rustup-home" "-w" "/opt/rustwide/workdir" "-m" "1610612736" "--user" "0:0" "--network" "none" "ghcr.io/rust-lang/crates-build-env/linux@sha256:34b6a614d2c27851fe6cbf88fbd1137609cefab8b10d0615aaeb6fd47975d74e" "/opt/rustwide/cargo-home/bin/cargo" "+1.54.0" "test" "--frozen", kill_on_drop: false }`
[INFO] [stdout] c7f4416c742678a91a6425abdd9660e8e9a1d5a92711b376b99237bef5bf78ed
[INFO] running `Command { std: "docker" "start" "-a" "c7f4416c742678a91a6425abdd9660e8e9a1d5a92711b376b99237bef5bf78ed", kill_on_drop: false }`
[INFO] [stderr]     Finished test [unoptimized + debuginfo] target(s) in 0.08s
[INFO] [stderr]      Running unittests (/opt/rustwide/target/debug/deps/i_use_it-a4ecddab66650dd5)
[INFO] [stdout] 
[INFO] [stdout] running 2 tests
[INFO] [stdout] test processor::crates::test::test_get_package_description ... FAILED
[INFO] [stdout] test processor::pypi::test::test_get_package_description ... FAILED
[INFO] [stdout] 
[INFO] [stdout] failures:
[INFO] [stdout] 
[INFO] [stdout] ---- processor::crates::test::test_get_package_description stdout ----
[INFO] [stdout] [src/processor/crates.rs:37] &res = Err(
[INFO] [stdout]     IsahcError(
[INFO] [stdout]         CouldntResolveHost,
[INFO] [stdout]     ),
[INFO] [stdout] )
[INFO] [stdout] thread 'processor::crates::test::test_get_package_description' panicked at 'called `Result::unwrap()` on an `Err` value: IsahcError(CouldntResolveHost)', src/processor/crates.rs:38:21
[INFO] [stdout] stack backtrace:
[INFO] [stdout]    0:     0x55ff7c5a10d0 - std::backtrace_rs::backtrace::libunwind::trace::h34055254b57d8e79
[INFO] [stdout]                                at /rustc/a178d0322ce20e33eac124758e837cbd80a6f633/library/std/src/../../backtrace/src/backtrace/libunwind.rs:90:5
[INFO] [stdout]    1:     0x55ff7c5a10d0 - std::backtrace_rs::backtrace::trace_unsynchronized::h8f1e3fbd9afff6ec
[INFO] [stdout]                                at /rustc/a178d0322ce20e33eac124758e837cbd80a6f633/library/std/src/../../backtrace/src/backtrace/mod.rs:66:5
[INFO] [stdout]    2:     0x55ff7c5a10d0 - std::sys_common::backtrace::_print_fmt::h3a99a796b770c360
[INFO] [stdout]                                at /rustc/a178d0322ce20e33eac124758e837cbd80a6f633/library/std/src/sys_common/backtrace.rs:67:5
[INFO] [stdout]    3:     0x55ff7c5a10d0 - <std::sys_common::backtrace::_print::DisplayBacktrace as core::fmt::Display>::fmt::h32d1f94a80615d18
[INFO] [stdout]                                at /rustc/a178d0322ce20e33eac124758e837cbd80a6f633/library/std/src/sys_common/backtrace.rs:46:22
[INFO] [stdout]    4:     0x55ff7c5c503c - core::fmt::write::h306731c068f7162c
[INFO] [stdout]                                at /rustc/a178d0322ce20e33eac124758e837cbd80a6f633/library/core/src/fmt/mod.rs:1110:17
[INFO] [stdout]    5:     0x55ff7c59a585 - std::io::Write::write_fmt::h87f19b0a2cd190bc
[INFO] [stdout]                                at /rustc/a178d0322ce20e33eac124758e837cbd80a6f633/library/std/src/io/mod.rs:1588:15
[INFO] [stdout]    6:     0x55ff7c5a32ab - std::sys_common::backtrace::_print::h5abaa2601a852287
[INFO] [stdout]                                at /rustc/a178d0322ce20e33eac124758e837cbd80a6f633/library/std/src/sys_common/backtrace.rs:49:5
[INFO] [stdout]    7:     0x55ff7c5a32ab - std::sys_common::backtrace::print::h8d81445442bb638f
[INFO] [stdout]                                at /rustc/a178d0322ce20e33eac124758e837cbd80a6f633/library/std/src/sys_common/backtrace.rs:36:9
[INFO] [stdout]    8:     0x55ff7c5a32ab - std::panicking::default_hook::{{closure}}::hcfe804496a9fa747
[INFO] [stdout]                                at /rustc/a178d0322ce20e33eac124758e837cbd80a6f633/library/std/src/panicking.rs:208:50
[INFO] [stdout]    9:     0x55ff7c5a2dbc - std::panicking::default_hook::hbea8e3ccf2ba8901
[INFO] [stdout]                                at /rustc/a178d0322ce20e33eac124758e837cbd80a6f633/library/std/src/panicking.rs:222:9
[INFO] [stdout]   10:     0x55ff7c5a3974 - std::panicking::rust_panic_with_hook::h7ee9e1a2d0f8975a
[INFO] [stdout]                                at /rustc/a178d0322ce20e33eac124758e837cbd80a6f633/library/std/src/panicking.rs:622:17
[INFO] [stdout]   11:     0x55ff7c5a3457 - std::panicking::begin_panic_handler::{{closure}}::h8ab3b4491718b2c7
[INFO] [stdout]                                at /rustc/a178d0322ce20e33eac124758e837cbd80a6f633/library/std/src/panicking.rs:519:13
[INFO] [stdout]   12:     0x55ff7c5a15cc - std::sys_common::backtrace::__rust_end_short_backtrace::hd489062ffa586a9f
[INFO] [stdout]                                at /rustc/a178d0322ce20e33eac124758e837cbd80a6f633/library/std/src/sys_common/backtrace.rs:141:18
[INFO] [stdout]   13:     0x55ff7c5a33b9 - rust_begin_unwind
[INFO] [stdout]                                at /rustc/a178d0322ce20e33eac124758e837cbd80a6f633/library/std/src/panicking.rs:515:5
[INFO] [stdout]   14:     0x55ff7bef9c51 - core::panicking::panic_fmt::hca6330e3e14086b4
[INFO] [stdout]                                at /rustc/a178d0322ce20e33eac124758e837cbd80a6f633/library/core/src/panicking.rs:92:14
[INFO] [stdout]   15:     0x55ff7bef9d43 - core::result::unwrap_failed::h6160d2b4bfbb0e87
[INFO] [stdout]                                at /rustc/a178d0322ce20e33eac124758e837cbd80a6f633/library/core/src/result.rs:1355:5
[INFO] [stdout]   16:     0x55ff7bf0039d - core::result::Result<T,E>::unwrap::hd8a6b67c42ceb571
[INFO] [stdout]                                at /rustc/a178d0322ce20e33eac124758e837cbd80a6f633/library/core/src/result.rs:1037:23
[INFO] [stdout]   17:     0x55ff7bf058b6 - i_use_it::processor::crates::test::test_get_package_description::h9b01e1b9fb352458
[INFO] [stdout]                                at /opt/rustwide/workdir/src/processor/crates.rs:38:17
[INFO] [stdout]   18:     0x55ff7bf0557a - i_use_it::processor::crates::test::test_get_package_description::{{closure}}::h9270b56270643279
[INFO] [stdout]                                at /opt/rustwide/workdir/src/processor/crates.rs:35:5
[INFO] [stdout]   19:     0x55ff7bf01c5e - core::ops::function::FnOnce::call_once::hc3716febe74b8878
[INFO] [stdout]                                at /rustc/a178d0322ce20e33eac124758e837cbd80a6f633/library/core/src/ops/function.rs:227:5
[INFO] [stdout]   20:     0x55ff7c34e1f3 - core::ops::function::FnOnce::call_once::h152e7e439ff59e19
[INFO] [stdout]                                at /rustc/a178d0322ce20e33eac124758e837cbd80a6f633/library/core/src/ops/function.rs:227:5
[INFO] [stdout]   21:     0x55ff7c34e1f3 - test::__rust_begin_short_backtrace::h0908f3b1fdbb72ab
[INFO] [stdout]                                at /rustc/a178d0322ce20e33eac124758e837cbd80a6f633/library/test/src/lib.rs:577:5
[INFO] [stdout]   22:     0x55ff7c34ccb0 - <alloc::boxed::Box<F,A> as core::ops::function::FnOnce<Args>>::call_once::hf6d2a51e5587546c
[INFO] [stdout]                                at /rustc/a178d0322ce20e33eac124758e837cbd80a6f633/library/alloc/src/boxed.rs:1575:9
[INFO] [stdout]   23:     0x55ff7c34ccb0 - <std::panic::AssertUnwindSafe<F> as core::ops::function::FnOnce<()>>::call_once::h8af660f3a89ef593
[INFO] [stdout]                                at /rustc/a178d0322ce20e33eac124758e837cbd80a6f633/library/std/src/panic.rs:347:9
[INFO] [stdout]   24:     0x55ff7c34ccb0 - std::panicking::try::do_call::hd36aef60f84b6d36
[INFO] [stdout]                                at /rustc/a178d0322ce20e33eac124758e837cbd80a6f633/library/std/src/panicking.rs:401:40
[INFO] [stdout]   25:     0x55ff7c34ccb0 - std::panicking::try::h9932b4480e69817c
[INFO] [stdout]                                at /rustc/a178d0322ce20e33eac124758e837cbd80a6f633/library/std/src/panicking.rs:365:19
[INFO] [stdout]   26:     0x55ff7c34ccb0 - std::panic::catch_unwind::h6aa177099cfff5f8
[INFO] [stdout]                                at /rustc/a178d0322ce20e33eac124758e837cbd80a6f633/library/std/src/panic.rs:434:14
[INFO] [stdout]   27:     0x55ff7c34ccb0 - test::run_test_in_process::h5884d6f2d99e20c3
[INFO] [stdout]                                at /rustc/a178d0322ce20e33eac124758e837cbd80a6f633/library/test/src/lib.rs:600:18
[INFO] [stdout]   28:     0x55ff7c34ccb0 - test::run_test::run_test_inner::{{closure}}::h6fdc58c6d5f5b6e3
[INFO] [stdout]                                at /rustc/a178d0322ce20e33eac124758e837cbd80a6f633/library/test/src/lib.rs:492:39
[INFO] [stdout]   29:     0x55ff7c326362 - test::run_test::run_test_inner::{{closure}}::h408365d67a78ade8
[INFO] [stdout]                                at /rustc/a178d0322ce20e33eac124758e837cbd80a6f633/library/test/src/lib.rs:519:37
[INFO] [stdout]   30:     0x55ff7c326362 - std::sys_common::backtrace::__rust_begin_short_backtrace::hb560b77c4f701523
[INFO] [stdout]                                at /rustc/a178d0322ce20e33eac124758e837cbd80a6f633/library/std/src/sys_common/backtrace.rs:125:18
[INFO] [stdout]   31:     0x55ff7c329f18 - std::thread::Builder::spawn_unchecked::{{closure}}::{{closure}}::hf2e7831dad93c597
[INFO] [stdout]                                at /rustc/a178d0322ce20e33eac124758e837cbd80a6f633/library/std/src/thread/mod.rs:481:17
[INFO] [stdout]   32:     0x55ff7c329f18 - <std::panic::AssertUnwindSafe<F> as core::ops::function::FnOnce<()>>::call_once::hd2e08783d8be4d02
[INFO] [stdout]                                at /rustc/a178d0322ce20e33eac124758e837cbd80a6f633/library/std/src/panic.rs:347:9
[INFO] [stdout]   33:     0x55ff7c329f18 - std::panicking::try::do_call::h062597b7acfd6b82
[INFO] [stdout]                                at /rustc/a178d0322ce20e33eac124758e837cbd80a6f633/library/std/src/panicking.rs:401:40
[INFO] [stdout]   34:     0x55ff7c329f18 - std::panicking::try::h0d7b79db04c14552
[INFO] [stdout]                                at /rustc/a178d0322ce20e33eac124758e837cbd80a6f633/library/std/src/panicking.rs:365:19
[INFO] [stdout]   35:     0x55ff7c329f18 - std::panic::catch_unwind::hb01a0b5e7c8cd43b
[INFO] [stdout]                                at /rustc/a178d0322ce20e33eac124758e837cbd80a6f633/library/std/src/panic.rs:434:14
[INFO] [stdout]   36:     0x55ff7c329f18 - std::thread::Builder::spawn_unchecked::{{closure}}::h5bde48cc887e0d1e
[INFO] [stdout]                                at /rustc/a178d0322ce20e33eac124758e837cbd80a6f633/library/std/src/thread/mod.rs:480:30
[INFO] [stdout]   37:     0x55ff7c329f18 - core::ops::function::FnOnce::call_once{{vtable.shim}}::h745ea30807a29e55
[INFO] [stdout]                                at /rustc/a178d0322ce20e33eac124758e837cbd80a6f633/library/core/src/ops/function.rs:227:5
[INFO] [stdout]   38:     0x55ff7c5a9377 - <alloc::boxed::Box<F,A> as core::ops::function::FnOnce<Args>>::call_once::h7ece6cfefaff1005
[INFO] [stdout]                                at /rustc/a178d0322ce20e33eac124758e837cbd80a6f633/library/alloc/src/boxed.rs:1575:9
[INFO] [stdout]   39:     0x55ff7c5a9377 - <alloc::boxed::Box<F,A> as core::ops::function::FnOnce<Args>>::call_once::hb8b48e55c21f193e
[INFO] [stdout]                                at /rustc/a178d0322ce20e33eac124758e837cbd80a6f633/library/alloc/src/boxed.rs:1575:9
[INFO] [stdout]   40:     0x55ff7c5a9377 - std::sys::unix::thread::Thread::new::thread_start::h8c7c4450dba62914
[INFO] [stdout]                                at /rustc/a178d0322ce20e33eac124758e837cbd80a6f633/library/std/src/sys/unix/thread.rs:71:17
[INFO] [stdout]   41:     0x7fd8ca649609 - start_thread
[INFO] [stdout]   42:     0x7fd8ca421293 - clone
[INFO] [stdout]   43:                0x0 - <unknown>
[INFO] [stdout] 
[INFO] [stdout] ---- processor::pypi::test::test_get_package_description stdout ----
[INFO] [stdout] thread 'processor::pypi::test::test_get_package_description' panicked at 'called `Result::unwrap()` on an `Err` value: ReqwestError(reqwest::Error { kind: Request, url: "https://pypi.org/pypi/Flask/json", source: hyper::Error(Connect, ConnectError("dns error", Custom { kind: Other, error: "failed to lookup address information: Temporary failure in name resolution" })) })', src/processor/pypi.rs:34:21
[INFO] [stdout] stack backtrace:
[INFO] [stdout]    0:     0x55ff7c5a10d0 - std::backtrace_rs::backtrace::libunwind::trace::h34055254b57d8e79
[INFO] [stdout]                                at /rustc/a178d0322ce20e33eac124758e837cbd80a6f633/library/std/src/../../backtrace/src/backtrace/libunwind.rs:90:5
[INFO] [stdout]    1:     0x55ff7c5a10d0 - std::backtrace_rs::backtrace::trace_unsynchronized::h8f1e3fbd9afff6ec
[INFO] [stdout]                                at /rustc/a178d0322ce20e33eac124758e837cbd80a6f633/library/std/src/../../backtrace/src/backtrace/mod.rs:66:5
[INFO] [stdout]    2:     0x55ff7c5a10d0 - std::sys_common::backtrace::_print_fmt::h3a99a796b770c360
[INFO] [stdout]                                at /rustc/a178d0322ce20e33eac124758e837cbd80a6f633/library/std/src/sys_common/backtrace.rs:67:5
[INFO] [stdout]    3:     0x55ff7c5a10d0 - <std::sys_common::backtrace::_print::DisplayBacktrace as core::fmt::Display>::fmt::h32d1f94a80615d18
[INFO] [stdout]                                at /rustc/a178d0322ce20e33eac124758e837cbd80a6f633/library/std/src/sys_common/backtrace.rs:46:22
[INFO] [stdout]    4:     0x55ff7c5c503c - core::fmt::write::h306731c068f7162c
[INFO] [stdout]                                at /rustc/a178d0322ce20e33eac124758e837cbd80a6f633/library/core/src/fmt/mod.rs:1110:17
[INFO] [stdout]    5:     0x55ff7c59a585 - std::io::Write::write_fmt::h87f19b0a2cd190bc
[INFO] [stdout]                                at /rustc/a178d0322ce20e33eac124758e837cbd80a6f633/library/std/src/io/mod.rs:1588:15
[INFO] [stdout]    6:     0x55ff7c5a32ab - std::sys_common::backtrace::_print::h5abaa2601a852287
[INFO] [stdout]                                at /rustc/a178d0322ce20e33eac124758e837cbd80a6f633/library/std/src/sys_common/backtrace.rs:49:5
[INFO] [stdout]    7:     0x55ff7c5a32ab - std::sys_common::backtrace::print::h8d81445442bb638f
[INFO] [stdout]                                at /rustc/a178d0322ce20e33eac124758e837cbd80a6f633/library/std/src/sys_common/backtrace.rs:36:9
[INFO] [stdout]    8:     0x55ff7c5a32ab - std::panicking::default_hook::{{closure}}::hcfe804496a9fa747
[INFO] [stdout]                                at /rustc/a178d0322ce20e33eac124758e837cbd80a6f633/library/std/src/panicking.rs:208:50
[INFO] [stdout]    9:     0x55ff7c5a2dbc - std::panicking::default_hook::hbea8e3ccf2ba8901
[INFO] [stdout]                                at /rustc/a178d0322ce20e33eac124758e837cbd80a6f633/library/std/src/panicking.rs:222:9
[INFO] [stdout]   10:     0x55ff7c5a3974 - std::panicking::rust_panic_with_hook::h7ee9e1a2d0f8975a
[INFO] [stdout]                                at /rustc/a178d0322ce20e33eac124758e837cbd80a6f633/library/std/src/panicking.rs:622:17
[INFO] [stdout]   11:     0x55ff7c5a3457 - std::panicking::begin_panic_handler::{{closure}}::h8ab3b4491718b2c7
[INFO] [stdout]                                at /rustc/a178d0322ce20e33eac124758e837cbd80a6f633/library/std/src/panicking.rs:519:13
[INFO] [stdout]   12:     0x55ff7c5a15cc - std::sys_common::backtrace::__rust_end_short_backtrace::hd489062ffa586a9f
[INFO] [stdout]                                at /rustc/a178d0322ce20e33eac124758e837cbd80a6f633/library/std/src/sys_common/backtrace.rs:141:18
[INFO] [stdout]   13:     0x55ff7c5a33b9 - rust_begin_unwind
[INFO] [stdout]                                at /rustc/a178d0322ce20e33eac124758e837cbd80a6f633/library/std/src/panicking.rs:515:5
[INFO] [stdout]   14:     0x55ff7bef9c51 - core::panicking::panic_fmt::hca6330e3e14086b4
[INFO] [stdout]                                at /rustc/a178d0322ce20e33eac124758e837cbd80a6f633/library/core/src/panicking.rs:92:14
[INFO] [stdout]   15:     0x55ff7bef9d43 - core::result::unwrap_failed::h6160d2b4bfbb0e87
[INFO] [stdout]                                at /rustc/a178d0322ce20e33eac124758e837cbd80a6f633/library/core/src/result.rs:1355:5
[INFO] [stdout]   16:     0x55ff7bf0039d - core::result::Result<T,E>::unwrap::hd8a6b67c42ceb571
[INFO] [stdout]                                at /rustc/a178d0322ce20e33eac124758e837cbd80a6f633/library/core/src/result.rs:1037:23
[INFO] [stdout]   17:     0x55ff7bf10b6c - i_use_it::processor::pypi::test::test_get_package_description::h6b02bf125f4ae5f7
[INFO] [stdout]                                at /opt/rustwide/workdir/src/processor/pypi.rs:34:17
[INFO] [stdout]   18:     0x55ff7bf10afa - i_use_it::processor::pypi::test::test_get_package_description::{{closure}}::he1bc363d15b60860
[INFO] [stdout]                                at /opt/rustwide/workdir/src/processor/pypi.rs:32:5
[INFO] [stdout]   19:     0x55ff7bf01c9e - core::ops::function::FnOnce::call_once::hd9e7dffc8dbe5691
[INFO] [stdout]                                at /rustc/a178d0322ce20e33eac124758e837cbd80a6f633/library/core/src/ops/function.rs:227:5
[INFO] [stdout]   20:     0x55ff7c34e1f3 - core::ops::function::FnOnce::call_once::h152e7e439ff59e19
[INFO] [stdout]                                at /rustc/a178d0322ce20e33eac124758e837cbd80a6f633/library/core/src/ops/function.rs:227:5
[INFO] [stdout]   21:     0x55ff7c34e1f3 - test::__rust_begin_short_backtrace::h0908f3b1fdbb72ab
[INFO] [stdout]                                at /rustc/a178d0322ce20e33eac124758e837cbd80a6f633/library/test/src/lib.rs:577:5
[INFO] [stdout]   22:     0x55ff7c34ccb0 - <alloc::boxed::Box<F,A> as core::ops::function::FnOnce<Args>>::call_once::hf6d2a51e5587546c
[INFO] [stdout]                                at /rustc/a178d0322ce20e33eac124758e837cbd80a6f633/library/alloc/src/boxed.rs:1575:9
[INFO] [stdout]   23:     0x55ff7c34ccb0 - <std::panic::AssertUnwindSafe<F> as core::ops::function::FnOnce<()>>::call_once::h8af660f3a89ef593
[INFO] [stdout]                                at /rustc/a178d0322ce20e33eac124758e837cbd80a6f633/library/std/src/panic.rs:347:9
[INFO] [stdout]   24:     0x55ff7c34ccb0 - std::panicking::try::do_call::hd36aef60f84b6d36
[INFO] [stdout]                                at /rustc/a178d0322ce20e33eac124758e837cbd80a6f633/library/std/src/panicking.rs:401:40
[INFO] [stdout]   25:     0x55ff7c34ccb0 - std::panicking::try::h9932b4480e69817c
[INFO] [stdout]                                at /rustc/a178d0322ce20e33eac124758e837cbd80a6f633/library/std/src/panicking.rs:365:19
[INFO] [stdout]   26:     0x55ff7c34ccb0 - std::panic::catch_unwind::h6aa177099cfff5f8
[INFO] [stdout]                                at /rustc/a178d0322ce20e33eac124758e837cbd80a6f633/library/std/src/panic.rs:434:14
[INFO] [stdout]   27:     0x55ff7c34ccb0 - test::run_test_in_process::h5884d6f2d99e20c3
[INFO] [stdout]                                at /rustc/a178d0322ce20e33eac124758e837cbd80a6f633/library/test/src/lib.rs:600:18
[INFO] [stdout]   28:     0x55ff7c34ccb0 - test::run_test::run_test_inner::{{closure}}::h6fdc58c6d5f5b6e3
[INFO] [stdout]                                at /rustc/a178d0322ce20e33eac124758e837cbd80a6f633/library/test/src/lib.rs:492:39
[INFO] [stdout]   29:     0x55ff7c326362 - test::run_test::run_test_inner::{{closure}}::h408365d67a78ade8
[INFO] [stdout]                                at /rustc/a178d0322ce20e33eac124758e837cbd80a6f633/library/test/src/lib.rs:519:37
[INFO] [stdout]   30:     0x55ff7c326362 - std::sys_common::backtrace::__rust_begin_short_backtrace::hb560b77c4f701523
[INFO] [stdout]                                at /rustc/a178d0322ce20e33eac124758e837cbd80a6f633/library/std/src/sys_common/backtrace.rs:125:18
[INFO] [stdout]   31:     0x55ff7c329f18 - std::thread::Builder::spawn_unchecked::{{closure}}::{{closure}}::hf2e7831dad93c597
[INFO] [stdout]                                at /rustc/a178d0322ce20e33eac124758e837cbd80a6f633/library/std/src/thread/mod.rs:481:17
[INFO] [stdout]   32:     0x55ff7c329f18 - <std::panic::AssertUnwindSafe<F> as core::ops::function::FnOnce<()>>::call_once::hd2e08783d8be4d02
[INFO] [stdout]                                at /rustc/a178d0322ce20e33eac124758e837cbd80a6f633/library/std/src/panic.rs:347:9
[INFO] [stdout]   33:     0x55ff7c329f18 - std::panicking::try::do_call::h062597b7acfd6b82
[INFO] [stdout]                                at /rustc/a178d0322ce20e33eac124758e837cbd80a6f633/library/std/src/panicking.rs:401:40
[INFO] [stdout]   34:     0x55ff7c329f18 - std::panicking::try::h0d7b79db04c14552
[INFO] [stdout]                                at /rustc/a178d0322ce20e33eac124758e837cbd80a6f633/library/std/src/panicking.rs:365:19
[INFO] [stdout]   35:     0x55ff7c329f18 - std::panic::catch_unwind::hb01a0b5e7c8cd43b
[INFO] [stdout]                                at /rustc/a178d0322ce20e33eac124758e837cbd80a6f633/library/std/src/panic.rs:434:14
[INFO] [stdout]   36:     0x55ff7c329f18 - std::thread::Builder::spawn_unchecked::{{closure}}::h5bde48cc887e0d1e
[INFO] [stdout]                                at /rustc/a178d0322ce20e33eac124758e837cbd80a6f633/library/std/src/thread/mod.rs:480:30
[INFO] [stdout]   37:     0x55ff7c329f18 - core::ops::function::FnOnce::call_once{{vtable.shim}}::h745ea30807a29e55
[INFO] [stdout]                                at /rustc/a178d0322ce20e33eac124758e837cbd80a6f633/library/core/src/ops/function.rs:227:5
[INFO] [stdout]   38:     0x55ff7c5a9377 - <alloc::boxed::Box<F,A> as core::ops::function::FnOnce<Args>>::call_once::h7ece6cfefaff1005
[INFO] [stdout]                                at /rustc/a178d0322ce20e33eac124758e837cbd80a6f633/library/alloc/src/boxed.rs:1575:9
[INFO] [stdout]   39:     0x55ff7c5a9377 - <alloc::boxed::Box<F,A> as core::ops::function::FnOnce<Args>>::call_once::hb8b48e55c21f193e
[INFO] [stdout]                                at /rustc/a178d0322ce20e33eac124758e837cbd80a6f633/library/alloc/src/boxed.rs:1575:9
[INFO] [stdout]   40:     0x55ff7c5a9377 - std::sys::unix::thread::Thread::new::thread_start::h8c7c4450dba62914
[INFO] [stdout]                                at /rustc/a178d0322ce20e33eac124758e837cbd80a6f633/library/std/src/sys/unix/thread.rs:71:17
[INFO] [stdout]   41:     0x7fd8ca649609 - start_thread
[INFO] [stdout]   42:     0x7fd8ca421293 - clone
[INFO] [stdout]   43:                0x0 - <unknown>
[INFO] [stdout] 
[INFO] [stdout] 
[INFO] [stdout] failures:
[INFO] [stdout]     processor::crates::test::test_get_package_description
[INFO] [stdout]     processor::pypi::test::test_get_package_description
[INFO] [stdout] 
[INFO] [stdout] test result: FAILED. 0 passed; 2 failed; 0 ignored; 0 measured; 0 filtered out; finished in 0.03s
[INFO] [stdout] 
[INFO] [stderr] error: test failed, to rerun pass '--lib'
[INFO] running `Command { std: "docker" "inspect" "c7f4416c742678a91a6425abdd9660e8e9a1d5a92711b376b99237bef5bf78ed", kill_on_drop: false }`
[INFO] running `Command { std: "docker" "rm" "-f" "c7f4416c742678a91a6425abdd9660e8e9a1d5a92711b376b99237bef5bf78ed", kill_on_drop: false }`
[INFO] [stdout] c7f4416c742678a91a6425abdd9660e8e9a1d5a92711b376b99237bef5bf78ed
