[INFO] cloning repository https://github.com/matklad/group-by-challenge
[INFO] running `Command { std: "git" "-c" "credential.helper=" "-c" "credential.helper=/workspace/cargo-home/bin/git-credential-null" "clone" "--bare" "https://github.com/matklad/group-by-challenge" "/workspace/cache/git-repos/https%3A%2F%2Fgithub.com%2Fmatklad%2Fgroup-by-challenge", kill_on_drop: false }`
[INFO] [stderr] Cloning into bare repository '/workspace/cache/git-repos/https%3A%2F%2Fgithub.com%2Fmatklad%2Fgroup-by-challenge'...
[INFO] running `Command { std: "git" "rev-parse" "HEAD", kill_on_drop: false }`
[INFO] [stdout] 297c95d461427a61f621767443897c37bef43f0f
[INFO] testing matklad/group-by-challenge against beta-2021-08-01 for beta-1.55-1
[INFO] running `Command { std: "git" "clone" "/workspace/cache/git-repos/https%3A%2F%2Fgithub.com%2Fmatklad%2Fgroup-by-challenge" "/workspace/builds/worker-9/source", kill_on_drop: false }`
[INFO] [stderr] Cloning into '/workspace/builds/worker-9/source'...
[INFO] [stderr] done.
[INFO] validating manifest of git repo https://github.com/matklad/group-by-challenge on toolchain beta-2021-08-01
[INFO] running `Command { std: "/workspace/cargo-home/bin/cargo" "+beta-2021-08-01" "metadata" "--manifest-path" "Cargo.toml" "--no-deps", kill_on_drop: false }`
[INFO] started tweaking git repo https://github.com/matklad/group-by-challenge
[INFO] finished tweaking git repo https://github.com/matklad/group-by-challenge
[INFO] tweaked toml for git repo https://github.com/matklad/group-by-challenge written to /workspace/builds/worker-9/source/Cargo.toml
[INFO] crate git repo https://github.com/matklad/group-by-challenge already has a lockfile, it will not be regenerated
[INFO] running `Command { std: "/workspace/cargo-home/bin/cargo" "+beta-2021-08-01" "fetch" "--manifest-path" "Cargo.toml", kill_on_drop: false }`
[INFO] running `Command { std: "docker" "create" "-v" "/var/lib/crater-agent-workspace/builds/worker-9/target:/opt/rustwide/target:rw,Z" "-v" "/var/lib/crater-agent-workspace/builds/worker-9/source:/opt/rustwide/workdir:ro,Z" "-v" "/var/lib/crater-agent-workspace/cargo-home:/opt/rustwide/cargo-home:ro,Z" "-v" "/var/lib/crater-agent-workspace/rustup-home:/opt/rustwide/rustup-home:ro,Z" "-e" "SOURCE_DIR=/opt/rustwide/workdir" "-e" "CARGO_TARGET_DIR=/opt/rustwide/target" "-e" "CARGO_HOME=/opt/rustwide/cargo-home" "-e" "RUSTUP_HOME=/opt/rustwide/rustup-home" "-w" "/opt/rustwide/workdir" "-m" "1610612736" "--user" "0:0" "--network" "none" "ghcr.io/rust-lang/crates-build-env/linux@sha256:34b6a614d2c27851fe6cbf88fbd1137609cefab8b10d0615aaeb6fd47975d74e" "/opt/rustwide/cargo-home/bin/cargo" "+beta-2021-08-01" "metadata" "--no-deps" "--format-version=1", kill_on_drop: false }`
[INFO] [stdout] e2455f18716d1876b1b5b5067e8f107c26230af89d01e8daa36b351eaf3a8ac9
[INFO] running `Command { std: "docker" "start" "-a" "e2455f18716d1876b1b5b5067e8f107c26230af89d01e8daa36b351eaf3a8ac9", kill_on_drop: false }`
[INFO] running `Command { std: "docker" "inspect" "e2455f18716d1876b1b5b5067e8f107c26230af89d01e8daa36b351eaf3a8ac9", kill_on_drop: false }`
[INFO] running `Command { std: "docker" "rm" "-f" "e2455f18716d1876b1b5b5067e8f107c26230af89d01e8daa36b351eaf3a8ac9", kill_on_drop: false }`
[INFO] [stdout] e2455f18716d1876b1b5b5067e8f107c26230af89d01e8daa36b351eaf3a8ac9
[INFO] running `Command { std: "docker" "create" "-v" "/var/lib/crater-agent-workspace/builds/worker-9/target:/opt/rustwide/target:rw,Z" "-v" "/var/lib/crater-agent-workspace/builds/worker-9/source:/opt/rustwide/workdir:ro,Z" "-v" "/var/lib/crater-agent-workspace/cargo-home:/opt/rustwide/cargo-home:ro,Z" "-v" "/var/lib/crater-agent-workspace/rustup-home:/opt/rustwide/rustup-home:ro,Z" "-e" "SOURCE_DIR=/opt/rustwide/workdir" "-e" "CARGO_TARGET_DIR=/opt/rustwide/target" "-e" "CARGO_INCREMENTAL=0" "-e" "RUST_BACKTRACE=full" "-e" "RUSTFLAGS=--cap-lints=warn" "-e" "CARGO_HOME=/opt/rustwide/cargo-home" "-e" "RUSTUP_HOME=/opt/rustwide/rustup-home" "-w" "/opt/rustwide/workdir" "-m" "1610612736" "--user" "0:0" "--network" "none" "ghcr.io/rust-lang/crates-build-env/linux@sha256:34b6a614d2c27851fe6cbf88fbd1137609cefab8b10d0615aaeb6fd47975d74e" "/opt/rustwide/cargo-home/bin/cargo" "+beta-2021-08-01" "build" "--frozen" "--message-format=json", kill_on_drop: false }`
[INFO] [stdout] e2b9010784c638032269c3ba4f18547abd938443dc03e7944686370dfc45156b
[INFO] running `Command { std: "docker" "start" "-a" "e2b9010784c638032269c3ba4f18547abd938443dc03e7944686370dfc45156b", kill_on_drop: false }`
[INFO] [stderr]    Compiling group-by-challenge v0.1.0 (/opt/rustwide/workdir)
[INFO] [stdout] warning: unused variable: `xs`
[INFO] [stdout]  --> src/lib.rs:1:29
[INFO] [stdout]   |
[INFO] [stdout] 1 | pub fn group_by<I, F, K, T>(xs: I, key_fn: F) -> Vec<(K, Vec<T>)>
[INFO] [stdout]   |                             ^^ help: if this is intentional, prefix it with an underscore: `_xs`
[INFO] [stdout]   |
[INFO] [stdout]   = note: `#[warn(unused_variables)]` on by default
[INFO] [stdout] 
[INFO] [stdout] 
[INFO] [stdout] warning: unused variable: `key_fn`
[INFO] [stdout]  --> src/lib.rs:1:36
[INFO] [stdout]   |
[INFO] [stdout] 1 | pub fn group_by<I, F, K, T>(xs: I, key_fn: F) -> Vec<(K, Vec<T>)>
[INFO] [stdout]   |                                    ^^^^^^ help: if this is intentional, prefix it with an underscore: `_key_fn`
[INFO] [stdout] 
[INFO] [stdout] 
[INFO] [stdout] warning: 2 warnings emitted
[INFO] [stdout] 
[INFO] [stdout] 
[INFO] [stderr]     Finished dev [unoptimized + debuginfo] target(s) in 0.19s
[INFO] running `Command { std: "docker" "inspect" "e2b9010784c638032269c3ba4f18547abd938443dc03e7944686370dfc45156b", kill_on_drop: false }`
[INFO] running `Command { std: "docker" "rm" "-f" "e2b9010784c638032269c3ba4f18547abd938443dc03e7944686370dfc45156b", kill_on_drop: false }`
[INFO] [stdout] e2b9010784c638032269c3ba4f18547abd938443dc03e7944686370dfc45156b
[INFO] running `Command { std: "docker" "create" "-v" "/var/lib/crater-agent-workspace/builds/worker-9/target:/opt/rustwide/target:rw,Z" "-v" "/var/lib/crater-agent-workspace/builds/worker-9/source:/opt/rustwide/workdir:ro,Z" "-v" "/var/lib/crater-agent-workspace/cargo-home:/opt/rustwide/cargo-home:ro,Z" "-v" "/var/lib/crater-agent-workspace/rustup-home:/opt/rustwide/rustup-home:ro,Z" "-e" "SOURCE_DIR=/opt/rustwide/workdir" "-e" "CARGO_TARGET_DIR=/opt/rustwide/target" "-e" "CARGO_INCREMENTAL=0" "-e" "RUST_BACKTRACE=full" "-e" "RUSTFLAGS=--cap-lints=warn" "-e" "CARGO_HOME=/opt/rustwide/cargo-home" "-e" "RUSTUP_HOME=/opt/rustwide/rustup-home" "-w" "/opt/rustwide/workdir" "-m" "1610612736" "--user" "0:0" "--network" "none" "ghcr.io/rust-lang/crates-build-env/linux@sha256:34b6a614d2c27851fe6cbf88fbd1137609cefab8b10d0615aaeb6fd47975d74e" "/opt/rustwide/cargo-home/bin/cargo" "+beta-2021-08-01" "test" "--frozen" "--no-run" "--message-format=json", kill_on_drop: false }`
[INFO] [stdout] 48cd5eb92f70f7717e6697309f51463530c8a4e0dc4fd12c7dad4f40042a2f7b
[INFO] running `Command { std: "docker" "start" "-a" "48cd5eb92f70f7717e6697309f51463530c8a4e0dc4fd12c7dad4f40042a2f7b", kill_on_drop: false }`
[INFO] [stdout] warning: unused variable: `xs`
[INFO] [stdout]  --> src/lib.rs:1:29
[INFO] [stdout]   |
[INFO] [stdout] 1 | pub fn group_by<I, F, K, T>(xs: I, key_fn: F) -> Vec<(K, Vec<T>)>
[INFO] [stdout]   |                             ^^ help: if this is intentional, prefix it with an underscore: `_xs`
[INFO] [stdout]   |
[INFO] [stdout]   = note: `#[warn(unused_variables)]` on by default
[INFO] [stdout] 
[INFO] [stdout] 
[INFO] [stderr]    Compiling group-by-challenge v0.1.0 (/opt/rustwide/workdir)
[INFO] [stdout] warning: unused variable: `key_fn`
[INFO] [stdout]  --> src/lib.rs:1:36
[INFO] [stdout]   |
[INFO] [stdout] 1 | pub fn group_by<I, F, K, T>(xs: I, key_fn: F) -> Vec<(K, Vec<T>)>
[INFO] [stdout]   |                                    ^^^^^^ help: if this is intentional, prefix it with an underscore: `_key_fn`
[INFO] [stdout] 
[INFO] [stdout] 
[INFO] [stdout] warning: 2 warnings emitted
[INFO] [stdout] 
[INFO] [stdout] 
[INFO] [stdout] warning: unused variable: `xs`
[INFO] [stdout]  --> src/lib.rs:1:29
[INFO] [stdout]   |
[INFO] [stdout] 1 | pub fn group_by<I, F, K, T>(xs: I, key_fn: F) -> Vec<(K, Vec<T>)>
[INFO] [stdout]   |                             ^^ help: if this is intentional, prefix it with an underscore: `_xs`
[INFO] [stdout]   |
[INFO] [stdout]   = note: `#[warn(unused_variables)]` on by default
[INFO] [stdout] 
[INFO] [stdout] 
[INFO] [stdout] warning: unused variable: `key_fn`
[INFO] [stdout]  --> src/lib.rs:1:36
[INFO] [stdout]   |
[INFO] [stdout] 1 | pub fn group_by<I, F, K, T>(xs: I, key_fn: F) -> Vec<(K, Vec<T>)>
[INFO] [stdout]   |                                    ^^^^^^ help: if this is intentional, prefix it with an underscore: `_key_fn`
[INFO] [stdout] 
[INFO] [stdout] 
[INFO] [stdout] warning: 2 warnings emitted
[INFO] [stdout] 
[INFO] [stdout] 
[INFO] [stderr]     Finished test [unoptimized + debuginfo] target(s) in 0.51s
[INFO] running `Command { std: "docker" "inspect" "48cd5eb92f70f7717e6697309f51463530c8a4e0dc4fd12c7dad4f40042a2f7b", kill_on_drop: false }`
[INFO] running `Command { std: "docker" "rm" "-f" "48cd5eb92f70f7717e6697309f51463530c8a4e0dc4fd12c7dad4f40042a2f7b", kill_on_drop: false }`
[INFO] [stdout] 48cd5eb92f70f7717e6697309f51463530c8a4e0dc4fd12c7dad4f40042a2f7b
[INFO] running `Command { std: "docker" "create" "-v" "/var/lib/crater-agent-workspace/builds/worker-9/target:/opt/rustwide/target:rw,Z" "-v" "/var/lib/crater-agent-workspace/builds/worker-9/source:/opt/rustwide/workdir:ro,Z" "-v" "/var/lib/crater-agent-workspace/cargo-home:/opt/rustwide/cargo-home:ro,Z" "-v" "/var/lib/crater-agent-workspace/rustup-home:/opt/rustwide/rustup-home:ro,Z" "-e" "SOURCE_DIR=/opt/rustwide/workdir" "-e" "CARGO_TARGET_DIR=/opt/rustwide/target" "-e" "CARGO_INCREMENTAL=0" "-e" "RUST_BACKTRACE=full" "-e" "RUSTFLAGS=--cap-lints=warn" "-e" "CARGO_HOME=/opt/rustwide/cargo-home" "-e" "RUSTUP_HOME=/opt/rustwide/rustup-home" "-w" "/opt/rustwide/workdir" "-m" "1610612736" "--user" "0:0" "--network" "none" "ghcr.io/rust-lang/crates-build-env/linux@sha256:34b6a614d2c27851fe6cbf88fbd1137609cefab8b10d0615aaeb6fd47975d74e" "/opt/rustwide/cargo-home/bin/cargo" "+beta-2021-08-01" "test" "--frozen", kill_on_drop: false }`
[INFO] [stdout] 9cc95ebca4383b62e8b724eec09d16b92ab623ff79c1674e40f4cb3b92b1615d
[INFO] running `Command { std: "docker" "start" "-a" "9cc95ebca4383b62e8b724eec09d16b92ab623ff79c1674e40f4cb3b92b1615d", kill_on_drop: false }`
[INFO] [stderr] warning: unused variable: `xs`
[INFO] [stderr]  --> src/lib.rs:1:29
[INFO] [stderr]   |
[INFO] [stderr] 1 | pub fn group_by<I, F, K, T>(xs: I, key_fn: F) -> Vec<(K, Vec<T>)>
[INFO] [stderr]   |                             ^^ help: if this is intentional, prefix it with an underscore: `_xs`
[INFO] [stderr]   |
[INFO] [stderr]   = note: `#[warn(unused_variables)]` on by default
[INFO] [stderr] 
[INFO] [stderr] warning: unused variable: `key_fn`
[INFO] [stderr]  --> src/lib.rs:1:36
[INFO] [stderr]   |
[INFO] [stderr] 1 | pub fn group_by<I, F, K, T>(xs: I, key_fn: F) -> Vec<(K, Vec<T>)>
[INFO] [stderr]   |                                    ^^^^^^ help: if this is intentional, prefix it with an underscore: `_key_fn`
[INFO] [stderr] 
[INFO] [stderr] warning: `group-by-challenge` (lib) generated 2 warnings
[INFO] [stderr] warning: `group-by-challenge` (lib test) generated 2 warnings (2 duplicates)
[INFO] [stderr]     Finished test [unoptimized + debuginfo] target(s) in 0.00s
[INFO] [stderr]      Running unittests (/opt/rustwide/target/debug/deps/group_by_challenge-8f1bad0954026d5b)
[INFO] [stdout] 
[INFO] [stdout] running 1 test
[INFO] [stdout] test tests ... FAILED
[INFO] [stdout] 
[INFO] [stdout] failures:
[INFO] [stdout] 
[INFO] [stdout] ---- tests stdout ----
[INFO] [stdout] thread 'tests' panicked at 'not yet implemented: make the tests pass', src/lib.rs:7:5
[INFO] [stdout] stack backtrace:
[INFO] [stdout]    0:     0x55f2ef064270 - std::backtrace_rs::backtrace::libunwind::trace::hff4d1766e93f64f1
[INFO] [stdout]                                at /rustc/53fd98ca776cb875bc9e5514f56b52eb74f9e7a9/library/std/src/../../backtrace/src/backtrace/libunwind.rs:90:5
[INFO] [stdout]    1:     0x55f2ef064270 - std::backtrace_rs::backtrace::trace_unsynchronized::h56bbc8eb78770bcb
[INFO] [stdout]                                at /rustc/53fd98ca776cb875bc9e5514f56b52eb74f9e7a9/library/std/src/../../backtrace/src/backtrace/mod.rs:66:5
[INFO] [stdout]    2:     0x55f2ef064270 - std::sys_common::backtrace::_print_fmt::h5c8e75464faca780
[INFO] [stdout]                                at /rustc/53fd98ca776cb875bc9e5514f56b52eb74f9e7a9/library/std/src/sys_common/backtrace.rs:67:5
[INFO] [stdout]    3:     0x55f2ef064270 - <std::sys_common::backtrace::_print::DisplayBacktrace as core::fmt::Display>::fmt::h48b88277def8b362
[INFO] [stdout]                                at /rustc/53fd98ca776cb875bc9e5514f56b52eb74f9e7a9/library/std/src/sys_common/backtrace.rs:46:22
[INFO] [stdout]    4:     0x55f2ef086a3c - core::fmt::write::h3381b3176fe2b3d3
[INFO] [stdout]                                at /rustc/53fd98ca776cb875bc9e5514f56b52eb74f9e7a9/library/core/src/fmt/mod.rs:1115:17
[INFO] [stdout]    5:     0x55f2ef0611d5 - std::io::Write::write_fmt::h5f34a676f60246b5
[INFO] [stdout]                                at /rustc/53fd98ca776cb875bc9e5514f56b52eb74f9e7a9/library/std/src/io/mod.rs:1665:15
[INFO] [stdout]    6:     0x55f2ef0663eb - std::sys_common::backtrace::_print::ha537687d6c17dd0d
[INFO] [stdout]                                at /rustc/53fd98ca776cb875bc9e5514f56b52eb74f9e7a9/library/std/src/sys_common/backtrace.rs:49:5
[INFO] [stdout]    7:     0x55f2ef0663eb - std::sys_common::backtrace::print::h61376ae57d131d72
[INFO] [stdout]                                at /rustc/53fd98ca776cb875bc9e5514f56b52eb74f9e7a9/library/std/src/sys_common/backtrace.rs:36:9
[INFO] [stdout]    8:     0x55f2ef0663eb - std::panicking::default_hook::{{closure}}::h0f7208c0b9644a54
[INFO] [stdout]                                at /rustc/53fd98ca776cb875bc9e5514f56b52eb74f9e7a9/library/std/src/panicking.rs:208:50
[INFO] [stdout]    9:     0x55f2ef065efc - std::panicking::default_hook::hdac7fc06578c14ce
[INFO] [stdout]                                at /rustc/53fd98ca776cb875bc9e5514f56b52eb74f9e7a9/library/std/src/panicking.rs:222:9
[INFO] [stdout]   10:     0x55f2ef066ab4 - std::panicking::rust_panic_with_hook::h72b21c283da3d1ef
[INFO] [stdout]                                at /rustc/53fd98ca776cb875bc9e5514f56b52eb74f9e7a9/library/std/src/panicking.rs:622:17
[INFO] [stdout]   11:     0x55f2ef066597 - std::panicking::begin_panic_handler::{{closure}}::he5778f1729cff84a
[INFO] [stdout]                                at /rustc/53fd98ca776cb875bc9e5514f56b52eb74f9e7a9/library/std/src/panicking.rs:519:13
[INFO] [stdout]   12:     0x55f2ef06474c - std::sys_common::backtrace::__rust_end_short_backtrace::h2d11ca8b453b4b1d
[INFO] [stdout]                                at /rustc/53fd98ca776cb875bc9e5514f56b52eb74f9e7a9/library/std/src/sys_common/backtrace.rs:141:18
[INFO] [stdout]   13:     0x55f2ef0664f9 - rust_begin_unwind
[INFO] [stdout]                                at /rustc/53fd98ca776cb875bc9e5514f56b52eb74f9e7a9/library/std/src/panicking.rs:515:5
[INFO] [stdout]   14:     0x55f2ef00b3a1 - core::panicking::panic_fmt::hf9de31d4acbce4db
[INFO] [stdout]                                at /rustc/53fd98ca776cb875bc9e5514f56b52eb74f9e7a9/library/core/src/panicking.rs:92:14
[INFO] [stdout]   15:     0x55f2ef0123d0 - group_by_challenge::group_by::h9d2d39c0be78d6ef
[INFO] [stdout]                                at /opt/rustwide/workdir/src/lib.rs:7:5
[INFO] [stdout]   16:     0x55f2ef012538 - group_by_challenge::tests::h25c2f3e812cbd76c
[INFO] [stdout]                                at /opt/rustwide/workdir/src/lib.rs:13:9
[INFO] [stdout]   17:     0x55f2ef0124ea - group_by_challenge::tests::{{closure}}::ha44c1be7cbcc5f59
[INFO] [stdout]                                at /opt/rustwide/workdir/src/lib.rs:11:1
[INFO] [stdout]   18:     0x55f2ef00fbbe - core::ops::function::FnOnce::call_once::h0f68250cfb60ebac
[INFO] [stdout]                                at /rustc/53fd98ca776cb875bc9e5514f56b52eb74f9e7a9/library/core/src/ops/function.rs:227:5
[INFO] [stdout]   19:     0x55f2ef048b33 - core::ops::function::FnOnce::call_once::hbb52c4519d3137b0
[INFO] [stderr] error: test failed, to rerun pass '--lib'
[INFO] [stdout]                                at /rustc/53fd98ca776cb875bc9e5514f56b52eb74f9e7a9/library/core/src/ops/function.rs:227:5
[INFO] [stdout]   20:     0x55f2ef048b33 - test::__rust_begin_short_backtrace::h86fe3a2a5a5121af
[INFO] [stdout]                                at /rustc/53fd98ca776cb875bc9e5514f56b52eb74f9e7a9/library/test/src/lib.rs:578:5
[INFO] [stdout]   21:     0x55f2ef0475e8 - <alloc::boxed::Box<F,A> as core::ops::function::FnOnce<Args>>::call_once::hfd956bc3d57399be
[INFO] [stdout]                                at /rustc/53fd98ca776cb875bc9e5514f56b52eb74f9e7a9/library/alloc/src/boxed.rs:1572:9
[INFO] [stdout]   22:     0x55f2ef0475e8 - <std::panic::AssertUnwindSafe<F> as core::ops::function::FnOnce<()>>::call_once::h40dc93e0ddb5938a
[INFO] [stdout]                                at /rustc/53fd98ca776cb875bc9e5514f56b52eb74f9e7a9/library/std/src/panic.rs:347:9
[INFO] [stdout]   23:     0x55f2ef0475e8 - std::panicking::try::do_call::h90d07750cb47c562
[INFO] [stdout]                                at /rustc/53fd98ca776cb875bc9e5514f56b52eb74f9e7a9/library/std/src/panicking.rs:401:40
[INFO] [stdout]   24:     0x55f2ef0475e8 - std::panicking::try::h063c84733ad2a629
[INFO] [stdout]                                at /rustc/53fd98ca776cb875bc9e5514f56b52eb74f9e7a9/library/std/src/panicking.rs:365:19
[INFO] [stdout]   25:     0x55f2ef0475e8 - std::panic::catch_unwind::h0c464836a84e7c08
[INFO] [stdout]                                at /rustc/53fd98ca776cb875bc9e5514f56b52eb74f9e7a9/library/std/src/panic.rs:434:14
[INFO] [stdout]   26:     0x55f2ef0475e8 - test::run_test_in_process::h5cb06ef620b157fc
[INFO] [stdout]                                at /rustc/53fd98ca776cb875bc9e5514f56b52eb74f9e7a9/library/test/src/lib.rs:601:18
[INFO] [stdout]   27:     0x55f2ef0475e8 - test::run_test::run_test_inner::{{closure}}::h76f677f4b93f9828
[INFO] [stdout]                                at /rustc/53fd98ca776cb875bc9e5514f56b52eb74f9e7a9/library/test/src/lib.rs:493:39
[INFO] [stdout]   28:     0x55f2ef015d7d - test::run_test::run_test_inner::{{closure}}::h366d01fe04f4d67a
[INFO] [stdout]                                at /rustc/53fd98ca776cb875bc9e5514f56b52eb74f9e7a9/library/test/src/lib.rs:520:37
[INFO] [stdout]   29:     0x55f2ef015d7d - std::sys_common::backtrace::__rust_begin_short_backtrace::h7dfa0de4eb395af2
[INFO] [stdout]                                at /rustc/53fd98ca776cb875bc9e5514f56b52eb74f9e7a9/library/std/src/sys_common/backtrace.rs:125:18
[INFO] [stdout]   30:     0x55f2ef01a548 - std::thread::Builder::spawn_unchecked::{{closure}}::{{closure}}::hf0a74bb58798037f
[INFO] [stdout]                                at /rustc/53fd98ca776cb875bc9e5514f56b52eb74f9e7a9/library/std/src/thread/mod.rs:476:17
[INFO] [stdout]   31:     0x55f2ef01a548 - <std::panic::AssertUnwindSafe<F> as core::ops::function::FnOnce<()>>::call_once::hb024e854818586ac
[INFO] [stdout]                                at /rustc/53fd98ca776cb875bc9e5514f56b52eb74f9e7a9/library/std/src/panic.rs:347:9
[INFO] [stdout]   32:     0x55f2ef01a548 - std::panicking::try::do_call::hb2dd9f1d0d48e41d
[INFO] [stdout]                                at /rustc/53fd98ca776cb875bc9e5514f56b52eb74f9e7a9/library/std/src/panicking.rs:401:40
[INFO] [stdout]   33:     0x55f2ef01a548 - std::panicking::try::h4717ae7bac8b2bf3
[INFO] [stdout]                                at /rustc/53fd98ca776cb875bc9e5514f56b52eb74f9e7a9/library/std/src/panicking.rs:365:19
[INFO] [stdout]   34:     0x55f2ef01a548 - std::panic::catch_unwind::h0dc8a061326ce8d8
[INFO] [stdout]                                at /rustc/53fd98ca776cb875bc9e5514f56b52eb74f9e7a9/library/std/src/panic.rs:434:14
[INFO] [stdout]   35:     0x55f2ef01a548 - std::thread::Builder::spawn_unchecked::{{closure}}::haa369e2d6fd00aa1
[INFO] [stdout]                                at /rustc/53fd98ca776cb875bc9e5514f56b52eb74f9e7a9/library/std/src/thread/mod.rs:475:30
[INFO] [stdout]   36:     0x55f2ef01a548 - core::ops::function::FnOnce::call_once{{vtable.shim}}::h36dcf3de8b056f17
[INFO] [stdout]                                at /rustc/53fd98ca776cb875bc9e5514f56b52eb74f9e7a9/library/core/src/ops/function.rs:227:5
[INFO] [stdout]   37:     0x55f2ef06b627 - <alloc::boxed::Box<F,A> as core::ops::function::FnOnce<Args>>::call_once::h65c29e4642be2358
[INFO] [stdout]                                at /rustc/53fd98ca776cb875bc9e5514f56b52eb74f9e7a9/library/alloc/src/boxed.rs:1572:9
[INFO] [stdout]   38:     0x55f2ef06b627 - <alloc::boxed::Box<F,A> as core::ops::function::FnOnce<Args>>::call_once::hd0f8f7fbbd9fffbf
[INFO] [stdout]                                at /rustc/53fd98ca776cb875bc9e5514f56b52eb74f9e7a9/library/alloc/src/boxed.rs:1572:9
[INFO] [stdout]   39:     0x55f2ef06b627 - std::sys::unix::thread::Thread::new::thread_start::h2fd22fee3ca77b65
[INFO] [stdout]                                at /rustc/53fd98ca776cb875bc9e5514f56b52eb74f9e7a9/library/std/src/sys/unix/thread.rs:74:17
[INFO] [stdout]   40:     0x7feebbe0b609 - start_thread
[INFO] [stdout]   41:     0x7feebbbdd293 - clone
[INFO] [stdout]   42:                0x0 - <unknown>
[INFO] [stdout] 
[INFO] [stdout] 
[INFO] [stdout] failures:
[INFO] [stdout]     tests
[INFO] [stdout] 
[INFO] [stdout] test result: FAILED. 0 passed; 1 failed; 0 ignored; 0 measured; 0 filtered out; finished in 0.01s
[INFO] [stdout] 
[INFO] running `Command { std: "docker" "inspect" "9cc95ebca4383b62e8b724eec09d16b92ab623ff79c1674e40f4cb3b92b1615d", kill_on_drop: false }`
[INFO] running `Command { std: "docker" "rm" "-f" "9cc95ebca4383b62e8b724eec09d16b92ab623ff79c1674e40f4cb3b92b1615d", kill_on_drop: false }`
[INFO] [stdout] 9cc95ebca4383b62e8b724eec09d16b92ab623ff79c1674e40f4cb3b92b1615d
