[INFO] cloning repository https://github.com/mandrean/raven
[INFO] running `Command { std: "git" "-c" "credential.helper=" "-c" "credential.helper=/workspace/cargo-home/bin/git-credential-null" "clone" "--bare" "https://github.com/mandrean/raven" "/workspace/cache/git-repos/https%3A%2F%2Fgithub.com%2Fmandrean%2Fraven", kill_on_drop: false }`
[INFO] [stderr] Cloning into bare repository '/workspace/cache/git-repos/https%3A%2F%2Fgithub.com%2Fmandrean%2Fraven'...
[INFO] running `Command { std: "git" "rev-parse" "HEAD", kill_on_drop: false }`
[INFO] [stdout] 63976daea5c18d2be1e16a903a4f5998eb51fa37
[INFO] testing mandrean/raven against beta-2021-08-01 for beta-1.55-1
[INFO] running `Command { std: "git" "clone" "/workspace/cache/git-repos/https%3A%2F%2Fgithub.com%2Fmandrean%2Fraven" "/workspace/builds/worker-6/source", kill_on_drop: false }`
[INFO] [stderr] Cloning into '/workspace/builds/worker-6/source'...
[INFO] [stderr] done.
[INFO] validating manifest of git repo https://github.com/mandrean/raven on toolchain beta-2021-08-01
[INFO] running `Command { std: "/workspace/cargo-home/bin/cargo" "+beta-2021-08-01" "metadata" "--manifest-path" "Cargo.toml" "--no-deps", kill_on_drop: false }`
[INFO] started tweaking git repo https://github.com/mandrean/raven
[INFO] finished tweaking git repo https://github.com/mandrean/raven
[INFO] tweaked toml for git repo https://github.com/mandrean/raven written to /workspace/builds/worker-6/source/Cargo.toml
[INFO] crate git repo https://github.com/mandrean/raven already has a lockfile, it will not be regenerated
[INFO] running `Command { std: "/workspace/cargo-home/bin/cargo" "+beta-2021-08-01" "fetch" "--manifest-path" "Cargo.toml", kill_on_drop: false }`
[INFO] [stderr]  Downloading crates ...
[INFO] [stderr]   Downloaded hyper v0.12.34
[INFO] running `Command { std: "docker" "create" "-v" "/var/lib/crater-agent-workspace/builds/worker-6/target:/opt/rustwide/target:rw,Z" "-v" "/var/lib/crater-agent-workspace/builds/worker-6/source:/opt/rustwide/workdir:ro,Z" "-v" "/var/lib/crater-agent-workspace/cargo-home:/opt/rustwide/cargo-home:ro,Z" "-v" "/var/lib/crater-agent-workspace/rustup-home:/opt/rustwide/rustup-home:ro,Z" "-e" "SOURCE_DIR=/opt/rustwide/workdir" "-e" "CARGO_TARGET_DIR=/opt/rustwide/target" "-e" "CARGO_HOME=/opt/rustwide/cargo-home" "-e" "RUSTUP_HOME=/opt/rustwide/rustup-home" "-w" "/opt/rustwide/workdir" "-m" "1610612736" "--user" "0:0" "--network" "none" "ghcr.io/rust-lang/crates-build-env/linux@sha256:34b6a614d2c27851fe6cbf88fbd1137609cefab8b10d0615aaeb6fd47975d74e" "/opt/rustwide/cargo-home/bin/cargo" "+beta-2021-08-01" "metadata" "--no-deps" "--format-version=1", kill_on_drop: false }`
[INFO] [stdout] 9c61c7dc86baca30ac3d173f46136e4241c671b893ca5ce5354fa0eb86c3c228
[INFO] [stderr] WARNING: Your kernel does not support swap limit capabilities or the cgroup is not mounted. Memory limited without swap.
[INFO] running `Command { std: "docker" "start" "-a" "9c61c7dc86baca30ac3d173f46136e4241c671b893ca5ce5354fa0eb86c3c228", kill_on_drop: false }`
[INFO] running `Command { std: "docker" "inspect" "9c61c7dc86baca30ac3d173f46136e4241c671b893ca5ce5354fa0eb86c3c228", kill_on_drop: false }`
[INFO] running `Command { std: "docker" "rm" "-f" "9c61c7dc86baca30ac3d173f46136e4241c671b893ca5ce5354fa0eb86c3c228", kill_on_drop: false }`
[INFO] [stdout] 9c61c7dc86baca30ac3d173f46136e4241c671b893ca5ce5354fa0eb86c3c228
[INFO] running `Command { std: "docker" "create" "-v" "/var/lib/crater-agent-workspace/builds/worker-6/target:/opt/rustwide/target:rw,Z" "-v" "/var/lib/crater-agent-workspace/builds/worker-6/source:/opt/rustwide/workdir:ro,Z" "-v" "/var/lib/crater-agent-workspace/cargo-home:/opt/rustwide/cargo-home:ro,Z" "-v" "/var/lib/crater-agent-workspace/rustup-home:/opt/rustwide/rustup-home:ro,Z" "-e" "SOURCE_DIR=/opt/rustwide/workdir" "-e" "CARGO_TARGET_DIR=/opt/rustwide/target" "-e" "CARGO_INCREMENTAL=0" "-e" "RUST_BACKTRACE=full" "-e" "RUSTFLAGS=--cap-lints=warn" "-e" "CARGO_HOME=/opt/rustwide/cargo-home" "-e" "RUSTUP_HOME=/opt/rustwide/rustup-home" "-w" "/opt/rustwide/workdir" "-m" "1610612736" "--user" "0:0" "--network" "none" "ghcr.io/rust-lang/crates-build-env/linux@sha256:34b6a614d2c27851fe6cbf88fbd1137609cefab8b10d0615aaeb6fd47975d74e" "/opt/rustwide/cargo-home/bin/cargo" "+beta-2021-08-01" "build" "--frozen" "--message-format=json", kill_on_drop: false }`
[INFO] [stdout] 8aea523e1b9e94b879a529939ea50e3762f935561f51be37deb180aa2887bb38
[INFO] [stderr] WARNING: Your kernel does not support swap limit capabilities or the cgroup is not mounted. Memory limited without swap.
[INFO] running `Command { std: "docker" "start" "-a" "8aea523e1b9e94b879a529939ea50e3762f935561f51be37deb180aa2887bb38", kill_on_drop: false }`
[INFO] [stderr]    Compiling cfg-if v0.1.9
[INFO] [stderr]    Compiling autocfg v0.1.6
[INFO] [stderr]    Compiling smallvec v0.6.10
[INFO] [stderr]    Compiling either v1.5.2
[INFO] [stderr]    Compiling proc-macro2 v1.0.3
[INFO] [stderr]    Compiling arrayvec v0.4.11
[INFO] [stderr]    Compiling stable_deref_trait v1.1.1
[INFO] [stderr]    Compiling syn v0.15.44
[INFO] [stderr]    Compiling syn v1.0.5
[INFO] [stderr]    Compiling memchr v2.2.1
[INFO] [stderr]    Compiling serde v1.0.100
[INFO] [stderr]    Compiling ryu v1.0.0
[INFO] [stderr]    Compiling openssl v0.10.24
[INFO] [stderr]    Compiling native-tls v0.2.3
[INFO] [stderr]    Compiling indexmap v1.2.0
[INFO] [stderr]    Compiling encoding_rs v0.8.19
[INFO] [stderr]    Compiling unicode-segmentation v1.3.0
[INFO] [stderr]    Compiling mime v0.3.14
[INFO] [stderr]    Compiling strum v0.15.0
[INFO] [stderr]    Compiling backtrace-sys v0.1.31
[INFO] [stderr]    Compiling tokio-sync v0.1.6
[INFO] [stderr]    Compiling unicase v2.5.1
[INFO] [stderr]    Compiling error-chain v0.12.1
[INFO] [stderr]    Compiling owning_ref v0.4.0
[INFO] [stderr]    Compiling miniz_oxide v0.3.2
[INFO] [stderr]    Compiling crossbeam-utils v0.6.6
[INFO] [stderr]    Compiling try_from v0.3.2
[INFO] [stderr]    Compiling log v0.4.8
[INFO] [stderr]    Compiling unicode-normalization v0.1.8
[INFO] [stderr]    Compiling crc32fast v1.2.0
[INFO] [stderr]    Compiling rand_os v0.1.3
[INFO] [stderr]    Compiling num_cpus v1.10.1
[INFO] [stderr]    Compiling net2 v0.2.33
[INFO] [stderr]    Compiling atty v0.2.13
[INFO] [stderr]    Compiling memoffset v0.5.1
[INFO] [stderr]    Compiling parking_lot_core v0.4.0
[INFO] [stderr]    Compiling hyper v0.12.34
[INFO] [stderr]    Compiling base64 v0.10.1
[INFO] [stderr]    Compiling rand_pcg v0.1.2
[INFO] [stderr]    Compiling rand_chacha v0.1.1
[INFO] [stderr]    Compiling rand v0.6.5
[INFO] [stderr]    Compiling openssl-sys v0.9.49
[INFO] [stderr]    Compiling lock_api v0.1.5
[INFO] [stderr]    Compiling heck v0.3.1
[INFO] [stderr]    Compiling bytes v0.4.12
[INFO] [stderr]    Compiling want v0.2.0
[INFO] [stderr]    Compiling clap v2.33.0
[INFO] [stderr]    Compiling tokio-executor v0.1.8
[INFO] [stderr]    Compiling crossbeam-queue v0.1.2
[INFO] [stderr]    Compiling futures-cpupool v0.1.8
[INFO] [stderr]    Compiling mio v0.6.19
[INFO] [stderr]    Compiling flate2 v1.0.11
[INFO] [stderr]    Compiling tokio-current-thread v0.1.6
[INFO] [stderr]    Compiling tokio-timer v0.2.11
[INFO] [stderr]    Compiling tokio-io v0.1.12
[INFO] [stderr]    Compiling http v0.1.18
[INFO] [stderr]    Compiling string v0.2.1
[INFO] [stderr]    Compiling tokio-buf v0.1.1
[INFO] [stderr]    Compiling idna v0.1.5
[INFO] [stderr]    Compiling idna v0.2.0
[INFO] [stderr]    Compiling quote v1.0.2
[INFO] [stderr]    Compiling aho-corasick v0.7.6
[INFO] [stderr]    Compiling crossbeam-epoch v0.7.2
[INFO] [stderr]    Compiling mime_guess v2.0.1
[INFO] [stderr]    Compiling backtrace v0.3.37
[INFO] [stderr]    Compiling url v1.7.2
[INFO] [stderr]    Compiling crossbeam-deque v0.7.1
[INFO] [stderr]    Compiling url v2.1.0
[INFO] [stderr]    Compiling regex v1.3.1
[INFO] [stderr]    Compiling cookie v0.12.0
[INFO] [stderr]    Compiling tokio-threadpool v0.1.15
[INFO] [stderr]    Compiling uuid v0.7.4
[INFO] [stderr]    Compiling parking_lot v0.7.1
[INFO] [stderr]    Compiling tokio-reactor v0.1.9
[INFO] [stderr]    Compiling synstructure v0.10.2
[INFO] [stderr]    Compiling http-body v0.1.0
[INFO] [stderr]    Compiling h2 v0.1.26
[INFO] [stderr]    Compiling publicsuffix v1.5.3
[INFO] [stderr]    Compiling tokio-tcp v0.1.3
[INFO] [stderr]    Compiling tokio v0.1.22
[INFO] [stderr]    Compiling failure_derive v0.1.5
[INFO] [stderr]    Compiling strum_macros v0.15.0
[INFO] [stderr]    Compiling serde_derive v1.0.100
[INFO] [stderr]    Compiling failure v0.1.5
[INFO] [stderr]    Compiling hyper-tls v0.3.2
[INFO] [stderr]    Compiling serde_json v1.0.40
[INFO] [stderr]    Compiling serde_urlencoded v0.5.5
[INFO] [stderr]    Compiling cookie_store v0.7.0
[INFO] [stderr]    Compiling reqwest v0.9.20
[INFO] [stderr]    Compiling rvn v0.3.0 (/opt/rustwide/workdir)
[INFO] [stderr]     Finished dev [unoptimized + debuginfo] target(s) in 2m 49s
[INFO] running `Command { std: "docker" "inspect" "8aea523e1b9e94b879a529939ea50e3762f935561f51be37deb180aa2887bb38", kill_on_drop: false }`
[INFO] running `Command { std: "docker" "rm" "-f" "8aea523e1b9e94b879a529939ea50e3762f935561f51be37deb180aa2887bb38", kill_on_drop: false }`
[INFO] [stdout] 8aea523e1b9e94b879a529939ea50e3762f935561f51be37deb180aa2887bb38
[INFO] running `Command { std: "docker" "create" "-v" "/var/lib/crater-agent-workspace/builds/worker-6/target:/opt/rustwide/target:rw,Z" "-v" "/var/lib/crater-agent-workspace/builds/worker-6/source:/opt/rustwide/workdir:ro,Z" "-v" "/var/lib/crater-agent-workspace/cargo-home:/opt/rustwide/cargo-home:ro,Z" "-v" "/var/lib/crater-agent-workspace/rustup-home:/opt/rustwide/rustup-home:ro,Z" "-e" "SOURCE_DIR=/opt/rustwide/workdir" "-e" "CARGO_TARGET_DIR=/opt/rustwide/target" "-e" "CARGO_INCREMENTAL=0" "-e" "RUST_BACKTRACE=full" "-e" "RUSTFLAGS=--cap-lints=warn" "-e" "CARGO_HOME=/opt/rustwide/cargo-home" "-e" "RUSTUP_HOME=/opt/rustwide/rustup-home" "-w" "/opt/rustwide/workdir" "-m" "1610612736" "--user" "0:0" "--network" "none" "ghcr.io/rust-lang/crates-build-env/linux@sha256:34b6a614d2c27851fe6cbf88fbd1137609cefab8b10d0615aaeb6fd47975d74e" "/opt/rustwide/cargo-home/bin/cargo" "+beta-2021-08-01" "test" "--frozen" "--no-run" "--message-format=json", kill_on_drop: false }`
[INFO] [stderr] WARNING: Your kernel does not support swap limit capabilities or the cgroup is not mounted. Memory limited without swap.
[INFO] [stdout] 4a1fc3cf38196b869704b8eefe4a08f09e4c440cc39b63f992a897f9cbb55826
[INFO] running `Command { std: "docker" "start" "-a" "4a1fc3cf38196b869704b8eefe4a08f09e4c440cc39b63f992a897f9cbb55826", kill_on_drop: false }`
[INFO] [stderr]    Compiling rvn v0.3.0 (/opt/rustwide/workdir)
[INFO] [stderr]     Finished test [unoptimized + debuginfo] target(s) in 4.58s
[INFO] running `Command { std: "docker" "inspect" "4a1fc3cf38196b869704b8eefe4a08f09e4c440cc39b63f992a897f9cbb55826", kill_on_drop: false }`
[INFO] running `Command { std: "docker" "rm" "-f" "4a1fc3cf38196b869704b8eefe4a08f09e4c440cc39b63f992a897f9cbb55826", kill_on_drop: false }`
[INFO] [stdout] 4a1fc3cf38196b869704b8eefe4a08f09e4c440cc39b63f992a897f9cbb55826
[INFO] running `Command { std: "docker" "create" "-v" "/var/lib/crater-agent-workspace/builds/worker-6/target:/opt/rustwide/target:rw,Z" "-v" "/var/lib/crater-agent-workspace/builds/worker-6/source:/opt/rustwide/workdir:ro,Z" "-v" "/var/lib/crater-agent-workspace/cargo-home:/opt/rustwide/cargo-home:ro,Z" "-v" "/var/lib/crater-agent-workspace/rustup-home:/opt/rustwide/rustup-home:ro,Z" "-e" "SOURCE_DIR=/opt/rustwide/workdir" "-e" "CARGO_TARGET_DIR=/opt/rustwide/target" "-e" "CARGO_INCREMENTAL=0" "-e" "RUST_BACKTRACE=full" "-e" "RUSTFLAGS=--cap-lints=warn" "-e" "CARGO_HOME=/opt/rustwide/cargo-home" "-e" "RUSTUP_HOME=/opt/rustwide/rustup-home" "-w" "/opt/rustwide/workdir" "-m" "1610612736" "--user" "0:0" "--network" "none" "ghcr.io/rust-lang/crates-build-env/linux@sha256:34b6a614d2c27851fe6cbf88fbd1137609cefab8b10d0615aaeb6fd47975d74e" "/opt/rustwide/cargo-home/bin/cargo" "+beta-2021-08-01" "test" "--frozen", kill_on_drop: false }`
[INFO] [stderr] WARNING: Your kernel does not support swap limit capabilities or the cgroup is not mounted. Memory limited without swap.
[INFO] [stdout] 7c54c3bff558d7781a936fb4347b099e5cccbcc485547a7b25afcedb6140921e
[INFO] running `Command { std: "docker" "start" "-a" "7c54c3bff558d7781a936fb4347b099e5cccbcc485547a7b25afcedb6140921e", kill_on_drop: false }`
[INFO] [stdout] 
[INFO] [stderr]     Finished test [unoptimized + debuginfo] target(s) in 0.18s
[INFO] [stdout] running 4 tests
[INFO] [stderr]      Running unittests (/opt/rustwide/target/debug/deps/rvn-a1d15055c8db7545)
[INFO] [stdout] test tests::test_parses_five_component_maven_coordinate ... ok
[INFO] [stdout] test tests::test_parse_unorthodox_maven_coordinate ... ok
[INFO] [stdout] test tests::test_parses_three_component_maven_coordinate ... ok
[INFO] [stdout] test tests::test_parses_four_component_maven_coordinate ... ok
[INFO] [stdout] 
[INFO] [stdout] test result: ok. 4 passed; 0 failed; 0 ignored; 0 measured; 0 filtered out; finished in 0.20s
[INFO] [stdout] 
[INFO] [stderr]      Running unittests (/opt/rustwide/target/debug/deps/rvn-22c8a0a8819712e5)
[INFO] [stdout] 
[INFO] [stdout] running 0 tests
[INFO] [stdout] 
[INFO] [stdout] test result: ok. 0 passed; 0 failed; 0 ignored; 0 measured; 0 filtered out; finished in 0.00s
[INFO] [stdout] 
[INFO] [stderr]    Doc-tests rvn
[INFO] [stdout] 
[INFO] [stdout] running 4 tests
[INFO] [stdout] test src/lib.rs - MavenCoordinates::new (line 49) ... ok
[INFO] [stdout] test src/checksum.rs - checksum::Checksum::new (line 17) ... ok
[INFO] [stdout] test src/lib.rs - MavenCoordinates::parse (line 74) ... ok
[INFO] [stdout] test src/lib.rs - MavenCoordinates::fetch_checksum (line 111) ... FAILED
[INFO] [stdout] 
[INFO] [stdout] failures:
[INFO] [stdout] 
[INFO] [stdout] ---- src/lib.rs - MavenCoordinates::fetch_checksum (line 111) stdout ----
[INFO] [stdout] Test executable failed (exit code 101).
[INFO] [stdout] 
[INFO] [stdout] stderr:
[INFO] [stdout] thread 'main' panicked at 'called `Result::unwrap()` on an `Err` value: Error(Hyper(Error(Connect, Custom { kind: Uncategorized, error: "failed to lookup address information: Temporary failure in name resolution" })), "https://repo1.maven.org/maven2/com%2Ffasterxml%2Fjackson%2Fcore%2Fjackson-annotations%2F2.9.9%2Fjackson-annotations-2.9.9-sources.jar.sha1")', src/lib.rs:10:73
[INFO] [stdout] stack backtrace:
[INFO] [stdout]    0:     0x55580805aaa0 - std::backtrace_rs::backtrace::libunwind::trace::hff4d1766e93f64f1
[INFO] [stdout]                                at /rustc/53fd98ca776cb875bc9e5514f56b52eb74f9e7a9/library/std/src/../../backtrace/src/backtrace/libunwind.rs:90:5
[INFO] [stdout]    1:     0x55580805aaa0 - std::backtrace_rs::backtrace::trace_unsynchronized::h56bbc8eb78770bcb
[INFO] [stdout]                                at /rustc/53fd98ca776cb875bc9e5514f56b52eb74f9e7a9/library/std/src/../../backtrace/src/backtrace/mod.rs:66:5
[INFO] [stdout]    2:     0x55580805aaa0 - std::sys_common::backtrace::_print_fmt::h5c8e75464faca780
[INFO] [stdout]                                at /rustc/53fd98ca776cb875bc9e5514f56b52eb74f9e7a9/library/std/src/sys_common/backtrace.rs:67:5
[INFO] [stdout]    3:     0x55580805aaa0 - <std::sys_common::backtrace::_print::DisplayBacktrace as core::fmt::Display>::fmt::h48b88277def8b362
[INFO] [stdout]                                at /rustc/53fd98ca776cb875bc9e5514f56b52eb74f9e7a9/library/std/src/sys_common/backtrace.rs:46:22
[INFO] [stdout]    4:     0x555808077a4c - core::fmt::write::h3381b3176fe2b3d3
[INFO] [stdout]                                at /rustc/53fd98ca776cb875bc9e5514f56b52eb74f9e7a9/library/core/src/fmt/mod.rs:1115:17
[INFO] [stdout]    5:     0x555808055875 - std::io::Write::write_fmt::hd42607e5d8e44db0
[INFO] [stdout]                                at /rustc/53fd98ca776cb875bc9e5514f56b52eb74f9e7a9/library/std/src/io/mod.rs:1665:15
[INFO] [stdout]    6:     0x55580805cafb - std::sys_common::backtrace::_print::ha537687d6c17dd0d
[INFO] [stdout]                                at /rustc/53fd98ca776cb875bc9e5514f56b52eb74f9e7a9/library/std/src/sys_common/backtrace.rs:49:5
[INFO] [stdout]    7:     0x55580805cafb - std::sys_common::backtrace::print::h61376ae57d131d72
[INFO] [stdout]                                at /rustc/53fd98ca776cb875bc9e5514f56b52eb74f9e7a9/library/std/src/sys_common/backtrace.rs:36:9
[INFO] [stdout]    8:     0x55580805cafb - std::panicking::default_hook::{{closure}}::h0f7208c0b9644a54
[INFO] [stdout]                                at /rustc/53fd98ca776cb875bc9e5514f56b52eb74f9e7a9/library/std/src/panicking.rs:208:50
[INFO] [stdout]    9:     0x55580805c5d1 - std::panicking::default_hook::hdac7fc06578c14ce
[INFO] [stdout]                                at /rustc/53fd98ca776cb875bc9e5514f56b52eb74f9e7a9/library/std/src/panicking.rs:225:9
[INFO] [stdout]   10:     0x55580805d1c4 - std::panicking::rust_panic_with_hook::h72b21c283da3d1ef
[INFO] [stdout]                                at /rustc/53fd98ca776cb875bc9e5514f56b52eb74f9e7a9/library/std/src/panicking.rs:622:17
[INFO] [stdout]   11:     0x55580805cca7 - std::panicking::begin_panic_handler::{{closure}}::he5778f1729cff84a
[INFO] [stdout]                                at /rustc/53fd98ca776cb875bc9e5514f56b52eb74f9e7a9/library/std/src/panicking.rs:519:13
[INFO] [stdout]   12:     0x55580805af7c - std::sys_common::backtrace::__rust_end_short_backtrace::h2d11ca8b453b4b1d
[INFO] [stdout]                                at /rustc/53fd98ca776cb875bc9e5514f56b52eb74f9e7a9/library/std/src/sys_common/backtrace.rs:141:18
[INFO] [stdout]   13:     0x55580805cc09 - rust_begin_unwind
[INFO] [stdout]                                at /rustc/53fd98ca776cb875bc9e5514f56b52eb74f9e7a9/library/std/src/panicking.rs:515:5
[INFO] [stdout]   14:     0x555807984781 - core::panicking::panic_fmt::hf9de31d4acbce4db
[INFO] [stdout]                                at /rustc/53fd98ca776cb875bc9e5514f56b52eb74f9e7a9/library/core/src/panicking.rs:92:14
[INFO] [stdout]   15:     0x555807984813 - core::result::unwrap_failed::ha0c84e81219e5878
[INFO] [stdout]                                at /rustc/53fd98ca776cb875bc9e5514f56b52eb74f9e7a9/library/core/src/result.rs:1599:5
[INFO] [stdout]   16:     0x5558079853fc - core::result::Result<T,E>::unwrap::hbe36208d22708b08
[INFO] [stdout]   17:     0x555807985799 - rust_out::main::_doctest_main_src_lib_rs_111_0::hb82098a07cf9c2fc
[INFO] [stdout]   18:     0x5558079856a6 - rust_out::main::h61823b600df25383
[INFO] [stdout]   19:     0x555807985143 - core::ops::function::FnOnce::call_once::h3d07824a44777914
[INFO] [stdout]   20:     0x555807985029 - std::sys_common::backtrace::__rust_begin_short_backtrace::h1ee1ba859d3174aa
[INFO] [stdout]   21:     0x5558079850a9 - std::rt::lang_start::{{closure}}::hee9719d6b6efb7fa
[INFO] [stdout]   22:     0x55580805d7ca - core::ops::function::impls::<impl core::ops::function::FnOnce<A> for &F>::call_once::ha88a7d1a4d24e549
[INFO] [stdout]                                at /rustc/53fd98ca776cb875bc9e5514f56b52eb74f9e7a9/library/core/src/ops/function.rs:259:13
[INFO] [stdout]   23:     0x55580805d7ca - std::panicking::try::do_call::hd3b1d7740607ccc7
[INFO] [stdout]                                at /rustc/53fd98ca776cb875bc9e5514f56b52eb74f9e7a9/library/std/src/panicking.rs:401:40
[INFO] [stdout]   24:     0x55580805d7ca - std::panicking::try::h0ee8c65ac7461507
[INFO] [stdout]                                at /rustc/53fd98ca776cb875bc9e5514f56b52eb74f9e7a9/library/std/src/panicking.rs:365:19
[INFO] [stdout]   25:     0x55580805d7ca - std::panic::catch_unwind::head47f0de4ccd838
[INFO] [stdout]                                at /rustc/53fd98ca776cb875bc9e5514f56b52eb74f9e7a9/library/std/src/panic.rs:434:14
[INFO] [stdout]   26:     0x55580805d7ca - std::rt::lang_start_internal::{{closure}}::hbc7de8ec820ac085
[INFO] [stdout]                                at /rustc/53fd98ca776cb875bc9e5514f56b52eb74f9e7a9/library/std/src/rt.rs:45:48
[INFO] [stdout]   27:     0x55580805d7ca - std::panicking::try::do_call::h2609e52e8bad4a7b
[INFO] [stdout]                                at /rustc/53fd98ca776cb875bc9e5514f56b52eb74f9e7a9/library/std/src/panicking.rs:401:40
[INFO] [stdout]   28:     0x55580805d7ca - std::panicking::try::hd0929f0b603e0389
[INFO] [stdout]                                at /rustc/53fd98ca776cb875bc9e5514f56b52eb74f9e7a9/library/std/src/panicking.rs:365:19
[INFO] [stdout]   29:     0x55580805d7ca - std::panic::catch_unwind::h27902b81c3e47571
[INFO] [stdout]                                at /rustc/53fd98ca776cb875bc9e5514f56b52eb74f9e7a9/library/std/src/panic.rs:434:14
[INFO] [stdout]   30:     0x55580805d7ca - std::rt::lang_start_internal::h3fb2d794dd391e3e
[INFO] [stdout]                                at /rustc/53fd98ca776cb875bc9e5514f56b52eb74f9e7a9/library/std/src/rt.rs:45:20
[INFO] [stdout]   31:     0x555807985081 - std::rt::lang_start::h0745d281d96e0cdb
[INFO] [stdout]   32:     0x555807985923 - main
[INFO] [stdout]   33:     0x7fee406f00b3 - __libc_start_main
[INFO] [stdout]   34:     0x555807984f1e - _start
[INFO] [stdout]   35:                0x0 - <unknown>
[INFO] [stdout] 
[INFO] [stdout] 
[INFO] [stdout] 
[INFO] [stdout] failures:
[INFO] [stdout]     src/lib.rs - MavenCoordinates::fetch_checksum (line 111)
[INFO] [stdout] 
[INFO] [stdout] test result: FAILED. 3 passed; 1 failed; 0 ignored; 0 measured; 0 filtered out; finished in 15.62s
[INFO] [stdout] 
[INFO] [stderr] error: test failed, to rerun pass '--doc'
[INFO] running `Command { std: "docker" "inspect" "7c54c3bff558d7781a936fb4347b099e5cccbcc485547a7b25afcedb6140921e", kill_on_drop: false }`
[INFO] running `Command { std: "docker" "rm" "-f" "7c54c3bff558d7781a936fb4347b099e5cccbcc485547a7b25afcedb6140921e", kill_on_drop: false }`
[INFO] [stdout] 7c54c3bff558d7781a936fb4347b099e5cccbcc485547a7b25afcedb6140921e
