[INFO] cloning repository https://github.com/lukaspustina/cve-scorer
[INFO] running `Command { std: "git" "-c" "credential.helper=" "-c" "credential.helper=/workspace/cargo-home/bin/git-credential-null" "clone" "--bare" "https://github.com/lukaspustina/cve-scorer" "/workspace/cache/git-repos/https%3A%2F%2Fgithub.com%2Flukaspustina%2Fcve-scorer", kill_on_drop: false }`
[INFO] [stderr] Cloning into bare repository '/workspace/cache/git-repos/https%3A%2F%2Fgithub.com%2Flukaspustina%2Fcve-scorer'...
[INFO] running `Command { std: "git" "rev-parse" "HEAD", kill_on_drop: false }`
[INFO] [stdout] 176f33bb2ad7f8f18c523331d86451c04174766d
[INFO] testing lukaspustina/cve-scorer against 1.54.0 for beta-1.55-1
[INFO] running `Command { std: "git" "clone" "/workspace/cache/git-repos/https%3A%2F%2Fgithub.com%2Flukaspustina%2Fcve-scorer" "/workspace/builds/worker-57/source", kill_on_drop: false }`
[INFO] [stderr] Cloning into '/workspace/builds/worker-57/source'...
[INFO] [stderr] done.
[INFO] validating manifest of git repo https://github.com/lukaspustina/cve-scorer on toolchain 1.54.0
[INFO] running `Command { std: "/workspace/cargo-home/bin/cargo" "+1.54.0" "metadata" "--manifest-path" "Cargo.toml" "--no-deps", kill_on_drop: false }`
[INFO] started tweaking git repo https://github.com/lukaspustina/cve-scorer
[INFO] finished tweaking git repo https://github.com/lukaspustina/cve-scorer
[INFO] tweaked toml for git repo https://github.com/lukaspustina/cve-scorer written to /workspace/builds/worker-57/source/Cargo.toml
[INFO] crate git repo https://github.com/lukaspustina/cve-scorer already has a lockfile, it will not be regenerated
[INFO] running `Command { std: "/workspace/cargo-home/bin/cargo" "+1.54.0" "fetch" "--manifest-path" "Cargo.toml", kill_on_drop: false }`
[INFO] running `Command { std: "docker" "create" "-v" "/var/lib/crater-agent-workspace/builds/worker-57/target:/opt/rustwide/target:rw,Z" "-v" "/var/lib/crater-agent-workspace/builds/worker-57/source:/opt/rustwide/workdir:ro,Z" "-v" "/var/lib/crater-agent-workspace/cargo-home:/opt/rustwide/cargo-home:ro,Z" "-v" "/var/lib/crater-agent-workspace/rustup-home:/opt/rustwide/rustup-home:ro,Z" "-e" "SOURCE_DIR=/opt/rustwide/workdir" "-e" "CARGO_TARGET_DIR=/opt/rustwide/target" "-e" "CARGO_HOME=/opt/rustwide/cargo-home" "-e" "RUSTUP_HOME=/opt/rustwide/rustup-home" "-w" "/opt/rustwide/workdir" "-m" "1610612736" "--user" "0:0" "--network" "none" "ghcr.io/rust-lang/crates-build-env/linux@sha256:34b6a614d2c27851fe6cbf88fbd1137609cefab8b10d0615aaeb6fd47975d74e" "/opt/rustwide/cargo-home/bin/cargo" "+1.54.0" "metadata" "--no-deps" "--format-version=1", kill_on_drop: false }`
[INFO] [stdout] 934bec9ced0ffa616647fbc2e28471518569ba6a368cf7d3297b5031d2fbcee2
[INFO] running `Command { std: "docker" "start" "-a" "934bec9ced0ffa616647fbc2e28471518569ba6a368cf7d3297b5031d2fbcee2", kill_on_drop: false }`
[INFO] running `Command { std: "docker" "inspect" "934bec9ced0ffa616647fbc2e28471518569ba6a368cf7d3297b5031d2fbcee2", kill_on_drop: false }`
[INFO] running `Command { std: "docker" "rm" "-f" "934bec9ced0ffa616647fbc2e28471518569ba6a368cf7d3297b5031d2fbcee2", kill_on_drop: false }`
[INFO] [stdout] 934bec9ced0ffa616647fbc2e28471518569ba6a368cf7d3297b5031d2fbcee2
[INFO] running `Command { std: "docker" "create" "-v" "/var/lib/crater-agent-workspace/builds/worker-57/target:/opt/rustwide/target:rw,Z" "-v" "/var/lib/crater-agent-workspace/builds/worker-57/source:/opt/rustwide/workdir:ro,Z" "-v" "/var/lib/crater-agent-workspace/cargo-home:/opt/rustwide/cargo-home:ro,Z" "-v" "/var/lib/crater-agent-workspace/rustup-home:/opt/rustwide/rustup-home:ro,Z" "-e" "SOURCE_DIR=/opt/rustwide/workdir" "-e" "CARGO_TARGET_DIR=/opt/rustwide/target" "-e" "CARGO_INCREMENTAL=0" "-e" "RUST_BACKTRACE=full" "-e" "RUSTFLAGS=--cap-lints=warn" "-e" "CARGO_HOME=/opt/rustwide/cargo-home" "-e" "RUSTUP_HOME=/opt/rustwide/rustup-home" "-w" "/opt/rustwide/workdir" "-m" "1610612736" "--user" "0:0" "--network" "none" "ghcr.io/rust-lang/crates-build-env/linux@sha256:34b6a614d2c27851fe6cbf88fbd1137609cefab8b10d0615aaeb6fd47975d74e" "/opt/rustwide/cargo-home/bin/cargo" "+1.54.0" "build" "--frozen" "--message-format=json", kill_on_drop: false }`
[INFO] [stdout] 0f485d5d8b650f9c09a345e0423684513349ecac61e288c19f8550198899a040
[INFO] running `Command { std: "docker" "start" "-a" "0f485d5d8b650f9c09a345e0423684513349ecac61e288c19f8550198899a040", kill_on_drop: false }`
[INFO] [stderr]    Compiling syn v1.0.48
[INFO] [stderr]    Compiling once_cell v1.4.1
[INFO] [stderr]    Compiling futures-core v0.3.7
[INFO] [stderr]    Compiling futures-sink v0.3.7
[INFO] [stderr]    Compiling proc-macro-nested v0.1.6
[INFO] [stderr]    Compiling arc-swap v0.4.7
[INFO] [stderr]    Compiling cc v1.0.61
[INFO] [stderr]    Compiling futures-io v0.3.7
[INFO] [stderr]    Compiling untrusted v0.7.1
[INFO] [stderr]    Compiling spin v0.5.2
[INFO] [stderr]    Compiling getrandom v0.1.15
[INFO] [stderr]    Compiling tinyvec v0.3.4
[INFO] [stderr]    Compiling ppv-lite86 v0.2.9
[INFO] [stderr]    Compiling gimli v0.22.0
[INFO] [stderr]    Compiling adler v0.2.3
[INFO] [stderr]    Compiling base64 v0.12.3
[INFO] [stderr]    Compiling rustc-demangle v0.1.18
[INFO] [stderr]    Compiling object v0.21.1
[INFO] [stderr]    Compiling match_cfg v0.1.0
[INFO] [stderr]    Compiling linked-hash-map v0.5.3
[INFO] [stderr]    Compiling serde_json v1.0.59
[INFO] [stderr]    Compiling encoding_rs v0.8.24
[INFO] [stderr]    Compiling smallvec v1.4.2
[INFO] [stderr]    Compiling dtoa v0.4.6
[INFO] [stderr]    Compiling cvss v1.0.0
[INFO] [stderr]    Compiling miniz_oxide v0.4.3
[INFO] [stderr]    Compiling tabwriter v1.2.1
[INFO] [stderr]    Compiling iovec v0.1.4
[INFO] [stderr]    Compiling net2 v0.2.35
[INFO] [stderr]    Compiling num_cpus v1.13.0
[INFO] [stderr]    Compiling tracing v0.1.21
[INFO] [stderr]    Compiling socket2 v0.3.15
[INFO] [stderr]    Compiling futures-channel v0.3.7
[INFO] [stderr]    Compiling hostname v0.3.1
[INFO] [stderr]    Compiling futures-task v0.3.7
[INFO] [stderr]    Compiling lru-cache v0.1.2
[INFO] [stderr]    Compiling signal-hook-registry v1.2.1
[INFO] [stderr]    Compiling unicode-normalization v0.1.13
[INFO] [stderr]    Compiling resolv-conf v0.6.3
[INFO] [stderr]    Compiling mio v0.6.22
[INFO] [stderr]    Compiling mio-uds v0.6.8
[INFO] [stderr]    Compiling rand_core v0.5.1
[INFO] [stderr]    Compiling idna v0.2.0
[INFO] [stderr]    Compiling ring v0.16.15
[INFO] [stderr]    Compiling addr2line v0.13.0
[INFO] [stderr]    Compiling rand_chacha v0.2.2
[INFO] [stderr]    Compiling url v2.1.1
[INFO] [stderr]    Compiling rand v0.7.3
[INFO] [stderr]    Compiling backtrace v0.3.53
[INFO] [stderr]    Compiling proc-macro-error v1.0.4
[INFO] [stderr]    Compiling pin-project-internal v1.0.1
[INFO] [stderr]    Compiling tokio-macros v0.2.5
[INFO] [stderr]    Compiling futures-macro v0.3.7
[INFO] [stderr]    Compiling pin-project-internal v0.4.27
[INFO] [stderr]    Compiling serde_derive v1.0.117
[INFO] [stderr]    Compiling thiserror-impl v1.0.21
[INFO] [stderr]    Compiling enum-as-inner v0.3.3
[INFO] [stderr]    Compiling async-trait v0.1.41
[INFO] [stderr]    Compiling structopt-derive v0.4.13
[INFO] [stderr]    Compiling webpki v0.21.3
[INFO] [stderr]    Compiling sct v0.6.0
[INFO] [stderr]    Compiling tokio v0.2.22
[INFO] [stderr]    Compiling rustls v0.18.1
[INFO] [stderr]    Compiling webpki-roots v0.19.0
[INFO] [stderr]    Compiling thiserror v1.0.21
[INFO] [stderr]    Compiling structopt v0.3.20
[INFO] [stderr]    Compiling pin-project v1.0.1
[INFO] [stderr]    Compiling futures-util v0.3.7
[INFO] [stderr]    Compiling pin-project v0.4.27
[INFO] [stderr]    Compiling tracing-futures v0.2.4
[INFO] [stderr]    Compiling serde v1.0.117
[INFO] [stderr]    Compiling tokio-util v0.3.1
[INFO] [stderr]    Compiling tokio-rustls v0.14.1
[INFO] [stderr]    Compiling futures-executor v0.3.7
[INFO] [stderr]    Compiling h2 v0.2.7
[INFO] [stderr]    Compiling futures v0.3.7
[INFO] [stderr]    Compiling trust-dns-proto v0.19.5
[INFO] [stderr]    Compiling trust-dns-resolver v0.19.5
[INFO] [stderr]    Compiling serde_urlencoded v0.6.1
[INFO] [stderr]    Compiling hyper v0.13.8
[INFO] [stderr]    Compiling hyper-rustls v0.21.0
[INFO] [stderr]    Compiling reqwest v0.10.8
[INFO] [stderr]    Compiling cve-scorer v1.2.0 (/opt/rustwide/workdir)
[INFO] [stderr]     Finished dev [unoptimized + debuginfo] target(s) in 49.36s
[INFO] running `Command { std: "docker" "inspect" "0f485d5d8b650f9c09a345e0423684513349ecac61e288c19f8550198899a040", kill_on_drop: false }`
[INFO] running `Command { std: "docker" "rm" "-f" "0f485d5d8b650f9c09a345e0423684513349ecac61e288c19f8550198899a040", kill_on_drop: false }`
[INFO] [stdout] 0f485d5d8b650f9c09a345e0423684513349ecac61e288c19f8550198899a040
[INFO] running `Command { std: "docker" "create" "-v" "/var/lib/crater-agent-workspace/builds/worker-57/target:/opt/rustwide/target:rw,Z" "-v" "/var/lib/crater-agent-workspace/builds/worker-57/source:/opt/rustwide/workdir:ro,Z" "-v" "/var/lib/crater-agent-workspace/cargo-home:/opt/rustwide/cargo-home:ro,Z" "-v" "/var/lib/crater-agent-workspace/rustup-home:/opt/rustwide/rustup-home:ro,Z" "-e" "SOURCE_DIR=/opt/rustwide/workdir" "-e" "CARGO_TARGET_DIR=/opt/rustwide/target" "-e" "CARGO_INCREMENTAL=0" "-e" "RUST_BACKTRACE=full" "-e" "RUSTFLAGS=--cap-lints=warn" "-e" "CARGO_HOME=/opt/rustwide/cargo-home" "-e" "RUSTUP_HOME=/opt/rustwide/rustup-home" "-w" "/opt/rustwide/workdir" "-m" "1610612736" "--user" "0:0" "--network" "none" "ghcr.io/rust-lang/crates-build-env/linux@sha256:34b6a614d2c27851fe6cbf88fbd1137609cefab8b10d0615aaeb6fd47975d74e" "/opt/rustwide/cargo-home/bin/cargo" "+1.54.0" "test" "--frozen" "--no-run" "--message-format=json", kill_on_drop: false }`
[INFO] [stdout] d1eeaee95fc56b864ee30ac868c1e40033faef9096404040baef28b7a31c5e10
[INFO] running `Command { std: "docker" "start" "-a" "d1eeaee95fc56b864ee30ac868c1e40033faef9096404040baef28b7a31c5e10", kill_on_drop: false }`
[INFO] [stderr]     Blocking waiting for file lock on package cache
[INFO] [stderr]    Compiling regex-syntax v0.6.20
[INFO] [stderr]    Compiling remove_dir_all v0.5.3
[INFO] [stderr]    Compiling num-integer v0.1.44
[INFO] [stderr]    Compiling num-iter v0.1.42
[INFO] [stderr]    Compiling error-chain v0.12.4
[INFO] [stderr]    Compiling walkdir v2.3.1
[INFO] [stderr]    Compiling num-traits v0.2.14
[INFO] [stderr]    Compiling rand v0.4.6
[INFO] [stderr]    Compiling dirs-sys v0.3.5
[INFO] [stderr]    Compiling aho-corasick v0.7.14
[INFO] [stderr]    Compiling tempfile v3.1.0
[INFO] [stderr]    Compiling dirs v2.0.2
[INFO] [stderr]    Compiling term v0.6.1
[INFO] [stderr]    Compiling num-complex v0.1.43
[INFO] [stderr]    Compiling num-bigint v0.1.44
[INFO] [stderr]    Compiling regex v1.4.1
[INFO] [stderr]    Compiling num-rational v0.1.42
[INFO] [stderr]    Compiling lit v1.0.2
[INFO] [stderr]    Compiling num v0.1.42
[INFO] [stderr]    Compiling spectral v0.6.0
[INFO] [stderr]    Compiling cve-scorer v1.2.0 (/opt/rustwide/workdir)
[INFO] [stderr]     Finished test [unoptimized + debuginfo] target(s) in 1m 05s
[INFO] running `Command { std: "docker" "inspect" "d1eeaee95fc56b864ee30ac868c1e40033faef9096404040baef28b7a31c5e10", kill_on_drop: false }`
[INFO] running `Command { std: "docker" "rm" "-f" "d1eeaee95fc56b864ee30ac868c1e40033faef9096404040baef28b7a31c5e10", kill_on_drop: false }`
[INFO] [stdout] d1eeaee95fc56b864ee30ac868c1e40033faef9096404040baef28b7a31c5e10
[INFO] running `Command { std: "docker" "create" "-v" "/var/lib/crater-agent-workspace/builds/worker-57/target:/opt/rustwide/target:rw,Z" "-v" "/var/lib/crater-agent-workspace/builds/worker-57/source:/opt/rustwide/workdir:ro,Z" "-v" "/var/lib/crater-agent-workspace/cargo-home:/opt/rustwide/cargo-home:ro,Z" "-v" "/var/lib/crater-agent-workspace/rustup-home:/opt/rustwide/rustup-home:ro,Z" "-e" "SOURCE_DIR=/opt/rustwide/workdir" "-e" "CARGO_TARGET_DIR=/opt/rustwide/target" "-e" "CARGO_INCREMENTAL=0" "-e" "RUST_BACKTRACE=full" "-e" "RUSTFLAGS=--cap-lints=warn" "-e" "CARGO_HOME=/opt/rustwide/cargo-home" "-e" "RUSTUP_HOME=/opt/rustwide/rustup-home" "-w" "/opt/rustwide/workdir" "-m" "1610612736" "--user" "0:0" "--network" "none" "ghcr.io/rust-lang/crates-build-env/linux@sha256:34b6a614d2c27851fe6cbf88fbd1137609cefab8b10d0615aaeb6fd47975d74e" "/opt/rustwide/cargo-home/bin/cargo" "+1.54.0" "test" "--frozen", kill_on_drop: false }`
[INFO] [stdout] bbd5491eca293e13c487aa05ae270ca0dc11fb46e68af84b197d3838e520e828
[INFO] running `Command { std: "docker" "start" "-a" "bbd5491eca293e13c487aa05ae270ca0dc11fb46e68af84b197d3838e520e828", kill_on_drop: false }`
[INFO] [stderr]     Blocking waiting for file lock on package cache
[INFO] [stderr]     Finished test [unoptimized + debuginfo] target(s) in 0.53s
[INFO] [stdout] 
[INFO] [stderr]      Running unittests (/opt/rustwide/target/debug/deps/cvescorer-e420c5e4a348fb74)
[INFO] [stdout] running 5 tests
[INFO] [stderr]      Running unittests (/opt/rustwide/target/debug/deps/cve_scorer-c0ad432c33459ff9)
[INFO] [stdout] test cve::tests::from_cve_str ... ok
[INFO] [stdout] test source::nvd::tests::parse_response_to_cve ... ok
[INFO] [stdout] test source::redhat::tests::parse_response ... ok
[INFO] [stdout] test cve::tests::order ... ok
[INFO] [stdout] test source::nvd::tests::parse_response ... ok
[INFO] [stdout] 
[INFO] [stdout] test result: ok. 5 passed; 0 failed; 0 ignored; 0 measured; 0 filtered out; finished in 0.01s
[INFO] [stdout] 
[INFO] [stderr]      Running tests/cli_output_tests.rs (/opt/rustwide/target/debug/deps/cli_output_tests-f7a4935e2f2c52da)
[INFO] [stdout] 
[INFO] [stdout] running 0 tests
[INFO] [stdout] 
[INFO] [stdout] test result: ok. 0 passed; 0 failed; 0 ignored; 0 measured; 0 filtered out; finished in 0.00s
[INFO] [stdout] 
[INFO] [stdout] 
[INFO] [stdout] running 1 test
[INFO] [stdout] 
[INFO] [stdout] =================================================================
[INFO] [stdout] Running tests (4 files)
[INFO] [stdout] =================================================================
[INFO] [stdout] 
[INFO] [stderr] FAIL :: retrieve_redhat.output
[INFO] [stdout] 
[INFO] [stderr] FAIL :: no_args_help.output
[INFO] [stdout] 
[INFO] [stdout] test failed: unsuccessful program execution whilst running test
[INFO] [stdout] 
[INFO] [stdout] command '/opt/rustwide/workdir/target/debug/cve-scorer --sort CVE-2020-14802 CVE-2020-14803 CVE-2020-14804 --source redhat' exited with code '127'
[INFO] [stdout] 
[INFO] [stdout] NOTE: the program '/opt/rustwide/workdir/target/debug/cve-scorer --sort CVE-2020-14802 CVE-2020-14803 CVE-2020-14804 --source redhat' emitted text on standard error:
[INFO] [stdout] 
[INFO] [stdout] <stderr>:
[INFO] [stdout] 
[INFO] [stdout]   1|      bash: /opt/rustwide/workdir/target/debug/cve-scorer: No such file or directory
[INFO] [stdout] 
[INFO] [stdout] </stderr>
[INFO] [stdout] 
[INFO] [stdout] 
[INFO] [stdout] 
[INFO] [stdout] test failed: unsuccessful program execution whilst running test
[INFO] [stdout] 
[INFO] [stdout] command '/opt/rustwide/workdir/target/debug/cve-scorer' exited with code '127'
[INFO] [stdout] 
[INFO] [stdout] NOTE: the program '/opt/rustwide/workdir/target/debug/cve-scorer' emitted text on standard error:
[INFO] [stdout] 
[INFO] [stdout] <stderr>:
[INFO] [stdout] 
[INFO] [stdout]   1|      bash: /opt/rustwide/workdir/target/debug/cve-scorer: No such file or directory
[INFO] [stdout] 
[INFO] [stdout] </stderr>
[INFO] [stdout] 
[INFO] [stderr] FAIL :: retrieve.output
[INFO] [stdout] 
[INFO] [stdout] 
[INFO] [stdout] test failed: unsuccessful program execution whilst running test
[INFO] [stdout] 
[INFO] [stdout] command '/opt/rustwide/workdir/target/debug/cve-scorer --sort CVE-2020-14802 CVE-2020-14803 CVE-2020-14804' exited with code '127'
[INFO] [stdout] 
[INFO] [stdout] NOTE: the program '/opt/rustwide/workdir/target/debug/cve-scorer --sort CVE-2020-14802 CVE-2020-14803 CVE-2020-14804' emitted text on standard error:
[INFO] [stdout] 
[INFO] [stdout] <stderr>:
[INFO] [stdout] 
[INFO] [stdout]   1|      bash: /opt/rustwide/workdir/target/debug/cve-scorer: No such file or directory
[INFO] [stdout] 
[INFO] [stdout] </stderr>
[INFO] [stdout] 
[INFO] [stderr] FAIL :: retrieve_trailing.output
[INFO] [stdout] 
[INFO] [stderr] error: tests failed
[INFO] [stdout] 
[INFO] [stderr]   FAIL :: retrieve_redhat.output
[INFO] [stdout] test failed: unsuccessful program execution whilst running test
[INFO] [stderr]   FAIL :: no_args_help.output
[INFO] [stdout] 
[INFO] [stderr]   FAIL :: retrieve.output
[INFO] [stdout] command '/opt/rustwide/workdir/target/debug/cve-scorer --sort CVE-2020-14802, CVE-2020-14803, CVE-2020-14804' exited with code '127'
[INFO] [stderr]   FAIL :: retrieve_trailing.output
[INFO] [stdout] 
[INFO] [stderr] error: tests failed
[INFO] [stdout] NOTE: the program '/opt/rustwide/workdir/target/debug/cve-scorer --sort CVE-2020-14802, CVE-2020-14803, CVE-2020-14804' emitted text on standard error:
[INFO] [stdout] 
[INFO] [stdout] <stderr>:
[INFO] [stdout] 
[INFO] [stdout]   1|      bash: /opt/rustwide/workdir/target/debug/cve-scorer: No such file or directory
[INFO] [stdout] 
[INFO] [stdout] </stderr>
[INFO] [stdout] 
[INFO] [stdout] 
[INFO] [stdout] finished running tests
[INFO] [stdout] 
[INFO] [stdout] =================================================================
[INFO] [stdout] =================================================================
[INFO] [stdout] 
[INFO] [stdout] 
[INFO] [stdout] Failing tests (4/4):
[INFO] [stdout] 
[INFO] [stdout] 
[INFO] [stdout] =================================================================
[INFO] [stdout] Suite Status:
[INFO] [stdout] 
[INFO] [stdout]   Test failures: 4
[INFO] [stdout] 
[INFO] [stdout] =================================================================
[INFO] [stdout] 
[INFO] [stdout] test cli_output_tests ... FAILED
[INFO] [stdout] 
[INFO] [stdout] failures:
[INFO] [stdout] 
[INFO] [stdout] ---- cli_output_tests stdout ----
[INFO] [stdout] thread 'cli_output_tests' panicked at 'cli output tests failed: ()', tests/cli_output_tests.rs:25:6
[INFO] [stdout] stack backtrace:
[INFO] [stdout]    0:     0x55c879991420 - std::backtrace_rs::backtrace::libunwind::trace::h34055254b57d8e79
[INFO] [stdout]                                at /rustc/a178d0322ce20e33eac124758e837cbd80a6f633/library/std/src/../../backtrace/src/backtrace/libunwind.rs:90:5
[INFO] [stdout]    1:     0x55c879991420 - std::backtrace_rs::backtrace::trace_unsynchronized::h8f1e3fbd9afff6ec
[INFO] [stdout]                                at /rustc/a178d0322ce20e33eac124758e837cbd80a6f633/library/std/src/../../backtrace/src/backtrace/mod.rs:66:5
[INFO] [stdout]    2:     0x55c879991420 - std::sys_common::backtrace::_print_fmt::h3a99a796b770c360
[INFO] [stdout]                                at /rustc/a178d0322ce20e33eac124758e837cbd80a6f633/library/std/src/sys_common/backtrace.rs:67:5
[INFO] [stdout]    3:     0x55c879991420 - <std::sys_common::backtrace::_print::DisplayBacktrace as core::fmt::Display>::fmt::h32d1f94a80615d18
[INFO] [stdout]                                at /rustc/a178d0322ce20e33eac124758e837cbd80a6f633/library/std/src/sys_common/backtrace.rs:46:22
[INFO] [stdout]    4:     0x55c8799b4edc - core::fmt::write::h306731c068f7162c
[INFO] [stdout]                                at /rustc/a178d0322ce20e33eac124758e837cbd80a6f633/library/core/src/fmt/mod.rs:1110:17
[INFO] [stdout]    5:     0x55c87998dc25 - std::io::Write::write_fmt::h87f19b0a2cd190bc
[INFO] [stdout]                                at /rustc/a178d0322ce20e33eac124758e837cbd80a6f633/library/std/src/io/mod.rs:1588:15
[INFO] [stdout]    6:     0x55c87999362b - std::sys_common::backtrace::_print::h5abaa2601a852287
[INFO] [stdout]                                at /rustc/a178d0322ce20e33eac124758e837cbd80a6f633/library/std/src/sys_common/backtrace.rs:49:5
[INFO] [stdout]    7:     0x55c87999362b - std::sys_common::backtrace::print::h8d81445442bb638f
[INFO] [stdout]                                at /rustc/a178d0322ce20e33eac124758e837cbd80a6f633/library/std/src/sys_common/backtrace.rs:36:9
[INFO] [stdout]    8:     0x55c87999362b - std::panicking::default_hook::{{closure}}::hcfe804496a9fa747
[INFO] [stdout]                                at /rustc/a178d0322ce20e33eac124758e837cbd80a6f633/library/std/src/panicking.rs:208:50
[INFO] [stdout]    9:     0x55c87999313c - std::panicking::default_hook::hbea8e3ccf2ba8901
[INFO] [stdout]                                at /rustc/a178d0322ce20e33eac124758e837cbd80a6f633/library/std/src/panicking.rs:222:9
[INFO] [stdout]   10:     0x55c879993cf4 - std::panicking::rust_panic_with_hook::h7ee9e1a2d0f8975a
[INFO] [stdout]                                at /rustc/a178d0322ce20e33eac124758e837cbd80a6f633/library/std/src/panicking.rs:622:17
[INFO] [stdout]   11:     0x55c8799937d7 - std::panicking::begin_panic_handler::{{closure}}::h8ab3b4491718b2c7
[INFO] [stdout]                                at /rustc/a178d0322ce20e33eac124758e837cbd80a6f633/library/std/src/panicking.rs:519:13
[INFO] [stdout]   12:     0x55c87999191c - std::sys_common::backtrace::__rust_end_short_backtrace::hd489062ffa586a9f
[INFO] [stdout]                                at /rustc/a178d0322ce20e33eac124758e837cbd80a6f633/library/std/src/sys_common/backtrace.rs:141:18
[INFO] [stdout]   13:     0x55c879993739 - rust_begin_unwind
[INFO] [stdout]                                at /rustc/a178d0322ce20e33eac124758e837cbd80a6f633/library/std/src/panicking.rs:515:5
[INFO] [stdout]   14:     0x55c879655b51 - core::panicking::panic_fmt::hca6330e3e14086b4
[INFO] [stdout]                                at /rustc/a178d0322ce20e33eac124758e837cbd80a6f633/library/core/src/panicking.rs:92:14
[INFO] [stdout]   15:     0x55c879655c43 - core::result::unwrap_failed::h6160d2b4bfbb0e87
[INFO] [stdout]                                at /rustc/a178d0322ce20e33eac124758e837cbd80a6f633/library/core/src/result.rs:1355:5
[INFO] [stdout]   16:     0x55c8796577ef - core::result::Result<T,E>::expect::haeac11ae1dae2807
[INFO] [stdout]                                at /rustc/a178d0322ce20e33eac124758e837cbd80a6f633/library/core/src/result.rs:997:23
[INFO] [stdout]   17:     0x55c87965738f - cli_output_tests::cli_output_tests::hc842babf5eaa269f
[INFO] [stdout]                                at /opt/rustwide/workdir/tests/cli_output_tests.rs:17:5
[INFO] [stdout]   18:     0x55c87965733a - cli_output_tests::cli_output_tests::{{closure}}::h8ff2cda0ca70e622
[INFO] [stdout]                                at /opt/rustwide/workdir/tests/cli_output_tests.rs:16:1
[INFO] [stdout]   19:     0x55c879656dee - core::ops::function::FnOnce::call_once::h7b7905142339ba50
[INFO] [stdout]                                at /rustc/a178d0322ce20e33eac124758e837cbd80a6f633/library/core/src/ops/function.rs:227:5
[INFO] [stdout]   20:     0x55c879965e03 - core::ops::function::FnOnce::call_once::h152e7e439ff59e19
[INFO] [stdout]                                at /rustc/a178d0322ce20e33eac124758e837cbd80a6f633/library/core/src/ops/function.rs:227:5
[INFO] [stdout]   21:     0x55c879965e03 - test::__rust_begin_short_backtrace::h0908f3b1fdbb72ab
[INFO] [stdout]                                at /rustc/a178d0322ce20e33eac124758e837cbd80a6f633/library/test/src/lib.rs:577:5
[INFO] [stdout]   22:     0x55c8799648c0 - <alloc::boxed::Box<F,A> as core::ops::function::FnOnce<Args>>::call_once::hf6d2a51e5587546c
[INFO] [stdout]                                at /rustc/a178d0322ce20e33eac124758e837cbd80a6f633/library/alloc/src/boxed.rs:1575:9
[INFO] [stdout]   23:     0x55c8799648c0 - <std::panic::AssertUnwindSafe<F> as core::ops::function::FnOnce<()>>::call_once::h8af660f3a89ef593
[INFO] [stdout]                                at /rustc/a178d0322ce20e33eac124758e837cbd80a6f633/library/std/src/panic.rs:347:9
[INFO] [stdout]   24:     0x55c8799648c0 - std::panicking::try::do_call::hd36aef60f84b6d36
[INFO] [stdout]                                at /rustc/a178d0322ce20e33eac124758e837cbd80a6f633/library/std/src/panicking.rs:401:40
[INFO] [stdout]   25:     0x55c8799648c0 - std::panicking::try::h9932b4480e69817c
[INFO] [stdout]                                at /rustc/a178d0322ce20e33eac124758e837cbd80a6f633/library/std/src/panicking.rs:365:19
[INFO] [stdout]   26:     0x55c8799648c0 - std::panic::catch_unwind::h6aa177099cfff5f8
[INFO] [stdout]                                at /rustc/a178d0322ce20e33eac124758e837cbd80a6f633/library/std/src/panic.rs:434:14
[INFO] [stdout]   27:     0x55c8799648c0 - test::run_test_in_process::h5884d6f2d99e20c3
[INFO] [stdout]                                at /rustc/a178d0322ce20e33eac124758e837cbd80a6f633/library/test/src/lib.rs:600:18
[INFO] [stdout]   28:     0x55c8799648c0 - test::run_test::run_test_inner::{{closure}}::h6fdc58c6d5f5b6e3
[INFO] [stdout]                                at /rustc/a178d0322ce20e33eac124758e837cbd80a6f633/library/test/src/lib.rs:492:39
[INFO] [stdout]   29:     0x55c87993df72 - test::run_test::run_test_inner::{{closure}}::h408365d67a78ade8
[INFO] [stdout]                                at /rustc/a178d0322ce20e33eac124758e837cbd80a6f633/library/test/src/lib.rs:519:37
[INFO] [stdout]   30:     0x55c87993df72 - std::sys_common::backtrace::__rust_begin_short_backtrace::hb560b77c4f701523
[INFO] [stdout]                                at /rustc/a178d0322ce20e33eac124758e837cbd80a6f633/library/std/src/sys_common/backtrace.rs:125:18
[INFO] [stdout]   31:     0x55c879941b28 - std::thread::Builder::spawn_unchecked::{{closure}}::{{closure}}::hf2e7831dad93c597
[INFO] [stdout]                                at /rustc/a178d0322ce20e33eac124758e837cbd80a6f633/library/std/src/thread/mod.rs:481:17
[INFO] [stdout]   32:     0x55c879941b28 - <std::panic::AssertUnwindSafe<F> as core::ops::function::FnOnce<()>>::call_once::hd2e08783d8be4d02
[INFO] [stdout]                                at /rustc/a178d0322ce20e33eac124758e837cbd80a6f633/library/std/src/panic.rs:347:9
[INFO] [stdout]   33:     0x55c879941b28 - std::panicking::try::do_call::h062597b7acfd6b82
[INFO] [stdout]                                at /rustc/a178d0322ce20e33eac124758e837cbd80a6f633/library/std/src/panicking.rs:401:40
[INFO] [stdout]   34:     0x55c879941b28 - std::panicking::try::h0d7b79db04c14552
[INFO] [stdout]                                at /rustc/a178d0322ce20e33eac124758e837cbd80a6f633/library/std/src/panicking.rs:365:19
[INFO] [stdout]   35:     0x55c879941b28 - std::panic::catch_unwind::hb01a0b5e7c8cd43b
[INFO] [stdout]                                at /rustc/a178d0322ce20e33eac124758e837cbd80a6f633/library/std/src/panic.rs:434:14
[INFO] [stdout]   36:     0x55c879941b28 - std::thread::Builder::spawn_unchecked::{{closure}}::h5bde48cc887e0d1e
[INFO] [stdout]                                at /rustc/a178d0322ce20e33eac124758e837cbd80a6f633/library/std/src/thread/mod.rs:480:30
[INFO] [stdout]   37:     0x55c879941b28 - core::ops::function::FnOnce::call_once{{vtable.shim}}::h745ea30807a29e55
[INFO] [stdout]                                at /rustc/a178d0322ce20e33eac124758e837cbd80a6f633/library/core/src/ops/function.rs:227:5
[INFO] [stdout]   38:     0x55c879999807 - <alloc::boxed::Box<F,A> as core::ops::function::FnOnce<Args>>::call_once::h7ece6cfefaff1005
[INFO] [stdout]                                at /rustc/a178d0322ce20e33eac124758e837cbd80a6f633/library/alloc/src/boxed.rs:1575:9
[INFO] [stdout]   39:     0x55c879999807 - <alloc::boxed::Box<F,A> as core::ops::function::FnOnce<Args>>::call_once::hb8b48e55c21f193e
[INFO] [stdout]                                at /rustc/a178d0322ce20e33eac124758e837cbd80a6f633/library/alloc/src/boxed.rs:1575:9
[INFO] [stdout]   40:     0x55c879999807 - std::sys::unix::thread::Thread::new::thread_start::h8c7c4450dba62914
[INFO] [stdout]                                at /rustc/a178d0322ce20e33eac124758e837cbd80a6f633/library/std/src/sys/unix/thread.rs:71:17
[INFO] [stdout]   41:     0x7fc5f1f26609 - start_thread
[INFO] [stdout]   42:     0x7fc5f1cf8293 - clone
[INFO] [stdout]   43:                0x0 - <unknown>
[INFO] [stdout] 
[INFO] [stdout] 
[INFO] [stdout] failures:
[INFO] [stdout]     cli_output_tests
[INFO] [stdout] 
[INFO] [stdout] test result: FAILED. 0 passed; 1 failed; 0 ignored; 0 measured; 0 filtered out; finished in 0.13s
[INFO] [stdout] 
[INFO] [stderr] error: test failed, to rerun pass '--test cli_output_tests'
[INFO] running `Command { std: "docker" "inspect" "bbd5491eca293e13c487aa05ae270ca0dc11fb46e68af84b197d3838e520e828", kill_on_drop: false }`
[INFO] running `Command { std: "docker" "rm" "-f" "bbd5491eca293e13c487aa05ae270ca0dc11fb46e68af84b197d3838e520e828", kill_on_drop: false }`
[INFO] [stdout] bbd5491eca293e13c487aa05ae270ca0dc11fb46e68af84b197d3838e520e828
