[INFO] cloning repository https://github.com/luiz-pv9/candle
[INFO] running `Command { std: "git" "-c" "credential.helper=" "-c" "credential.helper=/workspace/cargo-home/bin/git-credential-null" "clone" "--bare" "https://github.com/luiz-pv9/candle" "/workspace/cache/git-repos/https%3A%2F%2Fgithub.com%2Fluiz-pv9%2Fcandle", kill_on_drop: false }`
[INFO] [stderr] Cloning into bare repository '/workspace/cache/git-repos/https%3A%2F%2Fgithub.com%2Fluiz-pv9%2Fcandle'...
[INFO] running `Command { std: "git" "rev-parse" "HEAD", kill_on_drop: false }`
[INFO] [stdout] 64e50707c5c4dfbacf7a99dca1a85208df678e35
[INFO] testing luiz-pv9/candle against beta-2021-08-01 for beta-1.55-1
[INFO] running `Command { std: "git" "clone" "/workspace/cache/git-repos/https%3A%2F%2Fgithub.com%2Fluiz-pv9%2Fcandle" "/workspace/builds/worker-74/source", kill_on_drop: false }`
[INFO] [stderr] Cloning into '/workspace/builds/worker-74/source'...
[INFO] [stderr] done.
[INFO] validating manifest of git repo https://github.com/luiz-pv9/candle on toolchain beta-2021-08-01
[INFO] running `Command { std: "/workspace/cargo-home/bin/cargo" "+beta-2021-08-01" "metadata" "--manifest-path" "Cargo.toml" "--no-deps", kill_on_drop: false }`
[INFO] started tweaking git repo https://github.com/luiz-pv9/candle
[INFO] finished tweaking git repo https://github.com/luiz-pv9/candle
[INFO] tweaked toml for git repo https://github.com/luiz-pv9/candle written to /workspace/builds/worker-74/source/Cargo.toml
[INFO] crate git repo https://github.com/luiz-pv9/candle already has a lockfile, it will not be regenerated
[INFO] running `Command { std: "/workspace/cargo-home/bin/cargo" "+beta-2021-08-01" "fetch" "--manifest-path" "Cargo.toml", kill_on_drop: false }`
[INFO] [stderr]     Blocking waiting for file lock on package cache
[INFO] running `Command { std: "docker" "create" "-v" "/var/lib/crater-agent-workspace/builds/worker-74/target:/opt/rustwide/target:rw,Z" "-v" "/var/lib/crater-agent-workspace/builds/worker-74/source:/opt/rustwide/workdir:ro,Z" "-v" "/var/lib/crater-agent-workspace/cargo-home:/opt/rustwide/cargo-home:ro,Z" "-v" "/var/lib/crater-agent-workspace/rustup-home:/opt/rustwide/rustup-home:ro,Z" "-e" "SOURCE_DIR=/opt/rustwide/workdir" "-e" "CARGO_TARGET_DIR=/opt/rustwide/target" "-e" "CARGO_HOME=/opt/rustwide/cargo-home" "-e" "RUSTUP_HOME=/opt/rustwide/rustup-home" "-w" "/opt/rustwide/workdir" "-m" "1610612736" "--user" "0:0" "--network" "none" "ghcr.io/rust-lang/crates-build-env/linux@sha256:34b6a614d2c27851fe6cbf88fbd1137609cefab8b10d0615aaeb6fd47975d74e" "/opt/rustwide/cargo-home/bin/cargo" "+beta-2021-08-01" "metadata" "--no-deps" "--format-version=1", kill_on_drop: false }`
[INFO] [stdout] ed9aa8dd1212902539bb647181e8eb8428f588d965930dba59f79cb225166ba0
[INFO] running `Command { std: "docker" "start" "-a" "ed9aa8dd1212902539bb647181e8eb8428f588d965930dba59f79cb225166ba0", kill_on_drop: false }`
[INFO] running `Command { std: "docker" "inspect" "ed9aa8dd1212902539bb647181e8eb8428f588d965930dba59f79cb225166ba0", kill_on_drop: false }`
[INFO] running `Command { std: "docker" "rm" "-f" "ed9aa8dd1212902539bb647181e8eb8428f588d965930dba59f79cb225166ba0", kill_on_drop: false }`
[INFO] [stdout] ed9aa8dd1212902539bb647181e8eb8428f588d965930dba59f79cb225166ba0
[INFO] running `Command { std: "docker" "create" "-v" "/var/lib/crater-agent-workspace/builds/worker-74/target:/opt/rustwide/target:rw,Z" "-v" "/var/lib/crater-agent-workspace/builds/worker-74/source:/opt/rustwide/workdir:ro,Z" "-v" "/var/lib/crater-agent-workspace/cargo-home:/opt/rustwide/cargo-home:ro,Z" "-v" "/var/lib/crater-agent-workspace/rustup-home:/opt/rustwide/rustup-home:ro,Z" "-e" "SOURCE_DIR=/opt/rustwide/workdir" "-e" "CARGO_TARGET_DIR=/opt/rustwide/target" "-e" "CARGO_INCREMENTAL=0" "-e" "RUST_BACKTRACE=full" "-e" "RUSTFLAGS=--cap-lints=warn" "-e" "CARGO_HOME=/opt/rustwide/cargo-home" "-e" "RUSTUP_HOME=/opt/rustwide/rustup-home" "-w" "/opt/rustwide/workdir" "-m" "1610612736" "--user" "0:0" "--network" "none" "ghcr.io/rust-lang/crates-build-env/linux@sha256:34b6a614d2c27851fe6cbf88fbd1137609cefab8b10d0615aaeb6fd47975d74e" "/opt/rustwide/cargo-home/bin/cargo" "+beta-2021-08-01" "build" "--frozen" "--message-format=json", kill_on_drop: false }`
[INFO] [stdout] 4f15a46d5fb3a2db5d4740baf8617dd8e27bad1839b14863cd65aea2ac681a00
[INFO] running `Command { std: "docker" "start" "-a" "4f15a46d5fb3a2db5d4740baf8617dd8e27bad1839b14863cd65aea2ac681a00", kill_on_drop: false }`
[INFO] [stderr]     Blocking waiting for file lock on package cache
[INFO] [stderr]    Compiling candle v0.1.0 (/opt/rustwide/workdir)
[INFO] [stdout] warning: constant is never used: `VEC2_IDENTITY`
[INFO] [stdout]   --> src/math/vec2.rs:11:1
[INFO] [stdout]    |
[INFO] [stdout] 11 | const VEC2_IDENTITY : Vec2 = Vec2{ x: 1.0, y: 1.0 };
[INFO] [stdout]    | ^^^^^^^^^^^^^^^^^^^^^^^^^^^^^^^^^^^^^^^^^^^^^^^^^^^^
[INFO] [stdout]    |
[INFO] [stdout]    = note: `#[warn(dead_code)]` on by default
[INFO] [stdout] 
[INFO] [stdout] 
[INFO] [stdout] warning: 1 warning emitted
[INFO] [stdout] 
[INFO] [stdout] 
[INFO] [stderr]     Finished dev [unoptimized + debuginfo] target(s) in 8.50s
[INFO] running `Command { std: "docker" "inspect" "4f15a46d5fb3a2db5d4740baf8617dd8e27bad1839b14863cd65aea2ac681a00", kill_on_drop: false }`
[INFO] running `Command { std: "docker" "rm" "-f" "4f15a46d5fb3a2db5d4740baf8617dd8e27bad1839b14863cd65aea2ac681a00", kill_on_drop: false }`
[INFO] [stdout] 4f15a46d5fb3a2db5d4740baf8617dd8e27bad1839b14863cd65aea2ac681a00
[INFO] running `Command { std: "docker" "create" "-v" "/var/lib/crater-agent-workspace/builds/worker-74/target:/opt/rustwide/target:rw,Z" "-v" "/var/lib/crater-agent-workspace/builds/worker-74/source:/opt/rustwide/workdir:ro,Z" "-v" "/var/lib/crater-agent-workspace/cargo-home:/opt/rustwide/cargo-home:ro,Z" "-v" "/var/lib/crater-agent-workspace/rustup-home:/opt/rustwide/rustup-home:ro,Z" "-e" "SOURCE_DIR=/opt/rustwide/workdir" "-e" "CARGO_TARGET_DIR=/opt/rustwide/target" "-e" "CARGO_INCREMENTAL=0" "-e" "RUST_BACKTRACE=full" "-e" "RUSTFLAGS=--cap-lints=warn" "-e" "CARGO_HOME=/opt/rustwide/cargo-home" "-e" "RUSTUP_HOME=/opt/rustwide/rustup-home" "-w" "/opt/rustwide/workdir" "-m" "1610612736" "--user" "0:0" "--network" "none" "ghcr.io/rust-lang/crates-build-env/linux@sha256:34b6a614d2c27851fe6cbf88fbd1137609cefab8b10d0615aaeb6fd47975d74e" "/opt/rustwide/cargo-home/bin/cargo" "+beta-2021-08-01" "test" "--frozen" "--no-run" "--message-format=json", kill_on_drop: false }`
[INFO] [stdout] 9542e38737871a83a33497e7a7db998c2533c214889c31b0293f24721e92c06a
[INFO] running `Command { std: "docker" "start" "-a" "9542e38737871a83a33497e7a7db998c2533c214889c31b0293f24721e92c06a", kill_on_drop: false }`
[INFO] [stderr]     Blocking waiting for file lock on package cache
[INFO] [stdout] warning: constant is never used: `VEC2_IDENTITY`
[INFO] [stdout]   --> src/math/vec2.rs:11:1
[INFO] [stdout]    |
[INFO] [stdout] 11 | const VEC2_IDENTITY : Vec2 = Vec2{ x: 1.0, y: 1.0 };
[INFO] [stdout]    | ^^^^^^^^^^^^^^^^^^^^^^^^^^^^^^^^^^^^^^^^^^^^^^^^^^^^
[INFO] [stdout]    |
[INFO] [stdout]    = note: `#[warn(dead_code)]` on by default
[INFO] [stdout] 
[INFO] [stdout] 
[INFO] [stdout] warning: 1 warning emitted
[INFO] [stdout] 
[INFO] [stdout] 
[INFO] [stderr]    Compiling candle v0.1.0 (/opt/rustwide/workdir)
[INFO] [stdout] warning: constant is never used: `VEC2_IDENTITY`
[INFO] [stdout]   --> src/math/vec2.rs:11:1
[INFO] [stdout]    |
[INFO] [stdout] 11 | const VEC2_IDENTITY : Vec2 = Vec2{ x: 1.0, y: 1.0 };
[INFO] [stdout]    | ^^^^^^^^^^^^^^^^^^^^^^^^^^^^^^^^^^^^^^^^^^^^^^^^^^^^
[INFO] [stdout]    |
[INFO] [stdout]    = note: `#[warn(dead_code)]` on by default
[INFO] [stdout] 
[INFO] [stdout] 
[INFO] [stdout] warning: 1 warning emitted
[INFO] [stdout] 
[INFO] [stdout] 
[INFO] [stderr]     Finished test [unoptimized + debuginfo] target(s) in 10.10s
[INFO] running `Command { std: "docker" "inspect" "9542e38737871a83a33497e7a7db998c2533c214889c31b0293f24721e92c06a", kill_on_drop: false }`
[INFO] running `Command { std: "docker" "rm" "-f" "9542e38737871a83a33497e7a7db998c2533c214889c31b0293f24721e92c06a", kill_on_drop: false }`
[INFO] [stdout] 9542e38737871a83a33497e7a7db998c2533c214889c31b0293f24721e92c06a
[INFO] running `Command { std: "docker" "create" "-v" "/var/lib/crater-agent-workspace/builds/worker-74/target:/opt/rustwide/target:rw,Z" "-v" "/var/lib/crater-agent-workspace/builds/worker-74/source:/opt/rustwide/workdir:ro,Z" "-v" "/var/lib/crater-agent-workspace/cargo-home:/opt/rustwide/cargo-home:ro,Z" "-v" "/var/lib/crater-agent-workspace/rustup-home:/opt/rustwide/rustup-home:ro,Z" "-e" "SOURCE_DIR=/opt/rustwide/workdir" "-e" "CARGO_TARGET_DIR=/opt/rustwide/target" "-e" "CARGO_INCREMENTAL=0" "-e" "RUST_BACKTRACE=full" "-e" "RUSTFLAGS=--cap-lints=warn" "-e" "CARGO_HOME=/opt/rustwide/cargo-home" "-e" "RUSTUP_HOME=/opt/rustwide/rustup-home" "-w" "/opt/rustwide/workdir" "-m" "1610612736" "--user" "0:0" "--network" "none" "ghcr.io/rust-lang/crates-build-env/linux@sha256:34b6a614d2c27851fe6cbf88fbd1137609cefab8b10d0615aaeb6fd47975d74e" "/opt/rustwide/cargo-home/bin/cargo" "+beta-2021-08-01" "test" "--frozen", kill_on_drop: false }`
[INFO] [stdout] 448605aa3af3622f6968e07945bb60230f05980ccc9d7453dd831400c8425f5c
[INFO] running `Command { std: "docker" "start" "-a" "448605aa3af3622f6968e07945bb60230f05980ccc9d7453dd831400c8425f5c", kill_on_drop: false }`
[INFO] [stderr]     Blocking waiting for file lock on package cache
[INFO] [stderr] warning: constant is never used: `VEC2_IDENTITY`
[INFO] [stderr]   --> src/math/vec2.rs:11:1
[INFO] [stderr]    |
[INFO] [stderr] 11 | const VEC2_IDENTITY : Vec2 = Vec2{ x: 1.0, y: 1.0 };
[INFO] [stderr]    | ^^^^^^^^^^^^^^^^^^^^^^^^^^^^^^^^^^^^^^^^^^^^^^^^^^^^
[INFO] [stderr]    |
[INFO] [stderr]    = note: `#[warn(dead_code)]` on by default
[INFO] [stderr] 
[INFO] [stderr] warning: `candle` (lib) generated 1 warning
[INFO] [stderr] warning: `candle` (lib test) generated 1 warning (1 duplicate)
[INFO] [stderr]     Finished test [unoptimized + debuginfo] target(s) in 1.65s
[INFO] [stderr]      Running unittests (/opt/rustwide/target/debug/deps/candle-06a09f98f2fa4f99)
[INFO] [stdout] 
[INFO] [stderr]      Running unittests (/opt/rustwide/target/debug/deps/candle-39a02c116ab4b9e5)
[INFO] [stdout] running 0 tests
[INFO] [stdout] 
[INFO] [stdout] test result: ok. 0 passed; 0 failed; 0 ignored; 0 measured; 0 filtered out; finished in 0.00s
[INFO] [stdout] 
[INFO] [stdout] 
[INFO] [stdout] running 0 tests
[INFO] [stdout] 
[INFO] [stdout] test result: ok. 0 passed; 0 failed; 0 ignored; 0 measured; 0 filtered out; finished in 0.00s
[INFO] [stdout] 
[INFO] [stderr]    Doc-tests candle
[INFO] [stdout] 
[INFO] [stdout] running 19 tests
[INFO] [stdout] test src/math/vec2.rs - math::vec2::&'b Vec2::approx_eq (line 338) ... FAILED
[INFO] [stdout] test src/math/vec2.rs - math::vec2::Vec2::add (line 156) ... ok
[INFO] [stdout] test src/math/vec2.rs - math::vec2::Vec2::sub (line 209) ... ok
[INFO] [stdout] test src/math/vec2.rs - math::vec2::Vec2::normalized (line 62) ... ok
[INFO] [stdout] test src/math/vec2.rs - math::vec2::Vec2::sub (line 263) ... ok
[INFO] [stdout] test src/math/vec2.rs - math::vec2::Vec2::dot (line 33) ... ok
[INFO] [stdout] test src/math/vec2.rs - math::vec2::Vec2::length (line 45) ... ok
[INFO] [stdout] test src/math/vec2.rs - math::vec2::&'b Vec2::add (line 174) ... ok
[INFO] [stdout] test src/math/vec2.rs - math::vec2::&'b Vec2::add (line 137) ... ok
[INFO] [stdout] test src/math/vec2.rs - math::vec2::Vec2::add (line 99) ... ok
[INFO] [stdout] test src/math/vec2.rs - math::vec2::Vec2::approx_eq (line 300) ... ok
[INFO] [stdout] test src/math/vec2.rs - math::vec2::Vec2::approx_eq (line 319) ... ok
[INFO] [stdout] test src/math/vec2.rs - math::vec2::Vec2::sub (line 191) ... ok
[INFO] [stdout] test src/math/vec2.rs - math::vec2::Vec2::new (line 18) ... ok
[INFO] [stdout] test src/math/vec2.rs - math::vec2::&'b Vec2::sub (line 280) ... ok
[INFO] [stdout] test src/math/vec2.rs - math::vec2::&'b Vec2::sub (line 227) ... ok
[INFO] [stdout] test src/math/vec2.rs - math::vec2::Vec2::add (line 80) ... ok
[INFO] [stdout] test src/math/vec2.rs - math::vec2::&'a Vec2::add (line 118) ... ok
[INFO] [stdout] test src/math/vec2.rs - math::vec2::&'b Vec2::sub (line 245) ... ok
[INFO] [stdout] 
[INFO] [stdout] failures:
[INFO] [stdout] 
[INFO] [stdout] ---- src/math/vec2.rs - math::vec2::&'b Vec2::approx_eq (line 338) stdout ----
[INFO] [stdout] error[E0308]: mismatched types
[INFO] [stdout]  --> src/math/vec2.rs:342:24
[INFO] [stdout]   |
[INFO] [stdout] 7 | assert!(vec1.approx_eq(vec2));
[INFO] [stdout]   |                        ^^^^
[INFO] [stdout]   |                        |
[INFO] [stdout]   |                        expected `&Vec2`, found struct `Vec2`
[INFO] [stdout]   |                        help: consider borrowing here: `&vec2`
[INFO] [stdout] 
[INFO] [stdout] error: aborting due to previous error
[INFO] [stdout] 
[INFO] [stdout] For more information about this error, try `rustc --explain E0308`.
[INFO] [stdout] Couldn't compile the test.
[INFO] [stdout] 
[INFO] [stdout] failures:
[INFO] [stdout]     src/math/vec2.rs - math::vec2::&'b Vec2::approx_eq (line 338)
[INFO] [stdout] 
[INFO] [stdout] test result: FAILED. 18 passed; 1 failed; 0 ignored; 0 measured; 0 filtered out; finished in 1.29s
[INFO] [stdout] 
[INFO] [stderr] error: test failed, to rerun pass '--doc'
[INFO] running `Command { std: "docker" "inspect" "448605aa3af3622f6968e07945bb60230f05980ccc9d7453dd831400c8425f5c", kill_on_drop: false }`
[INFO] running `Command { std: "docker" "rm" "-f" "448605aa3af3622f6968e07945bb60230f05980ccc9d7453dd831400c8425f5c", kill_on_drop: false }`
[INFO] [stdout] 448605aa3af3622f6968e07945bb60230f05980ccc9d7453dd831400c8425f5c
