[INFO] cloning repository https://github.com/luban-project/luban
[INFO] running `Command { std: "git" "-c" "credential.helper=" "-c" "credential.helper=/workspace/cargo-home/bin/git-credential-null" "clone" "--bare" "https://github.com/luban-project/luban" "/workspace/cache/git-repos/https%3A%2F%2Fgithub.com%2Fluban-project%2Fluban", kill_on_drop: false }`
[INFO] [stderr] Cloning into bare repository '/workspace/cache/git-repos/https%3A%2F%2Fgithub.com%2Fluban-project%2Fluban'...
[INFO] running `Command { std: "git" "rev-parse" "HEAD", kill_on_drop: false }`
[INFO] [stdout] df4cd9f2b1eef328781dc08a591ba5aa6877a088
[INFO] testing luban-project/luban against 1.54.0 for beta-1.55-1
[INFO] running `Command { std: "git" "clone" "/workspace/cache/git-repos/https%3A%2F%2Fgithub.com%2Fluban-project%2Fluban" "/workspace/builds/worker-44/source", kill_on_drop: false }`
[INFO] [stderr] Cloning into '/workspace/builds/worker-44/source'...
[INFO] [stderr] done.
[INFO] validating manifest of git repo https://github.com/luban-project/luban on toolchain 1.54.0
[INFO] running `Command { std: "/workspace/cargo-home/bin/cargo" "+1.54.0" "metadata" "--manifest-path" "Cargo.toml" "--no-deps", kill_on_drop: false }`
[INFO] started tweaking git repo https://github.com/luban-project/luban
[INFO] finished tweaking git repo https://github.com/luban-project/luban
[INFO] tweaked toml for git repo https://github.com/luban-project/luban written to /workspace/builds/worker-44/source/Cargo.toml
[INFO] crate git repo https://github.com/luban-project/luban already has a lockfile, it will not be regenerated
[INFO] running `Command { std: "/workspace/cargo-home/bin/cargo" "+1.54.0" "fetch" "--manifest-path" "Cargo.toml", kill_on_drop: false }`
[INFO] [stderr] warning: unused manifest key: package.maintenance
[INFO] [stderr]     Blocking waiting for file lock on package cache
[INFO] [stderr]     Blocking waiting for file lock on package cache
[INFO] [stderr]  Downloading crates ...
[INFO] [stderr]   Downloaded openssl-sys v0.9.41
[INFO] [stderr]   Downloaded git2 v0.7.5
[INFO] [stderr]   Downloaded nom-sql v0.0.10
[INFO] [stderr]   Downloaded case v1.0.0
[INFO] [stderr]   Downloaded proc-macro2 v0.4.26
[INFO] [stderr]   Downloaded serde_json v1.0.37
[INFO] [stderr]   Downloaded fs_extra v0.1.0
[INFO] [stderr]   Downloaded sqlparser v0.5.0
[INFO] [stderr]   Downloaded serde v1.0.85
[INFO] [stderr]   Downloaded config v0.9.2
[INFO] [stderr]   Downloaded serde_derive v1.0.85
[INFO] running `Command { std: "docker" "create" "-v" "/var/lib/crater-agent-workspace/builds/worker-44/target:/opt/rustwide/target:rw,Z" "-v" "/var/lib/crater-agent-workspace/builds/worker-44/source:/opt/rustwide/workdir:ro,Z" "-v" "/var/lib/crater-agent-workspace/cargo-home:/opt/rustwide/cargo-home:ro,Z" "-v" "/var/lib/crater-agent-workspace/rustup-home:/opt/rustwide/rustup-home:ro,Z" "-e" "SOURCE_DIR=/opt/rustwide/workdir" "-e" "CARGO_TARGET_DIR=/opt/rustwide/target" "-e" "CARGO_HOME=/opt/rustwide/cargo-home" "-e" "RUSTUP_HOME=/opt/rustwide/rustup-home" "-w" "/opt/rustwide/workdir" "-m" "1610612736" "--user" "0:0" "--network" "none" "ghcr.io/rust-lang/crates-build-env/linux@sha256:34b6a614d2c27851fe6cbf88fbd1137609cefab8b10d0615aaeb6fd47975d74e" "/opt/rustwide/cargo-home/bin/cargo" "+1.54.0" "metadata" "--no-deps" "--format-version=1", kill_on_drop: false }`
[INFO] [stdout] 18bf2563a6ba073b3c57a28852ad3eae38573c2b45411ad09e09381c48b7afdf
[INFO] running `Command { std: "docker" "start" "-a" "18bf2563a6ba073b3c57a28852ad3eae38573c2b45411ad09e09381c48b7afdf", kill_on_drop: false }`
[INFO] running `Command { std: "docker" "inspect" "18bf2563a6ba073b3c57a28852ad3eae38573c2b45411ad09e09381c48b7afdf", kill_on_drop: false }`
[INFO] running `Command { std: "docker" "rm" "-f" "18bf2563a6ba073b3c57a28852ad3eae38573c2b45411ad09e09381c48b7afdf", kill_on_drop: false }`
[INFO] [stdout] 18bf2563a6ba073b3c57a28852ad3eae38573c2b45411ad09e09381c48b7afdf
[INFO] running `Command { std: "docker" "create" "-v" "/var/lib/crater-agent-workspace/builds/worker-44/target:/opt/rustwide/target:rw,Z" "-v" "/var/lib/crater-agent-workspace/builds/worker-44/source:/opt/rustwide/workdir:ro,Z" "-v" "/var/lib/crater-agent-workspace/cargo-home:/opt/rustwide/cargo-home:ro,Z" "-v" "/var/lib/crater-agent-workspace/rustup-home:/opt/rustwide/rustup-home:ro,Z" "-e" "SOURCE_DIR=/opt/rustwide/workdir" "-e" "CARGO_TARGET_DIR=/opt/rustwide/target" "-e" "CARGO_INCREMENTAL=0" "-e" "RUST_BACKTRACE=full" "-e" "RUSTFLAGS=--cap-lints=warn" "-e" "CARGO_HOME=/opt/rustwide/cargo-home" "-e" "RUSTUP_HOME=/opt/rustwide/rustup-home" "-w" "/opt/rustwide/workdir" "-m" "1610612736" "--user" "0:0" "--network" "none" "ghcr.io/rust-lang/crates-build-env/linux@sha256:34b6a614d2c27851fe6cbf88fbd1137609cefab8b10d0615aaeb6fd47975d74e" "/opt/rustwide/cargo-home/bin/cargo" "+1.54.0" "build" "--frozen" "--message-format=json", kill_on_drop: false }`
[INFO] [stdout] 60c34932473f3a1e236997458167ddd14bb01ffe242d3c870552aff8e50555d0
[INFO] running `Command { std: "docker" "start" "-a" "60c34932473f3a1e236997458167ddd14bb01ffe242d3c870552aff8e50555d0", kill_on_drop: false }`
[INFO] [stderr] warning: unused manifest key: package.maintenance
[INFO] [stderr]    Compiling libc v0.2.66
[INFO] [stderr]    Compiling cc v1.0.28
[INFO] [stderr]    Compiling pkg-config v0.3.14
[INFO] [stderr]    Compiling cfg-if v0.1.6
[INFO] [stderr]    Compiling memchr v2.1.3
[INFO] [stderr]    Compiling proc-macro2 v0.4.26
[INFO] [stderr]    Compiling maybe-uninit v2.0.0
[INFO] [stderr]    Compiling unicode-xid v0.1.0
[INFO] [stderr]    Compiling serde v1.0.85
[INFO] [stderr]    Compiling num-traits v0.2.6
[INFO] [stderr]    Compiling ucd-util v0.1.3
[INFO] [stderr]    Compiling matches v0.1.8
[INFO] [stderr]    Compiling autocfg v0.1.7
[INFO] [stderr]    Compiling lazy_static v1.4.0
[INFO] [stderr]    Compiling regex v1.1.0
[INFO] [stderr]    Compiling ryu v0.2.7
[INFO] [stderr]    Compiling ucd-trie v0.1.1
[INFO] [stderr]    Compiling utf8-ranges v1.0.2
[INFO] [stderr]    Compiling num-integer v0.1.39
[INFO] [stderr]    Compiling serde v0.8.23
[INFO] [stderr]    Compiling maplit v1.0.1
[INFO] [stderr]    Compiling unic-char-range v0.7.0
[INFO] [stderr]    Compiling unic-common v0.7.0
[INFO] [stderr]    Compiling itoa v0.4.3
[INFO] [stderr]    Compiling rustc-demangle v0.1.13
[INFO] [stderr]    Compiling linked-hash-map v0.5.1
[INFO] [stderr]    Compiling percent-encoding v1.0.1
[INFO] [stderr]    Compiling bitflags v1.0.4
[INFO] [stderr]    Compiling lazy_static v0.2.11
[INFO] [stderr]    Compiling unicode-width v0.1.5
[INFO] [stderr]    Compiling deunicode v0.4.3
[INFO] [stderr]    Compiling strsim v0.7.0
[INFO] [stderr]    Compiling ansi_term v0.11.0
[INFO] [stderr]    Compiling vec_map v0.8.1
[INFO] [stderr]    Compiling openssl-probe v0.1.2
[INFO] [stderr]    Compiling same-file v1.0.4
[INFO] [stderr]    Compiling rust-ini v0.13.0
[INFO] [stderr]    Compiling humansize v1.1.0
[INFO] [stderr]    Compiling dtoa v0.4.3
[INFO] [stderr]    Compiling fs_extra v0.1.0
[INFO] [stderr]    Compiling case v1.0.0
[INFO] [stderr]    Compiling unicode-bidi v0.3.4
[INFO] [stderr]    Compiling textwrap v0.10.0
[INFO] [stderr]    Compiling log v0.4.6
[INFO] [stderr]    Compiling regex-syntax v0.6.4
[INFO] [stderr]    Compiling unic-ucd-version v0.7.0
[INFO] [stderr]    Compiling thread_local v0.3.6
[INFO] [stderr]    Compiling walkdir v2.2.9
[INFO] [stderr]    Compiling yaml-rust v0.4.2
[INFO] [stderr]    Compiling unic-char-property v0.7.0
[INFO] [stderr]    Compiling slug v0.1.4
[INFO] [stderr]    Compiling pest v2.1.0
[INFO] [stderr]    Compiling backtrace v0.3.13
[INFO] [stderr]    Compiling sqlparser v0.5.0
[INFO] [stderr]    Compiling unic-ucd-segment v0.7.0
[INFO] [stderr]    Compiling libz-sys v1.0.25
[INFO] [stderr]    Compiling openssl-sys v0.9.41
[INFO] [stderr]    Compiling curl-sys v0.4.16
[INFO] [stderr]    Compiling libssh2-sys v0.2.11
[INFO] [stderr]    Compiling backtrace-sys v0.1.28
[INFO] [stderr]    Compiling libgit2-sys v0.7.11
[INFO] [stderr]    Compiling serde_test v0.8.23
[INFO] [stderr]    Compiling quote v0.6.11
[INFO] [stderr]    Compiling smallvec v0.6.13
[INFO] [stderr]    Compiling unic-segment v0.7.0
[INFO] [stderr]    Compiling pest_meta v2.1.0
[INFO] [stderr]    Compiling num-traits v0.1.43
[INFO] [stderr]    Compiling syn v0.15.26
[INFO] [stderr]    Compiling time v0.1.42
[INFO] [stderr]    Compiling atty v0.2.11
[INFO] [stderr]    Compiling dirs v1.0.4
[INFO] [stderr]    Compiling linked-hash-map v0.3.0
[INFO] [stderr]    Compiling unicode-normalization v0.1.8
[INFO] [stderr]    Compiling clap v2.32.0
[INFO] [stderr]    Compiling chrono v0.4.6
[INFO] [stderr]    Compiling aho-corasick v0.6.9
[INFO] [stderr]    Compiling nom v4.2.0
[INFO] [stderr]    Compiling error-chain v0.12.0
[INFO] [stderr]    Compiling serde_json v1.0.37
[INFO] [stderr]    Compiling toml v0.4.10
[INFO] [stderr]    Compiling serde_yaml v0.8.8
[INFO] [stderr]    Compiling pest_generator v2.1.0
[INFO] [stderr]    Compiling idna v0.1.5
[INFO] [stderr]    Compiling url v1.7.2
[INFO] [stderr]    Compiling serde-hjson v0.8.2
[INFO] [stderr]    Compiling serde_derive v1.0.85
[INFO] [stderr]    Compiling pest_derive v2.1.0
[INFO] [stderr]    Compiling config v0.9.2
[INFO] [stderr]    Compiling tera v0.11.20
[INFO] [stderr]    Compiling nom-sql v0.0.10
[INFO] [stderr]    Compiling git2 v0.7.5
[INFO] [stderr]    Compiling cargo-luban v0.3.1 (/opt/rustwide/workdir)
[INFO] [stdout] warning: unused import: `std::fs::File`
[INFO] [stdout]  --> src/sql/sql_parser.rs:1:5
[INFO] [stdout]   |
[INFO] [stdout] 1 | use std::fs::File;
[INFO] [stdout]   |     ^^^^^^^^^^^^^
[INFO] [stdout]   |
[INFO] [stdout]   = note: `#[warn(unused_imports)]` on by default
[INFO] [stdout] 
[INFO] [stdout] 
[INFO] [stdout] warning: unused import: `std::io::Read`
[INFO] [stdout]  --> src/sql/sql_parser.rs:2:5
[INFO] [stdout]   |
[INFO] [stdout] 2 | use std::io::Read;
[INFO] [stdout]   |     ^^^^^^^^^^^^^
[INFO] [stdout] 
[INFO] [stdout] 
[INFO] [stdout] warning: unused import: `std::path::Path`
[INFO] [stdout]  --> src/sql/sql_parser.rs:4:5
[INFO] [stdout]   |
[INFO] [stdout] 4 | use std::path::Path;
[INFO] [stdout]   |     ^^^^^^^^^^^^^^^
[INFO] [stdout] 
[INFO] [stdout] 
[INFO] [stdout] warning: unused import: `std::ops::FnOnce`
[INFO] [stdout]  --> src/sql/sql_parser.rs:5:5
[INFO] [stdout]   |
[INFO] [stdout] 5 | use std::ops::FnOnce;
[INFO] [stdout]   |     ^^^^^^^^^^^^^^^^
[INFO] [stdout] 
[INFO] [stdout] 
[INFO] [stdout] warning: unused import: `std::borrow::Borrow`
[INFO] [stdout]  --> src/sql/sql_parser.rs:6:5
[INFO] [stdout]   |
[INFO] [stdout] 6 | use std::borrow::Borrow;
[INFO] [stdout]   |     ^^^^^^^^^^^^^^^^^^^
[INFO] [stdout] 
[INFO] [stdout] 
[INFO] [stdout] warning: unused import: `std::fs`
[INFO] [stdout]  --> src/structure_builder.rs:3:5
[INFO] [stdout]   |
[INFO] [stdout] 3 | use std::fs;
[INFO] [stdout]   |     ^^^^^^^
[INFO] [stdout] 
[INFO] [stdout] 
[INFO] [stdout] warning: unused import: `tera::Tera`
[INFO] [stdout]  --> src/structure_builder.rs:4:5
[INFO] [stdout]   |
[INFO] [stdout] 4 | use tera::Tera;
[INFO] [stdout]   |     ^^^^^^^^^^
[INFO] [stdout] 
[INFO] [stdout] 
[INFO] [stdout] warning: unused import: `fs::DirEntry`
[INFO] [stdout]  --> src/template_installer.rs:6:5
[INFO] [stdout]   |
[INFO] [stdout] 6 | use fs::DirEntry;
[INFO] [stdout]   |     ^^^^^^^^^^^^
[INFO] [stdout] 
[INFO] [stdout] 
[INFO] [stdout] warning: unused import: `walkdir::WalkDir`
[INFO] [stdout]   --> src/template_installer.rs:11:5
[INFO] [stdout]    |
[INFO] [stdout] 11 | use walkdir::WalkDir;
[INFO] [stdout]    |     ^^^^^^^^^^^^^^^^
[INFO] [stdout] 
[INFO] [stdout] 
[INFO] [stdout] warning: unused import: `super::structure_builder::ProjectStructure`
[INFO] [stdout]  --> src/template_renderer.rs:5:5
[INFO] [stdout]   |
[INFO] [stdout] 5 | use super::structure_builder::ProjectStructure;
[INFO] [stdout]   |     ^^^^^^^^^^^^^^^^^^^^^^^^^^^^^^^^^^^^^^^^^^
[INFO] [stdout] 
[INFO] [stdout] 
[INFO] [stdout] warning: unused import: `std::borrow::Borrow`
[INFO] [stdout]   --> src/template_renderer.rs:11:5
[INFO] [stdout]    |
[INFO] [stdout] 11 | use std::borrow::Borrow;
[INFO] [stdout]    |     ^^^^^^^^^^^^^^^^^^^
[INFO] [stdout] 
[INFO] [stdout] 
[INFO] [stdout] warning: unused import: `std::io`
[INFO] [stdout]  --> src/file_utils.rs:3:5
[INFO] [stdout]   |
[INFO] [stdout] 3 | use std::io;
[INFO] [stdout]   |     ^^^^^^^
[INFO] [stdout] 
[INFO] [stdout] 
[INFO] [stdout] warning: unused import: `std::fs`
[INFO] [stdout]  --> src/ext/tera_util.rs:1:5
[INFO] [stdout]   |
[INFO] [stdout] 1 | use std::fs;
[INFO] [stdout]   |     ^^^^^^^
[INFO] [stdout] 
[INFO] [stdout] 
[INFO] [stdout] warning: unused import: `nom_sql::parser`
[INFO] [stdout]  --> src/ext/tera_util.rs:3:5
[INFO] [stdout]   |
[INFO] [stdout] 3 | use nom_sql::parser;
[INFO] [stdout]   |     ^^^^^^^^^^^^^^^
[INFO] [stdout] 
[INFO] [stdout] 
[INFO] [stdout] warning: unused import: `command_args_parser::ParsedArgs`
[INFO] [stdout]   --> src/main.rs:25:5
[INFO] [stdout]    |
[INFO] [stdout] 25 | use command_args_parser::ParsedArgs;
[INFO] [stdout]    |     ^^^^^^^^^^^^^^^^^^^^^^^^^^^^^^^
[INFO] [stdout] 
[INFO] [stdout] 
[INFO] [stdout] warning: unused import: `sql::sql_parser`
[INFO] [stdout]   --> src/main.rs:26:5
[INFO] [stdout]    |
[INFO] [stdout] 26 | use sql::sql_parser;
[INFO] [stdout]    |     ^^^^^^^^^^^^^^^
[INFO] [stdout] 
[INFO] [stdout] 
[INFO] [stdout] warning: unused variable: `force`
[INFO] [stdout]    --> src/template_installer.rs:208:61
[INFO] [stdout]     |
[INFO] [stdout] 208 | pub fn install_template_from_dir(name: String, dir: String, force: bool) {
[INFO] [stdout]     |                                                             ^^^^^ help: if this is intentional, prefix it with an underscore: `_force`
[INFO] [stdout]     |
[INFO] [stdout]     = note: `#[warn(unused_variables)]` on by default
[INFO] [stdout] 
[INFO] [stdout] 
[INFO] [stdout] warning: unused variable: `item`
[INFO] [stdout]    --> src/template_renderer.rs:237:23
[INFO] [stdout]     |
[INFO] [stdout] 237 | fn copy_template_file(item: &ProjectStructureItem) {
[INFO] [stdout]     |                       ^^^^ help: if this is intentional, prefix it with an underscore: `_item`
[INFO] [stdout] 
[INFO] [stdout] 
[INFO] [stdout] warning: unused variable: `f`
[INFO] [stdout]    --> src/template_renderer.rs:261:17
[INFO] [stdout]     |
[INFO] [stdout] 261 |              Ok(f) => (),
[INFO] [stdout]     |                 ^ help: if this is intentional, prefix it with an underscore: `_f`
[INFO] [stdout] 
[INFO] [stdout] 
[INFO] [stdout] warning: unused variable: `e`
[INFO] [stdout]    --> src/template_renderer.rs:262:18
[INFO] [stdout]     |
[INFO] [stdout] 262 |              Err(e) => match fs::create_dir_all(&target_dir_path) {
[INFO] [stdout]     |                  ^ help: if this is intentional, prefix it with an underscore: `_e`
[INFO] [stdout] 
[INFO] [stdout] 
[INFO] [stdout] warning: unused variable: `t`
[INFO] [stdout]    --> src/template_renderer.rs:263:21
[INFO] [stdout]     |
[INFO] [stdout] 263 |                  Ok(t) => println!("[create dir]: {}", &target_dir_path),
[INFO] [stdout]     |                     ^ help: if this is intentional, prefix it with an underscore: `_t`
[INFO] [stdout] 
[INFO] [stdout] 
[INFO] [stdout] warning: unused variable: `v`
[INFO] [stdout]    --> src/template_renderer.rs:269:16
[INFO] [stdout]     |
[INFO] [stdout] 269 |             Ok(v) => println!("[copy  asset]: {}", &target_file_path),
[INFO] [stdout]     |                ^ help: if this is intentional, prefix it with an underscore: `_v`
[INFO] [stdout] 
[INFO] [stdout] 
[INFO] [stdout] warning: function is never used: `valid_sql_line`
[INFO] [stdout]  --> src/sql/file_to_sql.rs:6:4
[INFO] [stdout]   |
[INFO] [stdout] 6 | fn valid_sql_line(line: &&str) -> bool {
[INFO] [stdout]   |    ^^^^^^^^^^^^^^
[INFO] [stdout]   |
[INFO] [stdout]   = note: `#[warn(dead_code)]` on by default
[INFO] [stdout] 
[INFO] [stdout] 
[INFO] [stdout] warning: function is never used: `read_sql_file`
[INFO] [stdout]   --> src/sql/file_to_sql.rs:15:8
[INFO] [stdout]    |
[INFO] [stdout] 15 | pub fn read_sql_file(path: &str) -> Vec<String> {
[INFO] [stdout]    |        ^^^^^^^^^^^^^
[INFO] [stdout] 
[INFO] [stdout] 
[INFO] [stdout] warning: function is never used: `split_into_sql`
[INFO] [stdout]   --> src/sql/file_to_sql.rs:25:8
[INFO] [stdout]    |
[INFO] [stdout] 25 | pub fn split_into_sql(content: &str) -> Vec<String> {
[INFO] [stdout]    |        ^^^^^^^^^^^^^^
[INFO] [stdout] 
[INFO] [stdout] 
[INFO] [stdout] warning: function is never used: `parse_sql_file`
[INFO] [stdout]   --> src/sql/sql_parser.rs:11:8
[INFO] [stdout]    |
[INFO] [stdout] 11 | pub fn parse_sql_file(path: &str) -> Vec<SqlQuery> {
[INFO] [stdout]    |        ^^^^^^^^^^^^^^
[INFO] [stdout] 
[INFO] [stdout] 
[INFO] [stdout] warning: associated function is never used: `is_dir`
[INFO] [stdout]   --> src/structure_builder.rs:23:12
[INFO] [stdout]    |
[INFO] [stdout] 23 |     pub fn is_dir(&self) -> bool {
[INFO] [stdout]    |            ^^^^^^
[INFO] [stdout] 
[INFO] [stdout] 
[INFO] [stdout] warning: function is never used: `get_template_path`
[INFO] [stdout]   --> src/template_installer.rs:33:8
[INFO] [stdout]    |
[INFO] [stdout] 33 | pub fn get_template_path() -> PathBuf {
[INFO] [stdout]    |        ^^^^^^^^^^^^^^^^^
[INFO] [stdout] 
[INFO] [stdout] 
[INFO] [stdout] warning: function is never used: `copy_template_file`
[INFO] [stdout]    --> src/template_renderer.rs:237:4
[INFO] [stdout]     |
[INFO] [stdout] 237 | fn copy_template_file(item: &ProjectStructureItem) {
[INFO] [stdout]     |    ^^^^^^^^^^^^^^^^^^
[INFO] [stdout] 
[INFO] [stdout] 
[INFO] [stdout] warning: associated function is never used: `new`
[INFO] [stdout]   --> src/ext/tera_util.rs:14:8
[INFO] [stdout]    |
[INFO] [stdout] 14 |     fn new(template_path: &str)-> Self {
[INFO] [stdout]    |        ^^^
[INFO] [stdout] 
[INFO] [stdout] 
[INFO] [stdout] warning: panic message is not a string literal
[INFO] [stdout]    --> src/template_renderer.rs:264:35
[INFO] [stdout]     |
[INFO] [stdout] 264 |                  Err(e) => panic!(e),
[INFO] [stdout]     |                                   ^
[INFO] [stdout]     |
[INFO] [stdout]     = note: `#[warn(non_fmt_panic)]` on by default
[INFO] [stdout]     = note: this is no longer accepted in Rust 2021
[INFO] [stdout] help: add a "{}" format string to Display the message
[INFO] [stdout]     |
[INFO] [stdout] 264 |                  Err(e) => panic!("{}", e),
[INFO] [stdout]     |                                   ^^^^^
[INFO] [stdout] help: or use std::panic::panic_any instead
[INFO] [stdout]     |
[INFO] [stdout] 264 |                  Err(e) => std::panic::panic_any(e),
[INFO] [stdout]     |                            ^^^^^^^^^^^^^^^^^^^^^
[INFO] [stdout] 
[INFO] [stdout] 
[INFO] [stdout] warning: panic message is not a string literal
[INFO] [stdout]    --> src/template_renderer.rs:270:30
[INFO] [stdout]     |
[INFO] [stdout] 270 |             Err(e) => panic!(e)
[INFO] [stdout]     |                              ^
[INFO] [stdout]     |
[INFO] [stdout]     = note: this is no longer accepted in Rust 2021
[INFO] [stdout] help: add a "{}" format string to Display the message
[INFO] [stdout]     |
[INFO] [stdout] 270 |             Err(e) => panic!("{}", e)
[INFO] [stdout]     |                              ^^^^^
[INFO] [stdout] help: or use std::panic::panic_any instead
[INFO] [stdout]     |
[INFO] [stdout] 270 |             Err(e) => std::panic::panic_any(e)
[INFO] [stdout]     |                       ^^^^^^^^^^^^^^^^^^^^^
[INFO] [stdout] 
[INFO] [stdout] 
[INFO] [stdout] warning: unused `Result` that must be used
[INFO] [stdout]    --> src/template_installer.rs:201:17
[INFO] [stdout]     |
[INFO] [stdout] 201 |                 fs::copy(entry.as_path(), to_dir);
[INFO] [stdout]     |                 ^^^^^^^^^^^^^^^^^^^^^^^^^^^^^^^^^^
[INFO] [stdout]     |
[INFO] [stdout]     = note: `#[warn(unused_must_use)]` on by default
[INFO] [stdout]     = note: this `Result` may be an `Err` variant, which should be handled
[INFO] [stdout] 
[INFO] [stdout] 
[INFO] [stdout] warning: unused `Result` that must be used
[INFO] [stdout]    --> src/template_installer.rs:216:5
[INFO] [stdout]     |
[INFO] [stdout] 216 |     fs::create_dir_all(&template_path);
[INFO] [stdout]     |     ^^^^^^^^^^^^^^^^^^^^^^^^^^^^^^^^^^^
[INFO] [stdout]     |
[INFO] [stdout]     = note: this `Result` may be an `Err` variant, which should be handled
[INFO] [stdout] 
[INFO] [stdout] 
[INFO] [stdout] warning: unused `Result` that must be used
[INFO] [stdout]    --> src/template_installer.rs:217:5
[INFO] [stdout]     |
[INFO] [stdout] 217 |     copy_dir_content(&dir_path, &template_path);
[INFO] [stdout]     |     ^^^^^^^^^^^^^^^^^^^^^^^^^^^^^^^^^^^^^^^^^^^^
[INFO] [stdout]     |
[INFO] [stdout]     = note: this `Result` may be an `Err` variant, which should be handled
[INFO] [stdout] 
[INFO] [stdout] 
[INFO] [stdout] warning: 35 warnings emitted
[INFO] [stdout] 
[INFO] [stdout] 
[INFO] [stderr]     Finished dev [unoptimized + debuginfo] target(s) in 1m 38s
[INFO] running `Command { std: "docker" "inspect" "60c34932473f3a1e236997458167ddd14bb01ffe242d3c870552aff8e50555d0", kill_on_drop: false }`
[INFO] running `Command { std: "docker" "rm" "-f" "60c34932473f3a1e236997458167ddd14bb01ffe242d3c870552aff8e50555d0", kill_on_drop: false }`
[INFO] [stdout] 60c34932473f3a1e236997458167ddd14bb01ffe242d3c870552aff8e50555d0
[INFO] running `Command { std: "docker" "create" "-v" "/var/lib/crater-agent-workspace/builds/worker-44/target:/opt/rustwide/target:rw,Z" "-v" "/var/lib/crater-agent-workspace/builds/worker-44/source:/opt/rustwide/workdir:ro,Z" "-v" "/var/lib/crater-agent-workspace/cargo-home:/opt/rustwide/cargo-home:ro,Z" "-v" "/var/lib/crater-agent-workspace/rustup-home:/opt/rustwide/rustup-home:ro,Z" "-e" "SOURCE_DIR=/opt/rustwide/workdir" "-e" "CARGO_TARGET_DIR=/opt/rustwide/target" "-e" "CARGO_INCREMENTAL=0" "-e" "RUST_BACKTRACE=full" "-e" "RUSTFLAGS=--cap-lints=warn" "-e" "CARGO_HOME=/opt/rustwide/cargo-home" "-e" "RUSTUP_HOME=/opt/rustwide/rustup-home" "-w" "/opt/rustwide/workdir" "-m" "1610612736" "--user" "0:0" "--network" "none" "ghcr.io/rust-lang/crates-build-env/linux@sha256:34b6a614d2c27851fe6cbf88fbd1137609cefab8b10d0615aaeb6fd47975d74e" "/opt/rustwide/cargo-home/bin/cargo" "+1.54.0" "test" "--frozen" "--no-run" "--message-format=json", kill_on_drop: false }`
[INFO] [stdout] 71ad8d80e1e1f93d70f1935483c58259f96acae5c705f1e26afa32f1b808e48a
[INFO] running `Command { std: "docker" "start" "-a" "71ad8d80e1e1f93d70f1935483c58259f96acae5c705f1e26afa32f1b808e48a", kill_on_drop: false }`
[INFO] [stderr] warning: unused manifest key: package.maintenance
[INFO] [stderr]     Blocking waiting for file lock on package cache
[INFO] [stderr]    Compiling cargo-luban v0.3.1 (/opt/rustwide/workdir)
[INFO] [stdout] warning: unused import: `std::fs::File`
[INFO] [stdout]  --> src/sql/sql_parser.rs:1:5
[INFO] [stdout]   |
[INFO] [stdout] 1 | use std::fs::File;
[INFO] [stdout]   |     ^^^^^^^^^^^^^
[INFO] [stdout]   |
[INFO] [stdout]   = note: `#[warn(unused_imports)]` on by default
[INFO] [stdout] 
[INFO] [stdout] 
[INFO] [stdout] warning: unused import: `std::io::Read`
[INFO] [stdout]  --> src/sql/sql_parser.rs:2:5
[INFO] [stdout]   |
[INFO] [stdout] 2 | use std::io::Read;
[INFO] [stdout]   |     ^^^^^^^^^^^^^
[INFO] [stdout] 
[INFO] [stdout] 
[INFO] [stdout] warning: unused import: `std::path::Path`
[INFO] [stdout]  --> src/sql/sql_parser.rs:4:5
[INFO] [stdout]   |
[INFO] [stdout] 4 | use std::path::Path;
[INFO] [stdout]   |     ^^^^^^^^^^^^^^^
[INFO] [stdout] 
[INFO] [stdout] 
[INFO] [stdout] warning: unused import: `std::ops::FnOnce`
[INFO] [stdout]  --> src/sql/sql_parser.rs:5:5
[INFO] [stdout]   |
[INFO] [stdout] 5 | use std::ops::FnOnce;
[INFO] [stdout]   |     ^^^^^^^^^^^^^^^^
[INFO] [stdout] 
[INFO] [stdout] 
[INFO] [stdout] warning: unused import: `std::borrow::Borrow`
[INFO] [stdout]  --> src/sql/sql_parser.rs:6:5
[INFO] [stdout]   |
[INFO] [stdout] 6 | use std::borrow::Borrow;
[INFO] [stdout]   |     ^^^^^^^^^^^^^^^^^^^
[INFO] [stdout] 
[INFO] [stdout] 
[INFO] [stdout] warning: unused import: `std::fs`
[INFO] [stdout]  --> src/structure_builder.rs:3:5
[INFO] [stdout]   |
[INFO] [stdout] 3 | use std::fs;
[INFO] [stdout]   |     ^^^^^^^
[INFO] [stdout] 
[INFO] [stdout] 
[INFO] [stdout] warning: unused import: `tera::Tera`
[INFO] [stdout]  --> src/structure_builder.rs:4:5
[INFO] [stdout]   |
[INFO] [stdout] 4 | use tera::Tera;
[INFO] [stdout]   |     ^^^^^^^^^^
[INFO] [stdout] 
[INFO] [stdout] 
[INFO] [stdout] warning: unused import: `fs::DirEntry`
[INFO] [stdout]  --> src/template_installer.rs:6:5
[INFO] [stdout]   |
[INFO] [stdout] 6 | use fs::DirEntry;
[INFO] [stdout]   |     ^^^^^^^^^^^^
[INFO] [stdout] 
[INFO] [stdout] 
[INFO] [stdout] warning: unused import: `walkdir::WalkDir`
[INFO] [stdout]   --> src/template_installer.rs:11:5
[INFO] [stdout]    |
[INFO] [stdout] 11 | use walkdir::WalkDir;
[INFO] [stdout]    |     ^^^^^^^^^^^^^^^^
[INFO] [stdout] 
[INFO] [stdout] 
[INFO] [stdout] warning: unused import: `super::structure_builder::ProjectStructure`
[INFO] [stdout]  --> src/template_renderer.rs:5:5
[INFO] [stdout]   |
[INFO] [stdout] 5 | use super::structure_builder::ProjectStructure;
[INFO] [stdout]   |     ^^^^^^^^^^^^^^^^^^^^^^^^^^^^^^^^^^^^^^^^^^
[INFO] [stdout] 
[INFO] [stdout] 
[INFO] [stdout] warning: unused import: `std::borrow::Borrow`
[INFO] [stdout]   --> src/template_renderer.rs:11:5
[INFO] [stdout]    |
[INFO] [stdout] 11 | use std::borrow::Borrow;
[INFO] [stdout]    |     ^^^^^^^^^^^^^^^^^^^
[INFO] [stdout] 
[INFO] [stdout] 
[INFO] [stdout] warning: unused import: `std::io`
[INFO] [stdout]  --> src/file_utils.rs:3:5
[INFO] [stdout]   |
[INFO] [stdout] 3 | use std::io;
[INFO] [stdout]   |     ^^^^^^^
[INFO] [stdout] 
[INFO] [stdout] 
[INFO] [stdout] warning: unused import: `std::fs`
[INFO] [stdout]  --> src/ext/tera_util.rs:1:5
[INFO] [stdout]   |
[INFO] [stdout] 1 | use std::fs;
[INFO] [stdout]   |     ^^^^^^^
[INFO] [stdout] 
[INFO] [stdout] 
[INFO] [stdout] warning: unused import: `command_args_parser::ParsedArgs`
[INFO] [stdout]   --> src/main.rs:25:5
[INFO] [stdout]    |
[INFO] [stdout] 25 | use command_args_parser::ParsedArgs;
[INFO] [stdout]    |     ^^^^^^^^^^^^^^^^^^^^^^^^^^^^^^^
[INFO] [stdout] 
[INFO] [stdout] 
[INFO] [stdout] warning: unused import: `sql::sql_parser`
[INFO] [stdout]   --> src/main.rs:26:5
[INFO] [stdout]    |
[INFO] [stdout] 26 | use sql::sql_parser;
[INFO] [stdout]    |     ^^^^^^^^^^^^^^^
[INFO] [stdout] 
[INFO] [stdout] 
[INFO] [stdout] warning: unused variable: `force`
[INFO] [stdout]    --> src/template_installer.rs:208:61
[INFO] [stdout]     |
[INFO] [stdout] 208 | pub fn install_template_from_dir(name: String, dir: String, force: bool) {
[INFO] [stdout]     |                                                             ^^^^^ help: if this is intentional, prefix it with an underscore: `_force`
[INFO] [stdout]     |
[INFO] [stdout]     = note: `#[warn(unused_variables)]` on by default
[INFO] [stdout] 
[INFO] [stdout] 
[INFO] [stdout] warning: unused variable: `item`
[INFO] [stdout]    --> src/template_renderer.rs:237:23
[INFO] [stdout]     |
[INFO] [stdout] 237 | fn copy_template_file(item: &ProjectStructureItem) {
[INFO] [stdout]     |                       ^^^^ help: if this is intentional, prefix it with an underscore: `_item`
[INFO] [stdout] 
[INFO] [stdout] 
[INFO] [stdout] warning: unused variable: `f`
[INFO] [stdout]    --> src/template_renderer.rs:261:17
[INFO] [stdout]     |
[INFO] [stdout] 261 |              Ok(f) => (),
[INFO] [stdout]     |                 ^ help: if this is intentional, prefix it with an underscore: `_f`
[INFO] [stdout] 
[INFO] [stdout] 
[INFO] [stdout] warning: unused variable: `e`
[INFO] [stdout]    --> src/template_renderer.rs:262:18
[INFO] [stdout]     |
[INFO] [stdout] 262 |              Err(e) => match fs::create_dir_all(&target_dir_path) {
[INFO] [stdout]     |                  ^ help: if this is intentional, prefix it with an underscore: `_e`
[INFO] [stdout] 
[INFO] [stdout] 
[INFO] [stdout] warning: unused variable: `t`
[INFO] [stdout]    --> src/template_renderer.rs:263:21
[INFO] [stdout]     |
[INFO] [stdout] 263 |                  Ok(t) => println!("[create dir]: {}", &target_dir_path),
[INFO] [stdout]     |                     ^ help: if this is intentional, prefix it with an underscore: `_t`
[INFO] [stdout] 
[INFO] [stdout] 
[INFO] [stdout] warning: unused variable: `v`
[INFO] [stdout]    --> src/template_renderer.rs:269:16
[INFO] [stdout]     |
[INFO] [stdout] 269 |             Ok(v) => println!("[copy  asset]: {}", &target_file_path),
[INFO] [stdout]     |                ^ help: if this is intentional, prefix it with an underscore: `_v`
[INFO] [stdout] 
[INFO] [stdout] 
[INFO] [stdout] warning: unused variable: `e`
[INFO] [stdout]   --> src/ext/tera_util.rs:76:13
[INFO] [stdout]    |
[INFO] [stdout] 76 |         Err(e) => panic!("parse sql failed")
[INFO] [stdout]    |             ^ help: if this is intentional, prefix it with an underscore: `_e`
[INFO] [stdout] 
[INFO] [stdout] 
[INFO] [stdout] warning: function is never used: `read_sql_file`
[INFO] [stdout]   --> src/sql/file_to_sql.rs:15:8
[INFO] [stdout]    |
[INFO] [stdout] 15 | pub fn read_sql_file(path: &str) -> Vec<String> {
[INFO] [stdout]    |        ^^^^^^^^^^^^^
[INFO] [stdout]    |
[INFO] [stdout]    = note: `#[warn(dead_code)]` on by default
[INFO] [stdout] 
[INFO] [stdout] 
[INFO] [stdout] warning: function is never used: `parse_sql_file`
[INFO] [stdout]   --> src/sql/sql_parser.rs:11:8
[INFO] [stdout]    |
[INFO] [stdout] 11 | pub fn parse_sql_file(path: &str) -> Vec<SqlQuery> {
[INFO] [stdout]    |        ^^^^^^^^^^^^^^
[INFO] [stdout] 
[INFO] [stdout] 
[INFO] [stdout] warning: associated function is never used: `is_dir`
[INFO] [stdout]   --> src/structure_builder.rs:23:12
[INFO] [stdout]    |
[INFO] [stdout] 23 |     pub fn is_dir(&self) -> bool {
[INFO] [stdout]    |            ^^^^^^
[INFO] [stdout] 
[INFO] [stdout] 
[INFO] [stdout] warning: function is never used: `get_template_path`
[INFO] [stdout]   --> src/template_installer.rs:33:8
[INFO] [stdout]    |
[INFO] [stdout] 33 | pub fn get_template_path() -> PathBuf {
[INFO] [stdout]    |        ^^^^^^^^^^^^^^^^^
[INFO] [stdout] 
[INFO] [stdout] 
[INFO] [stdout] warning: function is never used: `copy_template_file`
[INFO] [stdout]    --> src/template_renderer.rs:237:4
[INFO] [stdout]     |
[INFO] [stdout] 237 | fn copy_template_file(item: &ProjectStructureItem) {
[INFO] [stdout]     |    ^^^^^^^^^^^^^^^^^^
[INFO] [stdout] 
[INFO] [stdout] 
[INFO] [stdout] warning: associated function is never used: `new`
[INFO] [stdout]   --> src/ext/tera_util.rs:14:8
[INFO] [stdout]    |
[INFO] [stdout] 14 |     fn new(template_path: &str)-> Self {
[INFO] [stdout]    |        ^^^
[INFO] [stdout] 
[INFO] [stdout] 
[INFO] [stdout] warning: panic message is not a string literal
[INFO] [stdout]    --> src/template_renderer.rs:264:35
[INFO] [stdout]     |
[INFO] [stdout] 264 |                  Err(e) => panic!(e),
[INFO] [stdout]     |                                   ^
[INFO] [stdout]     |
[INFO] [stdout]     = note: `#[warn(non_fmt_panic)]` on by default
[INFO] [stdout]     = note: this is no longer accepted in Rust 2021
[INFO] [stdout] help: add a "{}" format string to Display the message
[INFO] [stdout]     |
[INFO] [stdout] 264 |                  Err(e) => panic!("{}", e),
[INFO] [stdout]     |                                   ^^^^^
[INFO] [stdout] help: or use std::panic::panic_any instead
[INFO] [stdout]     |
[INFO] [stdout] 264 |                  Err(e) => std::panic::panic_any(e),
[INFO] [stdout]     |                            ^^^^^^^^^^^^^^^^^^^^^
[INFO] [stdout] 
[INFO] [stdout] 
[INFO] [stdout] warning: panic message is not a string literal
[INFO] [stdout]    --> src/template_renderer.rs:270:30
[INFO] [stdout]     |
[INFO] [stdout] 270 |             Err(e) => panic!(e)
[INFO] [stdout]     |                              ^
[INFO] [stdout]     |
[INFO] [stdout]     = note: this is no longer accepted in Rust 2021
[INFO] [stdout] help: add a "{}" format string to Display the message
[INFO] [stdout]     |
[INFO] [stdout] 270 |             Err(e) => panic!("{}", e)
[INFO] [stdout]     |                              ^^^^^
[INFO] [stdout] help: or use std::panic::panic_any instead
[INFO] [stdout]     |
[INFO] [stdout] 270 |             Err(e) => std::panic::panic_any(e)
[INFO] [stdout]     |                       ^^^^^^^^^^^^^^^^^^^^^
[INFO] [stdout] 
[INFO] [stdout] 
[INFO] [stdout] warning: unused `Result` that must be used
[INFO] [stdout]    --> src/template_installer.rs:201:17
[INFO] [stdout]     |
[INFO] [stdout] 201 |                 fs::copy(entry.as_path(), to_dir);
[INFO] [stdout]     |                 ^^^^^^^^^^^^^^^^^^^^^^^^^^^^^^^^^^
[INFO] [stdout]     |
[INFO] [stdout]     = note: `#[warn(unused_must_use)]` on by default
[INFO] [stdout]     = note: this `Result` may be an `Err` variant, which should be handled
[INFO] [stdout] 
[INFO] [stdout] 
[INFO] [stdout] warning: unused `Result` that must be used
[INFO] [stdout]    --> src/template_installer.rs:216:5
[INFO] [stdout]     |
[INFO] [stdout] 216 |     fs::create_dir_all(&template_path);
[INFO] [stdout]     |     ^^^^^^^^^^^^^^^^^^^^^^^^^^^^^^^^^^^
[INFO] [stdout]     |
[INFO] [stdout]     = note: this `Result` may be an `Err` variant, which should be handled
[INFO] [stdout] 
[INFO] [stdout] 
[INFO] [stdout] warning: unused `Result` that must be used
[INFO] [stdout]    --> src/template_installer.rs:217:5
[INFO] [stdout]     |
[INFO] [stdout] 217 |     copy_dir_content(&dir_path, &template_path);
[INFO] [stdout]     |     ^^^^^^^^^^^^^^^^^^^^^^^^^^^^^^^^^^^^^^^^^^^^
[INFO] [stdout]     |
[INFO] [stdout]     = note: this `Result` may be an `Err` variant, which should be handled
[INFO] [stdout] 
[INFO] [stdout] 
[INFO] [stdout] warning: 33 warnings emitted
[INFO] [stdout] 
[INFO] [stdout] 
[INFO] [stderr]     Finished test [unoptimized + debuginfo] target(s) in 5.49s
[INFO] running `Command { std: "docker" "inspect" "71ad8d80e1e1f93d70f1935483c58259f96acae5c705f1e26afa32f1b808e48a", kill_on_drop: false }`
[INFO] running `Command { std: "docker" "rm" "-f" "71ad8d80e1e1f93d70f1935483c58259f96acae5c705f1e26afa32f1b808e48a", kill_on_drop: false }`
[INFO] [stdout] 71ad8d80e1e1f93d70f1935483c58259f96acae5c705f1e26afa32f1b808e48a
[INFO] running `Command { std: "docker" "create" "-v" "/var/lib/crater-agent-workspace/builds/worker-44/target:/opt/rustwide/target:rw,Z" "-v" "/var/lib/crater-agent-workspace/builds/worker-44/source:/opt/rustwide/workdir:ro,Z" "-v" "/var/lib/crater-agent-workspace/cargo-home:/opt/rustwide/cargo-home:ro,Z" "-v" "/var/lib/crater-agent-workspace/rustup-home:/opt/rustwide/rustup-home:ro,Z" "-e" "SOURCE_DIR=/opt/rustwide/workdir" "-e" "CARGO_TARGET_DIR=/opt/rustwide/target" "-e" "CARGO_INCREMENTAL=0" "-e" "RUST_BACKTRACE=full" "-e" "RUSTFLAGS=--cap-lints=warn" "-e" "CARGO_HOME=/opt/rustwide/cargo-home" "-e" "RUSTUP_HOME=/opt/rustwide/rustup-home" "-w" "/opt/rustwide/workdir" "-m" "1610612736" "--user" "0:0" "--network" "none" "ghcr.io/rust-lang/crates-build-env/linux@sha256:34b6a614d2c27851fe6cbf88fbd1137609cefab8b10d0615aaeb6fd47975d74e" "/opt/rustwide/cargo-home/bin/cargo" "+1.54.0" "test" "--frozen", kill_on_drop: false }`
[INFO] [stdout] 2b2fb77df97e48dab54fb00788aeb6e371af7ea30bc54f471caaf9b4fb0a9a84
[INFO] running `Command { std: "docker" "start" "-a" "2b2fb77df97e48dab54fb00788aeb6e371af7ea30bc54f471caaf9b4fb0a9a84", kill_on_drop: false }`
[INFO] [stderr] warning: unused manifest key: package.maintenance
[INFO] [stderr] warning: unused import: `std::fs::File`
[INFO] [stderr]  --> src/sql/sql_parser.rs:1:5
[INFO] [stderr]   |
[INFO] [stderr] 1 | use std::fs::File;
[INFO] [stderr]   |     ^^^^^^^^^^^^^
[INFO] [stderr]   |
[INFO] [stderr]   = note: `#[warn(unused_imports)]` on by default
[INFO] [stderr] 
[INFO] [stderr] warning: unused import: `std::io::Read`
[INFO] [stderr]  --> src/sql/sql_parser.rs:2:5
[INFO] [stderr]   |
[INFO] [stderr] 2 | use std::io::Read;
[INFO] [stderr]   |     ^^^^^^^^^^^^^
[INFO] [stderr] 
[INFO] [stderr] warning: unused import: `std::path::Path`
[INFO] [stderr]  --> src/sql/sql_parser.rs:4:5
[INFO] [stderr]   |
[INFO] [stderr] 4 | use std::path::Path;
[INFO] [stderr]   |     ^^^^^^^^^^^^^^^
[INFO] [stderr] 
[INFO] [stderr] warning: unused import: `std::ops::FnOnce`
[INFO] [stderr]  --> src/sql/sql_parser.rs:5:5
[INFO] [stderr]   |
[INFO] [stderr] 5 | use std::ops::FnOnce;
[INFO] [stderr]   |     ^^^^^^^^^^^^^^^^
[INFO] [stderr] 
[INFO] [stderr] warning: unused import: `std::borrow::Borrow`
[INFO] [stderr]  --> src/sql/sql_parser.rs:6:5
[INFO] [stderr]   |
[INFO] [stderr] 6 | use std::borrow::Borrow;
[INFO] [stderr]   |     ^^^^^^^^^^^^^^^^^^^
[INFO] [stderr] 
[INFO] [stderr] warning: unused import: `std::fs`
[INFO] [stderr]  --> src/structure_builder.rs:3:5
[INFO] [stderr]   |
[INFO] [stderr] 3 | use std::fs;
[INFO] [stderr]   |     ^^^^^^^
[INFO] [stderr] 
[INFO] [stderr] warning: unused import: `tera::Tera`
[INFO] [stderr]  --> src/structure_builder.rs:4:5
[INFO] [stderr]   |
[INFO] [stderr] 4 | use tera::Tera;
[INFO] [stderr]   |     ^^^^^^^^^^
[INFO] [stderr] 
[INFO] [stderr] warning: unused import: `fs::DirEntry`
[INFO] [stderr]  --> src/template_installer.rs:6:5
[INFO] [stderr]   |
[INFO] [stderr] 6 | use fs::DirEntry;
[INFO] [stderr]   |     ^^^^^^^^^^^^
[INFO] [stderr] 
[INFO] [stderr] warning: unused import: `walkdir::WalkDir`
[INFO] [stderr]   --> src/template_installer.rs:11:5
[INFO] [stderr]    |
[INFO] [stderr] 11 | use walkdir::WalkDir;
[INFO] [stderr]    |     ^^^^^^^^^^^^^^^^
[INFO] [stderr] 
[INFO] [stderr] warning: unused import: `super::structure_builder::ProjectStructure`
[INFO] [stderr]  --> src/template_renderer.rs:5:5
[INFO] [stderr]   |
[INFO] [stderr] 5 | use super::structure_builder::ProjectStructure;
[INFO] [stderr]   |     ^^^^^^^^^^^^^^^^^^^^^^^^^^^^^^^^^^^^^^^^^^
[INFO] [stderr] 
[INFO] [stderr] warning: unused import: `std::borrow::Borrow`
[INFO] [stderr]   --> src/template_renderer.rs:11:5
[INFO] [stderr]    |
[INFO] [stderr] 11 | use std::borrow::Borrow;
[INFO] [stderr]    |     ^^^^^^^^^^^^^^^^^^^
[INFO] [stderr] 
[INFO] [stderr] warning: unused import: `std::io`
[INFO] [stderr]  --> src/file_utils.rs:3:5
[INFO] [stderr]   |
[INFO] [stderr] 3 | use std::io;
[INFO] [stderr]   |     ^^^^^^^
[INFO] [stderr] 
[INFO] [stderr] warning: unused import: `std::fs`
[INFO] [stderr]  --> src/ext/tera_util.rs:1:5
[INFO] [stderr]   |
[INFO] [stderr] 1 | use std::fs;
[INFO] [stderr]   |     ^^^^^^^
[INFO] [stderr] 
[INFO] [stderr] warning: unused import: `command_args_parser::ParsedArgs`
[INFO] [stderr]   --> src/main.rs:25:5
[INFO] [stderr]    |
[INFO] [stderr] 25 | use command_args_parser::ParsedArgs;
[INFO] [stderr]    |     ^^^^^^^^^^^^^^^^^^^^^^^^^^^^^^^
[INFO] [stderr] 
[INFO] [stderr] warning: unused import: `sql::sql_parser`
[INFO] [stderr]   --> src/main.rs:26:5
[INFO] [stderr]    |
[INFO] [stderr] 26 | use sql::sql_parser;
[INFO] [stderr]    |     ^^^^^^^^^^^^^^^
[INFO] [stderr] 
[INFO] [stderr] warning: unused variable: `force`
[INFO] [stderr]    --> src/template_installer.rs:208:61
[INFO] [stderr]     |
[INFO] [stderr] 208 | pub fn install_template_from_dir(name: String, dir: String, force: bool) {
[INFO] [stderr]     |                                                             ^^^^^ help: if this is intentional, prefix it with an underscore: `_force`
[INFO] [stderr]     |
[INFO] [stderr]     = note: `#[warn(unused_variables)]` on by default
[INFO] [stderr] 
[INFO] [stderr] warning: unused variable: `item`
[INFO] [stderr]    --> src/template_renderer.rs:237:23
[INFO] [stderr]     |
[INFO] [stderr] 237 | fn copy_template_file(item: &ProjectStructureItem) {
[INFO] [stderr]     |                       ^^^^ help: if this is intentional, prefix it with an underscore: `_item`
[INFO] [stderr] 
[INFO] [stderr] warning: unused variable: `f`
[INFO] [stderr]    --> src/template_renderer.rs:261:17
[INFO] [stderr]     |
[INFO] [stderr] 261 |              Ok(f) => (),
[INFO] [stderr]     |                 ^ help: if this is intentional, prefix it with an underscore: `_f`
[INFO] [stderr] 
[INFO] [stderr] warning: unused variable: `e`
[INFO] [stderr]    --> src/template_renderer.rs:262:18
[INFO] [stderr]     |
[INFO] [stderr] 262 |              Err(e) => match fs::create_dir_all(&target_dir_path) {
[INFO] [stderr]     |                  ^ help: if this is intentional, prefix it with an underscore: `_e`
[INFO] [stderr] 
[INFO] [stderr] warning: unused variable: `t`
[INFO] [stderr]    --> src/template_renderer.rs:263:21
[INFO] [stderr]     |
[INFO] [stderr] 263 |                  Ok(t) => println!("[create dir]: {}", &target_dir_path),
[INFO] [stderr]     |                     ^ help: if this is intentional, prefix it with an underscore: `_t`
[INFO] [stderr] 
[INFO] [stderr] warning: unused variable: `v`
[INFO] [stderr]    --> src/template_renderer.rs:269:16
[INFO] [stderr]     |
[INFO] [stderr] 269 |             Ok(v) => println!("[copy  asset]: {}", &target_file_path),
[INFO] [stderr]     |                ^ help: if this is intentional, prefix it with an underscore: `_v`
[INFO] [stderr] 
[INFO] [stderr] warning: unused variable: `e`
[INFO] [stderr]   --> src/ext/tera_util.rs:76:13
[INFO] [stderr]    |
[INFO] [stderr] 76 |         Err(e) => panic!("parse sql failed")
[INFO] [stderr]    |             ^ help: if this is intentional, prefix it with an underscore: `_e`
[INFO] [stderr] 
[INFO] [stderr] warning: function is never used: `read_sql_file`
[INFO] [stderr]   --> src/sql/file_to_sql.rs:15:8
[INFO] [stderr]    |
[INFO] [stderr] 15 | pub fn read_sql_file(path: &str) -> Vec<String> {
[INFO] [stderr]    |        ^^^^^^^^^^^^^
[INFO] [stderr]    |
[INFO] [stderr]    = note: `#[warn(dead_code)]` on by default
[INFO] [stderr] 
[INFO] [stderr] warning: function is never used: `parse_sql_file`
[INFO] [stderr]   --> src/sql/sql_parser.rs:11:8
[INFO] [stderr]    |
[INFO] [stderr] 11 | pub fn parse_sql_file(path: &str) -> Vec<SqlQuery> {
[INFO] [stderr]    |        ^^^^^^^^^^^^^^
[INFO] [stderr] 
[INFO] [stderr] warning: associated function is never used: `is_dir`
[INFO] [stderr]   --> src/structure_builder.rs:23:12
[INFO] [stderr]    |
[INFO] [stderr] 23 |     pub fn is_dir(&self) -> bool {
[INFO] [stderr]    |            ^^^^^^
[INFO] [stderr] 
[INFO] [stderr] warning: function is never used: `get_template_path`
[INFO] [stderr]   --> src/template_installer.rs:33:8
[INFO] [stderr]    |
[INFO] [stderr] 33 | pub fn get_template_path() -> PathBuf {
[INFO] [stderr]    |        ^^^^^^^^^^^^^^^^^
[INFO] [stderr] 
[INFO] [stderr] warning: function is never used: `copy_template_file`
[INFO] [stderr]    --> src/template_renderer.rs:237:4
[INFO] [stderr]     |
[INFO] [stderr] 237 | fn copy_template_file(item: &ProjectStructureItem) {
[INFO] [stderr]     |    ^^^^^^^^^^^^^^^^^^
[INFO] [stderr] 
[INFO] [stderr] warning: associated function is never used: `new`
[INFO] [stderr]   --> src/ext/tera_util.rs:14:8
[INFO] [stderr]    |
[INFO] [stderr] 14 |     fn new(template_path: &str)-> Self {
[INFO] [stderr]    |        ^^^
[INFO] [stderr] 
[INFO] [stderr] warning: panic message is not a string literal
[INFO] [stderr]    --> src/template_renderer.rs:264:35
[INFO] [stderr]     |
[INFO] [stderr] 264 |                  Err(e) => panic!(e),
[INFO] [stderr]     |                                   ^
[INFO] [stderr]     |
[INFO] [stderr]     = note: `#[warn(non_fmt_panic)]` on by default
[INFO] [stderr]     = note: this is no longer accepted in Rust 2021
[INFO] [stderr] help: add a "{}" format string to Display the message
[INFO] [stderr]     |
[INFO] [stderr] 264 |                  Err(e) => panic!("{}", e),
[INFO] [stderr]     |                                   ^^^^^
[INFO] [stderr] help: or use std::panic::panic_any instead
[INFO] [stderr]     |
[INFO] [stderr] 264 |                  Err(e) => std::panic::panic_any(e),
[INFO] [stderr]     |                            ^^^^^^^^^^^^^^^^^^^^^
[INFO] [stderr] 
[INFO] [stderr] warning: panic message is not a string literal
[INFO] [stderr]    --> src/template_renderer.rs:270:30
[INFO] [stderr]     |
[INFO] [stderr] 270 |             Err(e) => panic!(e)
[INFO] [stderr]     |                              ^
[INFO] [stderr]     |
[INFO] [stderr]     = note: this is no longer accepted in Rust 2021
[INFO] [stderr] help: add a "{}" format string to Display the message
[INFO] [stderr]     |
[INFO] [stderr] 270 |             Err(e) => panic!("{}", e)
[INFO] [stderr]     |                              ^^^^^
[INFO] [stderr] help: or use std::panic::panic_any instead
[INFO] [stderr]     |
[INFO] [stderr] 270 |             Err(e) => std::panic::panic_any(e)
[INFO] [stderr]     |                       ^^^^^^^^^^^^^^^^^^^^^
[INFO] [stderr] 
[INFO] [stderr] warning: unused `Result` that must be used
[INFO] [stderr]    --> src/template_installer.rs:201:17
[INFO] [stderr]     |
[INFO] [stderr] 201 |                 fs::copy(entry.as_path(), to_dir);
[INFO] [stderr]     |                 ^^^^^^^^^^^^^^^^^^^^^^^^^^^^^^^^^^
[INFO] [stderr]     |
[INFO] [stderr]     = note: `#[warn(unused_must_use)]` on by default
[INFO] [stderr]     = note: this `Result` may be an `Err` variant, which should be handled
[INFO] [stderr] 
[INFO] [stderr] warning: unused `Result` that must be used
[INFO] [stderr]    --> src/template_installer.rs:216:5
[INFO] [stderr]     |
[INFO] [stderr] 216 |     fs::create_dir_all(&template_path);
[INFO] [stderr]     |     ^^^^^^^^^^^^^^^^^^^^^^^^^^^^^^^^^^^
[INFO] [stderr]     |
[INFO] [stderr]     = note: this `Result` may be an `Err` variant, which should be handled
[INFO] [stderr] 
[INFO] [stderr] warning: unused `Result` that must be used
[INFO] [stderr]    --> src/template_installer.rs:217:5
[INFO] [stderr]     |
[INFO] [stderr] 217 |     copy_dir_content(&dir_path, &template_path);
[INFO] [stderr]     |     ^^^^^^^^^^^^^^^^^^^^^^^^^^^^^^^^^^^^^^^^^^^^
[INFO] [stderr]     |
[INFO] [stderr]     = note: this `Result` may be an `Err` variant, which should be handled
[INFO] [stderr] 
[INFO] [stderr] warning: 33 warnings emitted
[INFO] [stderr] 
[INFO] [stderr]     Finished test [unoptimized + debuginfo] target(s) in 0.76s
[INFO] [stderr]      Running unittests (/opt/rustwide/target/debug/deps/cargo_luban-54ed7f0c5cd40efb)
[INFO] [stdout] 
[INFO] [stdout] running 3 tests
[INFO] [stdout] test ext::tera_util::test_render_string ... ok
[INFO] [stdout] test ext::tera_util::test_render_engine ... ok
[INFO] [stdout] test sql::file_to_sql::test_split_into_sql ... FAILED
[INFO] [stdout] 
[INFO] [stdout] failures:
[INFO] [stdout] 
[INFO] [stdout] ---- sql::file_to_sql::test_split_into_sql stdout ----
[INFO] [stdout] thread 'sql::file_to_sql::test_split_into_sql' panicked at 'assertion failed: `(left == right)`
[INFO] [stdout]   left: `["select * from hello; create table hello;"]`,
[INFO] [stdout]  right: `["select * from hello;", "create table hello;"]`', src/sql/file_to_sql.rs:51:5
[INFO] [stdout] stack backtrace:
[INFO] [stdout]    0:     0x55733c63f170 - std::backtrace_rs::backtrace::libunwind::trace::h34055254b57d8e79
[INFO] [stdout]                                at /rustc/a178d0322ce20e33eac124758e837cbd80a6f633/library/std/src/../../backtrace/src/backtrace/libunwind.rs:90:5
[INFO] [stdout]    1:     0x55733c63f170 - std::backtrace_rs::backtrace::trace_unsynchronized::h8f1e3fbd9afff6ec
[INFO] [stdout]                                at /rustc/a178d0322ce20e33eac124758e837cbd80a6f633/library/std/src/../../backtrace/src/backtrace/mod.rs:66:5
[INFO] [stdout]    2:     0x55733c63f170 - std::sys_common::backtrace::_print_fmt::h3a99a796b770c360
[INFO] [stdout]                                at /rustc/a178d0322ce20e33eac124758e837cbd80a6f633/library/std/src/sys_common/backtrace.rs:67:5
[INFO] [stdout]    3:     0x55733c63f170 - <std::sys_common::backtrace::_print::DisplayBacktrace as core::fmt::Display>::fmt::h32d1f94a80615d18
[INFO] [stdout]                                at /rustc/a178d0322ce20e33eac124758e837cbd80a6f633/library/std/src/sys_common/backtrace.rs:46:22
[INFO] [stdout]    4:     0x55733c66376c - core::fmt::write::h306731c068f7162c
[INFO] [stdout]                                at /rustc/a178d0322ce20e33eac124758e837cbd80a6f633/library/core/src/fmt/mod.rs:1110:17
[INFO] [stdout]    5:     0x55733c63bff5 - std::io::Write::write_fmt::h87f19b0a2cd190bc
[INFO] [stdout]                                at /rustc/a178d0322ce20e33eac124758e837cbd80a6f633/library/std/src/io/mod.rs:1588:15
[INFO] [stdout]    6:     0x55733c6412db - std::sys_common::backtrace::_print::h5abaa2601a852287
[INFO] [stdout]                                at /rustc/a178d0322ce20e33eac124758e837cbd80a6f633/library/std/src/sys_common/backtrace.rs:49:5
[INFO] [stdout]    7:     0x55733c6412db - std::sys_common::backtrace::print::h8d81445442bb638f
[INFO] [stdout]                                at /rustc/a178d0322ce20e33eac124758e837cbd80a6f633/library/std/src/sys_common/backtrace.rs:36:9
[INFO] [stdout]    8:     0x55733c6412db - std::panicking::default_hook::{{closure}}::hcfe804496a9fa747
[INFO] [stdout]                                at /rustc/a178d0322ce20e33eac124758e837cbd80a6f633/library/std/src/panicking.rs:208:50
[INFO] [stdout]    9:     0x55733c640dec - std::panicking::default_hook::hbea8e3ccf2ba8901
[INFO] [stdout]                                at /rustc/a178d0322ce20e33eac124758e837cbd80a6f633/library/std/src/panicking.rs:222:9
[INFO] [stdout]   10:     0x55733c6419a4 - std::panicking::rust_panic_with_hook::h7ee9e1a2d0f8975a
[INFO] [stdout]                                at /rustc/a178d0322ce20e33eac124758e837cbd80a6f633/library/std/src/panicking.rs:622:17
[INFO] [stdout]   11:     0x55733c641487 - std::panicking::begin_panic_handler::{{closure}}::h8ab3b4491718b2c7
[INFO] [stdout]                                at /rustc/a178d0322ce20e33eac124758e837cbd80a6f633/library/std/src/panicking.rs:519:13
[INFO] [stdout]   12:     0x55733c63f66c - std::sys_common::backtrace::__rust_end_short_backtrace::hd489062ffa586a9f
[INFO] [stdout]                                at /rustc/a178d0322ce20e33eac124758e837cbd80a6f633/library/std/src/sys_common/backtrace.rs:141:18
[INFO] [stdout]   13:     0x55733c6413e9 - rust_begin_unwind
[INFO] [stdout]                                at /rustc/a178d0322ce20e33eac124758e837cbd80a6f633/library/std/src/panicking.rs:515:5
[INFO] [stdout]   14:     0x55733c06dce1 - core::panicking::panic_fmt::hca6330e3e14086b4
[INFO] [stdout]                                at /rustc/a178d0322ce20e33eac124758e837cbd80a6f633/library/core/src/panicking.rs:92:14
[INFO] [stdout]   15:     0x55733c661dd8 - core::panicking::assert_failed_inner::h33b45280069a80ed
[INFO] [stdout]   16:     0x55733c08f18e - core::panicking::assert_failed::h5724d7c65abe884a
[INFO] [stdout]                                at /rustc/a178d0322ce20e33eac124758e837cbd80a6f633/library/core/src/panicking.rs:117:5
[INFO] [stdout]   17:     0x55733c08c435 - cargo_luban::sql::file_to_sql::test_split_into_sql::h3026fd9c77d8476c
[INFO] [stdout]                                at /opt/rustwide/workdir/src/sql/file_to_sql.rs:51:5
[INFO] [stdout]   18:     0x55733c08c2ba - cargo_luban::sql::file_to_sql::test_split_into_sql::{{closure}}::hbf7ef6c548562efc
[INFO] [stdout]                                at /opt/rustwide/workdir/src/sql/file_to_sql.rs:48:1
[INFO] [stdout]   19:     0x55733c08fece - core::ops::function::FnOnce::call_once::h37aa0e6f17cfc360
[INFO] [stdout]                                at /rustc/a178d0322ce20e33eac124758e837cbd80a6f633/library/core/src/ops/function.rs:227:5
[INFO] [stdout]   20:     0x55733c0b9293 - core::ops::function::FnOnce::call_once::h152e7e439ff59e19
[INFO] [stdout]                                at /rustc/a178d0322ce20e33eac124758e837cbd80a6f633/library/core/src/ops/function.rs:227:5
[INFO] [stdout]   21:     0x55733c0b9293 - test::__rust_begin_short_backtrace::h0908f3b1fdbb72ab
[INFO] [stdout]                                at /rustc/a178d0322ce20e33eac124758e837cbd80a6f633/library/test/src/lib.rs:577:5
[INFO] [stdout]   22:     0x55733c0b7d50 - <alloc::boxed::Box<F,A> as core::ops::function::FnOnce<Args>>::call_once::hf6d2a51e5587546c
[INFO] [stdout]                                at /rustc/a178d0322ce20e33eac124758e837cbd80a6f633/library/alloc/src/boxed.rs:1575:9
[INFO] [stdout]   23:     0x55733c0b7d50 - <std::panic::AssertUnwindSafe<F> as core::ops::function::FnOnce<()>>::call_once::h8af660f3a89ef593
[INFO] [stdout]                                at /rustc/a178d0322ce20e33eac124758e837cbd80a6f633/library/std/src/panic.rs:347:9
[INFO] [stdout]   24:     0x55733c0b7d50 - std::panicking::try::do_call::hd36aef60f84b6d36
[INFO] [stdout]                                at /rustc/a178d0322ce20e33eac124758e837cbd80a6f633/library/std/src/panicking.rs:401:40
[INFO] [stdout]   25:     0x55733c0b7d50 - std::panicking::try::h9932b4480e69817c
[INFO] [stdout]                                at /rustc/a178d0322ce20e33eac124758e837cbd80a6f633/library/std/src/panicking.rs:365:19
[INFO] [stdout]   26:     0x55733c0b7d50 - std::panic::catch_unwind::h6aa177099cfff5f8
[INFO] [stdout]                                at /rustc/a178d0322ce20e33eac124758e837cbd80a6f633/library/std/src/panic.rs:434:14
[INFO] [stdout]   27:     0x55733c0b7d50 - test::run_test_in_process::h5884d6f2d99e20c3
[INFO] [stdout]                                at /rustc/a178d0322ce20e33eac124758e837cbd80a6f633/library/test/src/lib.rs:600:18
[INFO] [stdout]   28:     0x55733c0b7d50 - test::run_test::run_test_inner::{{closure}}::h6fdc58c6d5f5b6e3
[INFO] [stdout]                                at /rustc/a178d0322ce20e33eac124758e837cbd80a6f633/library/test/src/lib.rs:492:39
[INFO] [stdout]   29:     0x55733c091402 - test::run_test::run_test_inner::{{closure}}::h408365d67a78ade8
[INFO] [stdout]                                at /rustc/a178d0322ce20e33eac124758e837cbd80a6f633/library/test/src/lib.rs:519:37
[INFO] [stdout]   30:     0x55733c091402 - std::sys_common::backtrace::__rust_begin_short_backtrace::hb560b77c4f701523
[INFO] [stdout]                                at /rustc/a178d0322ce20e33eac124758e837cbd80a6f633/library/std/src/sys_common/backtrace.rs:125:18
[INFO] [stdout]   31:     0x55733c094fb8 - std::thread::Builder::spawn_unchecked::{{closure}}::{{closure}}::hf2e7831dad93c597
[INFO] [stdout]                                at /rustc/a178d0322ce20e33eac124758e837cbd80a6f633/library/std/src/thread/mod.rs:481:17
[INFO] [stdout]   32:     0x55733c094fb8 - <std::panic::AssertUnwindSafe<F> as core::ops::function::FnOnce<()>>::call_once::hd2e08783d8be4d02
[INFO] [stdout]                                at /rustc/a178d0322ce20e33eac124758e837cbd80a6f633/library/std/src/panic.rs:347:9
[INFO] [stdout]   33:     0x55733c094fb8 - std::panicking::try::do_call::h062597b7acfd6b82
[INFO] [stdout]                                at /rustc/a178d0322ce20e33eac124758e837cbd80a6f633/library/std/src/panicking.rs:401:40
[INFO] [stdout]   34:     0x55733c094fb8 - std::panicking::try::h0d7b79db04c14552
[INFO] [stdout]                                at /rustc/a178d0322ce20e33eac124758e837cbd80a6f633/library/std/src/panicking.rs:365:19
[INFO] [stdout]   35:     0x55733c094fb8 - std::panic::catch_unwind::hb01a0b5e7c8cd43b
[INFO] [stdout]                                at /rustc/a178d0322ce20e33eac124758e837cbd80a6f633/library/std/src/panic.rs:434:14
[INFO] [stdout]   36:     0x55733c094fb8 - std::thread::Builder::spawn_unchecked::{{closure}}::h5bde48cc887e0d1e
[INFO] [stdout]                                at /rustc/a178d0322ce20e33eac124758e837cbd80a6f633/library/std/src/thread/mod.rs:480:30
[INFO] [stdout]   37:     0x55733c094fb8 - core::ops::function::FnOnce::call_once{{vtable.shim}}::h745ea30807a29e55
[INFO] [stdout]                                at /rustc/a178d0322ce20e33eac124758e837cbd80a6f633/library/core/src/ops/function.rs:227:5
[INFO] [stdout]   38:     0x55733c646477 - <alloc::boxed::Box<F,A> as core::ops::function::FnOnce<Args>>::call_once::h7ece6cfefaff1005
[INFO] [stdout]                                at /rustc/a178d0322ce20e33eac124758e837cbd80a6f633/library/alloc/src/boxed.rs:1575:9
[INFO] [stdout]   39:     0x55733c646477 - <alloc::boxed::Box<F,A> as core::ops::function::FnOnce<Args>>::call_once::hb8b48e55c21f193e
[INFO] [stdout]                                at /rustc/a178d0322ce20e33eac124758e837cbd80a6f633/library/alloc/src/boxed.rs:1575:9
[INFO] [stdout]   40:     0x55733c646477 - std::sys::unix::thread::Thread::new::thread_start::h8c7c4450dba62914
[INFO] [stdout]                                at /rustc/a178d0322ce20e33eac124758e837cbd80a6f633/library/std/src/sys/unix/thread.rs:71:17
[INFO] [stdout]   41:     0x7facd8dc0609 - start_thread
[INFO] [stdout]   42:     0x7facd8b90293 - clone
[INFO] [stdout]   43:                0x0 - <unknown>
[INFO] [stdout] 
[INFO] [stdout] 
[INFO] [stdout] failures:
[INFO] [stdout]     sql::file_to_sql::test_split_into_sql
[INFO] [stdout] 
[INFO] [stdout] test result: FAILED. 2 passed; 1 failed; 0 ignored; 0 measured; 0 filtered out; finished in 0.04s
[INFO] [stdout] 
[INFO] [stderr] error: test failed, to rerun pass '--bin cargo-luban'
[INFO] running `Command { std: "docker" "inspect" "2b2fb77df97e48dab54fb00788aeb6e371af7ea30bc54f471caaf9b4fb0a9a84", kill_on_drop: false }`
[INFO] running `Command { std: "docker" "rm" "-f" "2b2fb77df97e48dab54fb00788aeb6e371af7ea30bc54f471caaf9b4fb0a9a84", kill_on_drop: false }`
[INFO] [stdout] 2b2fb77df97e48dab54fb00788aeb6e371af7ea30bc54f471caaf9b4fb0a9a84
