[INFO] cloning repository https://github.com/llogiq/optional
[INFO] running `Command { std: "git" "-c" "credential.helper=" "-c" "credential.helper=/workspace/cargo-home/bin/git-credential-null" "clone" "--bare" "https://github.com/llogiq/optional" "/workspace/cache/git-repos/https%3A%2F%2Fgithub.com%2Fllogiq%2Foptional", kill_on_drop: false }`
[INFO] [stderr] Cloning into bare repository '/workspace/cache/git-repos/https%3A%2F%2Fgithub.com%2Fllogiq%2Foptional'...
[INFO] running `Command { std: "git" "rev-parse" "HEAD", kill_on_drop: false }`
[INFO] [stdout] 1eb332b0e8fbe0606d16fa8f7a8c149c23695341
[INFO] testing llogiq/optional against 1.54.0 for beta-1.55-1
[INFO] running `Command { std: "git" "clone" "/workspace/cache/git-repos/https%3A%2F%2Fgithub.com%2Fllogiq%2Foptional" "/workspace/builds/worker-63/source", kill_on_drop: false }`
[INFO] [stderr] Cloning into '/workspace/builds/worker-63/source'...
[INFO] [stderr] done.
[INFO] validating manifest of git repo https://github.com/llogiq/optional on toolchain 1.54.0
[INFO] running `Command { std: "/workspace/cargo-home/bin/cargo" "+1.54.0" "metadata" "--manifest-path" "Cargo.toml" "--no-deps", kill_on_drop: false }`
[INFO] started tweaking git repo https://github.com/llogiq/optional
[INFO] finished tweaking git repo https://github.com/llogiq/optional
[INFO] tweaked toml for git repo https://github.com/llogiq/optional written to /workspace/builds/worker-63/source/Cargo.toml
[INFO] crate git repo https://github.com/llogiq/optional already has a lockfile, it will not be regenerated
[INFO] running `Command { std: "/workspace/cargo-home/bin/cargo" "+1.54.0" "fetch" "--manifest-path" "Cargo.toml", kill_on_drop: false }`
[INFO] [stderr]     Blocking waiting for file lock on package cache
[INFO] [stderr]     Blocking waiting for file lock on package cache
[INFO] running `Command { std: "docker" "create" "-v" "/var/lib/crater-agent-workspace/builds/worker-63/target:/opt/rustwide/target:rw,Z" "-v" "/var/lib/crater-agent-workspace/builds/worker-63/source:/opt/rustwide/workdir:ro,Z" "-v" "/var/lib/crater-agent-workspace/cargo-home:/opt/rustwide/cargo-home:ro,Z" "-v" "/var/lib/crater-agent-workspace/rustup-home:/opt/rustwide/rustup-home:ro,Z" "-e" "SOURCE_DIR=/opt/rustwide/workdir" "-e" "CARGO_TARGET_DIR=/opt/rustwide/target" "-e" "CARGO_HOME=/opt/rustwide/cargo-home" "-e" "RUSTUP_HOME=/opt/rustwide/rustup-home" "-w" "/opt/rustwide/workdir" "-m" "1610612736" "--user" "0:0" "--network" "none" "ghcr.io/rust-lang/crates-build-env/linux@sha256:34b6a614d2c27851fe6cbf88fbd1137609cefab8b10d0615aaeb6fd47975d74e" "/opt/rustwide/cargo-home/bin/cargo" "+1.54.0" "metadata" "--no-deps" "--format-version=1", kill_on_drop: false }`
[INFO] [stdout] 2afdc6c9d4276d553c6fa5cfd5f0bec8c1fb99cc92338686d4ea3e5edc029778
[INFO] running `Command { std: "docker" "start" "-a" "2afdc6c9d4276d553c6fa5cfd5f0bec8c1fb99cc92338686d4ea3e5edc029778", kill_on_drop: false }`
[INFO] running `Command { std: "docker" "inspect" "2afdc6c9d4276d553c6fa5cfd5f0bec8c1fb99cc92338686d4ea3e5edc029778", kill_on_drop: false }`
[INFO] running `Command { std: "docker" "rm" "-f" "2afdc6c9d4276d553c6fa5cfd5f0bec8c1fb99cc92338686d4ea3e5edc029778", kill_on_drop: false }`
[INFO] [stdout] 2afdc6c9d4276d553c6fa5cfd5f0bec8c1fb99cc92338686d4ea3e5edc029778
[INFO] running `Command { std: "docker" "create" "-v" "/var/lib/crater-agent-workspace/builds/worker-63/target:/opt/rustwide/target:rw,Z" "-v" "/var/lib/crater-agent-workspace/builds/worker-63/source:/opt/rustwide/workdir:ro,Z" "-v" "/var/lib/crater-agent-workspace/cargo-home:/opt/rustwide/cargo-home:ro,Z" "-v" "/var/lib/crater-agent-workspace/rustup-home:/opt/rustwide/rustup-home:ro,Z" "-e" "SOURCE_DIR=/opt/rustwide/workdir" "-e" "CARGO_TARGET_DIR=/opt/rustwide/target" "-e" "CARGO_INCREMENTAL=0" "-e" "RUST_BACKTRACE=full" "-e" "RUSTFLAGS=--cap-lints=warn" "-e" "CARGO_HOME=/opt/rustwide/cargo-home" "-e" "RUSTUP_HOME=/opt/rustwide/rustup-home" "-w" "/opt/rustwide/workdir" "-m" "1610612736" "--user" "0:0" "--network" "none" "ghcr.io/rust-lang/crates-build-env/linux@sha256:34b6a614d2c27851fe6cbf88fbd1137609cefab8b10d0615aaeb6fd47975d74e" "/opt/rustwide/cargo-home/bin/cargo" "+1.54.0" "build" "--frozen" "--message-format=json", kill_on_drop: false }`
[INFO] [stdout] 204b25889435d16a3aadd91ed8f4171ce29dd33a4f4c0033155d99dc06c3b04b
[INFO] running `Command { std: "docker" "start" "-a" "204b25889435d16a3aadd91ed8f4171ce29dd33a4f4c0033155d99dc06c3b04b", kill_on_drop: false }`
[INFO] [stderr]    Compiling optional v0.5.0 (/opt/rustwide/workdir)
[INFO] [stderr]     Finished dev [unoptimized + debuginfo] target(s) in 1.11s
[INFO] running `Command { std: "docker" "inspect" "204b25889435d16a3aadd91ed8f4171ce29dd33a4f4c0033155d99dc06c3b04b", kill_on_drop: false }`
[INFO] running `Command { std: "docker" "rm" "-f" "204b25889435d16a3aadd91ed8f4171ce29dd33a4f4c0033155d99dc06c3b04b", kill_on_drop: false }`
[INFO] [stdout] 204b25889435d16a3aadd91ed8f4171ce29dd33a4f4c0033155d99dc06c3b04b
[INFO] running `Command { std: "docker" "create" "-v" "/var/lib/crater-agent-workspace/builds/worker-63/target:/opt/rustwide/target:rw,Z" "-v" "/var/lib/crater-agent-workspace/builds/worker-63/source:/opt/rustwide/workdir:ro,Z" "-v" "/var/lib/crater-agent-workspace/cargo-home:/opt/rustwide/cargo-home:ro,Z" "-v" "/var/lib/crater-agent-workspace/rustup-home:/opt/rustwide/rustup-home:ro,Z" "-e" "SOURCE_DIR=/opt/rustwide/workdir" "-e" "CARGO_TARGET_DIR=/opt/rustwide/target" "-e" "CARGO_INCREMENTAL=0" "-e" "RUST_BACKTRACE=full" "-e" "RUSTFLAGS=--cap-lints=warn" "-e" "CARGO_HOME=/opt/rustwide/cargo-home" "-e" "RUSTUP_HOME=/opt/rustwide/rustup-home" "-w" "/opt/rustwide/workdir" "-m" "1610612736" "--user" "0:0" "--network" "none" "ghcr.io/rust-lang/crates-build-env/linux@sha256:34b6a614d2c27851fe6cbf88fbd1137609cefab8b10d0615aaeb6fd47975d74e" "/opt/rustwide/cargo-home/bin/cargo" "+1.54.0" "test" "--frozen" "--no-run" "--message-format=json", kill_on_drop: false }`
[INFO] [stdout] 07702a45c687e0b5d5af2f587127bdd152a2299a855338c8b913124b9607e95d
[INFO] running `Command { std: "docker" "start" "-a" "07702a45c687e0b5d5af2f587127bdd152a2299a855338c8b913124b9607e95d", kill_on_drop: false }`
[INFO] [stderr]     Blocking waiting for file lock on package cache
[INFO] [stderr]    Compiling serde v1.0.127
[INFO] [stderr]    Compiling ryu v1.0.0
[INFO] [stderr]    Compiling serde_json v1.0.64
[INFO] [stderr]    Compiling itoa v0.4.3
[INFO] [stderr]    Compiling bencher v0.1.5
[INFO] [stderr]    Compiling optional v0.5.0 (/opt/rustwide/workdir)
[INFO] [stderr]     Finished test [unoptimized + debuginfo] target(s) in 52.59s
[INFO] running `Command { std: "docker" "inspect" "07702a45c687e0b5d5af2f587127bdd152a2299a855338c8b913124b9607e95d", kill_on_drop: false }`
[INFO] running `Command { std: "docker" "rm" "-f" "07702a45c687e0b5d5af2f587127bdd152a2299a855338c8b913124b9607e95d", kill_on_drop: false }`
[INFO] [stdout] 07702a45c687e0b5d5af2f587127bdd152a2299a855338c8b913124b9607e95d
[INFO] running `Command { std: "docker" "create" "-v" "/var/lib/crater-agent-workspace/builds/worker-63/target:/opt/rustwide/target:rw,Z" "-v" "/var/lib/crater-agent-workspace/builds/worker-63/source:/opt/rustwide/workdir:ro,Z" "-v" "/var/lib/crater-agent-workspace/cargo-home:/opt/rustwide/cargo-home:ro,Z" "-v" "/var/lib/crater-agent-workspace/rustup-home:/opt/rustwide/rustup-home:ro,Z" "-e" "SOURCE_DIR=/opt/rustwide/workdir" "-e" "CARGO_TARGET_DIR=/opt/rustwide/target" "-e" "CARGO_INCREMENTAL=0" "-e" "RUST_BACKTRACE=full" "-e" "RUSTFLAGS=--cap-lints=warn" "-e" "CARGO_HOME=/opt/rustwide/cargo-home" "-e" "RUSTUP_HOME=/opt/rustwide/rustup-home" "-w" "/opt/rustwide/workdir" "-m" "1610612736" "--user" "0:0" "--network" "none" "ghcr.io/rust-lang/crates-build-env/linux@sha256:34b6a614d2c27851fe6cbf88fbd1137609cefab8b10d0615aaeb6fd47975d74e" "/opt/rustwide/cargo-home/bin/cargo" "+1.54.0" "test" "--frozen", kill_on_drop: false }`
[INFO] [stdout] 7f4c4958b72d0bedc8a5cccc6191cd65e5e95496457e50701f7f3f082bafd16d
[INFO] running `Command { std: "docker" "start" "-a" "7f4c4958b72d0bedc8a5cccc6191cd65e5e95496457e50701f7f3f082bafd16d", kill_on_drop: false }`
[INFO] [stderr]     Blocking waiting for file lock on package cache
[INFO] [stderr]     Finished test [unoptimized + debuginfo] target(s) in 0.37s
[INFO] [stderr]      Running unittests (/opt/rustwide/target/debug/deps/optional-a84b5d9c6d5327c4)
[INFO] [stdout] 
[INFO] [stdout] running 0 tests
[INFO] [stdout] 
[INFO] [stdout] test result: ok. 0 passed; 0 failed; 0 ignored; 0 measured; 0 filtered out; finished in 0.00s
[INFO] [stdout] 
[INFO] [stderr]      Running tests/optbool.rs (/opt/rustwide/target/debug/deps/optbool-f8dbef8499252953)
[INFO] [stdout] 
[INFO] [stdout] running 4 tests
[INFO] [stdout] test deref_to_option ... ok
[INFO] [stdout] test into_option_bool ... ok
[INFO] [stdout] test test_bool_map ... ok
[INFO] [stdout] test test_eq_ne ... ok
[INFO] [stdout] 
[INFO] [stdout] test result: ok. 4 passed; 0 failed; 0 ignored; 0 measured; 0 filtered out; finished in 0.00s
[INFO] [stdout] 
[INFO] [stderr]      Running tests/optioned.rs (/opt/rustwide/target/debug/deps/optioned-fa27f2166005af54)
[INFO] [stdout] 
[INFO] [stdout] running 1 test
[INFO] [stdout] test optioned_is_some_or_none ... ok
[INFO] [stdout] 
[INFO] [stdout] test result: ok. 1 passed; 0 failed; 0 ignored; 0 measured; 0 filtered out; finished in 0.00s
[INFO] [stdout] 
[INFO] [stderr]    Doc-tests optional
[INFO] [stdout] 
[INFO] [stdout] running 73 tests
[INFO] [stdout] test src/lib.rs - Optioned<T>::into_option (line 1539) - compile fail ... ok
[INFO] [stdout] test src/lib.rs - Optioned<T>::map_or_else (line 1743) ... FAILED
[INFO] [stdout] test src/lib.rs - Optioned<T>::filter (line 1938) ... FAILED
[INFO] [stdout] test src/lib.rs - Optioned<T>::map_or (line 1722) ... FAILED
[INFO] [stdout] test src/lib.rs - Optioned<T>::unwrap_or (line 1638) ... FAILED
[INFO] [stdout] test src/lib.rs - Optioned<T>::ok_or (line 1961) ... FAILED
[INFO] [stdout] test src/lib.rs - Optioned<T>::or (line 1792) ... FAILED
[INFO] [stdout] test src/lib.rs - Optioned<T>::or_else (line 1823) ... FAILED
[INFO] [stdout] test src/lib.rs - Optioned<T>::map_or_default (line 1767) ... FAILED
[INFO] [stdout] test src/lib.rs - Optioned<T>::unwrap_or_else (line 1656) ... FAILED
[INFO] [stdout] test src/lib.rs - Optioned<T>::ok_or_else (line 1984) ... FAILED
[INFO] [stdout] test src/lib.rs - Optioned<T>::map (line 1677) ... FAILED
[INFO] [stdout] test src/lib.rs - OptionBool::as_slice (line 840) ... FAILED
[INFO] [stdout] test src/lib.rs - OptionBool::map (line 406) ... FAILED
[INFO] [stdout] test src/lib.rs - OptionBool::or_else (line 753) ... FAILED
[INFO] [stdout] test src/lib.rs - OptionBool::ok_or_else (line 555) ... FAILED
[INFO] [stdout] test src/lib.rs - Optioned<T>::and (line 1869) ... FAILED
[INFO] [stdout] test src/lib.rs - OptionBool::map_or_default (line 513) ... FAILED
[INFO] [stdout] test src/lib.rs - OptionBool::and (line 577) ... FAILED
[INFO] [stdout] test src/lib.rs - Optioned<T>::as_slice (line 2022) ... FAILED
[INFO] [stdout] test src/lib.rs - OptionBool::and_then (line 621) ... FAILED
[INFO] [stdout] test src/lib.rs - OptionBool::or (line 708) ... FAILED
[INFO] [stdout] test src/lib.rs - OptionBool::map_or (line 469) ... FAILED
[INFO] [stdout] test src/lib.rs - Optioned<T>::xor (line 1849) ... FAILED
[INFO] [stdout] test src/lib.rs - OptionBool::map_bool (line 433) ... FAILED
[INFO] [stdout] test src/lib.rs - OptionBool::or_bool (line 728) ... FAILED
[INFO] [stdout] test src/lib.rs - OptionBool::take_bool (line 880) ... FAILED
[INFO] [stdout] test src/lib.rs - OptionBool::and_then_bool (line 646) ... FAILED
[INFO] [stdout] test src/lib.rs - Optioned<T>::replace (line 2052) ... FAILED
[INFO] [stdout] test src/lib.rs - Optioned<T> (line 1380) ... FAILED
[INFO] [stdout] test src/lib.rs - OptionBool::and_bool (line 596) ... FAILED
[INFO] [stdout] test src/lib.rs - Optioned<T>::unwrap (line 1604) ... FAILED
[INFO] [stdout] test src/lib.rs - OptionBool::xor (line 804) ... FAILED
[INFO] [stdout] test src/lib.rs - Optioned<T>::unpack (line 1624) ... FAILED
[INFO] [stdout] test src/lib.rs - OptionBool::take (line 862) ... FAILED
[INFO] [stdout] test src/lib.rs - OptionBool::ok_or (line 536) ... FAILED
[INFO] [stdout] test src/lib.rs - OptionBool::map_or_else (line 491) ... FAILED
[INFO] [stdout] test src/lib.rs - Optioned<T>::expect (line 1575) ... FAILED
[INFO] [stdout] test src/lib.rs - OptionBool::iter (line 826) ... FAILED
[INFO] [stdout] test src/lib.rs - OptionBool::none (line 215) ... FAILED
[INFO] [stdout] test src/lib.rs - OptionBool::unwrap_or_else (line 378) ... FAILED
[INFO] [stdout] test src/lib.rs - Optioned<T>::unwrap_or_default (line 2074) ... FAILED
[INFO] [stdout] test src/lib.rs - Optioned<T>::map_t (line 1700) ... FAILED
[INFO] [stdout] test src/lib.rs - OptionBool::filter (line 675) ... FAILED
[INFO] [stdout] test src/lib.rs - Optioned<T>::iter (line 2036) ... FAILED
[INFO] [stdout] test src/lib.rs - Optioned<T>::and_then (line 1895) ... FAILED
[INFO] [stdout] test src/lib.rs - OptionBool::or_else_bool (line 779) ... FAILED
[INFO] [stdout] test src/lib.rs - Optioned<T>::take (line 2008) ... FAILED
[INFO] [stdout] test src/lib.rs - Optioned<T>::into_option (line 1530) ... FAILED
[INFO] [stdout] test src/lib.rs - Optioned<T>::expect (line 1583) ... FAILED
[INFO] [stdout] test src/lib.rs - OptionBool::replace (line 897) ... FAILED
[INFO] [stdout] test src/lib.rs - OptionBool::expect (line 291) ... FAILED
[INFO] [stdout] test src/lib.rs - (line 30) ... ok
[INFO] [stdout] test src/lib.rs - Optioned<T>::some (line 1491) ... FAILED
[INFO] [stdout] test src/lib.rs - (line 41) ... ok
[INFO] [stdout] test src/lib.rs - (line 20) ... FAILED
[INFO] [stdout] test src/lib.rs - OptionBool::is_none (line 266) ... ok
[INFO] [stdout] test src/lib.rs - OptionBool::expect (line 300) ... ok
[INFO] [stdout] test src/lib.rs - OptionBool (line 944) ... ok
[INFO] [stdout] test src/lib.rs - OptionBool::is_some (line 228) ... ok
[INFO] [stdout] test src/lib.rs - OptionBool::contains (line 247) ... ok
[INFO] [stdout] test src/lib.rs - some (line 2115) ... ok
[INFO] [stdout] test src/lib.rs - some (line 2121) ... ok
[INFO] [stdout] test src/lib.rs - wrap (line 2147) ... ok
[INFO] [stdout] test src/lib.rs - Optioned<T>::some (line 1497) ... ok
[INFO] [stdout] test src/lib.rs - none (line 2134) ... ok
[INFO] [stdout] test src/lib.rs - OptionBool::unwrap_or_default (line 363) ... ok
[INFO] [stdout] test src/lib.rs - OptionBool::unwrap (line 331) ... ok
[INFO] [stdout] test src/lib.rs - OptionBool::unwrap_or (line 343) ... ok
[INFO] [stdout] test src/lib.rs - OptionBool::unwrap (line 322) ... ok
[INFO] [stdout] test src/lib.rs - Optioned<T>::contains (line 2095) ... ok
[INFO] [stdout] test src/lib.rs - Optioned<T>::none (line 1510) ... ok
[INFO] [stdout] test src/lib.rs - Optioned<T>::unwrap (line 1612) ... ok
[INFO] [stdout] 
[INFO] [stdout] failures:
[INFO] [stdout] 
[INFO] [stdout] ---- src/lib.rs - Optioned<T>::map_or_else (line 1743) stdout ----
[INFO] [stdout] Couldn't compile the test.
[INFO] [stdout] ---- src/lib.rs - Optioned<T>::filter (line 1938) stdout ----
[INFO] [stdout] Couldn't compile the test.
[INFO] [stdout] ---- src/lib.rs - Optioned<T>::map_or (line 1722) stdout ----
[INFO] [stdout] Couldn't compile the test.
[INFO] [stdout] ---- src/lib.rs - Optioned<T>::unwrap_or (line 1638) stdout ----
[INFO] [stdout] Couldn't compile the test.
[INFO] [stdout] ---- src/lib.rs - Optioned<T>::ok_or (line 1961) stdout ----
[INFO] [stdout] Couldn't compile the test.
[INFO] [stdout] ---- src/lib.rs - Optioned<T>::or (line 1792) stdout ----
[INFO] [stdout] Couldn't compile the test.
[INFO] [stdout] ---- src/lib.rs - Optioned<T>::or_else (line 1823) stdout ----
[INFO] [stdout] Couldn't compile the test.
[INFO] [stdout] ---- src/lib.rs - Optioned<T>::map_or_default (line 1767) stdout ----
[INFO] [stdout] Couldn't compile the test.
[INFO] [stdout] ---- src/lib.rs - Optioned<T>::unwrap_or_else (line 1656) stdout ----
[INFO] [stdout] Couldn't compile the test.
[INFO] [stdout] ---- src/lib.rs - Optioned<T>::ok_or_else (line 1984) stdout ----
[INFO] [stdout] Couldn't compile the test.
[INFO] [stdout] ---- src/lib.rs - Optioned<T>::map (line 1677) stdout ----
[INFO] [stdout] Couldn't compile the test.
[INFO] [stdout] ---- src/lib.rs - OptionBool::as_slice (line 840) stdout ----
[INFO] [stdout] Couldn't compile the test.
[INFO] [stdout] ---- src/lib.rs - OptionBool::map (line 406) stdout ----
[INFO] [stdout] Couldn't compile the test.
[INFO] [stdout] ---- src/lib.rs - OptionBool::or_else (line 753) stdout ----
[INFO] [stdout] Couldn't compile the test.
[INFO] [stdout] ---- src/lib.rs - OptionBool::ok_or_else (line 555) stdout ----
[INFO] [stdout] Couldn't compile the test.
[INFO] [stdout] ---- src/lib.rs - Optioned<T>::and (line 1869) stdout ----
[INFO] [stdout] Couldn't compile the test.
[INFO] [stdout] ---- src/lib.rs - OptionBool::map_or_default (line 513) stdout ----
[INFO] [stdout] Couldn't compile the test.
[INFO] [stdout] ---- src/lib.rs - OptionBool::and (line 577) stdout ----
[INFO] [stdout] Couldn't compile the test.
[INFO] [stdout] ---- src/lib.rs - Optioned<T>::as_slice (line 2022) stdout ----
[INFO] [stdout] Couldn't compile the test.
[INFO] [stdout] ---- src/lib.rs - OptionBool::and_then (line 621) stdout ----
[INFO] [stdout] Couldn't compile the test.
[INFO] [stdout] ---- src/lib.rs - OptionBool::or (line 708) stdout ----
[INFO] [stdout] Couldn't compile the test.
[INFO] [stdout] ---- src/lib.rs - OptionBool::map_or (line 469) stdout ----
[INFO] [stdout] Couldn't compile the test.
[INFO] [stdout] ---- src/lib.rs - Optioned<T>::xor (line 1849) stdout ----
[INFO] [stdout] Couldn't compile the test.
[INFO] [stdout] ---- src/lib.rs - OptionBool::map_bool (line 433) stdout ----
[INFO] [stdout] Couldn't compile the test.
[INFO] [stdout] ---- src/lib.rs - OptionBool::or_bool (line 728) stdout ----
[INFO] [stdout] Couldn't compile the test.
[INFO] [stdout] ---- src/lib.rs - OptionBool::take_bool (line 880) stdout ----
[INFO] [stdout] Couldn't compile the test.
[INFO] [stdout] ---- src/lib.rs - OptionBool::and_then_bool (line 646) stdout ----
[INFO] [stdout] Couldn't compile the test.
[INFO] [stdout] ---- src/lib.rs - Optioned<T>::replace (line 2052) stdout ----
[INFO] [stdout] Couldn't compile the test.
[INFO] [stdout] ---- src/lib.rs - Optioned<T> (line 1380) stdout ----
[INFO] [stdout] Couldn't compile the test.
[INFO] [stdout] ---- src/lib.rs - OptionBool::and_bool (line 596) stdout ----
[INFO] [stdout] Couldn't compile the test.
[INFO] [stdout] ---- src/lib.rs - Optioned<T>::unwrap (line 1604) stdout ----
[INFO] [stdout] Couldn't compile the test.
[INFO] [stdout] ---- src/lib.rs - OptionBool::xor (line 804) stdout ----
[INFO] [stdout] Couldn't compile the test.
[INFO] [stdout] ---- src/lib.rs - Optioned<T>::unpack (line 1624) stdout ----
[INFO] [stdout] Couldn't compile the test.
[INFO] [stdout] ---- src/lib.rs - OptionBool::take (line 862) stdout ----
[INFO] [stdout] Couldn't compile the test.
[INFO] [stdout] ---- src/lib.rs - OptionBool::ok_or (line 536) stdout ----
[INFO] [stdout] Couldn't compile the test.
[INFO] [stdout] ---- src/lib.rs - OptionBool::map_or_else (line 491) stdout ----
[INFO] [stdout] Couldn't compile the test.
[INFO] [stdout] ---- src/lib.rs - Optioned<T>::expect (line 1575) stdout ----
[INFO] [stdout] Couldn't compile the test.
[INFO] [stdout] ---- src/lib.rs - OptionBool::iter (line 826) stdout ----
[INFO] [stdout] Couldn't compile the test.
[INFO] [stdout] ---- src/lib.rs - OptionBool::none (line 215) stdout ----
[INFO] [stdout] Couldn't compile the test.
[INFO] [stdout] ---- src/lib.rs - OptionBool::unwrap_or_else (line 378) stdout ----
[INFO] [stdout] Couldn't compile the test.
[INFO] [stdout] ---- src/lib.rs - Optioned<T>::unwrap_or_default (line 2074) stdout ----
[INFO] [stdout] Couldn't compile the test.
[INFO] [stdout] ---- src/lib.rs - Optioned<T>::map_t (line 1700) stdout ----
[INFO] [stdout] Couldn't compile the test.
[INFO] [stdout] ---- src/lib.rs - OptionBool::filter (line 675) stdout ----
[INFO] [stdout] Couldn't compile the test.
[INFO] [stdout] ---- src/lib.rs - Optioned<T>::iter (line 2036) stdout ----
[INFO] [stdout] Couldn't compile the test.
[INFO] [stdout] ---- src/lib.rs - Optioned<T>::and_then (line 1895) stdout ----
[INFO] [stdout] Couldn't compile the test.
[INFO] [stdout] ---- src/lib.rs - OptionBool::or_else_bool (line 779) stdout ----
[INFO] [stdout] Couldn't compile the test.
[INFO] [stdout] ---- src/lib.rs - Optioned<T>::take (line 2008) stdout ----
[INFO] [stdout] Couldn't compile the test.
[INFO] [stdout] ---- src/lib.rs - Optioned<T>::into_option (line 1530) stdout ----
[INFO] [stdout] Couldn't compile the test.
[INFO] [stdout] ---- src/lib.rs - Optioned<T>::expect (line 1583) stdout ----
[INFO] [stdout] Couldn't compile the test.
[INFO] [stdout] ---- src/lib.rs - OptionBool::replace (line 897) stdout ----
[INFO] [stdout] Couldn't compile the test.
[INFO] [stdout] ---- src/lib.rs - OptionBool::expect (line 291) stdout ----
[INFO] [stdout] Couldn't compile the test.
[INFO] [stdout] ---- src/lib.rs - Optioned<T>::some (line 1491) stdout ----
[INFO] [stdout] Couldn't compile the test.
[INFO] [stdout] ---- src/lib.rs - (line 20) stdout ----
[INFO] [stdout] Couldn't compile the test.
[INFO] [stdout] 
[INFO] [stdout] failures:
[INFO] [stdout]     src/lib.rs - (line 20)
[INFO] [stdout]     src/lib.rs - OptionBool::and (line 577)
[INFO] [stdout]     src/lib.rs - OptionBool::and_bool (line 596)
[INFO] [stdout]     src/lib.rs - OptionBool::and_then (line 621)
[INFO] [stdout]     src/lib.rs - OptionBool::and_then_bool (line 646)
[INFO] [stdout]     src/lib.rs - OptionBool::as_slice (line 840)
[INFO] [stdout]     src/lib.rs - OptionBool::expect (line 291)
[INFO] [stdout]     src/lib.rs - OptionBool::filter (line 675)
[INFO] [stdout]     src/lib.rs - OptionBool::iter (line 826)
[INFO] [stdout]     src/lib.rs - OptionBool::map (line 406)
[INFO] [stdout]     src/lib.rs - OptionBool::map_bool (line 433)
[INFO] [stdout]     src/lib.rs - OptionBool::map_or (line 469)
[INFO] [stdout]     src/lib.rs - OptionBool::map_or_default (line 513)
[INFO] [stdout]     src/lib.rs - OptionBool::map_or_else (line 491)
[INFO] [stdout]     src/lib.rs - OptionBool::none (line 215)
[INFO] [stdout]     src/lib.rs - OptionBool::ok_or (line 536)
[INFO] [stdout]     src/lib.rs - OptionBool::ok_or_else (line 555)
[INFO] [stdout]     src/lib.rs - OptionBool::or (line 708)
[INFO] [stdout]     src/lib.rs - OptionBool::or_bool (line 728)
[INFO] [stdout]     src/lib.rs - OptionBool::or_else (line 753)
[INFO] [stdout]     src/lib.rs - OptionBool::or_else_bool (line 779)
[INFO] [stdout]     src/lib.rs - OptionBool::replace (line 897)
[INFO] [stdout]     src/lib.rs - OptionBool::take (line 862)
[INFO] [stdout]     src/lib.rs - OptionBool::take_bool (line 880)
[INFO] [stdout]     src/lib.rs - OptionBool::unwrap_or_else (line 378)
[INFO] [stdout]     src/lib.rs - OptionBool::xor (line 804)
[INFO] [stdout]     src/lib.rs - Optioned<T> (line 1380)
[INFO] [stdout]     src/lib.rs - Optioned<T>::and (line 1869)
[INFO] [stdout]     src/lib.rs - Optioned<T>::and_then (line 1895)
[INFO] [stdout]     src/lib.rs - Optioned<T>::as_slice (line 2022)
[INFO] [stdout]     src/lib.rs - Optioned<T>::expect (line 1575)
[INFO] [stdout]     src/lib.rs - Optioned<T>::expect (line 1583)
[INFO] [stdout]     src/lib.rs - Optioned<T>::filter (line 1938)
[INFO] [stdout]     src/lib.rs - Optioned<T>::into_option (line 1530)
[INFO] [stdout]     src/lib.rs - Optioned<T>::iter (line 2036)
[INFO] [stdout]     src/lib.rs - Optioned<T>::map (line 1677)
[INFO] [stdout]     src/lib.rs - Optioned<T>::map_or (line 1722)
[INFO] [stdout]     src/lib.rs - Optioned<T>::map_or_default (line 1767)
[INFO] [stdout]     src/lib.rs - Optioned<T>::map_or_else (line 1743)
[INFO] [stdout]     src/lib.rs - Optioned<T>::map_t (line 1700)
[INFO] [stdout]     src/lib.rs - Optioned<T>::ok_or (line 1961)
[INFO] [stdout]     src/lib.rs - Optioned<T>::ok_or_else (line 1984)
[INFO] [stdout]     src/lib.rs - Optioned<T>::or (line 1792)
[INFO] [stdout]     src/lib.rs - Optioned<T>::or_else (line 1823)
[INFO] [stdout]     src/lib.rs - Optioned<T>::replace (line 2052)
[INFO] [stdout]     src/lib.rs - Optioned<T>::some (line 1491)
[INFO] [stdout]     src/lib.rs - Optioned<T>::take (line 2008)
[INFO] [stdout]     src/lib.rs - Optioned<T>::unpack (line 1624)
[INFO] [stdout]     src/lib.rs - Optioned<T>::unwrap (line 1604)
[INFO] [stdout]     src/lib.rs - Optioned<T>::unwrap_or (line 1638)
[INFO] [stdout]     src/lib.rs - Optioned<T>::unwrap_or_default (line 2074)
[INFO] [stdout]     src/lib.rs - Optioned<T>::unwrap_or_else (line 1656)
[INFO] [stdout]     src/lib.rs - Optioned<T>::xor (line 1849)
[INFO] [stdout] 
[INFO] [stdout] test result: FAILED. 20 passed; 53 failed; 0 ignored; 0 measured; 0 filtered out; finished in 3.00s
[INFO] [stdout] 
[INFO] [stderr] error: test failed, to rerun pass '--doc'
[INFO] running `Command { std: "docker" "inspect" "7f4c4958b72d0bedc8a5cccc6191cd65e5e95496457e50701f7f3f082bafd16d", kill_on_drop: false }`
[INFO] running `Command { std: "docker" "rm" "-f" "7f4c4958b72d0bedc8a5cccc6191cd65e5e95496457e50701f7f3f082bafd16d", kill_on_drop: false }`
[INFO] [stdout] 7f4c4958b72d0bedc8a5cccc6191cd65e5e95496457e50701f7f3f082bafd16d
