[INFO] cloning repository https://github.com/lkschubert8/sherbert
[INFO] running `Command { std: "git" "-c" "credential.helper=" "-c" "credential.helper=/workspace/cargo-home/bin/git-credential-null" "clone" "--bare" "https://github.com/lkschubert8/sherbert" "/workspace/cache/git-repos/https%3A%2F%2Fgithub.com%2Flkschubert8%2Fsherbert", kill_on_drop: false }`
[INFO] [stderr] Cloning into bare repository '/workspace/cache/git-repos/https%3A%2F%2Fgithub.com%2Flkschubert8%2Fsherbert'...
[INFO] running `Command { std: "git" "rev-parse" "HEAD", kill_on_drop: false }`
[INFO] [stdout] 3b8a2ea1f1936f11ded658f36f9f4722084b32a8
[INFO] testing lkschubert8/sherbert against 1.54.0 for beta-1.55-1
[INFO] running `Command { std: "git" "clone" "/workspace/cache/git-repos/https%3A%2F%2Fgithub.com%2Flkschubert8%2Fsherbert" "/workspace/builds/worker-0/source", kill_on_drop: false }`
[INFO] [stderr] Cloning into '/workspace/builds/worker-0/source'...
[INFO] [stderr] done.
[INFO] validating manifest of git repo https://github.com/lkschubert8/sherbert on toolchain 1.54.0
[INFO] running `Command { std: "/workspace/cargo-home/bin/cargo" "+1.54.0" "metadata" "--manifest-path" "Cargo.toml" "--no-deps", kill_on_drop: false }`
[INFO] started tweaking git repo https://github.com/lkschubert8/sherbert
[INFO] finished tweaking git repo https://github.com/lkschubert8/sherbert
[INFO] tweaked toml for git repo https://github.com/lkschubert8/sherbert written to /workspace/builds/worker-0/source/Cargo.toml
[INFO] crate git repo https://github.com/lkschubert8/sherbert already has a lockfile, it will not be regenerated
[INFO] running `Command { std: "/workspace/cargo-home/bin/cargo" "+1.54.0" "fetch" "--manifest-path" "Cargo.toml", kill_on_drop: false }`
[INFO] [stderr]     Blocking waiting for file lock on package cache
[INFO] [stderr]     Blocking waiting for file lock on package cache
[INFO] running `Command { std: "docker" "create" "-v" "/var/lib/crater-agent-workspace/builds/worker-0/target:/opt/rustwide/target:rw,Z" "-v" "/var/lib/crater-agent-workspace/builds/worker-0/source:/opt/rustwide/workdir:ro,Z" "-v" "/var/lib/crater-agent-workspace/cargo-home:/opt/rustwide/cargo-home:ro,Z" "-v" "/var/lib/crater-agent-workspace/rustup-home:/opt/rustwide/rustup-home:ro,Z" "-e" "SOURCE_DIR=/opt/rustwide/workdir" "-e" "CARGO_TARGET_DIR=/opt/rustwide/target" "-e" "CARGO_HOME=/opt/rustwide/cargo-home" "-e" "RUSTUP_HOME=/opt/rustwide/rustup-home" "-w" "/opt/rustwide/workdir" "-m" "1610612736" "--user" "0:0" "--network" "none" "ghcr.io/rust-lang/crates-build-env/linux@sha256:34b6a614d2c27851fe6cbf88fbd1137609cefab8b10d0615aaeb6fd47975d74e" "/opt/rustwide/cargo-home/bin/cargo" "+1.54.0" "metadata" "--no-deps" "--format-version=1", kill_on_drop: false }`
[INFO] [stdout] cbf6c767cb013f65f0883208fc19888e693d07bb10ec08d2ea8f350f746f6648
[INFO] running `Command { std: "docker" "start" "-a" "cbf6c767cb013f65f0883208fc19888e693d07bb10ec08d2ea8f350f746f6648", kill_on_drop: false }`
[INFO] running `Command { std: "docker" "inspect" "cbf6c767cb013f65f0883208fc19888e693d07bb10ec08d2ea8f350f746f6648", kill_on_drop: false }`
[INFO] running `Command { std: "docker" "rm" "-f" "cbf6c767cb013f65f0883208fc19888e693d07bb10ec08d2ea8f350f746f6648", kill_on_drop: false }`
[INFO] [stdout] cbf6c767cb013f65f0883208fc19888e693d07bb10ec08d2ea8f350f746f6648
[INFO] running `Command { std: "docker" "create" "-v" "/var/lib/crater-agent-workspace/builds/worker-0/target:/opt/rustwide/target:rw,Z" "-v" "/var/lib/crater-agent-workspace/builds/worker-0/source:/opt/rustwide/workdir:ro,Z" "-v" "/var/lib/crater-agent-workspace/cargo-home:/opt/rustwide/cargo-home:ro,Z" "-v" "/var/lib/crater-agent-workspace/rustup-home:/opt/rustwide/rustup-home:ro,Z" "-e" "SOURCE_DIR=/opt/rustwide/workdir" "-e" "CARGO_TARGET_DIR=/opt/rustwide/target" "-e" "CARGO_INCREMENTAL=0" "-e" "RUST_BACKTRACE=full" "-e" "RUSTFLAGS=--cap-lints=warn" "-e" "CARGO_HOME=/opt/rustwide/cargo-home" "-e" "RUSTUP_HOME=/opt/rustwide/rustup-home" "-w" "/opt/rustwide/workdir" "-m" "1610612736" "--user" "0:0" "--network" "none" "ghcr.io/rust-lang/crates-build-env/linux@sha256:34b6a614d2c27851fe6cbf88fbd1137609cefab8b10d0615aaeb6fd47975d74e" "/opt/rustwide/cargo-home/bin/cargo" "+1.54.0" "build" "--frozen" "--message-format=json", kill_on_drop: false }`
[INFO] [stdout] a5100f9a5396baaae25175e46e092c3d093233117451438ec0399cc6cab5c5ab
[INFO] running `Command { std: "docker" "start" "-a" "a5100f9a5396baaae25175e46e092c3d093233117451438ec0399cc6cab5c5ab", kill_on_drop: false }`
[INFO] [stderr]     Blocking waiting for file lock on package cache
[INFO] [stderr]    Compiling circular-queue v0.2.0
[INFO] [stderr]    Compiling sherbert v0.1.0 (/opt/rustwide/workdir)
[INFO] [stdout] warning: unused imports: `File`, `read`
[INFO] [stdout]  --> src/key_store/mod.rs:4:15
[INFO] [stdout]   |
[INFO] [stdout] 4 | use std::fs::{read, File, OpenOptions};
[INFO] [stdout]   |               ^^^^  ^^^^
[INFO] [stdout]   |
[INFO] [stdout]   = note: `#[warn(unused_imports)]` on by default
[INFO] [stdout] 
[INFO] [stdout] 
[INFO] [stdout] warning: unused variable: `args`
[INFO] [stdout]  --> src/main.rs:7:9
[INFO] [stdout]   |
[INFO] [stdout] 7 |     let args: Vec<String> = env::args().collect();
[INFO] [stdout]   |         ^^^^ help: if this is intentional, prefix it with an underscore: `_args`
[INFO] [stdout]   |
[INFO] [stdout]   = note: `#[warn(unused_variables)]` on by default
[INFO] [stdout] 
[INFO] [stdout] 
[INFO] [stdout] warning: unused variable: `stream`
[INFO] [stdout]   --> src/main.rs:13:13
[INFO] [stdout]    |
[INFO] [stdout] 13 |         let stream = stream.unwrap();
[INFO] [stdout]    |             ^^^^^^ help: if this is intentional, prefix it with an underscore: `_stream`
[INFO] [stdout] 
[INFO] [stdout] 
[INFO] [stdout] warning: variable does not need to be mutable
[INFO] [stdout]   --> src/key_store/mod.rs:58:21
[INFO] [stdout]    |
[INFO] [stdout] 58 |                 let mut field = String::from_utf8(field_buffer).expect("Utf conversion f'ed up");
[INFO] [stdout]    |                     ----^^^^^
[INFO] [stdout]    |                     |
[INFO] [stdout]    |                     help: remove this `mut`
[INFO] [stdout]    |
[INFO] [stdout]    = note: `#[warn(unused_mut)]` on by default
[INFO] [stdout] 
[INFO] [stdout] 
[INFO] [stdout] warning: struct is never constructed: `FileMap`
[INFO] [stdout]  --> src/key_store/mod.rs:7:12
[INFO] [stdout]   |
[INFO] [stdout] 7 | pub struct FileMap {
[INFO] [stdout]   |            ^^^^^^^
[INFO] [stdout]   |
[INFO] [stdout]   = note: `#[warn(dead_code)]` on by default
[INFO] [stdout] 
[INFO] [stdout] 
[INFO] [stdout] warning: associated function is never used: `new`
[INFO] [stdout]   --> src/key_store/mod.rs:15:12
[INFO] [stdout]    |
[INFO] [stdout] 15 |     pub fn new(path : String) -> FileMap {
[INFO] [stdout]    |            ^^^
[INFO] [stdout] 
[INFO] [stdout] 
[INFO] [stdout] warning: associated function is never used: `rebuild`
[INFO] [stdout]   --> src/key_store/mod.rs:24:12
[INFO] [stdout]    |
[INFO] [stdout] 24 |     pub fn rebuild(file_path: String) -> FileMap {
[INFO] [stdout]    |            ^^^^^^^
[INFO] [stdout] 
[INFO] [stdout] 
[INFO] [stdout] warning: associated function is never used: `add`
[INFO] [stdout]   --> src/key_store/mod.rs:33:12
[INFO] [stdout]    |
[INFO] [stdout] 33 |     pub fn add(&mut self, key: String, value: String) {
[INFO] [stdout]    |            ^^^
[INFO] [stdout] 
[INFO] [stdout] 
[INFO] [stdout] warning: associated function is never used: `get`
[INFO] [stdout]   --> src/key_store/mod.rs:45:12
[INFO] [stdout]    |
[INFO] [stdout] 45 |     pub fn get(&mut self, key: String) -> Option<String> {
[INFO] [stdout]    |            ^^^
[INFO] [stdout] 
[INFO] [stdout] 
[INFO] [stdout] warning: struct is never constructed: `KeyValMap`
[INFO] [stdout]   --> src/key_store/mod.rs:66:12
[INFO] [stdout]    |
[INFO] [stdout] 66 | pub struct KeyValMap {
[INFO] [stdout]    |            ^^^^^^^^^
[INFO] [stdout] 
[INFO] [stdout] 
[INFO] [stdout] warning: associated function is never used: `new`
[INFO] [stdout]   --> src/key_store/mod.rs:75:12
[INFO] [stdout]    |
[INFO] [stdout] 75 |     pub fn new(new_storage_dir: String) -> KeyValMap {
[INFO] [stdout]    |            ^^^
[INFO] [stdout] 
[INFO] [stdout] 
[INFO] [stdout] warning: associated function is never used: `rebuild`
[INFO] [stdout]   --> src/key_store/mod.rs:88:12
[INFO] [stdout]    |
[INFO] [stdout] 88 |     pub fn rebuild(old_storage_dir: String) -> KeyValMap {
[INFO] [stdout]    |            ^^^^^^^
[INFO] [stdout] 
[INFO] [stdout] 
[INFO] [stdout] warning: associated function is never used: `add`
[INFO] [stdout]   --> src/key_store/mod.rs:98:12
[INFO] [stdout]    |
[INFO] [stdout] 98 |     pub fn add(&mut self, key: String, value: String) {
[INFO] [stdout]    |            ^^^
[INFO] [stdout] 
[INFO] [stdout] 
[INFO] [stdout] warning: associated function is never used: `get`
[INFO] [stdout]    --> src/key_store/mod.rs:109:12
[INFO] [stdout]     |
[INFO] [stdout] 109 |     pub fn get(&mut self, key: String) -> Option<String> {
[INFO] [stdout]     |            ^^^
[INFO] [stdout] 
[INFO] [stdout] 
[INFO] [stdout] warning: unused `Result` that must be used
[INFO] [stdout]   --> src/key_store/mod.rs:37:9
[INFO] [stdout]    |
[INFO] [stdout] 37 |         self.file.seek(SeekFrom::End(0));
[INFO] [stdout]    |         ^^^^^^^^^^^^^^^^^^^^^^^^^^^^^^^^^
[INFO] [stdout]    |
[INFO] [stdout]    = note: `#[warn(unused_must_use)]` on by default
[INFO] [stdout]    = note: this `Result` may be an `Err` variant, which should be handled
[INFO] [stdout] 
[INFO] [stdout] 
[INFO] [stdout] warning: unused `Result` that must be used
[INFO] [stdout]   --> src/key_store/mod.rs:40:9
[INFO] [stdout]    |
[INFO] [stdout] 40 |         self.file.write(output.as_bytes());
[INFO] [stdout]    |         ^^^^^^^^^^^^^^^^^^^^^^^^^^^^^^^^^^^
[INFO] [stdout]    |
[INFO] [stdout]    = note: this `Result` may be an `Err` variant, which should be handled
[INFO] [stdout] 
[INFO] [stdout] 
[INFO] [stdout] warning: unused `Result` that must be used
[INFO] [stdout]   --> src/key_store/mod.rs:48:17
[INFO] [stdout]    |
[INFO] [stdout] 48 |                 self.file.seek(SeekFrom::Start(*pos));
[INFO] [stdout]    |                 ^^^^^^^^^^^^^^^^^^^^^^^^^^^^^^^^^^^^^^
[INFO] [stdout]    |
[INFO] [stdout]    = note: this `Result` may be an `Err` variant, which should be handled
[INFO] [stdout] 
[INFO] [stdout] 
[INFO] [stdout] warning: unused `Result` that must be used
[INFO] [stdout]   --> src/key_store/mod.rs:56:17
[INFO] [stdout]    |
[INFO] [stdout] 56 |                 self.file.seek(SeekFrom::Current(1));
[INFO] [stdout]    |                 ^^^^^^^^^^^^^^^^^^^^^^^^^^^^^^^^^^^^^
[INFO] [stdout]    |
[INFO] [stdout]    = note: this `Result` may be an `Err` variant, which should be handled
[INFO] [stdout] 
[INFO] [stdout] 
[INFO] [stdout] warning: comparison is useless due to type limits
[INFO] [stdout]    --> src/key_store/mod.rs:112:15
[INFO] [stdout]     |
[INFO] [stdout] 112 |         while length - read_depth >= 0 {
[INFO] [stdout]     |               ^^^^^^^^^^^^^^^^^^^^^^^^
[INFO] [stdout]     |
[INFO] [stdout]     = note: `#[warn(unused_comparisons)]` on by default
[INFO] [stdout] 
[INFO] [stdout] 
[INFO] [stderr]     Finished dev [unoptimized + debuginfo] target(s) in 9.94s
[INFO] [stdout] warning: 19 warnings emitted
[INFO] [stdout] 
[INFO] [stdout] 
[INFO] running `Command { std: "docker" "inspect" "a5100f9a5396baaae25175e46e092c3d093233117451438ec0399cc6cab5c5ab", kill_on_drop: false }`
[INFO] running `Command { std: "docker" "rm" "-f" "a5100f9a5396baaae25175e46e092c3d093233117451438ec0399cc6cab5c5ab", kill_on_drop: false }`
[INFO] [stdout] a5100f9a5396baaae25175e46e092c3d093233117451438ec0399cc6cab5c5ab
[INFO] running `Command { std: "docker" "create" "-v" "/var/lib/crater-agent-workspace/builds/worker-0/target:/opt/rustwide/target:rw,Z" "-v" "/var/lib/crater-agent-workspace/builds/worker-0/source:/opt/rustwide/workdir:ro,Z" "-v" "/var/lib/crater-agent-workspace/cargo-home:/opt/rustwide/cargo-home:ro,Z" "-v" "/var/lib/crater-agent-workspace/rustup-home:/opt/rustwide/rustup-home:ro,Z" "-e" "SOURCE_DIR=/opt/rustwide/workdir" "-e" "CARGO_TARGET_DIR=/opt/rustwide/target" "-e" "CARGO_INCREMENTAL=0" "-e" "RUST_BACKTRACE=full" "-e" "RUSTFLAGS=--cap-lints=warn" "-e" "CARGO_HOME=/opt/rustwide/cargo-home" "-e" "RUSTUP_HOME=/opt/rustwide/rustup-home" "-w" "/opt/rustwide/workdir" "-m" "1610612736" "--user" "0:0" "--network" "none" "ghcr.io/rust-lang/crates-build-env/linux@sha256:34b6a614d2c27851fe6cbf88fbd1137609cefab8b10d0615aaeb6fd47975d74e" "/opt/rustwide/cargo-home/bin/cargo" "+1.54.0" "test" "--frozen" "--no-run" "--message-format=json", kill_on_drop: false }`
[INFO] [stdout] 85fc0e5d4f5dc3b6ea38dc573a0f80a4a5bf9fc28b5ada7d471e7ca96b7c02a2
[INFO] running `Command { std: "docker" "start" "-a" "85fc0e5d4f5dc3b6ea38dc573a0f80a4a5bf9fc28b5ada7d471e7ca96b7c02a2", kill_on_drop: false }`
[INFO] [stderr]     Blocking waiting for file lock on package cache
[INFO] [stderr]    Compiling sherbert v0.1.0 (/opt/rustwide/workdir)
[INFO] [stdout] warning: unused imports: `File`, `read`
[INFO] [stdout]  --> src/key_store/mod.rs:4:15
[INFO] [stdout]   |
[INFO] [stdout] 4 | use std::fs::{read, File, OpenOptions};
[INFO] [stdout]   |               ^^^^  ^^^^
[INFO] [stdout]   |
[INFO] [stdout]   = note: `#[warn(unused_imports)]` on by default
[INFO] [stdout] 
[INFO] [stdout] 
[INFO] [stdout] warning: unused variable: `args`
[INFO] [stdout]  --> src/main.rs:7:9
[INFO] [stdout]   |
[INFO] [stdout] 7 |     let args: Vec<String> = env::args().collect();
[INFO] [stdout]   |         ^^^^ help: if this is intentional, prefix it with an underscore: `_args`
[INFO] [stdout]   |
[INFO] [stdout]   = note: `#[warn(unused_variables)]` on by default
[INFO] [stdout] 
[INFO] [stdout] 
[INFO] [stdout] warning: unused variable: `stream`
[INFO] [stdout]   --> src/main.rs:13:13
[INFO] [stdout]    |
[INFO] [stdout] 13 |         let stream = stream.unwrap();
[INFO] [stdout]    |             ^^^^^^ help: if this is intentional, prefix it with an underscore: `_stream`
[INFO] [stdout] 
[INFO] [stdout] 
[INFO] [stdout] warning: variable does not need to be mutable
[INFO] [stdout]   --> src/key_store/mod.rs:58:21
[INFO] [stdout]    |
[INFO] [stdout] 58 |                 let mut field = String::from_utf8(field_buffer).expect("Utf conversion f'ed up");
[INFO] [stdout]    |                     ----^^^^^
[INFO] [stdout]    |                     |
[INFO] [stdout]    |                     help: remove this `mut`
[INFO] [stdout]    |
[INFO] [stdout]    = note: `#[warn(unused_mut)]` on by default
[INFO] [stdout] 
[INFO] [stdout] 
[INFO] [stdout] warning: associated function is never used: `rebuild`
[INFO] [stdout]   --> src/key_store/mod.rs:24:12
[INFO] [stdout]    |
[INFO] [stdout] 24 |     pub fn rebuild(file_path: String) -> FileMap {
[INFO] [stdout]    |            ^^^^^^^
[INFO] [stdout]    |
[INFO] [stdout]    = note: `#[warn(dead_code)]` on by default
[INFO] [stdout] 
[INFO] [stdout] 
[INFO] [stdout] warning: associated function is never used: `rebuild`
[INFO] [stdout]   --> src/key_store/mod.rs:88:12
[INFO] [stdout]    |
[INFO] [stdout] 88 |     pub fn rebuild(old_storage_dir: String) -> KeyValMap {
[INFO] [stdout]    |            ^^^^^^^
[INFO] [stdout] 
[INFO] [stdout] 
[INFO] [stdout] warning: unused `Result` that must be used
[INFO] [stdout]   --> src/key_store/mod.rs:37:9
[INFO] [stdout]    |
[INFO] [stdout] 37 |         self.file.seek(SeekFrom::End(0));
[INFO] [stdout]    |         ^^^^^^^^^^^^^^^^^^^^^^^^^^^^^^^^^
[INFO] [stdout]    |
[INFO] [stdout]    = note: `#[warn(unused_must_use)]` on by default
[INFO] [stdout]    = note: this `Result` may be an `Err` variant, which should be handled
[INFO] [stdout] 
[INFO] [stdout] 
[INFO] [stdout] warning: unused `Result` that must be used
[INFO] [stdout]   --> src/key_store/mod.rs:40:9
[INFO] [stdout]    |
[INFO] [stdout] 40 |         self.file.write(output.as_bytes());
[INFO] [stdout]    |         ^^^^^^^^^^^^^^^^^^^^^^^^^^^^^^^^^^^
[INFO] [stdout]    |
[INFO] [stdout]    = note: this `Result` may be an `Err` variant, which should be handled
[INFO] [stdout] 
[INFO] [stdout] 
[INFO] [stdout] warning: unused `Result` that must be used
[INFO] [stdout]   --> src/key_store/mod.rs:48:17
[INFO] [stdout]    |
[INFO] [stdout] 48 |                 self.file.seek(SeekFrom::Start(*pos));
[INFO] [stdout]    |                 ^^^^^^^^^^^^^^^^^^^^^^^^^^^^^^^^^^^^^^
[INFO] [stdout]    |
[INFO] [stdout]    = note: this `Result` may be an `Err` variant, which should be handled
[INFO] [stdout] 
[INFO] [stdout] 
[INFO] [stdout] warning: unused `Result` that must be used
[INFO] [stdout]   --> src/key_store/mod.rs:56:17
[INFO] [stdout]    |
[INFO] [stdout] 56 |                 self.file.seek(SeekFrom::Current(1));
[INFO] [stdout]    |                 ^^^^^^^^^^^^^^^^^^^^^^^^^^^^^^^^^^^^^
[INFO] [stdout]    |
[INFO] [stdout]    = note: this `Result` may be an `Err` variant, which should be handled
[INFO] [stdout] 
[INFO] [stdout] 
[INFO] [stdout] warning: comparison is useless due to type limits
[INFO] [stdout]    --> src/key_store/mod.rs:112:15
[INFO] [stdout]     |
[INFO] [stdout] 112 |         while length - read_depth >= 0 {
[INFO] [stdout]     |               ^^^^^^^^^^^^^^^^^^^^^^^^
[INFO] [stdout]     |
[INFO] [stdout]     = note: `#[warn(unused_comparisons)]` on by default
[INFO] [stdout] 
[INFO] [stdout] 
[INFO] [stdout] warning: 11 warnings emitted
[INFO] [stdout] 
[INFO] [stdout] 
[INFO] [stderr]     Finished test [unoptimized + debuginfo] target(s) in 1.00s
[INFO] running `Command { std: "docker" "inspect" "85fc0e5d4f5dc3b6ea38dc573a0f80a4a5bf9fc28b5ada7d471e7ca96b7c02a2", kill_on_drop: false }`
[INFO] running `Command { std: "docker" "rm" "-f" "85fc0e5d4f5dc3b6ea38dc573a0f80a4a5bf9fc28b5ada7d471e7ca96b7c02a2", kill_on_drop: false }`
[INFO] [stdout] 85fc0e5d4f5dc3b6ea38dc573a0f80a4a5bf9fc28b5ada7d471e7ca96b7c02a2
[INFO] running `Command { std: "docker" "create" "-v" "/var/lib/crater-agent-workspace/builds/worker-0/target:/opt/rustwide/target:rw,Z" "-v" "/var/lib/crater-agent-workspace/builds/worker-0/source:/opt/rustwide/workdir:ro,Z" "-v" "/var/lib/crater-agent-workspace/cargo-home:/opt/rustwide/cargo-home:ro,Z" "-v" "/var/lib/crater-agent-workspace/rustup-home:/opt/rustwide/rustup-home:ro,Z" "-e" "SOURCE_DIR=/opt/rustwide/workdir" "-e" "CARGO_TARGET_DIR=/opt/rustwide/target" "-e" "CARGO_INCREMENTAL=0" "-e" "RUST_BACKTRACE=full" "-e" "RUSTFLAGS=--cap-lints=warn" "-e" "CARGO_HOME=/opt/rustwide/cargo-home" "-e" "RUSTUP_HOME=/opt/rustwide/rustup-home" "-w" "/opt/rustwide/workdir" "-m" "1610612736" "--user" "0:0" "--network" "none" "ghcr.io/rust-lang/crates-build-env/linux@sha256:34b6a614d2c27851fe6cbf88fbd1137609cefab8b10d0615aaeb6fd47975d74e" "/opt/rustwide/cargo-home/bin/cargo" "+1.54.0" "test" "--frozen", kill_on_drop: false }`
[INFO] [stdout] 050b3fe601078e5700360ca24481e347640860794e4f734234d291f52ba55059
[INFO] running `Command { std: "docker" "start" "-a" "050b3fe601078e5700360ca24481e347640860794e4f734234d291f52ba55059", kill_on_drop: false }`
[INFO] [stderr]     Blocking waiting for file lock on package cache
[INFO] [stderr] warning: unused imports: `File`, `read`
[INFO] [stderr]  --> src/key_store/mod.rs:4:15
[INFO] [stderr]   |
[INFO] [stderr] 4 | use std::fs::{read, File, OpenOptions};
[INFO] [stderr]   |               ^^^^  ^^^^
[INFO] [stderr]   |
[INFO] [stderr]   = note: `#[warn(unused_imports)]` on by default
[INFO] [stderr] 
[INFO] [stderr] warning: unused variable: `args`
[INFO] [stderr]  --> src/main.rs:7:9
[INFO] [stderr]   |
[INFO] [stderr] 7 |     let args: Vec<String> = env::args().collect();
[INFO] [stderr]   |         ^^^^ help: if this is intentional, prefix it with an underscore: `_args`
[INFO] [stderr]   |
[INFO] [stderr]   = note: `#[warn(unused_variables)]` on by default
[INFO] [stderr] 
[INFO] [stderr] warning: unused variable: `stream`
[INFO] [stderr]   --> src/main.rs:13:13
[INFO] [stderr]    |
[INFO] [stderr] 13 |         let stream = stream.unwrap();
[INFO] [stderr]    |             ^^^^^^ help: if this is intentional, prefix it with an underscore: `_stream`
[INFO] [stderr] 
[INFO] [stderr] warning: variable does not need to be mutable
[INFO] [stderr]   --> src/key_store/mod.rs:58:21
[INFO] [stderr]    |
[INFO] [stderr] 58 |                 let mut field = String::from_utf8(field_buffer).expect("Utf conversion f'ed up");
[INFO] [stderr]    |                     ----^^^^^
[INFO] [stderr]    |                     |
[INFO] [stderr]    |                     help: remove this `mut`
[INFO] [stderr]    |
[INFO] [stderr]    = note: `#[warn(unused_mut)]` on by default
[INFO] [stderr] 
[INFO] [stderr] warning: associated function is never used: `rebuild`
[INFO] [stderr]   --> src/key_store/mod.rs:24:12
[INFO] [stderr]    |
[INFO] [stderr] 24 |     pub fn rebuild(file_path: String) -> FileMap {
[INFO] [stderr]    |            ^^^^^^^
[INFO] [stderr]    |
[INFO] [stderr]    = note: `#[warn(dead_code)]` on by default
[INFO] [stderr] 
[INFO] [stderr] warning: associated function is never used: `rebuild`
[INFO] [stderr]   --> src/key_store/mod.rs:88:12
[INFO] [stderr]    |
[INFO] [stderr] 88 |     pub fn rebuild(old_storage_dir: String) -> KeyValMap {
[INFO] [stderr]    |            ^^^^^^^
[INFO] [stderr] 
[INFO] [stderr] warning: unused `Result` that must be used
[INFO] [stderr]   --> src/key_store/mod.rs:37:9
[INFO] [stderr]    |
[INFO] [stderr] 37 |         self.file.seek(SeekFrom::End(0));
[INFO] [stderr]    |         ^^^^^^^^^^^^^^^^^^^^^^^^^^^^^^^^^
[INFO] [stderr]    |
[INFO] [stderr]    = note: `#[warn(unused_must_use)]` on by default
[INFO] [stderr]    = note: this `Result` may be an `Err` variant, which should be handled
[INFO] [stderr] 
[INFO] [stderr] warning: unused `Result` that must be used
[INFO] [stderr]   --> src/key_store/mod.rs:40:9
[INFO] [stderr]    |
[INFO] [stderr] 40 |         self.file.write(output.as_bytes());
[INFO] [stderr]    |         ^^^^^^^^^^^^^^^^^^^^^^^^^^^^^^^^^^^
[INFO] [stderr]    |
[INFO] [stderr]    = note: this `Result` may be an `Err` variant, which should be handled
[INFO] [stderr] 
[INFO] [stderr] warning: unused `Result` that must be used
[INFO] [stderr]   --> src/key_store/mod.rs:48:17
[INFO] [stderr]    |
[INFO] [stderr] 48 |                 self.file.seek(SeekFrom::Start(*pos));
[INFO] [stderr]    |                 ^^^^^^^^^^^^^^^^^^^^^^^^^^^^^^^^^^^^^^
[INFO] [stderr]    |
[INFO] [stderr]    = note: this `Result` may be an `Err` variant, which should be handled
[INFO] [stderr] 
[INFO] [stderr] warning: unused `Result` that must be used
[INFO] [stderr]   --> src/key_store/mod.rs:56:17
[INFO] [stderr]    |
[INFO] [stderr] 56 |                 self.file.seek(SeekFrom::Current(1));
[INFO] [stderr]    |                 ^^^^^^^^^^^^^^^^^^^^^^^^^^^^^^^^^^^^^
[INFO] [stderr]    |
[INFO] [stderr]    = note: this `Result` may be an `Err` variant, which should be handled
[INFO] [stderr] 
[INFO] [stderr] warning: comparison is useless due to type limits
[INFO] [stderr]    --> src/key_store/mod.rs:112:15
[INFO] [stderr]     |
[INFO] [stderr] 112 |         while length - read_depth >= 0 {
[INFO] [stderr]     |               ^^^^^^^^^^^^^^^^^^^^^^^^
[INFO] [stderr]     |
[INFO] [stderr]     = note: `#[warn(unused_comparisons)]` on by default
[INFO] [stderr] 
[INFO] [stderr] warning: 11 warnings emitted
[INFO] [stderr] 
[INFO] [stderr]     Finished test [unoptimized + debuginfo] target(s) in 3.34s
[INFO] [stderr]      Running unittests (/opt/rustwide/target/debug/deps/sherbert-81e3ce8ec91a5aff)
[INFO] [stdout] 
[INFO] [stdout] running 3 tests
[INFO] [stdout] test key_store::tests::it_works ... ok
[INFO] [stdout] test tests::it_works ... ok
[INFO] [stdout] test key_store::tests::test_write ... FAILED
[INFO] [stdout] 
[INFO] [stdout] failures:
[INFO] [stdout] 
[INFO] [stdout] ---- key_store::tests::test_write stdout ----
[INFO] [stdout] thread 'key_store::tests::test_write' panicked at 'File open f'ed up: Os { code: 2, kind: NotFound, message: "No such file or directory" }', src/key_store/mod.rs:17:85
[INFO] [stdout] stack backtrace:
[INFO] [stdout]    0:     0x559118beb5d0 - std::backtrace_rs::backtrace::libunwind::trace::h34055254b57d8e79
[INFO] [stdout]                                at /rustc/a178d0322ce20e33eac124758e837cbd80a6f633/library/std/src/../../backtrace/src/backtrace/libunwind.rs:90:5
[INFO] [stdout]    1:     0x559118beb5d0 - std::backtrace_rs::backtrace::trace_unsynchronized::h8f1e3fbd9afff6ec
[INFO] [stdout]                                at /rustc/a178d0322ce20e33eac124758e837cbd80a6f633/library/std/src/../../backtrace/src/backtrace/mod.rs:66:5
[INFO] [stdout]    2:     0x559118beb5d0 - std::sys_common::backtrace::_print_fmt::h3a99a796b770c360
[INFO] [stdout]                                at /rustc/a178d0322ce20e33eac124758e837cbd80a6f633/library/std/src/sys_common/backtrace.rs:67:5
[INFO] [stdout]    3:     0x559118beb5d0 - <std::sys_common::backtrace::_print::DisplayBacktrace as core::fmt::Display>::fmt::h32d1f94a80615d18
[INFO] [stdout]                                at /rustc/a178d0322ce20e33eac124758e837cbd80a6f633/library/std/src/sys_common/backtrace.rs:46:22
[INFO] [stdout]    4:     0x559118c0df7c - core::fmt::write::h306731c068f7162c
[INFO] [stdout]                                at /rustc/a178d0322ce20e33eac124758e837cbd80a6f633/library/core/src/fmt/mod.rs:1110:17
[INFO] [stdout]    5:     0x559118be84f5 - std::io::Write::write_fmt::h87f19b0a2cd190bc
[INFO] [stdout]                                at /rustc/a178d0322ce20e33eac124758e837cbd80a6f633/library/std/src/io/mod.rs:1588:15
[INFO] [stdout]    6:     0x559118bed73b - std::sys_common::backtrace::_print::h5abaa2601a852287
[INFO] [stdout]                                at /rustc/a178d0322ce20e33eac124758e837cbd80a6f633/library/std/src/sys_common/backtrace.rs:49:5
[INFO] [stdout]    7:     0x559118bed73b - std::sys_common::backtrace::print::h8d81445442bb638f
[INFO] [stdout]                                at /rustc/a178d0322ce20e33eac124758e837cbd80a6f633/library/std/src/sys_common/backtrace.rs:36:9
[INFO] [stdout]    8:     0x559118bed73b - std::panicking::default_hook::{{closure}}::hcfe804496a9fa747
[INFO] [stdout]                                at /rustc/a178d0322ce20e33eac124758e837cbd80a6f633/library/std/src/panicking.rs:208:50
[INFO] [stdout]    9:     0x559118bed24c - std::panicking::default_hook::hbea8e3ccf2ba8901
[INFO] [stdout]                                at /rustc/a178d0322ce20e33eac124758e837cbd80a6f633/library/std/src/panicking.rs:222:9
[INFO] [stdout]   10:     0x559118bede04 - std::panicking::rust_panic_with_hook::h7ee9e1a2d0f8975a
[INFO] [stdout]                                at /rustc/a178d0322ce20e33eac124758e837cbd80a6f633/library/std/src/panicking.rs:622:17
[INFO] [stdout]   11:     0x559118bed8e7 - std::panicking::begin_panic_handler::{{closure}}::h8ab3b4491718b2c7
[INFO] [stdout]                                at /rustc/a178d0322ce20e33eac124758e837cbd80a6f633/library/std/src/panicking.rs:519:13
[INFO] [stdout]   12:     0x559118bebacc - std::sys_common::backtrace::__rust_end_short_backtrace::hd489062ffa586a9f
[INFO] [stdout]                                at /rustc/a178d0322ce20e33eac124758e837cbd80a6f633/library/std/src/sys_common/backtrace.rs:141:18
[INFO] [stdout]   13:     0x559118bed849 - rust_begin_unwind
[INFO] [stdout]                                at /rustc/a178d0322ce20e33eac124758e837cbd80a6f633/library/std/src/panicking.rs:515:5
[INFO] [stdout]   14:     0x559118b7f651 - core::panicking::panic_fmt::hca6330e3e14086b4
[INFO] [stdout]                                at /rustc/a178d0322ce20e33eac124758e837cbd80a6f633/library/core/src/panicking.rs:92:14
[INFO] [stdout]   15:     0x559118b7f743 - core::result::unwrap_failed::h6160d2b4bfbb0e87
[INFO] [stdout]                                at /rustc/a178d0322ce20e33eac124758e837cbd80a6f633/library/core/src/result.rs:1355:5
[INFO] [stdout]   16:     0x559118b93ec0 - core::result::Result<T,E>::expect::ha5013233c381c9a3
[INFO] [stdout]                                at /rustc/a178d0322ce20e33eac124758e837cbd80a6f633/library/core/src/result.rs:997:23
[INFO] [stdout]   17:     0x559118b8ba92 - sherbert::key_store::FileMap::new::h704e7a54eadb9e85
[INFO] [stdout]                                at /opt/rustwide/workdir/src/key_store/mod.rs:17:19
[INFO] [stdout]   18:     0x559118b8c7d0 - sherbert::key_store::KeyValMap::new::he4366e20e728cb3e
[INFO] [stdout]                                at /opt/rustwide/workdir/src/key_store/mod.rs:76:25
[INFO] [stdout]   19:     0x559118b95892 - sherbert::key_store::tests::test_write::h9184f82ae68288c8
[INFO] [stdout]                                at /opt/rustwide/workdir/src/key_store/mod.rs:135:27
[INFO] [stdout]   20:     0x559118b9583a - sherbert::key_store::tests::test_write::{{closure}}::hf9f1e71f13d6f934
[INFO] [stdout]                                at /opt/rustwide/workdir/src/key_store/mod.rs:134:5
[INFO] [stdout]   21:     0x559118b965ae - core::ops::function::FnOnce::call_once::hbde1ebeae05a1d6e
[INFO] [stdout]                                at /rustc/a178d0322ce20e33eac124758e837cbd80a6f633/library/core/src/ops/function.rs:227:5
[INFO] [stdout]   22:     0x559118bc2a73 - core::ops::function::FnOnce::call_once::h152e7e439ff59e19
[INFO] [stdout]                                at /rustc/a178d0322ce20e33eac124758e837cbd80a6f633/library/core/src/ops/function.rs:227:5
[INFO] [stdout]   23:     0x559118bc2a73 - test::__rust_begin_short_backtrace::h0908f3b1fdbb72ab
[INFO] [stdout]                                at /rustc/a178d0322ce20e33eac124758e837cbd80a6f633/library/test/src/lib.rs:577:5
[INFO] [stdout]   24:     0x559118bc1530 - <alloc::boxed::Box<F,A> as core::ops::function::FnOnce<Args>>::call_once::hf6d2a51e5587546c
[INFO] [stdout]                                at /rustc/a178d0322ce20e33eac124758e837cbd80a6f633/library/alloc/src/boxed.rs:1575:9
[INFO] [stdout]   25:     0x559118bc1530 - <std::panic::AssertUnwindSafe<F> as core::ops::function::FnOnce<()>>::call_once::h8af660f3a89ef593
[INFO] [stdout]                                at /rustc/a178d0322ce20e33eac124758e837cbd80a6f633/library/std/src/panic.rs:347:9
[INFO] [stdout]   26:     0x559118bc1530 - std::panicking::try::do_call::hd36aef60f84b6d36
[INFO] [stdout]                                at /rustc/a178d0322ce20e33eac124758e837cbd80a6f633/library/std/src/panicking.rs:401:40
[INFO] [stdout]   27:     0x559118bc1530 - std::panicking::try::h9932b4480e69817c
[INFO] [stdout]                                at /rustc/a178d0322ce20e33eac124758e837cbd80a6f633/library/std/src/panicking.rs:365:19
[INFO] [stdout]   28:     0x559118bc1530 - std::panic::catch_unwind::h6aa177099cfff5f8
[INFO] [stdout]                                at /rustc/a178d0322ce20e33eac124758e837cbd80a6f633/library/std/src/panic.rs:434:14
[INFO] [stdout]   29:     0x559118bc1530 - test::run_test_in_process::h5884d6f2d99e20c3
[INFO] [stdout]                                at /rustc/a178d0322ce20e33eac124758e837cbd80a6f633/library/test/src/lib.rs:600:18
[INFO] [stdout]   30:     0x559118bc1530 - test::run_test::run_test_inner::{{closure}}::h6fdc58c6d5f5b6e3
[INFO] [stdout]                                at /rustc/a178d0322ce20e33eac124758e837cbd80a6f633/library/test/src/lib.rs:492:39
[INFO] [stdout]   31:     0x559118b9abe2 - test::run_test::run_test_inner::{{closure}}::h408365d67a78ade8
[INFO] [stdout]                                at /rustc/a178d0322ce20e33eac124758e837cbd80a6f633/library/test/src/lib.rs:519:37
[INFO] [stdout]   32:     0x559118b9abe2 - std::sys_common::backtrace::__rust_begin_short_backtrace::hb560b77c4f701523
[INFO] [stdout]                                at /rustc/a178d0322ce20e33eac124758e837cbd80a6f633/library/std/src/sys_common/backtrace.rs:125:18
[INFO] [stdout]   33:     0x559118b9e798 - std::thread::Builder::spawn_unchecked::{{closure}}::{{closure}}::hf2e7831dad93c597
[INFO] [stdout]                                at /rustc/a178d0322ce20e33eac124758e837cbd80a6f633/library/std/src/thread/mod.rs:481:17
[INFO] [stdout]   34:     0x559118b9e798 - <std::panic::AssertUnwindSafe<F> as core::ops::function::FnOnce<()>>::call_once::hd2e08783d8be4d02
[INFO] [stdout]                                at /rustc/a178d0322ce20e33eac124758e837cbd80a6f633/library/std/src/panic.rs:347:9
[INFO] [stdout]   35:     0x559118b9e798 - std::panicking::try::do_call::h062597b7acfd6b82
[INFO] [stdout]                                at /rustc/a178d0322ce20e33eac124758e837cbd80a6f633/library/std/src/panicking.rs:401:40
[INFO] [stdout]   36:     0x559118b9e798 - std::panicking::try::h0d7b79db04c14552
[INFO] [stdout]                                at /rustc/a178d0322ce20e33eac124758e837cbd80a6f633/library/std/src/panicking.rs:365:19
[INFO] [stdout]   37:     0x559118b9e798 - std::panic::catch_unwind::hb01a0b5e7c8cd43b
[INFO] [stdout]                                at /rustc/a178d0322ce20e33eac124758e837cbd80a6f633/library/std/src/panic.rs:434:14
[INFO] [stdout]   38:     0x559118b9e798 - std::thread::Builder::spawn_unchecked::{{closure}}::h5bde48cc887e0d1e
[INFO] [stdout]                                at /rustc/a178d0322ce20e33eac124758e837cbd80a6f633/library/std/src/thread/mod.rs:480:30
[INFO] [stdout]   39:     0x559118b9e798 - core::ops::function::FnOnce::call_once{{vtable.shim}}::h745ea30807a29e55
[INFO] [stdout]                                at /rustc/a178d0322ce20e33eac124758e837cbd80a6f633/library/core/src/ops/function.rs:227:5
[INFO] [stdout]   40:     0x559118bf28c7 - <alloc::boxed::Box<F,A> as core::ops::function::FnOnce<Args>>::call_once::h7ece6cfefaff1005
[INFO] [stdout]                                at /rustc/a178d0322ce20e33eac124758e837cbd80a6f633/library/alloc/src/boxed.rs:1575:9
[INFO] [stdout]   41:     0x559118bf28c7 - <alloc::boxed::Box<F,A> as core::ops::function::FnOnce<Args>>::call_once::hb8b48e55c21f193e
[INFO] [stdout]                                at /rustc/a178d0322ce20e33eac124758e837cbd80a6f633/library/alloc/src/boxed.rs:1575:9
[INFO] [stdout]   42:     0x559118bf28c7 - std::sys::unix::thread::Thread::new::thread_start::h8c7c4450dba62914
[INFO] [stdout]                                at /rustc/a178d0322ce20e33eac124758e837cbd80a6f633/library/std/src/sys/unix/thread.rs:71:17
[INFO] [stdout]   43:     0x7fcd8a7f7609 - start_thread
[INFO] [stdout]   44:     0x7fcd8a5c9293 - clone
[INFO] [stdout]   45:                0x0 - <unknown>
[INFO] [stdout] 
[INFO] [stdout] 
[INFO] [stdout] failures:
[INFO] [stdout]     key_store::tests::test_write
[INFO] [stdout] 
[INFO] [stdout] test result: FAILED. 2 passed; 1 failed; 0 ignored; 0 measured; 0 filtered out; finished in 0.02s
[INFO] [stdout] 
[INFO] [stderr] error: test failed, to rerun pass '--bin sherbert'
[INFO] running `Command { std: "docker" "inspect" "050b3fe601078e5700360ca24481e347640860794e4f734234d291f52ba55059", kill_on_drop: false }`
[INFO] running `Command { std: "docker" "rm" "-f" "050b3fe601078e5700360ca24481e347640860794e4f734234d291f52ba55059", kill_on_drop: false }`
[INFO] [stdout] 050b3fe601078e5700360ca24481e347640860794e4f734234d291f52ba55059
