[INFO] cloning repository https://github.com/livioribeiro/cargo-readme
[INFO] running `Command { std: "git" "-c" "credential.helper=" "-c" "credential.helper=/workspace/cargo-home/bin/git-credential-null" "clone" "--bare" "https://github.com/livioribeiro/cargo-readme" "/workspace/cache/git-repos/https%3A%2F%2Fgithub.com%2Flivioribeiro%2Fcargo-readme", kill_on_drop: false }`
[INFO] [stderr] Cloning into bare repository '/workspace/cache/git-repos/https%3A%2F%2Fgithub.com%2Flivioribeiro%2Fcargo-readme'...
[INFO] running `Command { std: "git" "rev-parse" "HEAD", kill_on_drop: false }`
[INFO] [stdout] 11ce95834c5ef52922174a22cd91e9d1868cf3d4
[INFO] testing livioribeiro/cargo-readme against 1.54.0 for beta-1.55-1
[INFO] running `Command { std: "git" "clone" "/workspace/cache/git-repos/https%3A%2F%2Fgithub.com%2Flivioribeiro%2Fcargo-readme" "/workspace/builds/worker-103/source", kill_on_drop: false }`
[INFO] [stderr] Cloning into '/workspace/builds/worker-103/source'...
[INFO] [stderr] done.
[INFO] validating manifest of git repo https://github.com/livioribeiro/cargo-readme on toolchain 1.54.0
[INFO] running `Command { std: "/workspace/cargo-home/bin/cargo" "+1.54.0" "metadata" "--manifest-path" "Cargo.toml" "--no-deps", kill_on_drop: false }`
[INFO] started tweaking git repo https://github.com/livioribeiro/cargo-readme
[INFO] finished tweaking git repo https://github.com/livioribeiro/cargo-readme
[INFO] tweaked toml for git repo https://github.com/livioribeiro/cargo-readme written to /workspace/builds/worker-103/source/Cargo.toml
[INFO] crate git repo https://github.com/livioribeiro/cargo-readme already has a lockfile, it will not be regenerated
[INFO] running `Command { std: "/workspace/cargo-home/bin/cargo" "+1.54.0" "fetch" "--manifest-path" "Cargo.toml", kill_on_drop: false }`
[INFO] [stderr]     Blocking waiting for file lock on package cache
[INFO] [stderr]     Blocking waiting for file lock on package cache
[INFO] running `Command { std: "docker" "create" "-v" "/var/lib/crater-agent-workspace/builds/worker-103/target:/opt/rustwide/target:rw,Z" "-v" "/var/lib/crater-agent-workspace/builds/worker-103/source:/opt/rustwide/workdir:ro,Z" "-v" "/var/lib/crater-agent-workspace/cargo-home:/opt/rustwide/cargo-home:ro,Z" "-v" "/var/lib/crater-agent-workspace/rustup-home:/opt/rustwide/rustup-home:ro,Z" "-e" "SOURCE_DIR=/opt/rustwide/workdir" "-e" "CARGO_TARGET_DIR=/opt/rustwide/target" "-e" "CARGO_HOME=/opt/rustwide/cargo-home" "-e" "RUSTUP_HOME=/opt/rustwide/rustup-home" "-w" "/opt/rustwide/workdir" "-m" "1610612736" "--user" "0:0" "--network" "none" "ghcr.io/rust-lang/crates-build-env/linux@sha256:34b6a614d2c27851fe6cbf88fbd1137609cefab8b10d0615aaeb6fd47975d74e" "/opt/rustwide/cargo-home/bin/cargo" "+1.54.0" "metadata" "--no-deps" "--format-version=1", kill_on_drop: false }`
[INFO] [stdout] 34c4eb3871b7f8d60fba3018965d64c752c85db4ae40bd2df7e41dd67177092c
[INFO] running `Command { std: "docker" "start" "-a" "34c4eb3871b7f8d60fba3018965d64c752c85db4ae40bd2df7e41dd67177092c", kill_on_drop: false }`
[INFO] running `Command { std: "docker" "inspect" "34c4eb3871b7f8d60fba3018965d64c752c85db4ae40bd2df7e41dd67177092c", kill_on_drop: false }`
[INFO] running `Command { std: "docker" "rm" "-f" "34c4eb3871b7f8d60fba3018965d64c752c85db4ae40bd2df7e41dd67177092c", kill_on_drop: false }`
[INFO] [stdout] 34c4eb3871b7f8d60fba3018965d64c752c85db4ae40bd2df7e41dd67177092c
[INFO] running `Command { std: "docker" "create" "-v" "/var/lib/crater-agent-workspace/builds/worker-103/target:/opt/rustwide/target:rw,Z" "-v" "/var/lib/crater-agent-workspace/builds/worker-103/source:/opt/rustwide/workdir:ro,Z" "-v" "/var/lib/crater-agent-workspace/cargo-home:/opt/rustwide/cargo-home:ro,Z" "-v" "/var/lib/crater-agent-workspace/rustup-home:/opt/rustwide/rustup-home:ro,Z" "-e" "SOURCE_DIR=/opt/rustwide/workdir" "-e" "CARGO_TARGET_DIR=/opt/rustwide/target" "-e" "CARGO_INCREMENTAL=0" "-e" "RUST_BACKTRACE=full" "-e" "RUSTFLAGS=--cap-lints=warn" "-e" "CARGO_HOME=/opt/rustwide/cargo-home" "-e" "RUSTUP_HOME=/opt/rustwide/rustup-home" "-w" "/opt/rustwide/workdir" "-m" "1610612736" "--user" "0:0" "--network" "none" "ghcr.io/rust-lang/crates-build-env/linux@sha256:34b6a614d2c27851fe6cbf88fbd1137609cefab8b10d0615aaeb6fd47975d74e" "/opt/rustwide/cargo-home/bin/cargo" "+1.54.0" "build" "--frozen" "--message-format=json", kill_on_drop: false }`
[INFO] [stdout] 03297632f3c7f516eb4b571eb42f76c3f9b16bc3064c31e3293eaf0a762be29e
[INFO] running `Command { std: "docker" "start" "-a" "03297632f3c7f516eb4b571eb42f76c3f9b16bc3064c31e3293eaf0a762be29e", kill_on_drop: false }`
[INFO] [stderr]    Compiling proc-macro2 v1.0.10
[INFO] [stderr]    Compiling memchr v2.3.3
[INFO] [stderr]    Compiling libc v0.2.68
[INFO] [stderr]    Compiling unicode-xid v0.2.0
[INFO] [stderr]    Compiling bitflags v1.2.1
[INFO] [stderr]    Compiling syn v1.0.17
[INFO] [stderr]    Compiling serde v1.0.105
[INFO] [stderr]    Compiling unicode-width v0.1.7
[INFO] [stderr]    Compiling strsim v0.8.0
[INFO] [stderr]    Compiling ansi_term v0.11.0
[INFO] [stderr]    Compiling vec_map v0.8.1
[INFO] [stderr]    Compiling regex-syntax v0.6.17
[INFO] [stderr]    Compiling percent-encoding v2.1.0
[INFO] [stderr]    Compiling thread_local v1.0.1
[INFO] [stderr]    Compiling textwrap v0.11.0
[INFO] [stderr]    Compiling aho-corasick v0.7.10
[INFO] [stderr]    Compiling quote v1.0.3
[INFO] [stderr]    Compiling atty v0.2.14
[INFO] [stderr]    Compiling clap v2.33.0
[INFO] [stderr]    Compiling regex v1.3.6
[INFO] [stderr]    Compiling toml v0.5.6
[INFO] [stderr]    Compiling serde_derive v1.0.105
[INFO] [stderr]    Compiling cargo-readme v3.2.0 (/opt/rustwide/workdir)
[INFO] [stdout] warning: unused return value of `std::string::String::split_off` that must be used
[INFO] [stdout]   --> src/readme/extract.rs:64:17
[INFO] [stdout]    |
[INFO] [stdout] 64 |                 line.split_off(pos);
[INFO] [stdout]    |                 ^^^^^^^^^^^^^^^^^^^^
[INFO] [stdout]    |
[INFO] [stdout]    = note: `#[warn(unused_must_use)]` on by default
[INFO] [stdout]    = note: use `.truncate()` if you don't need the other half
[INFO] [stdout] 
[INFO] [stdout] 
[INFO] [stdout] warning: 1 warning emitted
[INFO] [stdout] 
[INFO] [stdout] 
[INFO] [stderr]     Finished dev [unoptimized + debuginfo] target(s) in 31.76s
[INFO] running `Command { std: "docker" "inspect" "03297632f3c7f516eb4b571eb42f76c3f9b16bc3064c31e3293eaf0a762be29e", kill_on_drop: false }`
[INFO] running `Command { std: "docker" "rm" "-f" "03297632f3c7f516eb4b571eb42f76c3f9b16bc3064c31e3293eaf0a762be29e", kill_on_drop: false }`
[INFO] [stdout] 03297632f3c7f516eb4b571eb42f76c3f9b16bc3064c31e3293eaf0a762be29e
[INFO] running `Command { std: "docker" "create" "-v" "/var/lib/crater-agent-workspace/builds/worker-103/target:/opt/rustwide/target:rw,Z" "-v" "/var/lib/crater-agent-workspace/builds/worker-103/source:/opt/rustwide/workdir:ro,Z" "-v" "/var/lib/crater-agent-workspace/cargo-home:/opt/rustwide/cargo-home:ro,Z" "-v" "/var/lib/crater-agent-workspace/rustup-home:/opt/rustwide/rustup-home:ro,Z" "-e" "SOURCE_DIR=/opt/rustwide/workdir" "-e" "CARGO_TARGET_DIR=/opt/rustwide/target" "-e" "CARGO_INCREMENTAL=0" "-e" "RUST_BACKTRACE=full" "-e" "RUSTFLAGS=--cap-lints=warn" "-e" "CARGO_HOME=/opt/rustwide/cargo-home" "-e" "RUSTUP_HOME=/opt/rustwide/rustup-home" "-w" "/opt/rustwide/workdir" "-m" "1610612736" "--user" "0:0" "--network" "none" "ghcr.io/rust-lang/crates-build-env/linux@sha256:34b6a614d2c27851fe6cbf88fbd1137609cefab8b10d0615aaeb6fd47975d74e" "/opt/rustwide/cargo-home/bin/cargo" "+1.54.0" "test" "--frozen" "--no-run" "--message-format=json", kill_on_drop: false }`
[INFO] [stdout] 294d26d5b55d4ad4096321bc89c45579f99fa191784eab30a20ca1091a3c9487
[INFO] running `Command { std: "docker" "start" "-a" "294d26d5b55d4ad4096321bc89c45579f99fa191784eab30a20ca1091a3c9487", kill_on_drop: false }`
[INFO] [stderr]     Blocking waiting for file lock on package cache
[INFO] [stderr]    Compiling cc v1.0.50
[INFO] [stderr]    Compiling ryu v1.0.3
[INFO] [stderr]    Compiling failure_derive v0.1.7
[INFO] [stderr]    Compiling rustc-demangle v0.1.16
[INFO] [stderr]    Compiling itoa v0.4.5
[INFO] [stderr]    Compiling environment v0.1.1
[INFO] [stderr]    Compiling difference v2.0.0
[INFO] [stderr]    Compiling colored v1.9.3
[INFO] [stderr]    Compiling synstructure v0.12.3
[INFO] [stdout] warning: unused return value of `std::string::String::split_off` that must be used
[INFO] [stdout]   --> src/readme/extract.rs:64:17
[INFO] [stdout]    |
[INFO] [stdout] 64 |                 line.split_off(pos);
[INFO] [stdout]    |                 ^^^^^^^^^^^^^^^^^^^^
[INFO] [stdout]    |
[INFO] [stdout]    = note: `#[warn(unused_must_use)]` on by default
[INFO] [stdout]    = note: use `.truncate()` if you don't need the other half
[INFO] [stdout] 
[INFO] [stdout] 
[INFO] [stdout] warning: 1 warning emitted
[INFO] [stdout] 
[INFO] [stdout] 
[INFO] [stderr]    Compiling serde_json v1.0.50
[INFO] [stderr]    Compiling backtrace-sys v0.1.35
[INFO] [stderr]    Compiling backtrace v0.3.46
[INFO] [stderr]    Compiling failure v0.1.7
[INFO] [stderr]    Compiling assert_cli v0.6.3
[INFO] [stderr]    Compiling cargo-readme v3.2.0 (/opt/rustwide/workdir)
[INFO] [stdout] warning: unused return value of `std::string::String::split_off` that must be used
[INFO] [stdout]   --> src/readme/extract.rs:64:17
[INFO] [stdout]    |
[INFO] [stdout] 64 |                 line.split_off(pos);
[INFO] [stdout]    |                 ^^^^^^^^^^^^^^^^^^^^
[INFO] [stdout]    |
[INFO] [stdout]    = note: `#[warn(unused_must_use)]` on by default
[INFO] [stdout]    = note: use `.truncate()` if you don't need the other half
[INFO] [stdout] 
[INFO] [stdout] 
[INFO] [stdout] warning: 1 warning emitted
[INFO] [stdout] 
[INFO] [stdout] 
[INFO] [stderr]     Finished test [unoptimized + debuginfo] target(s) in 9.92s
[INFO] running `Command { std: "docker" "inspect" "294d26d5b55d4ad4096321bc89c45579f99fa191784eab30a20ca1091a3c9487", kill_on_drop: false }`
[INFO] running `Command { std: "docker" "rm" "-f" "294d26d5b55d4ad4096321bc89c45579f99fa191784eab30a20ca1091a3c9487", kill_on_drop: false }`
[INFO] [stdout] 294d26d5b55d4ad4096321bc89c45579f99fa191784eab30a20ca1091a3c9487
[INFO] running `Command { std: "docker" "create" "-v" "/var/lib/crater-agent-workspace/builds/worker-103/target:/opt/rustwide/target:rw,Z" "-v" "/var/lib/crater-agent-workspace/builds/worker-103/source:/opt/rustwide/workdir:ro,Z" "-v" "/var/lib/crater-agent-workspace/cargo-home:/opt/rustwide/cargo-home:ro,Z" "-v" "/var/lib/crater-agent-workspace/rustup-home:/opt/rustwide/rustup-home:ro,Z" "-e" "SOURCE_DIR=/opt/rustwide/workdir" "-e" "CARGO_TARGET_DIR=/opt/rustwide/target" "-e" "CARGO_INCREMENTAL=0" "-e" "RUST_BACKTRACE=full" "-e" "RUSTFLAGS=--cap-lints=warn" "-e" "CARGO_HOME=/opt/rustwide/cargo-home" "-e" "RUSTUP_HOME=/opt/rustwide/rustup-home" "-w" "/opt/rustwide/workdir" "-m" "1610612736" "--user" "0:0" "--network" "none" "ghcr.io/rust-lang/crates-build-env/linux@sha256:34b6a614d2c27851fe6cbf88fbd1137609cefab8b10d0615aaeb6fd47975d74e" "/opt/rustwide/cargo-home/bin/cargo" "+1.54.0" "test" "--frozen", kill_on_drop: false }`
[INFO] [stdout] 345b5444921975ee8922dc7df602410856fd3851f781d46ef8341ff14c081c1d
[INFO] running `Command { std: "docker" "start" "-a" "345b5444921975ee8922dc7df602410856fd3851f781d46ef8341ff14c081c1d", kill_on_drop: false }`
[INFO] [stderr]     Blocking waiting for file lock on package cache
[INFO] [stderr] warning: unused return value of `std::string::String::split_off` that must be used
[INFO] [stderr]   --> src/readme/extract.rs:64:17
[INFO] [stderr]    |
[INFO] [stderr] 64 |                 line.split_off(pos);
[INFO] [stderr]    |                 ^^^^^^^^^^^^^^^^^^^^
[INFO] [stderr]    |
[INFO] [stderr]    = note: `#[warn(unused_must_use)]` on by default
[INFO] [stderr]    = note: use `.truncate()` if you don't need the other half
[INFO] [stderr] 
[INFO] [stderr] warning: 1 warning emitted
[INFO] [stderr] 
[INFO] [stderr] warning: unused return value of `std::string::String::split_off` that must be used
[INFO] [stderr]   --> src/readme/extract.rs:64:17
[INFO] [stderr]    |
[INFO] [stderr] 64 |                 line.split_off(pos);
[INFO] [stderr]    |                 ^^^^^^^^^^^^^^^^^^^^
[INFO] [stderr]    |
[INFO] [stderr]    = note: `#[warn(unused_must_use)]` on by default
[INFO] [stderr]    = note: use `.truncate()` if you don't need the other half
[INFO] [stderr] 
[INFO] [stderr] warning: 1 warning emitted
[INFO] [stderr] 
[INFO] [stderr]     Finished test [unoptimized + debuginfo] target(s) in 13.58s
[INFO] [stdout] 
[INFO] [stderr]      Running unittests (/opt/rustwide/target/debug/deps/cargo_readme-23af788acd9f3313)
[INFO] [stdout] running 42 tests
[INFO] [stdout] test readme::template::tests::template_full ... ok
[INFO] [stdout] test readme::extract::tests::extract_docs_multiline_style ... ok
[INFO] [stdout] test readme::extract::tests::extract_docs_nested_level_1 ... ok
[INFO] [stdout] test readme::extract::tests::extract_docs_nested_level_2 ... ok
[INFO] [stdout] test readme::template::tests::template_minimal ... ok
[INFO] [stdout] test readme::template::tests::template_with_title ... ok
[INFO] [stdout] test readme::extract::tests::extract_docs_singleline_style ... ok
[INFO] [stdout] test readme::process::tests::alternate_delimiter_3_tildes ... ok
[INFO] [stdout] test readme::process::tests::alternate_delimiter_4_backticks ... ok
[INFO] [stdout] test readme::process::tests::alternate_delimiter_4_backticks_nested ... ok
[INFO] [stdout] test readme::process::tests::alternate_delimiter_4_tildes ... ok
[INFO] [stdout] test readme::process::tests::hide_line_in_rust_code_block ... ok
[INFO] [stdout] test readme::extract::tests::extract_docs_mix_styles_singleline ... ok
[INFO] [stdout] test readme::process::tests::transform_text_block ... ok
[INFO] [stdout] test readme::template::tests::append_license_with_empty_readme ... ok
[INFO] [stdout] test readme::template::tests::append_license_with_filled_readme ... ok
[INFO] [stdout] test readme::template::tests::prepend_badges_with_empty_readme_and_empty_badges ... ok
[INFO] [stdout] test readme::template::tests::prepend_badges_with_empty_readme_and_non_empty_badges ... ok
[INFO] [stdout] test readme::template::tests::prepend_badges_with_filled_readme_and_empty_badges ... ok
[INFO] [stdout] test readme::template::tests::prepend_badges_with_filled_readme_and_non_empty_badges ... ok
[INFO] [stdout] test readme::template::tests::prepend_title_with_empty_readme ... ok
[INFO] [stdout] test readme::template::tests::prepend_title_with_filled_readme ... ok
[INFO] [stdout] test readme::template::tests::render_badges ... ok
[INFO] [stdout] test readme::template::tests::render_full ... ok
[INFO] [stdout] test readme::extract::tests::extract_docs_mix_styles_multiline ... ok
[INFO] [stdout] test readme::template::tests::render_license ... ok
[INFO] [stdout] test readme::template::tests::render_minimal ... ok
[INFO] [stdout] test readme::template::tests::render_nothing ... ok
[INFO] [stdout] test readme::template::tests::render_title ... ok
[INFO] [stdout] test readme::template::tests::template_with_badge_tag_but_missing_badges_should_fail ... ok
[INFO] [stdout] test readme::template::tests::template_with_badges ... ok
[INFO] [stdout] test readme::template::tests::template_with_license ... ok
[INFO] [stdout] test readme::template::tests::template_with_license_tag_but_missing_license_should_fail ... ok
[INFO] [stdout] test readme::template::tests::template_with_version ... ok
[INFO] [stdout] test readme::template::tests::template_without_readme_should_fail ... ok
[INFO] [stdout] test readme::process::tests::transform_rust_code_block_with_prefix ... ok
[INFO] [stdout] test readme::process::tests::transform_rust_code_block ... ok
[INFO] [stdout] test readme::process::tests::transform_other_code_block_with_symbols ... ok
[INFO] [stdout] test readme::process::tests::indent_markdown_headings ... ok
[INFO] [stdout] test readme::process::tests::do_not_indent_markdown_headings ... ok
[INFO] [stdout] test readme::process::tests::do_not_hide_line_in_code_block ... ok
[INFO] [stdout] test readme::process::tests::alternate_delimiter_mixed ... ok
[INFO] [stdout] 
[INFO] [stdout] test result: ok. 42 passed; 0 failed; 0 ignored; 0 measured; 0 filtered out; finished in 0.06s
[INFO] [stdout] 
[INFO] [stderr]      Running unittests (/opt/rustwide/target/debug/deps/cargo_readme-abbf4b645041ab7e)
[INFO] [stdout] 
[INFO] [stderr]      Running tests/alternate-input.rs (/opt/rustwide/target/debug/deps/alternate_input-65500d7992d4bd94)
[INFO] [stdout] running 0 tests
[INFO] [stdout] 
[INFO] [stdout] test result: ok. 0 passed; 0 failed; 0 ignored; 0 measured; 0 filtered out; finished in 0.00s
[INFO] [stdout] 
[INFO] [stdout] 
[INFO] [stdout] running 3 tests
[INFO] [stdout] test alternate_input_empty_docs ... ok
[INFO] [stdout] test alternate_input_single_line ... ok
[INFO] [stdout] test alternate_input_a_little_bit_longer ... ok
[INFO] [stdout] 
[INFO] [stdout] test result: ok. 3 passed; 0 failed; 0 ignored; 0 measured; 0 filtered out; finished in 9.25s
[INFO] [stdout] 
[INFO] [stderr]      Running tests/alternate-template.rs (/opt/rustwide/target/debug/deps/alternate_template-10e6917c08af2063)
[INFO] [stdout] 
[INFO] [stdout] running 1 test
[INFO] [stderr]      Running tests/append-license.rs (/opt/rustwide/target/debug/deps/append_license-a79e94ba913e1b21)
[INFO] [stdout] test alternate_template ... ok
[INFO] [stdout] 
[INFO] [stdout] test result: ok. 1 passed; 0 failed; 0 ignored; 0 measured; 0 filtered out; finished in 5.00s
[INFO] [stdout] 
[INFO] [stdout] 
[INFO] [stdout] running 2 tests
[INFO] [stdout] test append_license ... ok
[INFO] [stderr]      Running tests/badges.rs (/opt/rustwide/target/debug/deps/badges-1c4a4d9be5367e6e)
[INFO] [stdout] test no_append_license ... ok
[INFO] [stdout] 
[INFO] [stdout] test result: ok. 2 passed; 0 failed; 0 ignored; 0 measured; 0 filtered out; finished in 0.34s
[INFO] [stdout] 
[INFO] [stdout] 
[INFO] [stdout] running 1 test
[INFO] [stderr]      Running tests/default-behavior.rs (/opt/rustwide/target/debug/deps/default_behavior-883dd46240e52585)
[INFO] [stdout] test badges ... ok
[INFO] [stdout] 
[INFO] [stdout] test result: ok. 1 passed; 0 failed; 0 ignored; 0 measured; 0 filtered out; finished in 0.62s
[INFO] [stdout] 
[INFO] [stdout] 
[INFO] [stdout] running 1 test
[INFO] [stderr]      Running tests/entrypoint-resolution.rs (/opt/rustwide/target/debug/deps/entrypoint_resolution-4f384c167fef13a5)
[INFO] [stdout] test default_behavior ... ok
[INFO] [stdout] 
[INFO] [stdout] test result: ok. 1 passed; 0 failed; 0 ignored; 0 measured; 0 filtered out; finished in 0.24s
[INFO] [stdout] 
[INFO] [stdout] 
[INFO] [stdout] running 4 tests
[INFO] [stdout] test entrypoint_resolution_cargo_bin ... ok
[INFO] [stdout] test entrypoint_resolution_cargo_lib ... ok
[INFO] [stdout] test entrypoint_resolution_lib ... ok
[INFO] [stdout] test entrypoint_resolution_main ... ok
[INFO] [stdout] 
[INFO] [stderr]      Running tests/multiline-doc.rs (/opt/rustwide/target/debug/deps/multiline_doc-e8f21ddd44707c88)
[INFO] [stdout] test result: ok. 4 passed; 0 failed; 0 ignored; 0 measured; 0 filtered out; finished in 0.43s
[INFO] [stdout] 
[INFO] [stdout] 
[INFO] [stdout] running 1 test
[INFO] [stdout] test multiline_doc ... ok
[INFO] [stdout] 
[INFO] [stdout] test result: ok. 1 passed; 0 failed; 0 ignored; 0 measured; 0 filtered out; finished in 0.32s
[INFO] [stdout] 
[INFO] [stderr]      Running tests/multiple-bin-fail.rs (/opt/rustwide/target/debug/deps/multiple_bin_fail-20cad330d3c83c0d)
[INFO] [stdout] 
[INFO] [stdout] running 1 test
[INFO] [stdout] test multiple_bin_fail ... FAILED
[INFO] [stdout] 
[INFO] [stdout] failures:
[INFO] [stdout] 
[INFO] [stdout] ---- multiple_bin_fail stdout ----
[INFO] [stdout] thread 'multiple_bin_fail' panicked at 'Assertion failed for `cargo run --quiet -- readme --project-root tests/multiple-bin-fail`
[INFO] [stdout] with: Unexpected stderr
[INFO] [stdout] 
[INFO] [stdout] with: Didn't match.
[INFO] [stdout] diff=
[INFO] [stdout] ``+warning: unused return value of `std::string::String::split_off` that must be used
[INFO] [stdout]   --> src/readme/extract.rs:64:17
[INFO] [stdout]    |
[INFO] [stdout] 64 |                 line.split_off(pos);
[INFO] [stdout]    |                 ^^^^^^^^^^^^^^^^^^^^
[INFO] [stdout]    |
[INFO] [stdout]    = note: `#[warn(unused_must_use)]` on by default
[INFO] [stdout]    = note: use `.truncate()` if you don't need the other half
[INFO] [stdout] 
[INFO] [stdout] warning: 1 warning emitted
[INFO] [stdout] 
[INFO] [stdout]  Error: Multiple binaries found, choose one: [src/entry1.rs, src/entry2.rs]
[INFO] [stdout] ```', /opt/rustwide/cargo-home/registry/src/github.com-1ecc6299db9ec823/assert_cli-0.6.3/src/assert.rs:441:13
[INFO] [stdout] stack backtrace:
[INFO] [stdout]    0:     0x56227c902250 - std::backtrace_rs::backtrace::libunwind::trace::h34055254b57d8e79
[INFO] [stdout]                                at /rustc/a178d0322ce20e33eac124758e837cbd80a6f633/library/std/src/../../backtrace/src/backtrace/libunwind.rs:90:5
[INFO] [stdout]    1:     0x56227c902250 - std::backtrace_rs::backtrace::trace_unsynchronized::h8f1e3fbd9afff6ec
[INFO] [stdout]                                at /rustc/a178d0322ce20e33eac124758e837cbd80a6f633/library/std/src/../../backtrace/src/backtrace/mod.rs:66:5
[INFO] [stdout]    2:     0x56227c902250 - std::sys_common::backtrace::_print_fmt::h3a99a796b770c360
[INFO] [stdout]                                at /rustc/a178d0322ce20e33eac124758e837cbd80a6f633/library/std/src/sys_common/backtrace.rs:67:5
[INFO] [stdout]    3:     0x56227c902250 - <std::sys_common::backtrace::_print::DisplayBacktrace as core::fmt::Display>::fmt::h32d1f94a80615d18
[INFO] [stdout]                                at /rustc/a178d0322ce20e33eac124758e837cbd80a6f633/library/std/src/sys_common/backtrace.rs:46:22
[INFO] [stdout]    4:     0x56227c924c7c - core::fmt::write::h306731c068f7162c
[INFO] [stdout]                                at /rustc/a178d0322ce20e33eac124758e837cbd80a6f633/library/core/src/fmt/mod.rs:1110:17
[INFO] [stdout]    5:     0x56227c8fefd5 - std::io::Write::write_fmt::h87f19b0a2cd190bc
[INFO] [stdout]                                at /rustc/a178d0322ce20e33eac124758e837cbd80a6f633/library/std/src/io/mod.rs:1588:15
[INFO] [stdout]    6:     0x56227c9043cb - std::sys_common::backtrace::_print::h5abaa2601a852287
[INFO] [stdout]                                at /rustc/a178d0322ce20e33eac124758e837cbd80a6f633/library/std/src/sys_common/backtrace.rs:49:5
[INFO] [stdout]    7:     0x56227c9043cb - std::sys_common::backtrace::print::h8d81445442bb638f
[INFO] [stdout]                                at /rustc/a178d0322ce20e33eac124758e837cbd80a6f633/library/std/src/sys_common/backtrace.rs:36:9
[INFO] [stdout]    8:     0x56227c9043cb - std::panicking::default_hook::{{closure}}::hcfe804496a9fa747
[INFO] [stdout]                                at /rustc/a178d0322ce20e33eac124758e837cbd80a6f633/library/std/src/panicking.rs:208:50
[INFO] [stdout]    9:     0x56227c903edc - std::panicking::default_hook::hbea8e3ccf2ba8901
[INFO] [stdout]                                at /rustc/a178d0322ce20e33eac124758e837cbd80a6f633/library/std/src/panicking.rs:222:9
[INFO] [stdout]   10:     0x56227c904a94 - std::panicking::rust_panic_with_hook::h7ee9e1a2d0f8975a
[INFO] [stdout]                                at /rustc/a178d0322ce20e33eac124758e837cbd80a6f633/library/std/src/panicking.rs:622:17
[INFO] [stdout]   11:     0x56227c865cb0 - std::panicking::begin_panic::{{closure}}::h8fc11e9e5cc8d523
[INFO] [stdout]                                at /rustc/a178d0322ce20e33eac124758e837cbd80a6f633/library/std/src/panicking.rs:542:9
[INFO] [stdout]   12:     0x56227c87651f - std::sys_common::backtrace::__rust_end_short_backtrace::hc1122d9ce5f32e8a
[INFO] [stdout]                                at /rustc/a178d0322ce20e33eac124758e837cbd80a6f633/library/std/src/sys_common/backtrace.rs:141:18
[INFO] [stdout]   13:     0x56227c865bab - std::panicking::begin_panic::h85a8941d7726d639
[INFO] [stdout]                                at /rustc/a178d0322ce20e33eac124758e837cbd80a6f633/library/std/src/panicking.rs:541:12
[INFO] [stdout]   14:     0x56227c874a34 - assert_cli::assert::Assert::unwrap::h25832414e45cd547
[INFO] [stdout]                                at /opt/rustwide/cargo-home/registry/src/github.com-1ecc6299db9ec823/assert_cli-0.6.3/src/assert.rs:441:13
[INFO] [stdout]   15:     0x56227c823fcb - multiple_bin_fail::multiple_bin_fail::h77d817bcdf00ed5d
[INFO] [stdout]                                at /opt/rustwide/workdir/tests/multiple-bin-fail.rs:11:5
[INFO] [stdout]   16:     0x56227c823eda - multiple_bin_fail::multiple_bin_fail::{{closure}}::hf1be155de0b82fd5
[INFO] [stdout]                                at /opt/rustwide/workdir/tests/multiple-bin-fail.rs:8:1
[INFO] [stdout]   17:     0x56227c822c1e - core::ops::function::FnOnce::call_once::h58c2f99ae7706b94
[INFO] [stdout]                                at /rustc/a178d0322ce20e33eac124758e837cbd80a6f633/library/core/src/ops/function.rs:227:5
[INFO] [stdout]   18:     0x56227c84c223 - core::ops::function::FnOnce::call_once::h152e7e439ff59e19
[INFO] [stdout]                                at /rustc/a178d0322ce20e33eac124758e837cbd80a6f633/library/core/src/ops/function.rs:227:5
[INFO] [stdout]   19:     0x56227c84c223 - test::__rust_begin_short_backtrace::h0908f3b1fdbb72ab
[INFO] [stdout]                                at /rustc/a178d0322ce20e33eac124758e837cbd80a6f633/library/test/src/lib.rs:577:5
[INFO] [stdout]   20:     0x56227c84ace0 - <alloc::boxed::Box<F,A> as core::ops::function::FnOnce<Args>>::call_once::hf6d2a51e5587546c
[INFO] [stdout]                                at /rustc/a178d0322ce20e33eac124758e837cbd80a6f633/library/alloc/src/boxed.rs:1575:9
[INFO] [stdout]   21:     0x56227c84ace0 - <std::panic::AssertUnwindSafe<F> as core::ops::function::FnOnce<()>>::call_once::h8af660f3a89ef593
[INFO] [stdout]                                at /rustc/a178d0322ce20e33eac124758e837cbd80a6f633/library/std/src/panic.rs:347:9
[INFO] [stdout]   22:     0x56227c84ace0 - std::panicking::try::do_call::hd36aef60f84b6d36
[INFO] [stdout]                                at /rustc/a178d0322ce20e33eac124758e837cbd80a6f633/library/std/src/panicking.rs:401:40
[INFO] [stdout]   23:     0x56227c84ace0 - std::panicking::try::h9932b4480e69817c
[INFO] [stdout]                                at /rustc/a178d0322ce20e33eac124758e837cbd80a6f633/library/std/src/panicking.rs:365:19
[INFO] [stdout]   24:     0x56227c84ace0 - std::panic::catch_unwind::h6aa177099cfff5f8
[INFO] [stdout]                                at /rustc/a178d0322ce20e33eac124758e837cbd80a6f633/library/std/src/panic.rs:434:14
[INFO] [stdout]   25:     0x56227c84ace0 - test::run_test_in_process::h5884d6f2d99e20c3
[INFO] [stdout]                                at /rustc/a178d0322ce20e33eac124758e837cbd80a6f633/library/test/src/lib.rs:600:18
[INFO] [stdout]   26:     0x56227c84ace0 - test::run_test::run_test_inner::{{closure}}::h6fdc58c6d5f5b6e3
[INFO] [stdout]                                at /rustc/a178d0322ce20e33eac124758e837cbd80a6f633/library/test/src/lib.rs:492:39
[INFO] [stdout]   27:     0x56227c824392 - test::run_test::run_test_inner::{{closure}}::h408365d67a78ade8
[INFO] [stdout]                                at /rustc/a178d0322ce20e33eac124758e837cbd80a6f633/library/test/src/lib.rs:519:37
[INFO] [stdout]   28:     0x56227c824392 - std::sys_common::backtrace::__rust_begin_short_backtrace::hb560b77c4f701523
[INFO] [stdout]                                at /rustc/a178d0322ce20e33eac124758e837cbd80a6f633/library/std/src/sys_common/backtrace.rs:125:18
[INFO] [stdout]   29:     0x56227c827f48 - std::thread::Builder::spawn_unchecked::{{closure}}::{{closure}}::hf2e7831dad93c597
[INFO] [stdout]                                at /rustc/a178d0322ce20e33eac124758e837cbd80a6f633/library/std/src/thread/mod.rs:481:17
[INFO] [stdout]   30:     0x56227c827f48 - <std::panic::AssertUnwindSafe<F> as core::ops::function::FnOnce<()>>::call_once::hd2e08783d8be4d02
[INFO] [stdout]                                at /rustc/a178d0322ce20e33eac124758e837cbd80a6f633/library/std/src/panic.rs:347:9
[INFO] [stdout]   31:     0x56227c827f48 - std::panicking::try::do_call::h062597b7acfd6b82
[INFO] [stdout]                                at /rustc/a178d0322ce20e33eac124758e837cbd80a6f633/library/std/src/panicking.rs:401:40
[INFO] [stdout]   32:     0x56227c827f48 - std::panicking::try::h0d7b79db04c14552
[INFO] [stdout]                                at /rustc/a178d0322ce20e33eac124758e837cbd80a6f633/library/std/src/panicking.rs:365:19
[INFO] [stdout]   33:     0x56227c827f48 - std::panic::catch_unwind::hb01a0b5e7c8cd43b
[INFO] [stdout]                                at /rustc/a178d0322ce20e33eac124758e837cbd80a6f633/library/std/src/panic.rs:434:14
[INFO] [stdout]   34:     0x56227c827f48 - std::thread::Builder::spawn_unchecked::{{closure}}::h5bde48cc887e0d1e
[INFO] [stdout]                                at /rustc/a178d0322ce20e33eac124758e837cbd80a6f633/library/std/src/thread/mod.rs:480:30
[INFO] [stdout]   35:     0x56227c827f48 - core::ops::function::FnOnce::call_once{{vtable.shim}}::h745ea30807a29e55
[INFO] [stdout]                                at /rustc/a178d0322ce20e33eac124758e837cbd80a6f633/library/core/src/ops/function.rs:227:5
[INFO] [stdout]   36:     0x56227c9096e7 - <alloc::boxed::Box<F,A> as core::ops::function::FnOnce<Args>>::call_once::h7ece6cfefaff1005
[INFO] [stdout]                                at /rustc/a178d0322ce20e33eac124758e837cbd80a6f633/library/alloc/src/boxed.rs:1575:9
[INFO] [stdout]   37:     0x56227c9096e7 - <alloc::boxed::Box<F,A> as core::ops::function::FnOnce<Args>>::call_once::hb8b48e55c21f193e
[INFO] [stdout]                                at /rustc/a178d0322ce20e33eac124758e837cbd80a6f633/library/alloc/src/boxed.rs:1575:9
[INFO] [stdout]   38:     0x56227c9096e7 - std::sys::unix::thread::Thread::new::thread_start::h8c7c4450dba62914
[INFO] [stdout]                                at /rustc/a178d0322ce20e33eac124758e837cbd80a6f633/library/std/src/sys/unix/thread.rs:71:17
[INFO] [stdout]   39:     0x7ff1f49c3609 - start_thread
[INFO] [stdout]   40:     0x7ff1f4c4e293 - clone
[INFO] [stdout]   41:                0x0 - <unknown>
[INFO] [stdout] 
[INFO] [stdout] 
[INFO] [stdout] failures:
[INFO] [stdout]     multiple_bin_fail
[INFO] [stdout] 
[INFO] [stdout] test result: FAILED. 0 passed; 1 failed; 0 ignored; 0 measured; 0 filtered out; finished in 0.49s
[INFO] [stdout] 
[INFO] [stderr] error: test failed, to rerun pass '--test multiple-bin-fail'
[INFO] running `Command { std: "docker" "inspect" "345b5444921975ee8922dc7df602410856fd3851f781d46ef8341ff14c081c1d", kill_on_drop: false }`
[INFO] running `Command { std: "docker" "rm" "-f" "345b5444921975ee8922dc7df602410856fd3851f781d46ef8341ff14c081c1d", kill_on_drop: false }`
[INFO] [stdout] 345b5444921975ee8922dc7df602410856fd3851f781d46ef8341ff14c081c1d
