[INFO] cloning repository https://github.com/liamom/ifnd
[INFO] running `Command { std: "git" "-c" "credential.helper=" "-c" "credential.helper=/workspace/cargo-home/bin/git-credential-null" "clone" "--bare" "https://github.com/liamom/ifnd" "/workspace/cache/git-repos/https%3A%2F%2Fgithub.com%2Fliamom%2Fifnd", kill_on_drop: false }`
[INFO] [stderr] Cloning into bare repository '/workspace/cache/git-repos/https%3A%2F%2Fgithub.com%2Fliamom%2Fifnd'...
[INFO] running `Command { std: "git" "rev-parse" "HEAD", kill_on_drop: false }`
[INFO] [stdout] 535feaef2bd9dccbdfd4efb4b78f58568d881ee5
[INFO] testing liamom/ifnd against beta-2021-08-01 for beta-1.55-1
[INFO] running `Command { std: "git" "clone" "/workspace/cache/git-repos/https%3A%2F%2Fgithub.com%2Fliamom%2Fifnd" "/workspace/builds/worker-7/source", kill_on_drop: false }`
[INFO] [stderr] Cloning into '/workspace/builds/worker-7/source'...
[INFO] [stderr] done.
[INFO] validating manifest of git repo https://github.com/liamom/ifnd on toolchain beta-2021-08-01
[INFO] running `Command { std: "/workspace/cargo-home/bin/cargo" "+beta-2021-08-01" "metadata" "--manifest-path" "Cargo.toml" "--no-deps", kill_on_drop: false }`
[INFO] started tweaking git repo https://github.com/liamom/ifnd
[INFO] finished tweaking git repo https://github.com/liamom/ifnd
[INFO] tweaked toml for git repo https://github.com/liamom/ifnd written to /workspace/builds/worker-7/source/Cargo.toml
[INFO] crate git repo https://github.com/liamom/ifnd already has a lockfile, it will not be regenerated
[INFO] running `Command { std: "/workspace/cargo-home/bin/cargo" "+beta-2021-08-01" "fetch" "--manifest-path" "Cargo.toml", kill_on_drop: false }`
[INFO] [stderr]  Downloading crates ...
[INFO] [stderr]   Downloaded time v0.1.44
[INFO] [stderr]   Downloaded parking_lot v0.11.0
[INFO] [stderr]   Downloaded parking_lot_core v0.8.0
[INFO] [stderr]   Downloaded lock_api v0.4.1
[INFO] [stderr]   Downloaded ntapi v0.3.4
[INFO] [stderr]   Downloaded signal-hook v0.1.16
[INFO] [stderr]   Downloaded mio v0.7.3
[INFO] [stderr]   Downloaded crossterm_winapi v0.6.1
[INFO] [stderr]   Downloaded arc-swap v0.4.7
[INFO] [stderr]   Downloaded thiserror-impl v1.0.21
[INFO] [stderr]   Downloaded cloudabi v0.1.0
[INFO] [stderr]   Downloaded instant v0.1.7
[INFO] [stderr]   Downloaded lnk v0.2.1
[INFO] [stderr]   Downloaded socket2 v0.3.15
[INFO] [stderr]   Downloaded fuzzy-matcher v0.3.7
[INFO] [stderr]   Downloaded thiserror v1.0.21
[INFO] [stderr]   Downloaded miow v0.3.5
[INFO] [stderr]   Downloaded syn v1.0.44
[INFO] [stderr]   Downloaded crossterm v0.18.0
[INFO] [stderr]   Downloaded num-derive v0.3.2
[INFO] [stderr]   Downloaded parselnk v0.1.0
[INFO] [stderr]   Downloaded wasi v0.10.0+wasi-snapshot-preview1
[INFO] [stderr]   Downloaded signal-hook-registry v1.2.1
[INFO] [stderr]   Downloaded libc v0.2.79
[INFO] running `Command { std: "docker" "create" "-v" "/var/lib/crater-agent-workspace/builds/worker-7/target:/opt/rustwide/target:rw,Z" "-v" "/var/lib/crater-agent-workspace/builds/worker-7/source:/opt/rustwide/workdir:ro,Z" "-v" "/var/lib/crater-agent-workspace/cargo-home:/opt/rustwide/cargo-home:ro,Z" "-v" "/var/lib/crater-agent-workspace/rustup-home:/opt/rustwide/rustup-home:ro,Z" "-e" "SOURCE_DIR=/opt/rustwide/workdir" "-e" "CARGO_TARGET_DIR=/opt/rustwide/target" "-e" "CARGO_HOME=/opt/rustwide/cargo-home" "-e" "RUSTUP_HOME=/opt/rustwide/rustup-home" "-w" "/opt/rustwide/workdir" "-m" "1610612736" "--user" "0:0" "--network" "none" "ghcr.io/rust-lang/crates-build-env/linux@sha256:34b6a614d2c27851fe6cbf88fbd1137609cefab8b10d0615aaeb6fd47975d74e" "/opt/rustwide/cargo-home/bin/cargo" "+beta-2021-08-01" "metadata" "--no-deps" "--format-version=1", kill_on_drop: false }`
[INFO] [stdout] f3872f789e7f8d85c21d1418fa78424688a8ba013e56b775ca8fa7deb778dac4
[INFO] running `Command { std: "docker" "start" "-a" "f3872f789e7f8d85c21d1418fa78424688a8ba013e56b775ca8fa7deb778dac4", kill_on_drop: false }`
[INFO] running `Command { std: "docker" "inspect" "f3872f789e7f8d85c21d1418fa78424688a8ba013e56b775ca8fa7deb778dac4", kill_on_drop: false }`
[INFO] running `Command { std: "docker" "rm" "-f" "f3872f789e7f8d85c21d1418fa78424688a8ba013e56b775ca8fa7deb778dac4", kill_on_drop: false }`
[INFO] [stdout] f3872f789e7f8d85c21d1418fa78424688a8ba013e56b775ca8fa7deb778dac4
[INFO] running `Command { std: "docker" "create" "-v" "/var/lib/crater-agent-workspace/builds/worker-7/target:/opt/rustwide/target:rw,Z" "-v" "/var/lib/crater-agent-workspace/builds/worker-7/source:/opt/rustwide/workdir:ro,Z" "-v" "/var/lib/crater-agent-workspace/cargo-home:/opt/rustwide/cargo-home:ro,Z" "-v" "/var/lib/crater-agent-workspace/rustup-home:/opt/rustwide/rustup-home:ro,Z" "-e" "SOURCE_DIR=/opt/rustwide/workdir" "-e" "CARGO_TARGET_DIR=/opt/rustwide/target" "-e" "CARGO_INCREMENTAL=0" "-e" "RUST_BACKTRACE=full" "-e" "RUSTFLAGS=--cap-lints=warn" "-e" "CARGO_HOME=/opt/rustwide/cargo-home" "-e" "RUSTUP_HOME=/opt/rustwide/rustup-home" "-w" "/opt/rustwide/workdir" "-m" "1610612736" "--user" "0:0" "--network" "none" "ghcr.io/rust-lang/crates-build-env/linux@sha256:34b6a614d2c27851fe6cbf88fbd1137609cefab8b10d0615aaeb6fd47975d74e" "/opt/rustwide/cargo-home/bin/cargo" "+beta-2021-08-01" "build" "--frozen" "--message-format=json", kill_on_drop: false }`
[INFO] [stdout] 7bceba697f8cc9ccaab018d90730256fb42cfb91730ac840dc6b626cb8762229
[INFO] running `Command { std: "docker" "start" "-a" "7bceba697f8cc9ccaab018d90730256fb42cfb91730ac840dc6b626cb8762229", kill_on_drop: false }`
[INFO] [stderr]    Compiling syn v1.0.44
[INFO] [stderr]    Compiling widestring v0.4.3
[INFO] [stderr]    Compiling num-traits v0.2.12
[INFO] [stderr]    Compiling time v0.1.44
[INFO] [stderr]    Compiling signal-hook-registry v1.2.1
[INFO] [stderr]    Compiling parking_lot_core v0.8.0
[INFO] [stderr]    Compiling mio v0.7.3
[INFO] [stderr]    Compiling parking_lot v0.11.0
[INFO] [stderr]    Compiling signal-hook v0.1.16
[INFO] [stderr]    Compiling crossterm v0.18.0
[INFO] [stderr]    Compiling num-integer v0.1.43
[INFO] [stderr]    Compiling chrono v0.4.19
[INFO] [stderr]    Compiling thiserror-impl v1.0.21
[INFO] [stderr]    Compiling num-derive v0.3.2
[INFO] [stderr]    Compiling thiserror v1.0.21
[INFO] [stderr]    Compiling parselnk v0.1.0
[INFO] [stderr]    Compiling lnk v0.2.1
[INFO] [stderr]    Compiling ifnd v0.1.0 (/opt/rustwide/workdir/ifnd)
[INFO] [stdout] warning: unused imports: `DerefMut`, `Deref`
[INFO] [stdout]   --> ifnd/src/selection_gui.rs:13:16
[INFO] [stdout]    |
[INFO] [stdout] 13 | use std::ops::{Deref, DerefMut};
[INFO] [stdout]    |                ^^^^^  ^^^^^^^^
[INFO] [stdout]    |
[INFO] [stdout]    = note: `#[warn(unused_imports)]` on by default
[INFO] [stdout] 
[INFO] [stdout] 
[INFO] [stdout] warning: unused import: `std::io::stdout`
[INFO] [stdout]   --> ifnd/src/selection_gui.rs:15:5
[INFO] [stdout]    |
[INFO] [stdout] 15 | use std::io::stdout;
[INFO] [stdout]    |     ^^^^^^^^^^^^^^^
[INFO] [stdout] 
[INFO] [stdout] 
[INFO] [stdout] warning: unused import: `crate::files::runnable_file::RunnableFile`
[INFO] [stdout]  --> ifnd/src/ordered_type.rs:2:5
[INFO] [stdout]   |
[INFO] [stdout] 2 | use crate::files::runnable_file::RunnableFile;
[INFO] [stdout]   |     ^^^^^^^^^^^^^^^^^^^^^^^^^^^^^^^^^^^^^^^^^
[INFO] [stdout] 
[INFO] [stdout] 
[INFO] [stdout] warning: unused import: `crate::files::file_base::FileBase`
[INFO] [stdout]  --> ifnd/src/ordered_type.rs:3:5
[INFO] [stdout]   |
[INFO] [stdout] 3 | use crate::files::file_base::FileBase;
[INFO] [stdout]   |     ^^^^^^^^^^^^^^^^^^^^^^^^^^^^^^^^^
[INFO] [stdout] 
[INFO] [stdout] 
[INFO] [stdout] warning: unused import: `crate::files::runnable_file::RunnableFile`
[INFO] [stdout]  --> ifnd/src/filtered_list.rs:5:5
[INFO] [stdout]   |
[INFO] [stdout] 5 | use crate::files::runnable_file::RunnableFile;
[INFO] [stdout]   |     ^^^^^^^^^^^^^^^^^^^^^^^^^^^^^^^^^^^^^^^^^
[INFO] [stdout] 
[INFO] [stdout] 
[INFO] [stdout] warning: unused import: `crate::files::runnable_file::RunnableFile`
[INFO] [stdout]  --> ifnd/src/search/search_type.rs:2:5
[INFO] [stdout]   |
[INFO] [stdout] 2 | use crate::files::runnable_file::RunnableFile;
[INFO] [stdout]   |     ^^^^^^^^^^^^^^^^^^^^^^^^^^^^^^^^^^^^^^^^^
[INFO] [stdout] 
[INFO] [stdout] 
[INFO] [stdout] warning: unused import: `crate::files::file_base::FileBase`
[INFO] [stdout]  --> ifnd/src/search/app_search.rs:5:5
[INFO] [stdout]   |
[INFO] [stdout] 5 | use crate::files::file_base::FileBase;
[INFO] [stdout]   |     ^^^^^^^^^^^^^^^^^^^^^^^^^^^^^^^^^
[INFO] [stdout] 
[INFO] [stdout] 
[INFO] [stdout] warning: unused import: `std::path::PathBuf`
[INFO] [stdout]  --> ifnd/src/search/file_search.rs:1:5
[INFO] [stdout]   |
[INFO] [stdout] 1 | use std::path::PathBuf;
[INFO] [stdout]   |     ^^^^^^^^^^^^^^^^^^
[INFO] [stdout] 
[INFO] [stdout] 
[INFO] [stdout] warning: unused import: `crate::files::runnable_file::RunnableFile`
[INFO] [stdout]  --> ifnd/src/search/file_search.rs:8:5
[INFO] [stdout]   |
[INFO] [stdout] 8 | use crate::files::runnable_file::RunnableFile;
[INFO] [stdout]   |     ^^^^^^^^^^^^^^^^^^^^^^^^^^^^^^^^^^^^^^^^^
[INFO] [stdout] 
[INFO] [stdout] 
[INFO] [stdout] warning: unused import: `crate::files::file_base::FileBase`
[INFO] [stdout]  --> ifnd/src/search/file_search.rs:9:5
[INFO] [stdout]   |
[INFO] [stdout] 9 | use crate::files::file_base::FileBase;
[INFO] [stdout]   |     ^^^^^^^^^^^^^^^^^^^^^^^^^^^^^^^^^
[INFO] [stdout] 
[INFO] [stdout] 
[INFO] [stdout] warning: unused variable: `search_str`
[INFO] [stdout]    --> ifnd/src/selection_gui.rs:166:27
[INFO] [stdout]     |
[INFO] [stdout] 166 |         let (command_str, search_str) = state.split_input();
[INFO] [stdout]     |                           ^^^^^^^^^^ help: if this is intentional, prefix it with an underscore: `_search_str`
[INFO] [stdout]     |
[INFO] [stdout]     = note: `#[warn(unused_variables)]` on by default
[INFO] [stdout] 
[INFO] [stdout] 
[INFO] [stdout] warning: unused `Result` that must be used
[INFO] [stdout]    --> ifnd/src/selection_gui.rs:213:17
[INFO] [stdout]     |
[INFO] [stdout] 213 |                 list_view::reset_terminal(state.start_row);
[INFO] [stdout]     |                 ^^^^^^^^^^^^^^^^^^^^^^^^^^^^^^^^^^^^^^^^^^^
[INFO] [stdout]     |
[INFO] [stdout]     = note: `#[warn(unused_must_use)]` on by default
[INFO] [stdout]     = note: this `Result` may be an `Err` variant, which should be handled
[INFO] [stdout] 
[INFO] [stdout] 
[INFO] [stdout] warning: unused `Result` that must be used
[INFO] [stdout]   --> ifnd/src/search/file_search.rs:22:9
[INFO] [stdout]    |
[INFO] [stdout] 22 | /         tx.send(AnyFile {
[INFO] [stdout] 23 | |             path: path.path()
[INFO] [stdout] 24 | |         });
[INFO] [stdout]    | |___________^
[INFO] [stdout]    |
[INFO] [stdout]    = note: this `Result` may be an `Err` variant, which should be handled
[INFO] [stdout] 
[INFO] [stdout] 
[INFO] [stderr]     Finished dev [unoptimized + debuginfo] target(s) in 18.81s
[INFO] [stdout] warning: 13 warnings emitted
[INFO] [stdout] 
[INFO] [stdout] 
[INFO] running `Command { std: "docker" "inspect" "7bceba697f8cc9ccaab018d90730256fb42cfb91730ac840dc6b626cb8762229", kill_on_drop: false }`
[INFO] running `Command { std: "docker" "rm" "-f" "7bceba697f8cc9ccaab018d90730256fb42cfb91730ac840dc6b626cb8762229", kill_on_drop: false }`
[INFO] [stdout] 7bceba697f8cc9ccaab018d90730256fb42cfb91730ac840dc6b626cb8762229
[INFO] running `Command { std: "docker" "create" "-v" "/var/lib/crater-agent-workspace/builds/worker-7/target:/opt/rustwide/target:rw,Z" "-v" "/var/lib/crater-agent-workspace/builds/worker-7/source:/opt/rustwide/workdir:ro,Z" "-v" "/var/lib/crater-agent-workspace/cargo-home:/opt/rustwide/cargo-home:ro,Z" "-v" "/var/lib/crater-agent-workspace/rustup-home:/opt/rustwide/rustup-home:ro,Z" "-e" "SOURCE_DIR=/opt/rustwide/workdir" "-e" "CARGO_TARGET_DIR=/opt/rustwide/target" "-e" "CARGO_INCREMENTAL=0" "-e" "RUST_BACKTRACE=full" "-e" "RUSTFLAGS=--cap-lints=warn" "-e" "CARGO_HOME=/opt/rustwide/cargo-home" "-e" "RUSTUP_HOME=/opt/rustwide/rustup-home" "-w" "/opt/rustwide/workdir" "-m" "1610612736" "--user" "0:0" "--network" "none" "ghcr.io/rust-lang/crates-build-env/linux@sha256:34b6a614d2c27851fe6cbf88fbd1137609cefab8b10d0615aaeb6fd47975d74e" "/opt/rustwide/cargo-home/bin/cargo" "+beta-2021-08-01" "test" "--frozen" "--no-run" "--message-format=json", kill_on_drop: false }`
[INFO] [stdout] fd271a4e689513cdcbb1ee875d1f8eb19b796440fe649e3c768e3ec5e0062d50
[INFO] running `Command { std: "docker" "start" "-a" "fd271a4e689513cdcbb1ee875d1f8eb19b796440fe649e3c768e3ec5e0062d50", kill_on_drop: false }`
[INFO] [stderr]    Compiling ifnd v0.1.0 (/opt/rustwide/workdir/ifnd)
[INFO] [stdout] warning: unused imports: `DerefMut`, `Deref`
[INFO] [stdout]   --> ifnd/src/selection_gui.rs:13:16
[INFO] [stdout]    |
[INFO] [stdout] 13 | use std::ops::{Deref, DerefMut};
[INFO] [stdout]    |                ^^^^^  ^^^^^^^^
[INFO] [stdout]    |
[INFO] [stdout]    = note: `#[warn(unused_imports)]` on by default
[INFO] [stdout] 
[INFO] [stdout] 
[INFO] [stdout] warning: unused import: `std::io::stdout`
[INFO] [stdout]   --> ifnd/src/selection_gui.rs:15:5
[INFO] [stdout]    |
[INFO] [stdout] 15 | use std::io::stdout;
[INFO] [stdout]    |     ^^^^^^^^^^^^^^^
[INFO] [stdout] 
[INFO] [stdout] 
[INFO] [stdout] warning: unused import: `crate::files::runnable_file::RunnableFile`
[INFO] [stdout]  --> ifnd/src/ordered_type.rs:2:5
[INFO] [stdout]   |
[INFO] [stdout] 2 | use crate::files::runnable_file::RunnableFile;
[INFO] [stdout]   |     ^^^^^^^^^^^^^^^^^^^^^^^^^^^^^^^^^^^^^^^^^
[INFO] [stdout] 
[INFO] [stdout] 
[INFO] [stdout] warning: unused import: `crate::files::file_base::FileBase`
[INFO] [stdout]  --> ifnd/src/ordered_type.rs:3:5
[INFO] [stdout]   |
[INFO] [stdout] 3 | use crate::files::file_base::FileBase;
[INFO] [stdout]   |     ^^^^^^^^^^^^^^^^^^^^^^^^^^^^^^^^^
[INFO] [stdout] 
[INFO] [stdout] 
[INFO] [stdout] warning: unused import: `crate::files::runnable_file::RunnableFile`
[INFO] [stdout]  --> ifnd/src/filtered_list.rs:5:5
[INFO] [stdout]   |
[INFO] [stdout] 5 | use crate::files::runnable_file::RunnableFile;
[INFO] [stdout]   |     ^^^^^^^^^^^^^^^^^^^^^^^^^^^^^^^^^^^^^^^^^
[INFO] [stdout] 
[INFO] [stdout] 
[INFO] [stdout] warning: unused import: `crate::files::runnable_file::RunnableFile`
[INFO] [stdout]  --> ifnd/src/search/search_type.rs:2:5
[INFO] [stdout]   |
[INFO] [stdout] 2 | use crate::files::runnable_file::RunnableFile;
[INFO] [stdout]   |     ^^^^^^^^^^^^^^^^^^^^^^^^^^^^^^^^^^^^^^^^^
[INFO] [stdout] 
[INFO] [stdout] 
[INFO] [stdout] warning: unused import: `crate::files::file_base::FileBase`
[INFO] [stdout]  --> ifnd/src/search/app_search.rs:5:5
[INFO] [stdout]   |
[INFO] [stdout] 5 | use crate::files::file_base::FileBase;
[INFO] [stdout]   |     ^^^^^^^^^^^^^^^^^^^^^^^^^^^^^^^^^
[INFO] [stdout] 
[INFO] [stdout] 
[INFO] [stdout] warning: unused import: `std::path::PathBuf`
[INFO] [stdout]  --> ifnd/src/search/file_search.rs:1:5
[INFO] [stdout]   |
[INFO] [stdout] 1 | use std::path::PathBuf;
[INFO] [stdout]   |     ^^^^^^^^^^^^^^^^^^
[INFO] [stdout] 
[INFO] [stdout] 
[INFO] [stdout] warning: unused import: `crate::files::runnable_file::RunnableFile`
[INFO] [stdout]  --> ifnd/src/search/file_search.rs:8:5
[INFO] [stdout]   |
[INFO] [stdout] 8 | use crate::files::runnable_file::RunnableFile;
[INFO] [stdout]   |     ^^^^^^^^^^^^^^^^^^^^^^^^^^^^^^^^^^^^^^^^^
[INFO] [stdout] 
[INFO] [stdout] 
[INFO] [stdout] warning: unused import: `crate::files::file_base::FileBase`
[INFO] [stdout]  --> ifnd/src/search/file_search.rs:9:5
[INFO] [stdout]   |
[INFO] [stdout] 9 | use crate::files::file_base::FileBase;
[INFO] [stdout]   |     ^^^^^^^^^^^^^^^^^^^^^^^^^^^^^^^^^
[INFO] [stdout] 
[INFO] [stdout] 
[INFO] [stdout] warning: unused variable: `search_str`
[INFO] [stdout]    --> ifnd/src/selection_gui.rs:166:27
[INFO] [stdout]     |
[INFO] [stdout] 166 |         let (command_str, search_str) = state.split_input();
[INFO] [stdout]     |                           ^^^^^^^^^^ help: if this is intentional, prefix it with an underscore: `_search_str`
[INFO] [stdout]     |
[INFO] [stdout]     = note: `#[warn(unused_variables)]` on by default
[INFO] [stdout] 
[INFO] [stdout] 
[INFO] [stdout] warning: unused `Result` that must be used
[INFO] [stdout]    --> ifnd/src/selection_gui.rs:213:17
[INFO] [stdout]     |
[INFO] [stdout] 213 |                 list_view::reset_terminal(state.start_row);
[INFO] [stdout]     |                 ^^^^^^^^^^^^^^^^^^^^^^^^^^^^^^^^^^^^^^^^^^^
[INFO] [stdout]     |
[INFO] [stdout]     = note: `#[warn(unused_must_use)]` on by default
[INFO] [stdout]     = note: this `Result` may be an `Err` variant, which should be handled
[INFO] [stdout] 
[INFO] [stdout] 
[INFO] [stdout] warning: unused `Result` that must be used
[INFO] [stdout]   --> ifnd/src/search/file_search.rs:22:9
[INFO] [stdout]    |
[INFO] [stdout] 22 | /         tx.send(AnyFile {
[INFO] [stdout] 23 | |             path: path.path()
[INFO] [stdout] 24 | |         });
[INFO] [stdout]    | |___________^
[INFO] [stdout]    |
[INFO] [stdout]    = note: this `Result` may be an `Err` variant, which should be handled
[INFO] [stdout] 
[INFO] [stdout] 
[INFO] [stdout] warning: 13 warnings emitted
[INFO] [stdout] 
[INFO] [stdout] 
[INFO] [stderr]     Finished test [unoptimized + debuginfo] target(s) in 1.91s
[INFO] running `Command { std: "docker" "inspect" "fd271a4e689513cdcbb1ee875d1f8eb19b796440fe649e3c768e3ec5e0062d50", kill_on_drop: false }`
[INFO] running `Command { std: "docker" "rm" "-f" "fd271a4e689513cdcbb1ee875d1f8eb19b796440fe649e3c768e3ec5e0062d50", kill_on_drop: false }`
[INFO] [stdout] fd271a4e689513cdcbb1ee875d1f8eb19b796440fe649e3c768e3ec5e0062d50
[INFO] running `Command { std: "docker" "create" "-v" "/var/lib/crater-agent-workspace/builds/worker-7/target:/opt/rustwide/target:rw,Z" "-v" "/var/lib/crater-agent-workspace/builds/worker-7/source:/opt/rustwide/workdir:ro,Z" "-v" "/var/lib/crater-agent-workspace/cargo-home:/opt/rustwide/cargo-home:ro,Z" "-v" "/var/lib/crater-agent-workspace/rustup-home:/opt/rustwide/rustup-home:ro,Z" "-e" "SOURCE_DIR=/opt/rustwide/workdir" "-e" "CARGO_TARGET_DIR=/opt/rustwide/target" "-e" "CARGO_INCREMENTAL=0" "-e" "RUST_BACKTRACE=full" "-e" "RUSTFLAGS=--cap-lints=warn" "-e" "CARGO_HOME=/opt/rustwide/cargo-home" "-e" "RUSTUP_HOME=/opt/rustwide/rustup-home" "-w" "/opt/rustwide/workdir" "-m" "1610612736" "--user" "0:0" "--network" "none" "ghcr.io/rust-lang/crates-build-env/linux@sha256:34b6a614d2c27851fe6cbf88fbd1137609cefab8b10d0615aaeb6fd47975d74e" "/opt/rustwide/cargo-home/bin/cargo" "+beta-2021-08-01" "test" "--frozen", kill_on_drop: false }`
[INFO] [stdout] f48d25e3a40f91f9bcf7fd71c9c539545f17144eefdbf6ae0398eb629377f6fe
[INFO] running `Command { std: "docker" "start" "-a" "f48d25e3a40f91f9bcf7fd71c9c539545f17144eefdbf6ae0398eb629377f6fe", kill_on_drop: false }`
[INFO] [stderr]     Blocking waiting for file lock on package cache
[INFO] [stderr] warning: unused imports: `DerefMut`, `Deref`
[INFO] [stderr]   --> ifnd/src/selection_gui.rs:13:16
[INFO] [stderr]    |
[INFO] [stderr] 13 | use std::ops::{Deref, DerefMut};
[INFO] [stderr]    |                ^^^^^  ^^^^^^^^
[INFO] [stderr]    |
[INFO] [stderr]    = note: `#[warn(unused_imports)]` on by default
[INFO] [stderr] 
[INFO] [stderr] warning: unused import: `std::io::stdout`
[INFO] [stderr]   --> ifnd/src/selection_gui.rs:15:5
[INFO] [stderr]    |
[INFO] [stderr] 15 | use std::io::stdout;
[INFO] [stderr]    |     ^^^^^^^^^^^^^^^
[INFO] [stderr] 
[INFO] [stderr] warning: unused import: `crate::files::runnable_file::RunnableFile`
[INFO] [stderr]  --> ifnd/src/ordered_type.rs:2:5
[INFO] [stderr]   |
[INFO] [stderr] 2 | use crate::files::runnable_file::RunnableFile;
[INFO] [stderr]   |     ^^^^^^^^^^^^^^^^^^^^^^^^^^^^^^^^^^^^^^^^^
[INFO] [stderr] 
[INFO] [stderr] warning: unused import: `crate::files::file_base::FileBase`
[INFO] [stderr]  --> ifnd/src/ordered_type.rs:3:5
[INFO] [stderr]   |
[INFO] [stderr] 3 | use crate::files::file_base::FileBase;
[INFO] [stderr]   |     ^^^^^^^^^^^^^^^^^^^^^^^^^^^^^^^^^
[INFO] [stderr] 
[INFO] [stderr] warning: unused import: `crate::files::runnable_file::RunnableFile`
[INFO] [stderr]  --> ifnd/src/filtered_list.rs:5:5
[INFO] [stderr]   |
[INFO] [stderr] 5 | use crate::files::runnable_file::RunnableFile;
[INFO] [stderr]   |     ^^^^^^^^^^^^^^^^^^^^^^^^^^^^^^^^^^^^^^^^^
[INFO] [stderr] 
[INFO] [stderr] warning: unused import: `crate::files::runnable_file::RunnableFile`
[INFO] [stderr]  --> ifnd/src/search/search_type.rs:2:5
[INFO] [stderr]   |
[INFO] [stderr] 2 | use crate::files::runnable_file::RunnableFile;
[INFO] [stderr]   |     ^^^^^^^^^^^^^^^^^^^^^^^^^^^^^^^^^^^^^^^^^
[INFO] [stderr] 
[INFO] [stderr] warning: unused import: `crate::files::file_base::FileBase`
[INFO] [stderr]  --> ifnd/src/search/app_search.rs:5:5
[INFO] [stderr]   |
[INFO] [stderr] 5 | use crate::files::file_base::FileBase;
[INFO] [stderr]   |     ^^^^^^^^^^^^^^^^^^^^^^^^^^^^^^^^^
[INFO] [stderr] 
[INFO] [stderr] warning: unused import: `std::path::PathBuf`
[INFO] [stderr]  --> ifnd/src/search/file_search.rs:1:5
[INFO] [stderr]   |
[INFO] [stderr] 1 | use std::path::PathBuf;
[INFO] [stderr]   |     ^^^^^^^^^^^^^^^^^^
[INFO] [stderr] 
[INFO] [stderr] warning: unused import: `crate::files::runnable_file::RunnableFile`
[INFO] [stderr]  --> ifnd/src/search/file_search.rs:8:5
[INFO] [stderr]   |
[INFO] [stderr] 8 | use crate::files::runnable_file::RunnableFile;
[INFO] [stderr]   |     ^^^^^^^^^^^^^^^^^^^^^^^^^^^^^^^^^^^^^^^^^
[INFO] [stderr] 
[INFO] [stderr] warning: unused import: `crate::files::file_base::FileBase`
[INFO] [stderr]  --> ifnd/src/search/file_search.rs:9:5
[INFO] [stderr]   |
[INFO] [stderr] 9 | use crate::files::file_base::FileBase;
[INFO] [stderr]   |     ^^^^^^^^^^^^^^^^^^^^^^^^^^^^^^^^^
[INFO] [stderr] 
[INFO] [stderr] warning: unused variable: `search_str`
[INFO] [stderr]    --> ifnd/src/selection_gui.rs:166:27
[INFO] [stderr]     |
[INFO] [stderr] 166 |         let (command_str, search_str) = state.split_input();
[INFO] [stderr]     |                           ^^^^^^^^^^ help: if this is intentional, prefix it with an underscore: `_search_str`
[INFO] [stderr]     |
[INFO] [stderr]     = note: `#[warn(unused_variables)]` on by default
[INFO] [stderr] 
[INFO] [stderr] warning: unused `Result` that must be used
[INFO] [stderr]    --> ifnd/src/selection_gui.rs:213:17
[INFO] [stderr]     |
[INFO] [stderr] 213 |                 list_view::reset_terminal(state.start_row);
[INFO] [stderr]     |                 ^^^^^^^^^^^^^^^^^^^^^^^^^^^^^^^^^^^^^^^^^^^
[INFO] [stderr]     |
[INFO] [stderr]     = note: `#[warn(unused_must_use)]` on by default
[INFO] [stderr]     = note: this `Result` may be an `Err` variant, which should be handled
[INFO] [stderr] 
[INFO] [stderr] warning: unused `Result` that must be used
[INFO] [stderr]   --> ifnd/src/search/file_search.rs:22:9
[INFO] [stderr]    |
[INFO] [stderr] 22 | /         tx.send(AnyFile {
[INFO] [stderr] 23 | |             path: path.path()
[INFO] [stderr] 24 | |         });
[INFO] [stderr]    | |___________^
[INFO] [stderr]    |
[INFO] [stderr]    = note: this `Result` may be an `Err` variant, which should be handled
[INFO] [stderr] 
[INFO] [stderr] warning: `ifnd` (bin "ifnd" test) generated 13 warnings
[INFO] [stderr]     Finished test [unoptimized + debuginfo] target(s) in 1.01s
[INFO] [stderr]      Running unittests (/opt/rustwide/target/debug/deps/ifnd-054d28c3bb02b4ca)
[INFO] [stdout] 
[INFO] [stdout] running 2 tests
[INFO] [stdout] test search::fs::depth_first_traverse::tests::test_search_dris ... FAILED
[INFO] [stdout] test search::fs::bredth_first_traverse::tests::test_search_dris ... FAILED
[INFO] [stdout] 
[INFO] [stdout] failures:
[INFO] [stdout] 
[INFO] [stdout] ---- search::fs::depth_first_traverse::tests::test_search_dris stdout ----
[INFO] [stdout] Error: Os { code: 30, kind: ReadOnlyFilesystem, message: "Read-only file system" }
[INFO] [stdout] thread 'search::fs::depth_first_traverse::tests::test_search_dris' panicked at 'assertion failed: `(left == right)`
[INFO] [stdout]   left: `1`,
[INFO] [stdout]  right: `0`: the test returned a termination value with a non-zero status code (1) which indicates a failure', /rustc/53fd98ca776cb875bc9e5514f56b52eb74f9e7a9/library/test/src/lib.rs:194:5
[INFO] [stdout] stack backtrace:
[INFO] [stdout]    0:     0x55a74034b1c0 - std::backtrace_rs::backtrace::libunwind::trace::hff4d1766e93f64f1
[INFO] [stdout]                                at /rustc/53fd98ca776cb875bc9e5514f56b52eb74f9e7a9/library/std/src/../../backtrace/src/backtrace/libunwind.rs:90:5
[INFO] [stdout]    1:     0x55a74034b1c0 - std::backtrace_rs::backtrace::trace_unsynchronized::h56bbc8eb78770bcb
[INFO] [stdout]                                at /rustc/53fd98ca776cb875bc9e5514f56b52eb74f9e7a9/library/std/src/../../backtrace/src/backtrace/mod.rs:66:5
[INFO] [stdout]    2:     0x55a74034b1c0 - std::sys_common::backtrace::_print_fmt::h5c8e75464faca780
[INFO] [stdout]                                at /rustc/53fd98ca776cb875bc9e5514f56b52eb74f9e7a9/library/std/src/sys_common/backtrace.rs:67:5
[INFO] [stdout]    3:     0x55a74034b1c0 - <std::sys_common::backtrace::_print::DisplayBacktrace as core::fmt::Display>::fmt::h48b88277def8b362
[INFO] [stdout]                                at /rustc/53fd98ca776cb875bc9e5514f56b52eb74f9e7a9/library/std/src/sys_common/backtrace.rs:46:22
[INFO] [stdout]    4:     0x55a74036e95c - core::fmt::write::h3381b3176fe2b3d3
[INFO] [stdout]                                at /rustc/53fd98ca776cb875bc9e5514f56b52eb74f9e7a9/library/core/src/fmt/mod.rs:1115:17
[INFO] [stdout]    5:     0x55a740347ee5 - std::io::Write::write_fmt::h5f34a676f60246b5
[INFO] [stdout]                                at /rustc/53fd98ca776cb875bc9e5514f56b52eb74f9e7a9/library/std/src/io/mod.rs:1665:15
[INFO] [stdout]    6:     0x55a74034d76b - std::sys_common::backtrace::_print::ha537687d6c17dd0d
[INFO] [stdout]                                at /rustc/53fd98ca776cb875bc9e5514f56b52eb74f9e7a9/library/std/src/sys_common/backtrace.rs:49:5
[INFO] [stdout]    7:     0x55a74034d76b - std::sys_common::backtrace::print::h61376ae57d131d72
[INFO] [stdout]                                at /rustc/53fd98ca776cb875bc9e5514f56b52eb74f9e7a9/library/std/src/sys_common/backtrace.rs:36:9
[INFO] [stdout]    8:     0x55a74034d76b - std::panicking::default_hook::{{closure}}::h0f7208c0b9644a54
[INFO] [stdout]                                at /rustc/53fd98ca776cb875bc9e5514f56b52eb74f9e7a9/library/std/src/panicking.rs:208:50
[INFO] [stdout]    9:     0x55a74034d27c - std::panicking::default_hook::hdac7fc06578c14ce
[INFO] [stdout]                                at /rustc/53fd98ca776cb875bc9e5514f56b52eb74f9e7a9/library/std/src/panicking.rs:222:9
[INFO] [stdout]   10:     0x55a74034de34 - std::panicking::rust_panic_with_hook::h72b21c283da3d1ef
[INFO] [stdout]                                at /rustc/53fd98ca776cb875bc9e5514f56b52eb74f9e7a9/library/std/src/panicking.rs:622:17
[INFO] [stdout]   11:     0x55a74034d917 - std::panicking::begin_panic_handler::{{closure}}::he5778f1729cff84a
[INFO] [stdout]                                at /rustc/53fd98ca776cb875bc9e5514f56b52eb74f9e7a9/library/std/src/panicking.rs:519:13
[INFO] [stdout]   12:     0x55a74034b69c - std::sys_common::backtrace::__rust_end_short_backtrace::h2d11ca8b453b4b1d
[INFO] [stdout]                                at /rustc/53fd98ca776cb875bc9e5514f56b52eb74f9e7a9/library/std/src/sys_common/backtrace.rs:141:18
[INFO] [stdout]   13:     0x55a74034d879 - rust_begin_unwind
[INFO] [stdout]                                at /rustc/53fd98ca776cb875bc9e5514f56b52eb74f9e7a9/library/std/src/panicking.rs:515:5
[INFO] [stdout]   14:     0x55a7402e93c1 - core::panicking::panic_fmt::hf9de31d4acbce4db
[INFO] [stdout]                                at /rustc/53fd98ca776cb875bc9e5514f56b52eb74f9e7a9/library/core/src/panicking.rs:92:14
[INFO] [stdout]   15:     0x55a74036d35e - core::panicking::assert_failed_inner::h62e8cb2847a6e7ec
[INFO] [stdout]   16:     0x55a7403339fa - core::panicking::assert_failed::h551950e8e4a2ee35
[INFO] [stdout]                                at /rustc/53fd98ca776cb875bc9e5514f56b52eb74f9e7a9/library/core/src/panicking.rs:117:5
[INFO] [stdout]   17:     0x55a7402f70a9 - test::assert_test_result::h389df68616c419b8
[INFO] [stdout]                                at /rustc/53fd98ca776cb875bc9e5514f56b52eb74f9e7a9/library/test/src/lib.rs:194:5
[INFO] [stdout]   18:     0x55a7402ed175 - ifnd::search::fs::depth_first_traverse::tests::test_search_dris::{{closure}}::h584dca740149cf37
[INFO] [stdout]                                at /opt/rustwide/workdir/ifnd/src/search/fs/depth_first_traverse.rs:77:5
[INFO] [stdout]   19:     0x55a7402f186e - core::ops::function::FnOnce::call_once::h00a879f20b0e412e
[INFO] [stdout]                                at /rustc/53fd98ca776cb875bc9e5514f56b52eb74f9e7a9/library/core/src/ops/function.rs:227:5
[INFO] [stdout]   20:     0x55a74032b8f3 - core::ops::function::FnOnce::call_once::hbb52c4519d3137b0
[INFO] [stdout]                                at /rustc/53fd98ca776cb875bc9e5514f56b52eb74f9e7a9/library/core/src/ops/function.rs:227:5
[INFO] [stdout]   21:     0x55a74032b8f3 - test::__rust_begin_short_backtrace::h86fe3a2a5a5121af
[INFO] [stdout]                                at /rustc/53fd98ca776cb875bc9e5514f56b52eb74f9e7a9/library/test/src/lib.rs:578:5
[INFO] [stdout]   22:     0x55a74032a3a8 - <alloc::boxed::Box<F,A> as core::ops::function::FnOnce<Args>>::call_once::hfd956bc3d57399be
[INFO] [stdout]                                at /rustc/53fd98ca776cb875bc9e5514f56b52eb74f9e7a9/library/alloc/src/boxed.rs:1572:9
[INFO] [stdout]   23:     0x55a74032a3a8 - <std::panic::AssertUnwindSafe<F> as core::ops::function::FnOnce<()>>::call_once::h40dc93e0ddb5938a
[INFO] [stdout]                                at /rustc/53fd98ca776cb875bc9e5514f56b52eb74f9e7a9/library/std/src/panic.rs:347:9
[INFO] [stdout]   24:     0x55a74032a3a8 - std::panicking::try::do_call::h90d07750cb47c562
[INFO] [stdout]                                at /rustc/53fd98ca776cb875bc9e5514f56b52eb74f9e7a9/library/std/src/panicking.rs:401:40
[INFO] [stdout]   25:     0x55a74032a3a8 - std::panicking::try::h063c84733ad2a629
[INFO] [stdout]                                at /rustc/53fd98ca776cb875bc9e5514f56b52eb74f9e7a9/library/std/src/panicking.rs:365:19
[INFO] [stdout]   26:     0x55a74032a3a8 - std::panic::catch_unwind::h0c464836a84e7c08
[INFO] [stdout]                                at /rustc/53fd98ca776cb875bc9e5514f56b52eb74f9e7a9/library/std/src/panic.rs:434:14
[INFO] [stdout]   27:     0x55a74032a3a8 - test::run_test_in_process::h5cb06ef620b157fc
[INFO] [stdout]                                at /rustc/53fd98ca776cb875bc9e5514f56b52eb74f9e7a9/library/test/src/lib.rs:601:18
[INFO] [stdout]   28:     0x55a74032a3a8 - test::run_test::run_test_inner::{{closure}}::h76f677f4b93f9828
[INFO] [stdout]                                at /rustc/53fd98ca776cb875bc9e5514f56b52eb74f9e7a9/library/test/src/lib.rs:493:39
[INFO] [stdout]   29:     0x55a7402f8b3d - test::run_test::run_test_inner::{{closure}}::h366d01fe04f4d67a
[INFO] [stdout]                                at /rustc/53fd98ca776cb875bc9e5514f56b52eb74f9e7a9/library/test/src/lib.rs:520:37
[INFO] [stdout]   30:     0x55a7402f8b3d - std::sys_common::backtrace::__rust_begin_short_backtrace::h7dfa0de4eb395af2
[INFO] [stdout]                                at /rustc/53fd98ca776cb875bc9e5514f56b52eb74f9e7a9/library/std/src/sys_common/backtrace.rs:125:18
[INFO] [stdout]   31:     0x55a7402fd308 - std::thread::Builder::spawn_unchecked::{{closure}}::{{closure}}::hf0a74bb58798037f
[INFO] [stdout]                                at /rustc/53fd98ca776cb875bc9e5514f56b52eb74f9e7a9/library/std/src/thread/mod.rs:476:17
[INFO] [stdout]   32:     0x55a7402fd308 - <std::panic::AssertUnwindSafe<F> as core::ops::function::FnOnce<()>>::call_once::hb024e854818586ac
[INFO] [stdout]                                at /rustc/53fd98ca776cb875bc9e5514f56b52eb74f9e7a9/library/std/src/panic.rs:347:9
[INFO] [stdout]   33:     0x55a7402fd308 - std::panicking::try::do_call::hb2dd9f1d0d48e41d
[INFO] [stdout]                                at /rustc/53fd98ca776cb875bc9e5514f56b52eb74f9e7a9/library/std/src/panicking.rs:401:40
[INFO] [stdout]   34:     0x55a7402fd308 - std::panicking::try::h4717ae7bac8b2bf3
[INFO] [stdout]                                at /rustc/53fd98ca776cb875bc9e5514f56b52eb74f9e7a9/library/std/src/panicking.rs:365:19
[INFO] [stdout]   35:     0x55a7402fd308 - std::panic::catch_unwind::h0dc8a061326ce8d8
[INFO] [stdout]                                at /rustc/53fd98ca776cb875bc9e5514f56b52eb74f9e7a9/library/std/src/panic.rs:434:14
[INFO] [stdout]   36:     0x55a7402fd308 - std::thread::Builder::spawn_unchecked::{{closure}}::haa369e2d6fd00aa1
[INFO] [stdout]                                at /rustc/53fd98ca776cb875bc9e5514f56b52eb74f9e7a9/library/std/src/thread/mod.rs:475:30
[INFO] [stdout]   37:     0x55a7402fd308 - core::ops::function::FnOnce::call_once{{vtable.shim}}::h36dcf3de8b056f17
[INFO] [stdout]                                at /rustc/53fd98ca776cb875bc9e5514f56b52eb74f9e7a9/library/core/src/ops/function.rs:227:5
[INFO] [stdout]   38:     0x55a740353547 - <alloc::boxed::Box<F,A> as core::ops::function::FnOnce<Args>>::call_once::h65c29e4642be2358
[INFO] [stdout]                                at /rustc/53fd98ca776cb875bc9e5514f56b52eb74f9e7a9/library/alloc/src/boxed.rs:1572:9
[INFO] [stdout]   39:     0x55a740353547 - <alloc::boxed::Box<F,A> as core::ops::function::FnOnce<Args>>::call_once::hd0f8f7fbbd9fffbf
[INFO] [stdout]                                at /rustc/53fd98ca776cb875bc9e5514f56b52eb74f9e7a9/library/alloc/src/boxed.rs:1572:9
[INFO] [stdout]   40:     0x55a740353547 - std::sys::unix::thread::Thread::new::thread_start::h2fd22fee3ca77b65
[INFO] [stdout]                                at /rustc/53fd98ca776cb875bc9e5514f56b52eb74f9e7a9/library/std/src/sys/unix/thread.rs:74:17
[INFO] [stdout]   41:     0x7efe2e0fd609 - start_thread
[INFO] [stdout]   42:     0x7efe2decf293 - clone
[INFO] [stdout]   43:                0x0 - <unknown>
[INFO] [stdout] 
[INFO] [stdout] ---- search::fs::bredth_first_traverse::tests::test_search_dris stdout ----
[INFO] [stdout] Error: Os { code: 30, kind: ReadOnlyFilesystem, message: "Read-only file system" }
[INFO] [stdout] thread 'search::fs::bredth_first_traverse::tests::test_search_dris' panicked at 'assertion failed: `(left == right)`
[INFO] [stdout]   left: `1`,
[INFO] [stdout]  right: `0`: the test returned a termination value with a non-zero status code (1) which indicates a failure', /rustc/53fd98ca776cb875bc9e5514f56b52eb74f9e7a9/library/test/src/lib.rs:194:5
[INFO] [stdout] stack backtrace:
[INFO] [stdout]    0:     0x55a74034b1c0 - std::backtrace_rs::backtrace::libunwind::trace::hff4d1766e93f64f1
[INFO] [stdout]                                at /rustc/53fd98ca776cb875bc9e5514f56b52eb74f9e7a9/library/std/src/../../backtrace/src/backtrace/libunwind.rs:90:5
[INFO] [stdout]    1:     0x55a74034b1c0 - std::backtrace_rs::backtrace::trace_unsynchronized::h56bbc8eb78770bcb
[INFO] [stdout]                                at /rustc/53fd98ca776cb875bc9e5514f56b52eb74f9e7a9/library/std/src/../../backtrace/src/backtrace/mod.rs:66:5
[INFO] [stdout]    2:     0x55a74034b1c0 - std::sys_common::backtrace::_print_fmt::h5c8e75464faca780
[INFO] [stdout]                                at /rustc/53fd98ca776cb875bc9e5514f56b52eb74f9e7a9/library/std/src/sys_common/backtrace.rs:67:5
[INFO] [stdout]    3:     0x55a74034b1c0 - <std::sys_common::backtrace::_print::DisplayBacktrace as core::fmt::Display>::fmt::h48b88277def8b362
[INFO] [stdout]                                at /rustc/53fd98ca776cb875bc9e5514f56b52eb74f9e7a9/library/std/src/sys_common/backtrace.rs:46:22
[INFO] [stdout]    4:     0x55a74036e95c - core::fmt::write::h3381b3176fe2b3d3
[INFO] [stdout]                                at /rustc/53fd98ca776cb875bc9e5514f56b52eb74f9e7a9/library/core/src/fmt/mod.rs:1115:17
[INFO] [stdout]    5:     0x55a740347ee5 - std::io::Write::write_fmt::h5f34a676f60246b5
[INFO] [stdout]                                at /rustc/53fd98ca776cb875bc9e5514f56b52eb74f9e7a9/library/std/src/io/mod.rs:1665:15
[INFO] [stdout]    6:     0x55a74034d76b - std::sys_common::backtrace::_print::ha537687d6c17dd0d
[INFO] [stdout]                                at /rustc/53fd98ca776cb875bc9e5514f56b52eb74f9e7a9/library/std/src/sys_common/backtrace.rs:49:5
[INFO] [stdout]    7:     0x55a74034d76b - std::sys_common::backtrace::print::h61376ae57d131d72
[INFO] [stdout]                                at /rustc/53fd98ca776cb875bc9e5514f56b52eb74f9e7a9/library/std/src/sys_common/backtrace.rs:36:9
[INFO] [stdout]    8:     0x55a74034d76b - std::panicking::default_hook::{{closure}}::h0f7208c0b9644a54
[INFO] [stdout]                                at /rustc/53fd98ca776cb875bc9e5514f56b52eb74f9e7a9/library/std/src/panicking.rs:208:50
[INFO] [stdout]    9:     0x55a74034d27c - std::panicking::default_hook::hdac7fc06578c14ce
[INFO] [stdout]                                at /rustc/53fd98ca776cb875bc9e5514f56b52eb74f9e7a9/library/std/src/panicking.rs:222:9
[INFO] [stdout]   10:     0x55a74034de34 - std::panicking::rust_panic_with_hook::h72b21c283da3d1ef
[INFO] [stdout]                                at /rustc/53fd98ca776cb875bc9e5514f56b52eb74f9e7a9/library/std/src/panicking.rs:622:17
[INFO] [stdout]   11:     0x55a74034d917 - std::panicking::begin_panic_handler::{{closure}}::he5778f1729cff84a
[INFO] [stdout]                                at /rustc/53fd98ca776cb875bc9e5514f56b52eb74f9e7a9/library/std/src/panicking.rs:519:13
[INFO] [stdout]   12:     0x55a74034b69c - std::sys_common::backtrace::__rust_end_short_backtrace::h2d11ca8b453b4b1d
[INFO] [stdout]                                at /rustc/53fd98ca776cb875bc9e5514f56b52eb74f9e7a9/library/std/src/sys_common/backtrace.rs:141:18
[INFO] [stdout]   13:     0x55a74034d879 - rust_begin_unwind
[INFO] [stdout]                                at /rustc/53fd98ca776cb875bc9e5514f56b52eb74f9e7a9/library/std/src/panicking.rs:515:5
[INFO] [stdout]   14:     0x55a7402e93c1 - core::panicking::panic_fmt::hf9de31d4acbce4db
[INFO] [stdout]                                at /rustc/53fd98ca776cb875bc9e5514f56b52eb74f9e7a9/library/core/src/panicking.rs:92:14
[INFO] [stdout]   15:     0x55a74036d35e - core::panicking::assert_failed_inner::h62e8cb2847a6e7ec
[INFO] [stdout]   16:     0x55a7403339fa - core::panicking::assert_failed::h551950e8e4a2ee35
[INFO] [stdout]                                at /rustc/53fd98ca776cb875bc9e5514f56b52eb74f9e7a9/library/core/src/panicking.rs:117:5
[INFO] [stdout]   17:     0x55a7402f70a9 - test::assert_test_result::h389df68616c419b8
[INFO] [stdout]                                at /rustc/53fd98ca776cb875bc9e5514f56b52eb74f9e7a9/library/test/src/lib.rs:194:5
[INFO] [stdout]   18:     0x55a7402e9c65 - ifnd::search::fs::bredth_first_traverse::tests::test_search_dris::{{closure}}::h483b096eb30406f6
[INFO] [stdout]                                at /opt/rustwide/workdir/ifnd/src/search/fs/bredth_first_traverse.rs:91:5
[INFO] [stdout]   19:     0x55a7402f18ee - core::ops::function::FnOnce::call_once::h45fc18092da35fe3
[INFO] [stdout]                                at /rustc/53fd98ca776cb875bc9e5514f56b52eb74f9e7a9/library/core/src/ops/function.rs:227:5
[INFO] [stdout]   20:     0x55a74032b8f3 - core::ops::function::FnOnce::call_once::hbb52c4519d3137b0
[INFO] [stdout]                                at /rustc/53fd98ca776cb875bc9e5514f56b52eb74f9e7a9/library/core/src/ops/function.rs:227:5
[INFO] [stdout]   21:     0x55a74032b8f3 - test::__rust_begin_short_backtrace::h86fe3a2a5a5121af
[INFO] [stdout]                                at /rustc/53fd98ca776cb875bc9e5514f56b52eb74f9e7a9/library/test/src/lib.rs:578:5
[INFO] [stdout]   22:     0x55a74032a3a8 - <alloc::boxed::Box<F,A> as core::ops::function::FnOnce<Args>>::call_once::hfd956bc3d57399be
[INFO] [stdout]                                at /rustc/53fd98ca776cb875bc9e5514f56b52eb74f9e7a9/library/alloc/src/boxed.rs:1572:9
[INFO] [stdout]   23:     0x55a74032a3a8 - <std::panic::AssertUnwindSafe<F> as core::ops::function::FnOnce<()>>::call_once::h40dc93e0ddb5938a
[INFO] [stdout]                                at /rustc/53fd98ca776cb875bc9e5514f56b52eb74f9e7a9/library/std/src/panic.rs:347:9
[INFO] [stdout]   24:     0x55a74032a3a8 - std::panicking::try::do_call::h90d07750cb47c562
[INFO] [stdout]                                at /rustc/53fd98ca776cb875bc9e5514f56b52eb74f9e7a9/library/std/src/panicking.rs:401:40
[INFO] [stdout]   25:     0x55a74032a3a8 - std::panicking::try::h063c84733ad2a629
[INFO] [stdout]                                at /rustc/53fd98ca776cb875bc9e5514f56b52eb74f9e7a9/library/std/src/panicking.rs:365:19
[INFO] [stdout]   26:     0x55a74032a3a8 - std::panic::catch_unwind::h0c464836a84e7c08
[INFO] [stdout]                                at /rustc/53fd98ca776cb875bc9e5514f56b52eb74f9e7a9/library/std/src/panic.rs:434:14
[INFO] [stdout]   27:     0x55a74032a3a8 - test::run_test_in_process::h5cb06ef620b157fc
[INFO] [stdout]                                at /rustc/53fd98ca776cb875bc9e5514f56b52eb74f9e7a9/library/test/src/lib.rs:601:18
[INFO] [stdout]   28:     0x55a74032a3a8 - test::run_test::run_test_inner::{{closure}}::h76f677f4b93f9828
[INFO] [stdout]                                at /rustc/53fd98ca776cb875bc9e5514f56b52eb74f9e7a9/library/test/src/lib.rs:493:39
[INFO] [stdout]   29:     0x55a7402f8b3d - test::run_test::run_test_inner::{{closure}}::h366d01fe04f4d67a
[INFO] [stdout]                                at /rustc/53fd98ca776cb875bc9e5514f56b52eb74f9e7a9/library/test/src/lib.rs:520:37
[INFO] [stdout]   30:     0x55a7402f8b3d - std::sys_common::backtrace::__rust_begin_short_backtrace::h7dfa0de4eb395af2
[INFO] [stdout]                                at /rustc/53fd98ca776cb875bc9e5514f56b52eb74f9e7a9/library/std/src/sys_common/backtrace.rs:125:18
[INFO] [stdout]   31:     0x55a7402fd308 - std::thread::Builder::spawn_unchecked::{{closure}}::{{closure}}::hf0a74bb58798037f
[INFO] [stdout]                                at /rustc/53fd98ca776cb875bc9e5514f56b52eb74f9e7a9/library/std/src/thread/mod.rs:476:17
[INFO] [stdout]   32:     0x55a7402fd308 - <std::panic::AssertUnwindSafe<F> as core::ops::function::FnOnce<()>>::call_once::hb024e854818586ac
[INFO] [stdout]                                at /rustc/53fd98ca776cb875bc9e5514f56b52eb74f9e7a9/library/std/src/panic.rs:347:9
[INFO] [stdout]   33:     0x55a7402fd308 - std::panicking::try::do_call::hb2dd9f1d0d48e41d
[INFO] [stdout]                                at /rustc/53fd98ca776cb875bc9e5514f56b52eb74f9e7a9/library/std/src/panicking.rs:401:40
[INFO] [stdout]   34:     0x55a7402fd308 - std::panicking::try::h4717ae7bac8b2bf3
[INFO] [stdout]                                at /rustc/53fd98ca776cb875bc9e5514f56b52eb74f9e7a9/library/std/src/panicking.rs:365:19
[INFO] [stdout]   35:     0x55a7402fd308 - std::panic::catch_unwind::h0dc8a061326ce8d8
[INFO] [stdout]                                at /rustc/53fd98ca776cb875bc9e5514f56b52eb74f9e7a9/library/std/src/panic.rs:434:14
[INFO] [stdout]   36:     0x55a7402fd308 - std::thread::Builder::spawn_unchecked::{{closure}}::haa369e2d6fd00aa1
[INFO] [stdout]                                at /rustc/53fd98ca776cb875bc9e5514f56b52eb74f9e7a9/library/std/src/thread/mod.rs:475:30
[INFO] [stdout]   37:     0x55a7402fd308 - core::ops::function::FnOnce::call_once{{vtable.shim}}::h36dcf3de8b056f17
[INFO] [stdout]                                at /rustc/53fd98ca776cb875bc9e5514f56b52eb74f9e7a9/library/core/src/ops/function.rs:227:5
[INFO] [stdout]   38:     0x55a740353547 - <alloc::boxed::Box<F,A> as core::ops::function::FnOnce<Args>>::call_once::h65c29e4642be2358
[INFO] [stdout]                                at /rustc/53fd98ca776cb875bc9e5514f56b52eb74f9e7a9/library/alloc/src/boxed.rs:1572:9
[INFO] [stdout]   39:     0x55a740353547 - <alloc::boxed::Box<F,A> as core::ops::function::FnOnce<Args>>::call_once::hd0f8f7fbbd9fffbf
[INFO] [stdout]                                at /rustc/53fd98ca776cb875bc9e5514f56b52eb74f9e7a9/library/alloc/src/boxed.rs:1572:9
[INFO] [stdout]   40:     0x55a740353547 - std::sys::unix::thread::Thread::new::thread_start::h2fd22fee3ca77b65
[INFO] [stdout]                                at /rustc/53fd98ca776cb875bc9e5514f56b52eb74f9e7a9/library/std/src/sys/unix/thread.rs:74:17
[INFO] [stdout]   41:     0x7efe2e0fd609 - start_thread
[INFO] [stdout]   42:     0x7efe2decf293 - clone
[INFO] [stdout]   43:                0x0 - <unknown>
[INFO] [stdout] 
[INFO] [stdout] 
[INFO] [stdout] failures:
[INFO] [stdout]     search::fs::bredth_first_traverse::tests::test_search_dris
[INFO] [stdout]     search::fs::depth_first_traverse::tests::test_search_dris
[INFO] [stdout] 
[INFO] [stdout] test result: FAILED. 0 passed; 2 failed; 0 ignored; 0 measured; 0 filtered out; finished in 0.03s
[INFO] [stdout] 
[INFO] [stderr] error: test failed, to rerun pass '--bin ifnd'
[INFO] running `Command { std: "docker" "inspect" "f48d25e3a40f91f9bcf7fd71c9c539545f17144eefdbf6ae0398eb629377f6fe", kill_on_drop: false }`
[INFO] running `Command { std: "docker" "rm" "-f" "f48d25e3a40f91f9bcf7fd71c9c539545f17144eefdbf6ae0398eb629377f6fe", kill_on_drop: false }`
[INFO] [stdout] f48d25e3a40f91f9bcf7fd71c9c539545f17144eefdbf6ae0398eb629377f6fe
