[INFO] cloning repository https://github.com/liamoc/tesserae
[INFO] running `Command { std: "git" "-c" "credential.helper=" "-c" "credential.helper=/workspace/cargo-home/bin/git-credential-null" "clone" "--bare" "https://github.com/liamoc/tesserae" "/workspace/cache/git-repos/https%3A%2F%2Fgithub.com%2Fliamoc%2Ftesserae", kill_on_drop: false }`
[INFO] [stderr] Cloning into bare repository '/workspace/cache/git-repos/https%3A%2F%2Fgithub.com%2Fliamoc%2Ftesserae'...
[INFO] running `Command { std: "git" "rev-parse" "HEAD", kill_on_drop: false }`
[INFO] [stdout] a43e56aa7312c1710160acbbe25d383d91046951
[INFO] testing liamoc/tesserae against 1.54.0 for beta-1.55-1
[INFO] running `Command { std: "git" "clone" "/workspace/cache/git-repos/https%3A%2F%2Fgithub.com%2Fliamoc%2Ftesserae" "/workspace/builds/worker-10/source", kill_on_drop: false }`
[INFO] [stderr] Cloning into '/workspace/builds/worker-10/source'...
[INFO] [stderr] done.
[INFO] validating manifest of git repo https://github.com/liamoc/tesserae on toolchain 1.54.0
[INFO] running `Command { std: "/workspace/cargo-home/bin/cargo" "+1.54.0" "metadata" "--manifest-path" "Cargo.toml" "--no-deps", kill_on_drop: false }`
[INFO] started tweaking git repo https://github.com/liamoc/tesserae
[INFO] finished tweaking git repo https://github.com/liamoc/tesserae
[INFO] tweaked toml for git repo https://github.com/liamoc/tesserae written to /workspace/builds/worker-10/source/Cargo.toml
[INFO] crate git repo https://github.com/liamoc/tesserae already has a lockfile, it will not be regenerated
[INFO] running `Command { std: "/workspace/cargo-home/bin/cargo" "+1.54.0" "fetch" "--manifest-path" "Cargo.toml", kill_on_drop: false }`
[INFO] [stderr]     Blocking waiting for file lock on package cache
[INFO] [stderr]     Updating crates.io index
[INFO] [stderr]     Blocking waiting for file lock on package cache
[INFO] running `Command { std: "docker" "create" "-v" "/var/lib/crater-agent-workspace/builds/worker-10/target:/opt/rustwide/target:rw,Z" "-v" "/var/lib/crater-agent-workspace/builds/worker-10/source:/opt/rustwide/workdir:ro,Z" "-v" "/var/lib/crater-agent-workspace/cargo-home:/opt/rustwide/cargo-home:ro,Z" "-v" "/var/lib/crater-agent-workspace/rustup-home:/opt/rustwide/rustup-home:ro,Z" "-e" "SOURCE_DIR=/opt/rustwide/workdir" "-e" "CARGO_TARGET_DIR=/opt/rustwide/target" "-e" "CARGO_HOME=/opt/rustwide/cargo-home" "-e" "RUSTUP_HOME=/opt/rustwide/rustup-home" "-w" "/opt/rustwide/workdir" "-m" "1610612736" "--user" "0:0" "--network" "none" "ghcr.io/rust-lang/crates-build-env/linux@sha256:34b6a614d2c27851fe6cbf88fbd1137609cefab8b10d0615aaeb6fd47975d74e" "/opt/rustwide/cargo-home/bin/cargo" "+1.54.0" "metadata" "--no-deps" "--format-version=1", kill_on_drop: false }`
[INFO] [stdout] 8f86a25c9d28f634a7ec8e13b16dd760e669ecbafec65d768b85bb0a97b3f75f
[INFO] running `Command { std: "docker" "start" "-a" "8f86a25c9d28f634a7ec8e13b16dd760e669ecbafec65d768b85bb0a97b3f75f", kill_on_drop: false }`
[INFO] running `Command { std: "docker" "inspect" "8f86a25c9d28f634a7ec8e13b16dd760e669ecbafec65d768b85bb0a97b3f75f", kill_on_drop: false }`
[INFO] running `Command { std: "docker" "rm" "-f" "8f86a25c9d28f634a7ec8e13b16dd760e669ecbafec65d768b85bb0a97b3f75f", kill_on_drop: false }`
[INFO] [stdout] 8f86a25c9d28f634a7ec8e13b16dd760e669ecbafec65d768b85bb0a97b3f75f
[INFO] running `Command { std: "docker" "create" "-v" "/var/lib/crater-agent-workspace/builds/worker-10/target:/opt/rustwide/target:rw,Z" "-v" "/var/lib/crater-agent-workspace/builds/worker-10/source:/opt/rustwide/workdir:ro,Z" "-v" "/var/lib/crater-agent-workspace/cargo-home:/opt/rustwide/cargo-home:ro,Z" "-v" "/var/lib/crater-agent-workspace/rustup-home:/opt/rustwide/rustup-home:ro,Z" "-e" "SOURCE_DIR=/opt/rustwide/workdir" "-e" "CARGO_TARGET_DIR=/opt/rustwide/target" "-e" "CARGO_INCREMENTAL=0" "-e" "RUST_BACKTRACE=full" "-e" "RUSTFLAGS=--cap-lints=warn" "-e" "CARGO_HOME=/opt/rustwide/cargo-home" "-e" "RUSTUP_HOME=/opt/rustwide/rustup-home" "-w" "/opt/rustwide/workdir" "-m" "1610612736" "--user" "0:0" "--network" "none" "ghcr.io/rust-lang/crates-build-env/linux@sha256:34b6a614d2c27851fe6cbf88fbd1137609cefab8b10d0615aaeb6fd47975d74e" "/opt/rustwide/cargo-home/bin/cargo" "+1.54.0" "build" "--frozen" "--message-format=json", kill_on_drop: false }`
[INFO] [stdout] 6d34eb705d5f5a0723ac2408a0c4800fcfc2502f225aa0f273f2c3df3b1b3bce
[INFO] running `Command { std: "docker" "start" "-a" "6d34eb705d5f5a0723ac2408a0c4800fcfc2502f225aa0f273f2c3df3b1b3bce", kill_on_drop: false }`
[INFO] [stderr]    Compiling sdl2 v0.33.0
[INFO] [stderr]    Compiling sdl2-sys v0.33.0
[INFO] [stderr]    Compiling tesserae v0.3.1 (/opt/rustwide/workdir)
[INFO] [stderr]     Finished dev [unoptimized + debuginfo] target(s) in 6.46s
[INFO] running `Command { std: "docker" "inspect" "6d34eb705d5f5a0723ac2408a0c4800fcfc2502f225aa0f273f2c3df3b1b3bce", kill_on_drop: false }`
[INFO] running `Command { std: "docker" "rm" "-f" "6d34eb705d5f5a0723ac2408a0c4800fcfc2502f225aa0f273f2c3df3b1b3bce", kill_on_drop: false }`
[INFO] [stdout] 6d34eb705d5f5a0723ac2408a0c4800fcfc2502f225aa0f273f2c3df3b1b3bce
[INFO] running `Command { std: "docker" "create" "-v" "/var/lib/crater-agent-workspace/builds/worker-10/target:/opt/rustwide/target:rw,Z" "-v" "/var/lib/crater-agent-workspace/builds/worker-10/source:/opt/rustwide/workdir:ro,Z" "-v" "/var/lib/crater-agent-workspace/cargo-home:/opt/rustwide/cargo-home:ro,Z" "-v" "/var/lib/crater-agent-workspace/rustup-home:/opt/rustwide/rustup-home:ro,Z" "-e" "SOURCE_DIR=/opt/rustwide/workdir" "-e" "CARGO_TARGET_DIR=/opt/rustwide/target" "-e" "CARGO_INCREMENTAL=0" "-e" "RUST_BACKTRACE=full" "-e" "RUSTFLAGS=--cap-lints=warn" "-e" "CARGO_HOME=/opt/rustwide/cargo-home" "-e" "RUSTUP_HOME=/opt/rustwide/rustup-home" "-w" "/opt/rustwide/workdir" "-m" "1610612736" "--user" "0:0" "--network" "none" "ghcr.io/rust-lang/crates-build-env/linux@sha256:34b6a614d2c27851fe6cbf88fbd1137609cefab8b10d0615aaeb6fd47975d74e" "/opt/rustwide/cargo-home/bin/cargo" "+1.54.0" "test" "--frozen" "--no-run" "--message-format=json", kill_on_drop: false }`
[INFO] [stdout] d0cdd51d1aa7905cf20376b1ca929ff82e7aaea856fdb164c19349369e71eba4
[INFO] running `Command { std: "docker" "start" "-a" "d0cdd51d1aa7905cf20376b1ca929ff82e7aaea856fdb164c19349369e71eba4", kill_on_drop: false }`
[INFO] [stderr]    Compiling bit_reverse v0.1.8
[INFO] [stderr]    Compiling atty v0.2.14
[INFO] [stderr]    Compiling clap v2.33.0
[INFO] [stderr]    Compiling tesserae v0.3.1 (/opt/rustwide/workdir)
[INFO] [stderr]     Finished test [unoptimized + debuginfo] target(s) in 10.52s
[INFO] running `Command { std: "docker" "inspect" "d0cdd51d1aa7905cf20376b1ca929ff82e7aaea856fdb164c19349369e71eba4", kill_on_drop: false }`
[INFO] running `Command { std: "docker" "rm" "-f" "d0cdd51d1aa7905cf20376b1ca929ff82e7aaea856fdb164c19349369e71eba4", kill_on_drop: false }`
[INFO] [stdout] d0cdd51d1aa7905cf20376b1ca929ff82e7aaea856fdb164c19349369e71eba4
[INFO] running `Command { std: "docker" "create" "-v" "/var/lib/crater-agent-workspace/builds/worker-10/target:/opt/rustwide/target:rw,Z" "-v" "/var/lib/crater-agent-workspace/builds/worker-10/source:/opt/rustwide/workdir:ro,Z" "-v" "/var/lib/crater-agent-workspace/cargo-home:/opt/rustwide/cargo-home:ro,Z" "-v" "/var/lib/crater-agent-workspace/rustup-home:/opt/rustwide/rustup-home:ro,Z" "-e" "SOURCE_DIR=/opt/rustwide/workdir" "-e" "CARGO_TARGET_DIR=/opt/rustwide/target" "-e" "CARGO_INCREMENTAL=0" "-e" "RUST_BACKTRACE=full" "-e" "RUSTFLAGS=--cap-lints=warn" "-e" "CARGO_HOME=/opt/rustwide/cargo-home" "-e" "RUSTUP_HOME=/opt/rustwide/rustup-home" "-w" "/opt/rustwide/workdir" "-m" "1610612736" "--user" "0:0" "--network" "none" "ghcr.io/rust-lang/crates-build-env/linux@sha256:34b6a614d2c27851fe6cbf88fbd1137609cefab8b10d0615aaeb6fd47975d74e" "/opt/rustwide/cargo-home/bin/cargo" "+1.54.0" "test" "--frozen", kill_on_drop: false }`
[INFO] [stdout] c0a897e020480c42d68ca8e295df48df0c8b69fde9a10299dddeafee18fb16e4
[INFO] running `Command { std: "docker" "start" "-a" "c0a897e020480c42d68ca8e295df48df0c8b69fde9a10299dddeafee18fb16e4", kill_on_drop: false }`
[INFO] [stderr]     Blocking waiting for file lock on package cache
[INFO] [stderr]     Finished test [unoptimized + debuginfo] target(s) in 0.04s
[INFO] [stdout] 
[INFO] [stderr]      Running unittests (/opt/rustwide/target/debug/deps/tesserae-c5fad1e8745ba912)
[INFO] [stdout] running 0 tests
[INFO] [stdout] 
[INFO] [stdout] test result: ok. 0 passed; 0 failed; 0 ignored; 0 measured; 0 filtered out; finished in 0.00s
[INFO] [stdout] 
[INFO] [stderr]    Doc-tests tesserae
[INFO] [stdout] 
[INFO] [stdout] running 6 tests
[INFO] [stdout] test src/lib.rs - Graphic<()>::blank (line 370) ... FAILED
[INFO] [stdout] test src/lib.rs - TileSet::load_from (line 169) ... FAILED
[INFO] [stdout] test src/lib.rs - Graphic<()>::load_file (line 317) ... FAILED
[INFO] [stdout] test src/lib.rs - Graphic<()>::load_from (line 329) ... FAILED
[INFO] [stdout] test src/lib.rs - Graphic<()>::textured (line 381) ... FAILED
[INFO] [stdout] test src/lib.rs - Graphic<()>::tile_cache_textured (line 400) ... FAILED
[INFO] [stdout] 
[INFO] [stdout] failures:
[INFO] [stdout] 
[INFO] [stdout] ---- src/lib.rs - Graphic<()>::blank (line 370) stdout ----
[INFO] [stdout] error: expected one of `.`, `;`, `?`, `}`, or an operator, found `Graphic`
[INFO] [stdout]  --> src/lib.rs:373:1
[INFO] [stdout]   |
[INFO] [stdout] 3 | Graphic::blank(8,12)
[INFO] [stdout]   |                     - expected one of `.`, `;`, `?`, `}`, or an operator
[INFO] [stdout] 4 | // same as
[INFO] [stdout] 5 | Graphic::solid(8,12,Default::default())
[INFO] [stdout]   | ^^^^^^^ unexpected token
[INFO] [stdout] 
[INFO] [stdout] error: aborting due to previous error
[INFO] [stdout] 
[INFO] [stdout] Couldn't compile the test.
[INFO] [stdout] ---- src/lib.rs - TileSet::load_from (line 169) stdout ----
[INFO] [stdout] error: couldn't read src/tile_set: No such file or directory (os error 2)
[INFO] [stdout]  --> src/lib.rs:170:10
[INFO] [stdout]   |
[INFO] [stdout] 3 | let ts = include_bytes!("tile_set");
[INFO] [stdout]   |          ^^^^^^^^^^^^^^^^^^^^^^^^^^
[INFO] [stdout]   |
[INFO] [stdout]   = note: this error originates in the macro `include_bytes` (in Nightly builds, run with -Z macro-backtrace for more info)
[INFO] [stdout] 
[INFO] [stdout] error[E0433]: failed to resolve: use of undeclared type `TileSet`
[INFO] [stdout]  --> src/lib.rs:171:1
[INFO] [stdout]   |
[INFO] [stdout] 4 | TileSet::load_from(Cursor::new(&ts[..]))
[INFO] [stdout]   | ^^^^^^^ not found in this scope
[INFO] [stdout]   |
[INFO] [stdout] help: consider importing this struct
[INFO] [stdout]   |
[INFO] [stdout] 2 | use tesserae::TileSet;
[INFO] [stdout]   |
[INFO] [stdout] 
[INFO] [stdout] error[E0433]: failed to resolve: use of undeclared type `Cursor`
[INFO] [stdout]  --> src/lib.rs:171:20
[INFO] [stdout]   |
[INFO] [stdout] 4 | TileSet::load_from(Cursor::new(&ts[..]))
[INFO] [stdout]   |                    ^^^^^^ not found in this scope
[INFO] [stdout]   |
[INFO] [stdout] help: consider importing one of these items
[INFO] [stdout]   |
[INFO] [stdout] 2 | use sdl2::mouse::Cursor;
[INFO] [stdout]   |
[INFO] [stdout] 2 | use std::collections::linked_list::Cursor;
[INFO] [stdout]   |
[INFO] [stdout] 2 | use std::io::Cursor;
[INFO] [stdout]   |
[INFO] [stdout] 
[INFO] [stdout] error: aborting due to 3 previous errors
[INFO] [stdout] 
[INFO] [stdout] For more information about this error, try `rustc --explain E0433`.
[INFO] [stdout] Couldn't compile the test.
[INFO] [stdout] ---- src/lib.rs - Graphic<()>::load_file (line 317) stdout ----
[INFO] [stdout] error: expected one of `.`, `;`, `?`, `}`, or an operator, found `Graphic`
[INFO] [stdout]  --> src/lib.rs:320:1
[INFO] [stdout]   |
[INFO] [stdout] 3 | Graphic::load_file(path)
[INFO] [stdout]   |                         - expected one of `.`, `;`, `?`, `}`, or an operator
[INFO] [stdout] 4 | // same as
[INFO] [stdout] 5 | Graphic::load_from(File::open(path)?)
[INFO] [stdout]   | ^^^^^^^ unexpected token
[INFO] [stdout] 
[INFO] [stdout] error: aborting due to previous error
[INFO] [stdout] 
[INFO] [stdout] Couldn't compile the test.
[INFO] [stdout] ---- src/lib.rs - Graphic<()>::load_from (line 329) stdout ----
[INFO] [stdout] error: expected `;`, found `}`
[INFO] [stdout]  --> src/lib.rs:330:69
[INFO] [stdout]   |
[INFO] [stdout] 3 | let g = Graphic::load_from(Cursor::new(&include_bytes!("file")[..]))
[INFO] [stdout]   |                                                                     ^ help: add `;` here
[INFO] [stdout] 4 | } _doctest_main_src_lib_rs_329_0() }
[INFO] [stdout]   | - unexpected token
[INFO] [stdout] 
[INFO] [stdout] error: couldn't read src/file: No such file or directory (os error 2)
[INFO] [stdout]  --> src/lib.rs:330:41
[INFO] [stdout]   |
[INFO] [stdout] 3 | let g = Graphic::load_from(Cursor::new(&include_bytes!("file")[..]))
[INFO] [stdout]   |                                         ^^^^^^^^^^^^^^^^^^^^^^
[INFO] [stdout]   |
[INFO] [stdout]   = note: this error originates in the macro `include_bytes` (in Nightly builds, run with -Z macro-backtrace for more info)
[INFO] [stdout] 
[INFO] [stdout] error[E0433]: failed to resolve: use of undeclared type `Graphic`
[INFO] [stdout]  --> src/lib.rs:330:9
[INFO] [stdout]   |
[INFO] [stdout] 3 | let g = Graphic::load_from(Cursor::new(&include_bytes!("file")[..]))
[INFO] [stdout]   |         ^^^^^^^ not found in this scope
[INFO] [stdout]   |
[INFO] [stdout] help: consider importing this struct
[INFO] [stdout]   |
[INFO] [stdout] 2 | use tesserae::Graphic;
[INFO] [stdout]   |
[INFO] [stdout] 
[INFO] [stdout] error[E0433]: failed to resolve: use of undeclared type `Cursor`
[INFO] [stdout]  --> src/lib.rs:330:28
[INFO] [stdout]   |
[INFO] [stdout] 3 | let g = Graphic::load_from(Cursor::new(&include_bytes!("file")[..]))
[INFO] [stdout]   |                            ^^^^^^ not found in this scope
[INFO] [stdout]   |
[INFO] [stdout] help: consider importing one of these items
[INFO] [stdout]   |
[INFO] [stdout] 2 | use sdl2::mouse::Cursor;
[INFO] [stdout]   |
[INFO] [stdout] 2 | use std::collections::linked_list::Cursor;
[INFO] [stdout]   |
[INFO] [stdout] 2 | use std::io::Cursor;
[INFO] [stdout]   |
[INFO] [stdout] 
[INFO] [stdout] error: aborting due to 4 previous errors
[INFO] [stdout] 
[INFO] [stdout] For more information about this error, try `rustc --explain E0433`.
[INFO] [stdout] Couldn't compile the test.
[INFO] [stdout] ---- src/lib.rs - Graphic<()>::textured (line 381) stdout ----
[INFO] [stdout] error[E0433]: failed to resolve: use of undeclared type `Graphics`
[INFO] [stdout]  --> src/lib.rs:382:9
[INFO] [stdout]   |
[INFO] [stdout] 3 | let g = Graphics::load_file("path")?.textured(texture_creator);
[INFO] [stdout]   |         ^^^^^^^^ use of undeclared type `Graphics`
[INFO] [stdout] 
[INFO] [stdout] error[E0425]: cannot find value `texture_creator` in this scope
[INFO] [stdout]  --> src/lib.rs:382:47
[INFO] [stdout]   |
[INFO] [stdout] 3 | let g = Graphics::load_file("path")?.textured(texture_creator);
[INFO] [stdout]   |                                               ^^^^^^^^^^^^^^^ not found in this scope
[INFO] [stdout] 
[INFO] [stdout] error[E0277]: the `?` operator can only be used in a function that returns `Result` or `Option` (or another type that implements `FromResidual`)
[INFO] [stdout]  --> src/lib.rs:382:36
[INFO] [stdout]   |
[INFO] [stdout] 2 |   fn main() { #[allow(non_snake_case)] fn _doctest_main_src_lib_rs_381_0() {
[INFO] [stdout]   |  ______________________________________-
[INFO] [stdout] 3 | | let g = Graphics::load_file("path")?.textured(texture_creator);
[INFO] [stdout]   | |                                    ^ cannot use the `?` operator in a function that returns `()`
[INFO] [stdout] 4 | | } _doctest_main_src_lib_rs_381_0() }
[INFO] [stdout]   | |_- this function should return `Result` or `Option` to accept `?`
[INFO] [stdout]   |
[INFO] [stdout]   = help: the trait `FromResidual<_>` is not implemented for `()`
[INFO] [stdout]   = note: required by `from_residual`
[INFO] [stdout] 
[INFO] [stdout] error: aborting due to 3 previous errors
[INFO] [stdout] 
[INFO] [stdout] Some errors have detailed explanations: E0277, E0425, E0433.
[INFO] [stdout] For more information about an error, try `rustc --explain E0277`.
[INFO] [stdout] Couldn't compile the test.
[INFO] [stdout] ---- src/lib.rs - Graphic<()>::tile_cache_textured (line 400) stdout ----
[INFO] [stdout] error[E0433]: failed to resolve: use of undeclared type `Graphics`
[INFO] [stdout]  --> src/lib.rs:401:9
[INFO] [stdout]   |
[INFO] [stdout] 3 | let g = Graphics::load_file("path")?.tile_cache_textured(texture_creator);
[INFO] [stdout]   |         ^^^^^^^^ use of undeclared type `Graphics`
[INFO] [stdout] 
[INFO] [stdout] error[E0425]: cannot find value `texture_creator` in this scope
[INFO] [stdout]  --> src/lib.rs:401:58
[INFO] [stdout]   |
[INFO] [stdout] 3 | let g = Graphics::load_file("path")?.tile_cache_textured(texture_creator);
[INFO] [stdout]   |                                                          ^^^^^^^^^^^^^^^ not found in this scope
[INFO] [stdout] 
[INFO] [stdout] error[E0277]: the `?` operator can only be used in a function that returns `Result` or `Option` (or another type that implements `FromResidual`)
[INFO] [stdout]  --> src/lib.rs:401:36
[INFO] [stdout]   |
[INFO] [stdout] 2 |   fn main() { #[allow(non_snake_case)] fn _doctest_main_src_lib_rs_400_0() {
[INFO] [stdout]   |  ______________________________________-
[INFO] [stdout] 3 | | let g = Graphics::load_file("path")?.tile_cache_textured(texture_creator);
[INFO] [stdout]   | |                                    ^ cannot use the `?` operator in a function that returns `()`
[INFO] [stdout] 4 | | } _doctest_main_src_lib_rs_400_0() }
[INFO] [stdout]   | |_- this function should return `Result` or `Option` to accept `?`
[INFO] [stdout]   |
[INFO] [stdout]   = help: the trait `FromResidual<_>` is not implemented for `()`
[INFO] [stdout]   = note: required by `from_residual`
[INFO] [stdout] 
[INFO] [stdout] error: aborting due to 3 previous errors
[INFO] [stdout] 
[INFO] [stdout] Some errors have detailed explanations: E0277, E0425, E0433.
[INFO] [stdout] For more information about an error, try `rustc --explain E0277`.
[INFO] [stdout] Couldn't compile the test.
[INFO] [stdout] 
[INFO] [stdout] failures:
[INFO] [stdout]     src/lib.rs - Graphic<()>::blank (line 370)
[INFO] [stdout]     src/lib.rs - Graphic<()>::load_file (line 317)
[INFO] [stdout]     src/lib.rs - Graphic<()>::load_from (line 329)
[INFO] [stdout]     src/lib.rs - Graphic<()>::textured (line 381)
[INFO] [stdout]     src/lib.rs - Graphic<()>::tile_cache_textured (line 400)
[INFO] [stdout]     src/lib.rs - TileSet::load_from (line 169)
[INFO] [stdout] 
[INFO] [stdout] test result: FAILED. 0 passed; 6 failed; 0 ignored; 0 measured; 0 filtered out; finished in 0.39s
[INFO] [stdout] 
[INFO] [stderr] error: test failed, to rerun pass '--doc'
[INFO] running `Command { std: "docker" "inspect" "c0a897e020480c42d68ca8e295df48df0c8b69fde9a10299dddeafee18fb16e4", kill_on_drop: false }`
[INFO] running `Command { std: "docker" "rm" "-f" "c0a897e020480c42d68ca8e295df48df0c8b69fde9a10299dddeafee18fb16e4", kill_on_drop: false }`
[INFO] [stdout] c0a897e020480c42d68ca8e295df48df0c8b69fde9a10299dddeafee18fb16e4
