[INFO] cloning repository https://github.com/levkk/rust-chess
[INFO] running `Command { std: "git" "-c" "credential.helper=" "-c" "credential.helper=/workspace/cargo-home/bin/git-credential-null" "clone" "--bare" "https://github.com/levkk/rust-chess" "/workspace/cache/git-repos/https%3A%2F%2Fgithub.com%2Flevkk%2Frust-chess", kill_on_drop: false }`
[INFO] [stderr] Cloning into bare repository '/workspace/cache/git-repos/https%3A%2F%2Fgithub.com%2Flevkk%2Frust-chess'...
[INFO] running `Command { std: "git" "rev-parse" "HEAD", kill_on_drop: false }`
[INFO] [stdout] dd855a8ab4858c842407b8a1827e8fe6cef596ad
[INFO] testing levkk/rust-chess against beta-2021-08-01 for beta-1.55-1
[INFO] running `Command { std: "git" "clone" "/workspace/cache/git-repos/https%3A%2F%2Fgithub.com%2Flevkk%2Frust-chess" "/workspace/builds/worker-2/source", kill_on_drop: false }`
[INFO] [stderr] Cloning into '/workspace/builds/worker-2/source'...
[INFO] [stderr] done.
[INFO] validating manifest of git repo https://github.com/levkk/rust-chess on toolchain beta-2021-08-01
[INFO] running `Command { std: "/workspace/cargo-home/bin/cargo" "+beta-2021-08-01" "metadata" "--manifest-path" "Cargo.toml" "--no-deps", kill_on_drop: false }`
[INFO] started tweaking git repo https://github.com/levkk/rust-chess
[INFO] finished tweaking git repo https://github.com/levkk/rust-chess
[INFO] tweaked toml for git repo https://github.com/levkk/rust-chess written to /workspace/builds/worker-2/source/Cargo.toml
[INFO] crate git repo https://github.com/levkk/rust-chess already has a lockfile, it will not be regenerated
[INFO] running `Command { std: "/workspace/cargo-home/bin/cargo" "+beta-2021-08-01" "fetch" "--manifest-path" "Cargo.toml", kill_on_drop: false }`
[INFO] [stderr]  Downloading crates ...
[INFO] [stderr]   Downloaded nom v1.2.4
[INFO] [stderr]   Downloaded glfw-sys v3.2.2
[INFO] [stderr]   Downloaded num-complex v0.1.43
[INFO] [stderr]   Downloaded libflate v0.1.18
[INFO] [stderr]   Downloaded string v0.1.1
[INFO] [stderr]   Downloaded serde_json v1.0.31
[INFO] [stderr]   Downloaded mime v0.3.9
[INFO] [stderr]   Downloaded cmake v0.1.35
[INFO] [stderr]   Downloaded tokio-timer v0.2.7
[INFO] [stderr]   Downloaded native-tls v0.2.1
[INFO] [stderr]   Downloaded tokio-fs v0.1.3
[INFO] [stderr]   Downloaded gl_generator v0.8.0
[INFO] [stderr]   Downloaded semver v0.2.3
[INFO] [stderr]   Downloaded serde_urlencoded v0.5.3
[INFO] [stderr]   Downloaded tokio-io v0.1.9
[INFO] [stderr]   Downloaded colored v1.6.1
[INFO] [stderr]   Downloaded security-framework v0.2.1
[INFO] [stderr]   Downloaded security-framework-sys v0.2.1
[INFO] [stderr]   Downloaded crossbeam-epoch v0.5.2
[INFO] [stderr]   Downloaded gl v0.9.0
[INFO] [stderr]   Downloaded http v0.1.13
[INFO] [stderr]   Downloaded tempfile v3.0.4
[INFO] [stderr]   Downloaded openssl v0.10.12
[INFO] [stderr]   Downloaded smallvec v0.6.5
[INFO] [stderr]   Downloaded openssl-sys v0.9.36
[INFO] [stderr]   Downloaded tokio-udp v0.1.2
[INFO] [stderr]   Downloaded num-bigint v0.1.44
[INFO] [stderr]   Downloaded glfw v0.24.0
[INFO] [stderr]   Downloaded tokio v0.1.11
[INFO] [stderr]   Downloaded encoding_rs v0.8.10
[INFO] [stderr]   Downloaded h2 v0.1.12
[INFO] [stderr]   Downloaded tokio-uds v0.2.2
[INFO] [stderr]   Downloaded hyper v0.12.11
[INFO] [stderr]   Downloaded indexmap v1.0.1
[INFO] [stderr]   Downloaded tokio-current-thread v0.1.3
[INFO] [stderr]   Downloaded crossbeam-deque v0.6.1
[INFO] [stderr]   Downloaded tokio-threadpool v0.1.7
[INFO] [stderr]   Downloaded lock_api v0.1.4
[INFO] [stderr]   Downloaded tokio-reactor v0.1.6
[INFO] [stderr]   Downloaded reqwest v0.9.2
[INFO] [stderr]   Downloaded proc-macro2 v0.4.19
[INFO] [stderr]   Downloaded tobj v0.1.6
[INFO] [stderr]   Downloaded bytes v0.4.10
[INFO] [stderr]   Downloaded syn v0.15.8
[INFO] running `Command { std: "docker" "create" "-v" "/var/lib/crater-agent-workspace/builds/worker-2/target:/opt/rustwide/target:rw,Z" "-v" "/var/lib/crater-agent-workspace/builds/worker-2/source:/opt/rustwide/workdir:ro,Z" "-v" "/var/lib/crater-agent-workspace/cargo-home:/opt/rustwide/cargo-home:ro,Z" "-v" "/var/lib/crater-agent-workspace/rustup-home:/opt/rustwide/rustup-home:ro,Z" "-e" "SOURCE_DIR=/opt/rustwide/workdir" "-e" "CARGO_TARGET_DIR=/opt/rustwide/target" "-e" "CARGO_HOME=/opt/rustwide/cargo-home" "-e" "RUSTUP_HOME=/opt/rustwide/rustup-home" "-w" "/opt/rustwide/workdir" "-m" "1610612736" "--user" "0:0" "--network" "none" "ghcr.io/rust-lang/crates-build-env/linux@sha256:34b6a614d2c27851fe6cbf88fbd1137609cefab8b10d0615aaeb6fd47975d74e" "/opt/rustwide/cargo-home/bin/cargo" "+beta-2021-08-01" "metadata" "--no-deps" "--format-version=1", kill_on_drop: false }`
[INFO] [stdout] f3fa46d7d8f93db8514f2c6498477425b90686b4f74a99f85ffe08c6fe21c8f0
[INFO] running `Command { std: "docker" "start" "-a" "f3fa46d7d8f93db8514f2c6498477425b90686b4f74a99f85ffe08c6fe21c8f0", kill_on_drop: false }`
[INFO] running `Command { std: "docker" "inspect" "f3fa46d7d8f93db8514f2c6498477425b90686b4f74a99f85ffe08c6fe21c8f0", kill_on_drop: false }`
[INFO] running `Command { std: "docker" "rm" "-f" "f3fa46d7d8f93db8514f2c6498477425b90686b4f74a99f85ffe08c6fe21c8f0", kill_on_drop: false }`
[INFO] [stdout] f3fa46d7d8f93db8514f2c6498477425b90686b4f74a99f85ffe08c6fe21c8f0
[INFO] running `Command { std: "docker" "create" "-v" "/var/lib/crater-agent-workspace/builds/worker-2/target:/opt/rustwide/target:rw,Z" "-v" "/var/lib/crater-agent-workspace/builds/worker-2/source:/opt/rustwide/workdir:ro,Z" "-v" "/var/lib/crater-agent-workspace/cargo-home:/opt/rustwide/cargo-home:ro,Z" "-v" "/var/lib/crater-agent-workspace/rustup-home:/opt/rustwide/rustup-home:ro,Z" "-e" "SOURCE_DIR=/opt/rustwide/workdir" "-e" "CARGO_TARGET_DIR=/opt/rustwide/target" "-e" "CARGO_INCREMENTAL=0" "-e" "RUST_BACKTRACE=full" "-e" "RUSTFLAGS=--cap-lints=warn" "-e" "CARGO_HOME=/opt/rustwide/cargo-home" "-e" "RUSTUP_HOME=/opt/rustwide/rustup-home" "-w" "/opt/rustwide/workdir" "-m" "1610612736" "--user" "0:0" "--network" "none" "ghcr.io/rust-lang/crates-build-env/linux@sha256:34b6a614d2c27851fe6cbf88fbd1137609cefab8b10d0615aaeb6fd47975d74e" "/opt/rustwide/cargo-home/bin/cargo" "+beta-2021-08-01" "build" "--frozen" "--message-format=json", kill_on_drop: false }`
[INFO] [stdout] 88ab559b670313a93bbd75c927622613a5d30ffe830803e10864f2271186cc55
[INFO] running `Command { std: "docker" "start" "-a" "88ab559b670313a93bbd75c927622613a5d30ffe830803e10864f2271186cc55", kill_on_drop: false }`
[INFO] [stderr]    Compiling futures v0.1.25
[INFO] [stderr]    Compiling num-integer v0.1.39
[INFO] [stderr]    Compiling openssl v0.10.12
[INFO] [stderr]    Compiling proc-macro2 v0.4.19
[INFO] [stderr]    Compiling httparse v1.3.3
[INFO] [stderr]    Compiling encoding_rs v0.8.10
[INFO] [stderr]    Compiling dtoa v0.4.3
[INFO] [stderr]    Compiling nom v1.2.4
[INFO] [stderr]    Compiling cgmath v0.16.1
[INFO] [stderr]    Compiling tobj v0.1.6
[INFO] [stderr]    Compiling rand v0.4.3
[INFO] [stderr]    Compiling log v0.4.5
[INFO] [stderr]    Compiling openssl-sys v0.9.36
[INFO] [stderr]    Compiling unicase v2.2.0
[INFO] [stderr]    Compiling cmake v0.1.35
[INFO] [stderr]    Compiling bytes v0.4.10
[INFO] [stderr]    Compiling regex v0.2.11
[INFO] [stderr]    Compiling uuid v0.7.1
[INFO] [stderr]    Compiling crossbeam-epoch v0.5.2
[INFO] [stderr]    Compiling num-traits v0.1.43
[INFO] [stderr]    Compiling num-complex v0.1.43
[INFO] [stderr]    Compiling colored v1.6.1
[INFO] [stderr]    Compiling phf_shared v0.7.23
[INFO] [stderr]    Compiling libflate v0.1.18
[INFO] [stderr]    Compiling serde_json v1.0.31
[INFO] [stderr]    Compiling parking_lot v0.6.4
[INFO] [stderr]    Compiling serde_urlencoded v0.5.3
[INFO] [stderr]    Compiling enum_primitive v0.1.1
[INFO] [stderr]    Compiling phf_generator v0.7.23
[INFO] [stderr]    Compiling phf v0.7.23
[INFO] [stderr]    Compiling mio v0.6.16
[INFO] [stderr]    Compiling log v0.3.9
[INFO] [stderr]    Compiling phf_codegen v0.7.23
[INFO] [stderr]    Compiling crossbeam-deque v0.6.1
[INFO] [stderr]    Compiling http v0.1.13
[INFO] [stderr]    Compiling glfw-sys v3.2.2
[INFO] [stderr]    Compiling gl_generator v0.8.0
[INFO] [stderr]    Compiling mime_guess v2.0.0-alpha.6
[INFO] [stderr]    Compiling semver v0.2.3
[INFO] [stderr]    Compiling native-tls v0.2.1
[INFO] [stderr]    Compiling mime v0.3.9
[INFO] [stderr]    Compiling quote v0.6.8
[INFO] [stderr]    Compiling num-iter v0.1.37
[INFO] [stderr]    Compiling num-bigint v0.1.44
[INFO] [stderr]    Compiling mio-uds v0.6.7
[INFO] [stderr]    Compiling syn v0.15.8
[INFO] [stderr]    Compiling tokio-executor v0.1.5
[INFO] [stderr]    Compiling tokio-io v0.1.9
[INFO] [stderr]    Compiling futures-cpupool v0.1.8
[INFO] [stderr]    Compiling want v0.0.6
[INFO] [stderr]    Compiling gl v0.9.0
[INFO] [stderr]    Compiling tokio-threadpool v0.1.7
[INFO] [stderr]    Compiling tokio-timer v0.2.7
[INFO] [stderr]    Compiling tokio-current-thread v0.1.3
[INFO] [stderr]    Compiling tokio-reactor v0.1.6
[INFO] [stderr]    Compiling tokio-codec v0.1.1
[INFO] [stderr]    Compiling num-rational v0.1.42
[INFO] [stderr]    Compiling tokio-uds v0.2.2
[INFO] [stderr]    Compiling tokio-tcp v0.1.2
[INFO] [stderr]    Compiling tokio-udp v0.1.2
[INFO] [stderr]    Compiling num v0.1.42
[INFO] [stderr]    Compiling tokio-fs v0.1.3
[INFO] [stderr]    Compiling h2 v0.1.12
[INFO] [stderr]    Compiling glfw v0.24.0
[INFO] [stderr]    Compiling tokio v0.1.11
[INFO] [stderr]    Compiling serde_derive v1.0.79
[INFO] [stderr]    Compiling hyper v0.12.11
[INFO] [stderr]    Compiling hyper-tls v0.3.1
[INFO] [stderr]    Compiling reqwest v0.9.2
[INFO] [stderr]    Compiling rust_chess v0.2.0 (/opt/rustwide/workdir)
[INFO] [stdout] warning: trait objects without an explicit `dyn` are deprecated
[INFO] [stdout]   --> src/client.rs:19:19
[INFO] [stdout]    |
[INFO] [stdout] 19 |   connection: Box<Connection>, // Connection size is not known at compile time
[INFO] [stdout]    |                   ^^^^^^^^^^ help: use `dyn`: `dyn Connection`
[INFO] [stdout]    |
[INFO] [stdout]    = note: `#[warn(bare_trait_objects)]` on by default
[INFO] [stdout]    = warning: this is accepted in the current edition (Rust 2015) but is a hard error in Rust 2021!
[INFO] [stdout]    = note: for more information, see issue #80165 <https://github.com/rust-lang/rust/issues/80165>
[INFO] [stdout] 
[INFO] [stdout] 
[INFO] [stdout] warning: trait objects without an explicit `dyn` are deprecated
[INFO] [stdout]   --> src/client.rs:34:25
[INFO] [stdout]    |
[INFO] [stdout] 34 |     let connection: Box<Connection>;
[INFO] [stdout]    |                         ^^^^^^^^^^ help: use `dyn`: `dyn Connection`
[INFO] [stdout]    |
[INFO] [stdout]    = warning: this is accepted in the current edition (Rust 2015) but is a hard error in Rust 2021!
[INFO] [stdout]    = note: for more information, see issue #80165 <https://github.com/rust-lang/rust/issues/80165>
[INFO] [stdout] 
[INFO] [stdout] 
[INFO] [stdout] warning: trait objects without an explicit `dyn` are deprecated
[INFO] [stdout]   --> src/client.rs:77:25
[INFO] [stdout]    |
[INFO] [stdout] 77 |     let connection: Box<Connection>;
[INFO] [stdout]    |                         ^^^^^^^^^^ help: use `dyn`: `dyn Connection`
[INFO] [stdout]    |
[INFO] [stdout]    = warning: this is accepted in the current edition (Rust 2015) but is a hard error in Rust 2021!
[INFO] [stdout]    = note: for more information, see issue #80165 <https://github.com/rust-lang/rust/issues/80165>
[INFO] [stdout] 
[INFO] [stdout] 
[INFO] [stdout] warning: trait objects without an explicit `dyn` are deprecated
[INFO] [stdout]   --> src/gui.rs:93:19
[INFO] [stdout]    |
[INFO] [stdout] 93 |   models: Vec<Box<Model>>,
[INFO] [stdout]    |                   ^^^^^ help: use `dyn`: `dyn Model`
[INFO] [stdout]    |
[INFO] [stdout]    = warning: this is accepted in the current edition (Rust 2015) but is a hard error in Rust 2021!
[INFO] [stdout]    = note: for more information, see issue #80165 <https://github.com/rust-lang/rust/issues/80165>
[INFO] [stdout] 
[INFO] [stdout] 
[INFO] [stdout] warning: unused variable: `mesh`
[INFO] [stdout]   --> src/model_loader.rs:16:9
[INFO] [stdout]    |
[INFO] [stdout] 16 |     let mesh = &m.mesh;
[INFO] [stdout]    |         ^^^^ help: if this is intentional, prefix it with an underscore: `_mesh`
[INFO] [stdout]    |
[INFO] [stdout]    = note: `#[warn(unused_variables)]` on by default
[INFO] [stdout] 
[INFO] [stdout] 
[INFO] [stdout] warning: variable does not need to be mutable
[INFO] [stdout]    --> src/connection.rs:244:10
[INFO] [stdout]     |
[INFO] [stdout] 244 |       Ok(mut res) => {
[INFO] [stdout]     |          ----^^^
[INFO] [stdout]     |          |
[INFO] [stdout]     |          help: remove this `mut`
[INFO] [stdout]     |
[INFO] [stdout]     = note: `#[warn(unused_mut)]` on by default
[INFO] [stdout] 
[INFO] [stdout] 
[INFO] [stdout] warning: variable does not need to be mutable
[INFO] [stdout]    --> src/gui.rs:320:13
[INFO] [stdout]     |
[INFO] [stdout] 320 |         let mut piece = PieceModel::new(
[INFO] [stdout]     |             ----^^^^^
[INFO] [stdout]     |             |
[INFO] [stdout]     |             help: remove this `mut`
[INFO] [stdout] 
[INFO] [stdout] 
[INFO] [stdout] warning: variable does not need to be mutable
[INFO] [stdout]   --> src/models/board.rs:84:13
[INFO] [stdout]    |
[INFO] [stdout] 84 |         let mut color = match sc % 2 {
[INFO] [stdout]    |             ----^^^^^
[INFO] [stdout]    |             |
[INFO] [stdout]    |             help: remove this `mut`
[INFO] [stdout] 
[INFO] [stdout] 
[INFO] [stdout] warning: field is never read: `zoom`
[INFO] [stdout]   --> src/camera.rs:22:3
[INFO] [stdout]    |
[INFO] [stdout] 22 |   zoom: f32,
[INFO] [stdout]    |   ^^^^^^^^^
[INFO] [stdout]    |
[INFO] [stdout]    = note: `#[warn(dead_code)]` on by default
[INFO] [stdout] 
[INFO] [stdout] 
[INFO] [stdout] warning: 9 warnings emitted
[INFO] [stdout] 
[INFO] [stdout] 
[INFO] [stderr]     Finished dev [unoptimized + debuginfo] target(s) in 53.91s
[INFO] running `Command { std: "docker" "inspect" "88ab559b670313a93bbd75c927622613a5d30ffe830803e10864f2271186cc55", kill_on_drop: false }`
[INFO] running `Command { std: "docker" "rm" "-f" "88ab559b670313a93bbd75c927622613a5d30ffe830803e10864f2271186cc55", kill_on_drop: false }`
[INFO] [stdout] 88ab559b670313a93bbd75c927622613a5d30ffe830803e10864f2271186cc55
[INFO] running `Command { std: "docker" "create" "-v" "/var/lib/crater-agent-workspace/builds/worker-2/target:/opt/rustwide/target:rw,Z" "-v" "/var/lib/crater-agent-workspace/builds/worker-2/source:/opt/rustwide/workdir:ro,Z" "-v" "/var/lib/crater-agent-workspace/cargo-home:/opt/rustwide/cargo-home:ro,Z" "-v" "/var/lib/crater-agent-workspace/rustup-home:/opt/rustwide/rustup-home:ro,Z" "-e" "SOURCE_DIR=/opt/rustwide/workdir" "-e" "CARGO_TARGET_DIR=/opt/rustwide/target" "-e" "CARGO_INCREMENTAL=0" "-e" "RUST_BACKTRACE=full" "-e" "RUSTFLAGS=--cap-lints=warn" "-e" "CARGO_HOME=/opt/rustwide/cargo-home" "-e" "RUSTUP_HOME=/opt/rustwide/rustup-home" "-w" "/opt/rustwide/workdir" "-m" "1610612736" "--user" "0:0" "--network" "none" "ghcr.io/rust-lang/crates-build-env/linux@sha256:34b6a614d2c27851fe6cbf88fbd1137609cefab8b10d0615aaeb6fd47975d74e" "/opt/rustwide/cargo-home/bin/cargo" "+beta-2021-08-01" "test" "--frozen" "--no-run" "--message-format=json", kill_on_drop: false }`
[INFO] [stdout] 961c426c09e38a5cc374daac4de6ff9362c28d5e34439e0a43491efb2bf5c50d
[INFO] running `Command { std: "docker" "start" "-a" "961c426c09e38a5cc374daac4de6ff9362c28d5e34439e0a43491efb2bf5c50d", kill_on_drop: false }`
[INFO] [stdout] warning: trait objects without an explicit `dyn` are deprecated
[INFO] [stdout]   --> src/client.rs:19:19
[INFO] [stdout]    |
[INFO] [stdout] 19 |   connection: Box<Connection>, // Connection size is not known at compile time
[INFO] [stdout]    |                   ^^^^^^^^^^ help: use `dyn`: `dyn Connection`
[INFO] [stdout]    |
[INFO] [stdout]    = note: `#[warn(bare_trait_objects)]` on by default
[INFO] [stdout]    = warning: this is accepted in the current edition (Rust 2015) but is a hard error in Rust 2021!
[INFO] [stdout]    = note: for more information, see issue #80165 <https://github.com/rust-lang/rust/issues/80165>
[INFO] [stdout] 
[INFO] [stdout] 
[INFO] [stdout] warning: trait objects without an explicit `dyn` are deprecated
[INFO] [stdout]   --> src/client.rs:34:25
[INFO] [stdout]    |
[INFO] [stdout] 34 |     let connection: Box<Connection>;
[INFO] [stdout]    |                         ^^^^^^^^^^ help: use `dyn`: `dyn Connection`
[INFO] [stdout]    |
[INFO] [stdout]    = warning: this is accepted in the current edition (Rust 2015) but is a hard error in Rust 2021!
[INFO] [stdout]    = note: for more information, see issue #80165 <https://github.com/rust-lang/rust/issues/80165>
[INFO] [stdout] 
[INFO] [stdout] 
[INFO] [stdout] warning: trait objects without an explicit `dyn` are deprecated
[INFO] [stdout]   --> src/client.rs:77:25
[INFO] [stdout]    |
[INFO] [stdout] 77 |     let connection: Box<Connection>;
[INFO] [stdout]    |                         ^^^^^^^^^^ help: use `dyn`: `dyn Connection`
[INFO] [stdout]    |
[INFO] [stdout]    = warning: this is accepted in the current edition (Rust 2015) but is a hard error in Rust 2021!
[INFO] [stdout]    = note: for more information, see issue #80165 <https://github.com/rust-lang/rust/issues/80165>
[INFO] [stdout] 
[INFO] [stdout] 
[INFO] [stdout] warning: trait objects without an explicit `dyn` are deprecated
[INFO] [stdout]   --> src/gui.rs:93:19
[INFO] [stdout]    |
[INFO] [stdout] 93 |   models: Vec<Box<Model>>,
[INFO] [stdout]    |                   ^^^^^ help: use `dyn`: `dyn Model`
[INFO] [stdout]    |
[INFO] [stdout]    = warning: this is accepted in the current edition (Rust 2015) but is a hard error in Rust 2021!
[INFO] [stdout]    = note: for more information, see issue #80165 <https://github.com/rust-lang/rust/issues/80165>
[INFO] [stdout] 
[INFO] [stdout] 
[INFO] [stdout] warning: unused variable: `mesh`
[INFO] [stdout]   --> src/model_loader.rs:16:9
[INFO] [stdout]    |
[INFO] [stdout] 16 |     let mesh = &m.mesh;
[INFO] [stdout]    |         ^^^^ help: if this is intentional, prefix it with an underscore: `_mesh`
[INFO] [stdout]    |
[INFO] [stdout]    = note: `#[warn(unused_variables)]` on by default
[INFO] [stdout] 
[INFO] [stdout] 
[INFO] [stdout] warning: variable does not need to be mutable
[INFO] [stdout]    --> src/connection.rs:244:10
[INFO] [stdout]     |
[INFO] [stdout] 244 |       Ok(mut res) => {
[INFO] [stdout]     |          ----^^^
[INFO] [stdout]     |          |
[INFO] [stdout]     |          help: remove this `mut`
[INFO] [stdout]     |
[INFO] [stdout]     = note: `#[warn(unused_mut)]` on by default
[INFO] [stdout] 
[INFO] [stdout] 
[INFO] [stdout] warning: variable does not need to be mutable
[INFO] [stdout]    --> src/gui.rs:320:13
[INFO] [stdout]     |
[INFO] [stdout] 320 |         let mut piece = PieceModel::new(
[INFO] [stdout]     |             ----^^^^^
[INFO] [stdout]     |             |
[INFO] [stdout]     |             help: remove this `mut`
[INFO] [stdout] 
[INFO] [stdout] 
[INFO] [stderr]    Compiling rust_chess v0.2.0 (/opt/rustwide/workdir)
[INFO] [stdout] warning: variable does not need to be mutable
[INFO] [stdout]   --> src/models/board.rs:84:13
[INFO] [stdout]    |
[INFO] [stdout] 84 |         let mut color = match sc % 2 {
[INFO] [stdout]    |             ----^^^^^
[INFO] [stdout]    |             |
[INFO] [stdout]    |             help: remove this `mut`
[INFO] [stdout] 
[INFO] [stdout] 
[INFO] [stdout] warning: field is never read: `zoom`
[INFO] [stdout]   --> src/camera.rs:22:3
[INFO] [stdout]    |
[INFO] [stdout] 22 |   zoom: f32,
[INFO] [stdout]    |   ^^^^^^^^^
[INFO] [stdout]    |
[INFO] [stdout]    = note: `#[warn(dead_code)]` on by default
[INFO] [stdout] 
[INFO] [stdout] 
[INFO] [stdout] warning: 9 warnings emitted
[INFO] [stdout] 
[INFO] [stdout] 
[INFO] [stdout] warning: trait objects without an explicit `dyn` are deprecated
[INFO] [stdout]   --> src/client.rs:19:19
[INFO] [stdout]    |
[INFO] [stdout] 19 |   connection: Box<Connection>, // Connection size is not known at compile time
[INFO] [stdout]    |                   ^^^^^^^^^^ help: use `dyn`: `dyn Connection`
[INFO] [stdout]    |
[INFO] [stdout]    = note: `#[warn(bare_trait_objects)]` on by default
[INFO] [stdout]    = warning: this is accepted in the current edition (Rust 2015) but is a hard error in Rust 2021!
[INFO] [stdout]    = note: for more information, see issue #80165 <https://github.com/rust-lang/rust/issues/80165>
[INFO] [stdout] 
[INFO] [stdout] 
[INFO] [stdout] warning: trait objects without an explicit `dyn` are deprecated
[INFO] [stdout]   --> src/client.rs:34:25
[INFO] [stdout]    |
[INFO] [stdout] 34 |     let connection: Box<Connection>;
[INFO] [stdout]    |                         ^^^^^^^^^^ help: use `dyn`: `dyn Connection`
[INFO] [stdout]    |
[INFO] [stdout]    = warning: this is accepted in the current edition (Rust 2015) but is a hard error in Rust 2021!
[INFO] [stdout]    = note: for more information, see issue #80165 <https://github.com/rust-lang/rust/issues/80165>
[INFO] [stdout] 
[INFO] [stdout] 
[INFO] [stdout] warning: trait objects without an explicit `dyn` are deprecated
[INFO] [stdout]   --> src/client.rs:77:25
[INFO] [stdout]    |
[INFO] [stdout] 77 |     let connection: Box<Connection>;
[INFO] [stdout]    |                         ^^^^^^^^^^ help: use `dyn`: `dyn Connection`
[INFO] [stdout]    |
[INFO] [stdout]    = warning: this is accepted in the current edition (Rust 2015) but is a hard error in Rust 2021!
[INFO] [stdout]    = note: for more information, see issue #80165 <https://github.com/rust-lang/rust/issues/80165>
[INFO] [stdout] 
[INFO] [stdout] 
[INFO] [stdout] warning: trait objects without an explicit `dyn` are deprecated
[INFO] [stdout]   --> src/gui.rs:93:19
[INFO] [stdout]    |
[INFO] [stdout] 93 |   models: Vec<Box<Model>>,
[INFO] [stdout]    |                   ^^^^^ help: use `dyn`: `dyn Model`
[INFO] [stdout]    |
[INFO] [stdout]    = warning: this is accepted in the current edition (Rust 2015) but is a hard error in Rust 2021!
[INFO] [stdout]    = note: for more information, see issue #80165 <https://github.com/rust-lang/rust/issues/80165>
[INFO] [stdout] 
[INFO] [stdout] 
[INFO] [stdout] warning: unused import: `super::*`
[INFO] [stdout]    --> src/gui.rs:494:7
[INFO] [stdout]     |
[INFO] [stdout] 494 |   use super::*;
[INFO] [stdout]     |       ^^^^^^^^
[INFO] [stdout]     |
[INFO] [stdout]     = note: `#[warn(unused_imports)]` on by default
[INFO] [stdout] 
[INFO] [stdout] 
[INFO] [stdout] warning: unused import: `std::sync::mpsc::channel`
[INFO] [stdout]    --> src/gui.rs:495:7
[INFO] [stdout]     |
[INFO] [stdout] 495 |   use std::sync::mpsc::channel;
[INFO] [stdout]     |       ^^^^^^^^^^^^^^^^^^^^^^^^
[INFO] [stdout] 
[INFO] [stdout] 
[INFO] [stdout] warning: unused variable: `mesh`
[INFO] [stdout]   --> src/model_loader.rs:16:9
[INFO] [stdout]    |
[INFO] [stdout] 16 |     let mesh = &m.mesh;
[INFO] [stdout]    |         ^^^^ help: if this is intentional, prefix it with an underscore: `_mesh`
[INFO] [stdout]    |
[INFO] [stdout]    = note: `#[warn(unused_variables)]` on by default
[INFO] [stdout] 
[INFO] [stdout] 
[INFO] [stdout] warning: variable does not need to be mutable
[INFO] [stdout]    --> src/connection.rs:244:10
[INFO] [stdout]     |
[INFO] [stdout] 244 |       Ok(mut res) => {
[INFO] [stdout]     |          ----^^^
[INFO] [stdout]     |          |
[INFO] [stdout]     |          help: remove this `mut`
[INFO] [stdout]     |
[INFO] [stdout]     = note: `#[warn(unused_mut)]` on by default
[INFO] [stdout] 
[INFO] [stdout] 
[INFO] [stdout] warning: variable does not need to be mutable
[INFO] [stdout]    --> src/gui.rs:320:13
[INFO] [stdout]     |
[INFO] [stdout] 320 |         let mut piece = PieceModel::new(
[INFO] [stdout]     |             ----^^^^^
[INFO] [stdout]     |             |
[INFO] [stdout]     |             help: remove this `mut`
[INFO] [stdout] 
[INFO] [stdout] 
[INFO] [stdout] warning: variable does not need to be mutable
[INFO] [stdout]   --> src/models/board.rs:84:13
[INFO] [stdout]    |
[INFO] [stdout] 84 |         let mut color = match sc % 2 {
[INFO] [stdout]    |             ----^^^^^
[INFO] [stdout]    |             |
[INFO] [stdout]    |             help: remove this `mut`
[INFO] [stdout] 
[INFO] [stdout] 
[INFO] [stdout] warning: field is never read: `zoom`
[INFO] [stdout]   --> src/camera.rs:22:3
[INFO] [stdout]    |
[INFO] [stdout] 22 |   zoom: f32,
[INFO] [stdout]    |   ^^^^^^^^^
[INFO] [stdout]    |
[INFO] [stdout]    = note: `#[warn(dead_code)]` on by default
[INFO] [stdout] 
[INFO] [stdout] 
[INFO] [stdout] warning: 11 warnings emitted
[INFO] [stdout] 
[INFO] [stdout] 
[INFO] [stderr]     Finished test [unoptimized + debuginfo] target(s) in 5.92s
[INFO] running `Command { std: "docker" "inspect" "961c426c09e38a5cc374daac4de6ff9362c28d5e34439e0a43491efb2bf5c50d", kill_on_drop: false }`
[INFO] running `Command { std: "docker" "rm" "-f" "961c426c09e38a5cc374daac4de6ff9362c28d5e34439e0a43491efb2bf5c50d", kill_on_drop: false }`
[INFO] [stdout] 961c426c09e38a5cc374daac4de6ff9362c28d5e34439e0a43491efb2bf5c50d
[INFO] running `Command { std: "docker" "create" "-v" "/var/lib/crater-agent-workspace/builds/worker-2/target:/opt/rustwide/target:rw,Z" "-v" "/var/lib/crater-agent-workspace/builds/worker-2/source:/opt/rustwide/workdir:ro,Z" "-v" "/var/lib/crater-agent-workspace/cargo-home:/opt/rustwide/cargo-home:ro,Z" "-v" "/var/lib/crater-agent-workspace/rustup-home:/opt/rustwide/rustup-home:ro,Z" "-e" "SOURCE_DIR=/opt/rustwide/workdir" "-e" "CARGO_TARGET_DIR=/opt/rustwide/target" "-e" "CARGO_INCREMENTAL=0" "-e" "RUST_BACKTRACE=full" "-e" "RUSTFLAGS=--cap-lints=warn" "-e" "CARGO_HOME=/opt/rustwide/cargo-home" "-e" "RUSTUP_HOME=/opt/rustwide/rustup-home" "-w" "/opt/rustwide/workdir" "-m" "1610612736" "--user" "0:0" "--network" "none" "ghcr.io/rust-lang/crates-build-env/linux@sha256:34b6a614d2c27851fe6cbf88fbd1137609cefab8b10d0615aaeb6fd47975d74e" "/opt/rustwide/cargo-home/bin/cargo" "+beta-2021-08-01" "test" "--frozen", kill_on_drop: false }`
[INFO] [stdout] f62f61f6c860caa546ca74548ca0862f06a7fcd928b4014007811b0c7850dea2
[INFO] running `Command { std: "docker" "start" "-a" "f62f61f6c860caa546ca74548ca0862f06a7fcd928b4014007811b0c7850dea2", kill_on_drop: false }`
[INFO] [stderr] warning: trait objects without an explicit `dyn` are deprecated
[INFO] [stderr]   --> src/client.rs:19:19
[INFO] [stderr]    |
[INFO] [stderr] 19 |   connection: Box<Connection>, // Connection size is not known at compile time
[INFO] [stderr]    |                   ^^^^^^^^^^ help: use `dyn`: `dyn Connection`
[INFO] [stderr]    |
[INFO] [stderr]    = note: `#[warn(bare_trait_objects)]` on by default
[INFO] [stderr]    = warning: this is accepted in the current edition (Rust 2015) but is a hard error in Rust 2021!
[INFO] [stderr]    = note: for more information, see issue #80165 <https://github.com/rust-lang/rust/issues/80165>
[INFO] [stderr] 
[INFO] [stderr] warning: trait objects without an explicit `dyn` are deprecated
[INFO] [stderr]   --> src/client.rs:34:25
[INFO] [stderr]    |
[INFO] [stderr] 34 |     let connection: Box<Connection>;
[INFO] [stderr]    |                         ^^^^^^^^^^ help: use `dyn`: `dyn Connection`
[INFO] [stderr]    |
[INFO] [stderr]    = warning: this is accepted in the current edition (Rust 2015) but is a hard error in Rust 2021!
[INFO] [stderr]    = note: for more information, see issue #80165 <https://github.com/rust-lang/rust/issues/80165>
[INFO] [stderr] 
[INFO] [stderr] warning: trait objects without an explicit `dyn` are deprecated
[INFO] [stderr]   --> src/client.rs:77:25
[INFO] [stderr]    |
[INFO] [stderr] 77 |     let connection: Box<Connection>;
[INFO] [stderr]    |                         ^^^^^^^^^^ help: use `dyn`: `dyn Connection`
[INFO] [stderr]    |
[INFO] [stderr]    = warning: this is accepted in the current edition (Rust 2015) but is a hard error in Rust 2021!
[INFO] [stderr]    = note: for more information, see issue #80165 <https://github.com/rust-lang/rust/issues/80165>
[INFO] [stderr] 
[INFO] [stderr] warning: trait objects without an explicit `dyn` are deprecated
[INFO] [stderr]   --> src/gui.rs:93:19
[INFO] [stderr]    |
[INFO] [stderr] 93 |   models: Vec<Box<Model>>,
[INFO] [stderr]    |                   ^^^^^ help: use `dyn`: `dyn Model`
[INFO] [stderr]    |
[INFO] [stderr]    = warning: this is accepted in the current edition (Rust 2015) but is a hard error in Rust 2021!
[INFO] [stderr]    = note: for more information, see issue #80165 <https://github.com/rust-lang/rust/issues/80165>
[INFO] [stderr] 
[INFO] [stderr] warning: unused variable: `mesh`
[INFO] [stderr]   --> src/model_loader.rs:16:9
[INFO] [stderr]    |
[INFO] [stderr] 16 |     let mesh = &m.mesh;
[INFO] [stderr]    |         ^^^^ help: if this is intentional, prefix it with an underscore: `_mesh`
[INFO] [stderr]    |
[INFO] [stderr]    = note: `#[warn(unused_variables)]` on by default
[INFO] [stderr] 
[INFO] [stderr] warning: variable does not need to be mutable
[INFO] [stderr]    --> src/connection.rs:244:10
[INFO] [stderr]     |
[INFO] [stderr] 244 |       Ok(mut res) => {
[INFO] [stderr]     |          ----^^^
[INFO] [stderr]     |          |
[INFO] [stderr]     |          help: remove this `mut`
[INFO] [stderr]     |
[INFO] [stderr]     = note: `#[warn(unused_mut)]` on by default
[INFO] [stderr] 
[INFO] [stderr] warning: variable does not need to be mutable
[INFO] [stderr]    --> src/gui.rs:320:13
[INFO] [stderr]     |
[INFO] [stderr] 320 |         let mut piece = PieceModel::new(
[INFO] [stderr]     |             ----^^^^^
[INFO] [stderr]     |             |
[INFO] [stderr]     |             help: remove this `mut`
[INFO] [stderr] 
[INFO] [stderr] warning: variable does not need to be mutable
[INFO] [stderr]   --> src/models/board.rs:84:13
[INFO] [stderr]    |
[INFO] [stderr] 84 |         let mut color = match sc % 2 {
[INFO] [stderr]    |             ----^^^^^
[INFO] [stderr]    |             |
[INFO] [stderr]    |             help: remove this `mut`
[INFO] [stderr] 
[INFO] [stderr] warning: field is never read: `zoom`
[INFO] [stderr]   --> src/camera.rs:22:3
[INFO] [stderr]    |
[INFO] [stderr] 22 |   zoom: f32,
[INFO] [stderr]    |   ^^^^^^^^^
[INFO] [stderr]    |
[INFO] [stderr]    = note: `#[warn(dead_code)]` on by default
[INFO] [stderr] 
[INFO] [stderr] warning: `rust_chess` (lib) generated 9 warnings
[INFO] [stderr] warning: unused import: `super::*`
[INFO] [stderr]    --> src/gui.rs:494:7
[INFO] [stderr]     |
[INFO] [stderr] 494 |   use super::*;
[INFO] [stderr]     |       ^^^^^^^^
[INFO] [stderr]     |
[INFO] [stderr]     = note: `#[warn(unused_imports)]` on by default
[INFO] [stderr] 
[INFO] [stderr] warning: unused import: `std::sync::mpsc::channel`
[INFO] [stderr]    --> src/gui.rs:495:7
[INFO] [stderr]     |
[INFO] [stderr] 495 |   use std::sync::mpsc::channel;
[INFO] [stderr]     |       ^^^^^^^^^^^^^^^^^^^^^^^^
[INFO] [stderr] 
[INFO] [stderr] warning: `rust_chess` (lib test) generated 11 warnings (9 duplicates)
[INFO] [stderr]     Finished test [unoptimized + debuginfo] target(s) in 0.10s
[INFO] [stderr]      Running unittests (/opt/rustwide/target/debug/deps/rust_chess-7c22a50c6938cffd)
[INFO] [stdout] 
[INFO] [stdout] running 5 tests
[INFO] [stdout] test board::tests::test_board_position_to_notation ... ok
[INFO] [stdout] test models::piece::tests::test_inverse_mapper ... ok
[INFO] [stdout] test gui::tests::test_window_functions ... ok
[INFO] [stdout] test client::test::test_messages ... ok
[INFO] [stderr] error: test failed, to rerun pass '--lib'
[INFO] [stdout] test game::test::test_save_load ... FAILED
[INFO] [stdout] 
[INFO] [stdout] failures:
[INFO] [stdout] 
[INFO] [stdout] ---- game::test::test_save_load stdout ----
[INFO] [stdout] [37mP[0m W
[INFO] [stdout] thread 'game::test::test_save_load' panicked at 'Read-only file system (os error 30)', src/game.rs:109:19
[INFO] [stdout] stack backtrace:
[INFO] [stdout]    0:     0x563230937490 - std::backtrace_rs::backtrace::libunwind::trace::hff4d1766e93f64f1
[INFO] [stdout]                                at /rustc/53fd98ca776cb875bc9e5514f56b52eb74f9e7a9/library/std/src/../../backtrace/src/backtrace/libunwind.rs:90:5
[INFO] [stdout]    1:     0x563230937490 - std::backtrace_rs::backtrace::trace_unsynchronized::h56bbc8eb78770bcb
[INFO] [stdout]                                at /rustc/53fd98ca776cb875bc9e5514f56b52eb74f9e7a9/library/std/src/../../backtrace/src/backtrace/mod.rs:66:5
[INFO] [stdout]    2:     0x563230937490 - std::sys_common::backtrace::_print_fmt::h5c8e75464faca780
[INFO] [stdout]                                at /rustc/53fd98ca776cb875bc9e5514f56b52eb74f9e7a9/library/std/src/sys_common/backtrace.rs:67:5
[INFO] [stdout]    3:     0x563230937490 - <std::sys_common::backtrace::_print::DisplayBacktrace as core::fmt::Display>::fmt::h48b88277def8b362
[INFO] [stdout]                                at /rustc/53fd98ca776cb875bc9e5514f56b52eb74f9e7a9/library/std/src/sys_common/backtrace.rs:46:22
[INFO] [stdout]    4:     0x56323095ac2c - core::fmt::write::h3381b3176fe2b3d3
[INFO] [stdout]                                at /rustc/53fd98ca776cb875bc9e5514f56b52eb74f9e7a9/library/core/src/fmt/mod.rs:1115:17
[INFO] [stdout]    5:     0x563230930565 - std::io::Write::write_fmt::h5f34a676f60246b5
[INFO] [stdout]                                at /rustc/53fd98ca776cb875bc9e5514f56b52eb74f9e7a9/library/std/src/io/mod.rs:1665:15
[INFO] [stdout]    6:     0x56323093965b - std::sys_common::backtrace::_print::ha537687d6c17dd0d
[INFO] [stdout]                                at /rustc/53fd98ca776cb875bc9e5514f56b52eb74f9e7a9/library/std/src/sys_common/backtrace.rs:49:5
[INFO] [stdout]    7:     0x56323093965b - std::sys_common::backtrace::print::h61376ae57d131d72
[INFO] [stdout]                                at /rustc/53fd98ca776cb875bc9e5514f56b52eb74f9e7a9/library/std/src/sys_common/backtrace.rs:36:9
[INFO] [stdout]    8:     0x56323093965b - std::panicking::default_hook::{{closure}}::h0f7208c0b9644a54
[INFO] [stdout]                                at /rustc/53fd98ca776cb875bc9e5514f56b52eb74f9e7a9/library/std/src/panicking.rs:208:50
[INFO] [stdout]    9:     0x56323093916c - std::panicking::default_hook::hdac7fc06578c14ce
[INFO] [stdout]                                at /rustc/53fd98ca776cb875bc9e5514f56b52eb74f9e7a9/library/std/src/panicking.rs:222:9
[INFO] [stdout]   10:     0x563230939d24 - std::panicking::rust_panic_with_hook::h72b21c283da3d1ef
[INFO] [stdout]                                at /rustc/53fd98ca776cb875bc9e5514f56b52eb74f9e7a9/library/std/src/panicking.rs:622:17
[INFO] [stdout]   11:     0x563230939807 - std::panicking::begin_panic_handler::{{closure}}::he5778f1729cff84a
[INFO] [stdout]                                at /rustc/53fd98ca776cb875bc9e5514f56b52eb74f9e7a9/library/std/src/panicking.rs:519:13
[INFO] [stdout]   12:     0x56323093796c - std::sys_common::backtrace::__rust_end_short_backtrace::h2d11ca8b453b4b1d
[INFO] [stdout]                                at /rustc/53fd98ca776cb875bc9e5514f56b52eb74f9e7a9/library/std/src/sys_common/backtrace.rs:141:18
[INFO] [stdout]   13:     0x563230939769 - rust_begin_unwind
[INFO] [stdout]                                at /rustc/53fd98ca776cb875bc9e5514f56b52eb74f9e7a9/library/std/src/panicking.rs:515:5
[INFO] [stdout]   14:     0x5632303a5dcb - std::panicking::begin_panic_fmt::h746518bde832d259
[INFO] [stdout]                                at /rustc/53fd98ca776cb875bc9e5514f56b52eb74f9e7a9/library/std/src/panicking.rs:457:5
[INFO] [stdout]   15:     0x5632303c5360 - rust_chess::game::Game::save::hc6e0b86976d73cc2
[INFO] [stdout]                                at /opt/rustwide/workdir/src/game.rs:109:19
[INFO] [stdout]   16:     0x5632303c415e - rust_chess::game::test::test_save_load::hb4054d3336c8e87a
[INFO] [stdout]                                at /opt/rustwide/workdir/src/game.rs:394:13
[INFO] [stdout]   17:     0x5632303c40fa - rust_chess::game::test::test_save_load::{{closure}}::h00b635c874b43f03
[INFO] [stdout]                                at /opt/rustwide/workdir/src/game.rs:389:3
[INFO] [stdout]   18:     0x5632303d0e2e - core::ops::function::FnOnce::call_once::ha11802171e991f3a
[INFO] [stdout]                                at /rustc/53fd98ca776cb875bc9e5514f56b52eb74f9e7a9/library/core/src/ops/function.rs:227:5
[INFO] [stdout]   19:     0x56323040f2b3 - core::ops::function::FnOnce::call_once::hbb52c4519d3137b0
[INFO] [stdout]                                at /rustc/53fd98ca776cb875bc9e5514f56b52eb74f9e7a9/library/core/src/ops/function.rs:227:5
[INFO] [stdout]   20:     0x56323040f2b3 - test::__rust_begin_short_backtrace::h86fe3a2a5a5121af
[INFO] [stdout]                                at /rustc/53fd98ca776cb875bc9e5514f56b52eb74f9e7a9/library/test/src/lib.rs:578:5
[INFO] [stdout]   21:     0x56323040dd68 - <alloc::boxed::Box<F,A> as core::ops::function::FnOnce<Args>>::call_once::hfd956bc3d57399be
[INFO] [stdout]                                at /rustc/53fd98ca776cb875bc9e5514f56b52eb74f9e7a9/library/alloc/src/boxed.rs:1572:9
[INFO] [stdout]   22:     0x56323040dd68 - <std::panic::AssertUnwindSafe<F> as core::ops::function::FnOnce<()>>::call_once::h40dc93e0ddb5938a
[INFO] [stdout]                                at /rustc/53fd98ca776cb875bc9e5514f56b52eb74f9e7a9/library/std/src/panic.rs:347:9
[INFO] [stdout]   23:     0x56323040dd68 - std::panicking::try::do_call::h90d07750cb47c562
[INFO] [stdout]                                at /rustc/53fd98ca776cb875bc9e5514f56b52eb74f9e7a9/library/std/src/panicking.rs:401:40
[INFO] [stdout]   24:     0x56323040dd68 - std::panicking::try::h063c84733ad2a629
[INFO] [stdout]                                at /rustc/53fd98ca776cb875bc9e5514f56b52eb74f9e7a9/library/std/src/panicking.rs:365:19
[INFO] [stdout]   25:     0x56323040dd68 - std::panic::catch_unwind::h0c464836a84e7c08
[INFO] [stdout]                                at /rustc/53fd98ca776cb875bc9e5514f56b52eb74f9e7a9/library/std/src/panic.rs:434:14
[INFO] [stdout]   26:     0x56323040dd68 - test::run_test_in_process::h5cb06ef620b157fc
[INFO] [stdout]                                at /rustc/53fd98ca776cb875bc9e5514f56b52eb74f9e7a9/library/test/src/lib.rs:601:18
[INFO] [stdout]   27:     0x56323040dd68 - test::run_test::run_test_inner::{{closure}}::h76f677f4b93f9828
[INFO] [stdout]                                at /rustc/53fd98ca776cb875bc9e5514f56b52eb74f9e7a9/library/test/src/lib.rs:493:39
[INFO] [stdout]   28:     0x5632303dc4fd - test::run_test::run_test_inner::{{closure}}::h366d01fe04f4d67a
[INFO] [stdout]                                at /rustc/53fd98ca776cb875bc9e5514f56b52eb74f9e7a9/library/test/src/lib.rs:520:37
[INFO] [stdout]   29:     0x5632303dc4fd - std::sys_common::backtrace::__rust_begin_short_backtrace::h7dfa0de4eb395af2
[INFO] [stdout]                                at /rustc/53fd98ca776cb875bc9e5514f56b52eb74f9e7a9/library/std/src/sys_common/backtrace.rs:125:18
[INFO] [stdout]   30:     0x5632303e0cc8 - std::thread::Builder::spawn_unchecked::{{closure}}::{{closure}}::hf0a74bb58798037f
[INFO] [stdout]                                at /rustc/53fd98ca776cb875bc9e5514f56b52eb74f9e7a9/library/std/src/thread/mod.rs:476:17
[INFO] [stdout]   31:     0x5632303e0cc8 - <std::panic::AssertUnwindSafe<F> as core::ops::function::FnOnce<()>>::call_once::hb024e854818586ac
[INFO] [stdout]                                at /rustc/53fd98ca776cb875bc9e5514f56b52eb74f9e7a9/library/std/src/panic.rs:347:9
[INFO] [stdout]   32:     0x5632303e0cc8 - std::panicking::try::do_call::hb2dd9f1d0d48e41d
[INFO] [stdout]                                at /rustc/53fd98ca776cb875bc9e5514f56b52eb74f9e7a9/library/std/src/panicking.rs:401:40
[INFO] [stdout]   33:     0x5632303e0cc8 - std::panicking::try::h4717ae7bac8b2bf3
[INFO] [stdout]                                at /rustc/53fd98ca776cb875bc9e5514f56b52eb74f9e7a9/library/std/src/panicking.rs:365:19
[INFO] [stdout]   34:     0x5632303e0cc8 - std::panic::catch_unwind::h0dc8a061326ce8d8
[INFO] [stdout]                                at /rustc/53fd98ca776cb875bc9e5514f56b52eb74f9e7a9/library/std/src/panic.rs:434:14
[INFO] [stdout]   35:     0x5632303e0cc8 - std::thread::Builder::spawn_unchecked::{{closure}}::haa369e2d6fd00aa1
[INFO] [stdout]                                at /rustc/53fd98ca776cb875bc9e5514f56b52eb74f9e7a9/library/std/src/thread/mod.rs:475:30
[INFO] [stdout]   36:     0x5632303e0cc8 - core::ops::function::FnOnce::call_once{{vtable.shim}}::h36dcf3de8b056f17
[INFO] [stdout]                                at /rustc/53fd98ca776cb875bc9e5514f56b52eb74f9e7a9/library/core/src/ops/function.rs:227:5
[INFO] [stdout]   37:     0x56323093f267 - <alloc::boxed::Box<F,A> as core::ops::function::FnOnce<Args>>::call_once::h65c29e4642be2358
[INFO] [stdout]                                at /rustc/53fd98ca776cb875bc9e5514f56b52eb74f9e7a9/library/alloc/src/boxed.rs:1572:9
[INFO] [stdout]   38:     0x56323093f267 - <alloc::boxed::Box<F,A> as core::ops::function::FnOnce<Args>>::call_once::hd0f8f7fbbd9fffbf
[INFO] [stdout]                                at /rustc/53fd98ca776cb875bc9e5514f56b52eb74f9e7a9/library/alloc/src/boxed.rs:1572:9
[INFO] [stdout]   39:     0x56323093f267 - std::sys::unix::thread::Thread::new::thread_start::h2fd22fee3ca77b65
[INFO] [stdout]                                at /rustc/53fd98ca776cb875bc9e5514f56b52eb74f9e7a9/library/std/src/sys/unix/thread.rs:74:17
[INFO] [stdout]   40:     0x7f56507ec609 - start_thread
[INFO] [stdout]   41:     0x7f56505bc293 - clone
[INFO] [stdout]   42:                0x0 - <unknown>
[INFO] [stdout] 
[INFO] [stdout] 
[INFO] [stdout] failures:
[INFO] [stdout]     game::test::test_save_load
[INFO] [stdout] 
[INFO] [stdout] test result: FAILED. 4 passed; 1 failed; 0 ignored; 0 measured; 0 filtered out; finished in 0.11s
[INFO] [stdout] 
[INFO] running `Command { std: "docker" "inspect" "f62f61f6c860caa546ca74548ca0862f06a7fcd928b4014007811b0c7850dea2", kill_on_drop: false }`
[INFO] running `Command { std: "docker" "rm" "-f" "f62f61f6c860caa546ca74548ca0862f06a7fcd928b4014007811b0c7850dea2", kill_on_drop: false }`
[INFO] [stdout] f62f61f6c860caa546ca74548ca0862f06a7fcd928b4014007811b0c7850dea2
