[INFO] cloning repository https://github.com/lenscas/tealr
[INFO] running `Command { std: "git" "-c" "credential.helper=" "-c" "credential.helper=/workspace/cargo-home/bin/git-credential-null" "clone" "--bare" "https://github.com/lenscas/tealr" "/workspace/cache/git-repos/https%3A%2F%2Fgithub.com%2Flenscas%2Ftealr", kill_on_drop: false }`
[INFO] [stderr] Cloning into bare repository '/workspace/cache/git-repos/https%3A%2F%2Fgithub.com%2Flenscas%2Ftealr'...
[INFO] running `Command { std: "git" "rev-parse" "HEAD", kill_on_drop: false }`
[INFO] [stdout] 00684ddd52c1252f04c6ab5e620ac9f423ca8e65
[INFO] testing lenscas/tealr against beta-2021-08-01 for beta-1.55-1
[INFO] running `Command { std: "git" "clone" "/workspace/cache/git-repos/https%3A%2F%2Fgithub.com%2Flenscas%2Ftealr" "/workspace/builds/worker-14/source", kill_on_drop: false }`
[INFO] [stderr] Cloning into '/workspace/builds/worker-14/source'...
[INFO] [stderr] done.
[INFO] validating manifest of git repo https://github.com/lenscas/tealr on toolchain beta-2021-08-01
[INFO] running `Command { std: "/workspace/cargo-home/bin/cargo" "+beta-2021-08-01" "metadata" "--manifest-path" "Cargo.toml" "--no-deps", kill_on_drop: false }`
[INFO] started tweaking git repo https://github.com/lenscas/tealr
[INFO] finished tweaking git repo https://github.com/lenscas/tealr
[INFO] tweaked toml for git repo https://github.com/lenscas/tealr written to /workspace/builds/worker-14/source/Cargo.toml
[INFO] crate git repo https://github.com/lenscas/tealr already has a lockfile, it will not be regenerated
[INFO] running `Command { std: "/workspace/cargo-home/bin/cargo" "+beta-2021-08-01" "fetch" "--manifest-path" "Cargo.toml", kill_on_drop: false }`
[INFO] [stderr]     Blocking waiting for file lock on package cache
[INFO] [stderr]  Downloading crates ...
[INFO] [stderr]   Downloaded standback v0.2.14
[INFO] [stderr]   Downloaded erased-serde v0.3.16
[INFO] [stderr]   Downloaded mlua_derive v0.6.0
[INFO] [stderr]   Downloaded zip v0.5.9
[INFO] [stderr]   Downloaded mlua v0.6.2
[INFO] [stderr]   Downloaded lua-src v543.0.0
[INFO] [stderr]   Downloaded luajit-src v210.1.3+restyfe08842
[INFO] running `Command { std: "docker" "create" "-v" "/var/lib/crater-agent-workspace/builds/worker-14/target:/opt/rustwide/target:rw,Z" "-v" "/var/lib/crater-agent-workspace/builds/worker-14/source:/opt/rustwide/workdir:ro,Z" "-v" "/var/lib/crater-agent-workspace/cargo-home:/opt/rustwide/cargo-home:ro,Z" "-v" "/var/lib/crater-agent-workspace/rustup-home:/opt/rustwide/rustup-home:ro,Z" "-e" "SOURCE_DIR=/opt/rustwide/workdir" "-e" "CARGO_TARGET_DIR=/opt/rustwide/target" "-e" "CARGO_HOME=/opt/rustwide/cargo-home" "-e" "RUSTUP_HOME=/opt/rustwide/rustup-home" "-w" "/opt/rustwide/workdir" "-m" "1610612736" "--user" "0:0" "--network" "none" "ghcr.io/rust-lang/crates-build-env/linux@sha256:34b6a614d2c27851fe6cbf88fbd1137609cefab8b10d0615aaeb6fd47975d74e" "/opt/rustwide/cargo-home/bin/cargo" "+beta-2021-08-01" "metadata" "--no-deps" "--format-version=1", kill_on_drop: false }`
[INFO] [stdout] 6f56f26b70cfe1e11037245266fa3913dd0bc9d2197404d42941b02e19333098
[INFO] running `Command { std: "docker" "start" "-a" "6f56f26b70cfe1e11037245266fa3913dd0bc9d2197404d42941b02e19333098", kill_on_drop: false }`
[INFO] running `Command { std: "docker" "inspect" "6f56f26b70cfe1e11037245266fa3913dd0bc9d2197404d42941b02e19333098", kill_on_drop: false }`
[INFO] running `Command { std: "docker" "rm" "-f" "6f56f26b70cfe1e11037245266fa3913dd0bc9d2197404d42941b02e19333098", kill_on_drop: false }`
[INFO] [stdout] 6f56f26b70cfe1e11037245266fa3913dd0bc9d2197404d42941b02e19333098
[INFO] running `Command { std: "docker" "create" "-v" "/var/lib/crater-agent-workspace/builds/worker-14/target:/opt/rustwide/target:rw,Z" "-v" "/var/lib/crater-agent-workspace/builds/worker-14/source:/opt/rustwide/workdir:ro,Z" "-v" "/var/lib/crater-agent-workspace/cargo-home:/opt/rustwide/cargo-home:ro,Z" "-v" "/var/lib/crater-agent-workspace/rustup-home:/opt/rustwide/rustup-home:ro,Z" "-e" "SOURCE_DIR=/opt/rustwide/workdir" "-e" "CARGO_TARGET_DIR=/opt/rustwide/target" "-e" "CARGO_INCREMENTAL=0" "-e" "RUST_BACKTRACE=full" "-e" "RUSTFLAGS=--cap-lints=warn" "-e" "CARGO_HOME=/opt/rustwide/cargo-home" "-e" "RUSTUP_HOME=/opt/rustwide/rustup-home" "-w" "/opt/rustwide/workdir" "-m" "1610612736" "--user" "0:0" "--network" "none" "ghcr.io/rust-lang/crates-build-env/linux@sha256:34b6a614d2c27851fe6cbf88fbd1137609cefab8b10d0615aaeb6fd47975d74e" "/opt/rustwide/cargo-home/bin/cargo" "+beta-2021-08-01" "build" "--frozen" "--message-format=json", kill_on_drop: false }`
[INFO] [stdout] b0506b51a16eea5029c56874ea75263336de30752a4a690e8093dee6e18c1391
[INFO] running `Command { std: "docker" "start" "-a" "b0506b51a16eea5029c56874ea75263336de30752a4a690e8093dee6e18c1391", kill_on_drop: false }`
[INFO] [stderr]    Compiling libc v0.2.84
[INFO] [stderr]    Compiling syn v1.0.60
[INFO] [stderr]    Compiling cc v1.0.66
[INFO] [stderr]    Compiling spin v0.5.2
[INFO] [stderr]    Compiling untrusted v0.7.1
[INFO] [stderr]    Compiling once_cell v1.5.2
[INFO] [stderr]    Compiling getrandom v0.2.2
[INFO] [stderr]    Compiling serde v1.0.123
[INFO] [stderr]    Compiling serde_json v1.0.61
[INFO] [stderr]    Compiling crc32fast v1.2.1
[INFO] [stderr]    Compiling regex-syntax v0.6.22
[INFO] [stderr]    Compiling adler32 v1.2.0
[INFO] [stderr]    Compiling itoa v0.4.7
[INFO] [stderr]    Compiling memchr v2.3.4
[INFO] [stderr]    Compiling chunked_transfer v1.3.0
[INFO] [stderr]    Compiling remove_dir_all v0.5.3
[INFO] [stderr]    Compiling byteorder v1.4.2
[INFO] [stderr]    Compiling standback v0.2.14
[INFO] [stderr]    Compiling tinyvec v1.1.1
[INFO] [stderr]    Compiling time v0.2.25
[INFO] [stderr]    Compiling form_urlencoded v1.0.0
[INFO] [stderr]    Compiling cookie v0.14.3
[INFO] [stderr]    Compiling qstring v0.7.2
[INFO] [stderr]    Compiling quote v1.0.8
[INFO] [stderr]    Compiling miniz_oxide v0.3.7
[INFO] [stderr]    Compiling bstr v0.2.14
[INFO] [stderr]    Compiling unicode-normalization v0.1.16
[INFO] [stderr]    Compiling ring v0.16.19
[INFO] [stderr]    Compiling bzip2-sys v0.1.9+1.0.8
[INFO] [stderr]    Compiling regex v1.4.3
[INFO] [stderr]    Compiling time v0.1.43
[INFO] [stderr]    Compiling flate2 v1.0.14
[INFO] [stderr]    Compiling idna v0.2.0
[INFO] [stderr]    Compiling rand_core v0.6.1
[INFO] [stderr]    Compiling rand_chacha v0.3.0
[INFO] [stderr]    Compiling bzip2 v0.3.3
[INFO] [stderr]    Compiling rand v0.8.3
[INFO] [stderr]    Compiling url v2.2.0
[INFO] [stderr]    Compiling publicsuffix v1.5.4
[INFO] [stderr]    Compiling tempfile v3.2.0
[INFO] [stderr]    Compiling webpki v0.21.4
[INFO] [stderr]    Compiling sct v0.6.0
[INFO] [stderr]    Compiling rustls v0.19.0
[INFO] [stderr]    Compiling webpki-roots v0.21.0
[INFO] [stderr]    Compiling time-macros-impl v0.1.1
[INFO] [stderr]    Compiling serde_derive v1.0.123
[INFO] [stderr]    Compiling thiserror-impl v1.0.23
[INFO] [stderr]    Compiling time-macros v0.1.1
[INFO] [stderr]    Compiling thiserror v1.0.23
[INFO] [stderr]    Compiling zip v0.5.9
[INFO] [stderr]    Compiling cookie_store v0.12.0
[INFO] [stderr]    Compiling ureq v1.5.4
[INFO] [stderr]    Compiling tealr_derive v0.6.0-preview1 (/opt/rustwide/workdir/tealr_derive)
[INFO] [stderr]    Compiling tealr v0.6.0-preview3 (/opt/rustwide/workdir/tealr)
[INFO] [stderr]     Finished dev [unoptimized + debuginfo] target(s) in 54.88s
[INFO] running `Command { std: "docker" "inspect" "b0506b51a16eea5029c56874ea75263336de30752a4a690e8093dee6e18c1391", kill_on_drop: false }`
[INFO] running `Command { std: "docker" "rm" "-f" "b0506b51a16eea5029c56874ea75263336de30752a4a690e8093dee6e18c1391", kill_on_drop: false }`
[INFO] [stdout] b0506b51a16eea5029c56874ea75263336de30752a4a690e8093dee6e18c1391
[INFO] running `Command { std: "docker" "create" "-v" "/var/lib/crater-agent-workspace/builds/worker-14/target:/opt/rustwide/target:rw,Z" "-v" "/var/lib/crater-agent-workspace/builds/worker-14/source:/opt/rustwide/workdir:ro,Z" "-v" "/var/lib/crater-agent-workspace/cargo-home:/opt/rustwide/cargo-home:ro,Z" "-v" "/var/lib/crater-agent-workspace/rustup-home:/opt/rustwide/rustup-home:ro,Z" "-e" "SOURCE_DIR=/opt/rustwide/workdir" "-e" "CARGO_TARGET_DIR=/opt/rustwide/target" "-e" "CARGO_INCREMENTAL=0" "-e" "RUST_BACKTRACE=full" "-e" "RUSTFLAGS=--cap-lints=warn" "-e" "CARGO_HOME=/opt/rustwide/cargo-home" "-e" "RUSTUP_HOME=/opt/rustwide/rustup-home" "-w" "/opt/rustwide/workdir" "-m" "1610612736" "--user" "0:0" "--network" "none" "ghcr.io/rust-lang/crates-build-env/linux@sha256:34b6a614d2c27851fe6cbf88fbd1137609cefab8b10d0615aaeb6fd47975d74e" "/opt/rustwide/cargo-home/bin/cargo" "+beta-2021-08-01" "test" "--frozen" "--no-run" "--message-format=json", kill_on_drop: false }`
[INFO] [stdout] a3603241fabd64abfb05379fdfef6c08fcd808a1eaf4f226b4b9e365b6ab6da4
[INFO] running `Command { std: "docker" "start" "-a" "a3603241fabd64abfb05379fdfef6c08fcd808a1eaf4f226b4b9e365b6ab6da4", kill_on_drop: false }`
[INFO] [stderr]    Compiling tealr_derive v0.6.0-preview1 (/opt/rustwide/workdir/tealr_derive)
[INFO] [stderr]    Compiling tealr v0.6.0-preview3 (/opt/rustwide/workdir/tealr)
[INFO] [stderr]     Finished test [unoptimized + debuginfo] target(s) in 1.04s
[INFO] running `Command { std: "docker" "inspect" "a3603241fabd64abfb05379fdfef6c08fcd808a1eaf4f226b4b9e365b6ab6da4", kill_on_drop: false }`
[INFO] running `Command { std: "docker" "rm" "-f" "a3603241fabd64abfb05379fdfef6c08fcd808a1eaf4f226b4b9e365b6ab6da4", kill_on_drop: false }`
[INFO] [stdout] a3603241fabd64abfb05379fdfef6c08fcd808a1eaf4f226b4b9e365b6ab6da4
[INFO] running `Command { std: "docker" "create" "-v" "/var/lib/crater-agent-workspace/builds/worker-14/target:/opt/rustwide/target:rw,Z" "-v" "/var/lib/crater-agent-workspace/builds/worker-14/source:/opt/rustwide/workdir:ro,Z" "-v" "/var/lib/crater-agent-workspace/cargo-home:/opt/rustwide/cargo-home:ro,Z" "-v" "/var/lib/crater-agent-workspace/rustup-home:/opt/rustwide/rustup-home:ro,Z" "-e" "SOURCE_DIR=/opt/rustwide/workdir" "-e" "CARGO_TARGET_DIR=/opt/rustwide/target" "-e" "CARGO_INCREMENTAL=0" "-e" "RUST_BACKTRACE=full" "-e" "RUSTFLAGS=--cap-lints=warn" "-e" "CARGO_HOME=/opt/rustwide/cargo-home" "-e" "RUSTUP_HOME=/opt/rustwide/rustup-home" "-w" "/opt/rustwide/workdir" "-m" "1610612736" "--user" "0:0" "--network" "none" "ghcr.io/rust-lang/crates-build-env/linux@sha256:34b6a614d2c27851fe6cbf88fbd1137609cefab8b10d0615aaeb6fd47975d74e" "/opt/rustwide/cargo-home/bin/cargo" "+beta-2021-08-01" "test" "--frozen", kill_on_drop: false }`
[INFO] [stdout] ab693c75f988b2e6242e2484936f695d1466a8a67fe50d4d328087363a5b6b4a
[INFO] running `Command { std: "docker" "start" "-a" "ab693c75f988b2e6242e2484936f695d1466a8a67fe50d4d328087363a5b6b4a", kill_on_drop: false }`
[INFO] [stderr]     Finished test [unoptimized + debuginfo] target(s) in 0.13s
[INFO] [stderr]      Running unittests (/opt/rustwide/target/debug/deps/tealr-75f471e38065cf6e)
[INFO] [stdout] 
[INFO] [stdout] running 0 tests
[INFO] [stdout] 
[INFO] [stdout] test result: ok. 0 passed; 0 failed; 0 ignored; 0 measured; 0 filtered out; finished in 0.00s
[INFO] [stdout] 
[INFO] [stderr]      Running unittests (/opt/rustwide/target/debug/deps/tealr_derive-b3672971d66558a9)
[INFO] [stdout] 
[INFO] [stdout] running 0 tests
[INFO] [stdout] 
[INFO] [stdout] test result: ok. 0 passed; 0 failed; 0 ignored; 0 measured; 0 filtered out; finished in 0.00s
[INFO] [stdout] 
[INFO] [stderr]    Doc-tests tealr
[INFO] [stdout] 
[INFO] [stdout] running 10 tests
[INFO] [stdout] test src/lib.rs - (line 15) ... ignored
[INFO] [stdout] test src/lib.rs - (line 36) ... ignored
[INFO] [stdout] test src/type_walker.rs - type_walker::TypeWalker::generate (line 26) ... ignored
[INFO] [stdout] test src/type_walker.rs - type_walker::TypeWalker::generate_global (line 63) ... ignored
[INFO] [stdout] test src/type_walker.rs - type_walker::TypeWalker::generate_local (line 84) ... ignored
[INFO] [stdout] test src/lib.rs - (line 54) ... FAILED
[INFO] [stdout] "/opt/rustwide/workdir/tealr"
[INFO] [stdout] test src/lib.rs - (line 97) - compile ... FAILED
[INFO] [stdout] test src/lib.rs - (line 73) ... FAILED
[INFO] [stdout] test src/lib.rs - (line 80) - compile ... FAILED
[INFO] [stdout] test src/teal_multivalue.rs - teal_multivalue::TealType::from (line 16) ... ok
[INFO] [stdout] 
[INFO] [stdout] failures:
[INFO] [stdout] 
[INFO] [stdout] ---- src/lib.rs - (line 54) stdout ----
[INFO] [stdout] error[E0405]: cannot find trait `TealData` in this scope
[INFO] [stdout]   --> src/lib.rs:63:6
[INFO] [stdout]    |
[INFO] [stdout] 12 | impl TealData for Example {};
[INFO] [stdout]    |      ^^^^^^^^ not found in this scope
[INFO] [stdout] 
[INFO] [stdout] error: aborting due to previous error
[INFO] [stdout] 
[INFO] [stdout] For more information about this error, try `rustc --explain E0405`.
[INFO] [stdout] Couldn't compile the test.
[INFO] [stdout] ---- src/lib.rs - (line 97) stdout ----
[INFO] [stdout] error[E0308]: mismatched types
[INFO] [stdout]  --> src/lib.rs:97:76
[INFO] [stdout]   |
[INFO] [stdout] 3 | fn main() { #[allow(non_snake_case)] fn _doctest_main_src_lib_rs_97_0() -> Result<(), impl core::fmt::Debug> {
[INFO] [stdout]   |                                         -----------------------------      ^^^^^^^^^^^^^^^^^^^^^^^^^^^^^^^^^ expected enum `Result`, found `()`
[INFO] [stdout]   |                                         |
[INFO] [stdout]   |                                         implicitly returns `()` as its body has no tail or `return` expression
[INFO] [stdout]   |
[INFO] [stdout]   = note:   expected enum `Result<(), _>`
[INFO] [stdout]           found unit type `()`
[INFO] [stdout] 
[INFO] [stdout] error: aborting due to previous error
[INFO] [stdout] 
[INFO] [stdout] For more information about this error, try `rustc --explain E0308`.
[INFO] [stdout] Couldn't compile the test.
[INFO] [stdout] ---- src/lib.rs - (line 73) stdout ----
[INFO] [stdout] error: proc macro panicked
[INFO] [stdout]  --> src/lib.rs:75:12
[INFO] [stdout]   |
[INFO] [stdout] 5 | let code = compile_inline_teal!("local x : number = 5 return x");
[INFO] [stdout]   |            ^^^^^^^^^^^^^^^^^^^^^^^^^^^^^^^^^^^^^^^^^^^^^^^^^^^^^
[INFO] [stdout]   |
[INFO] [stdout]   = help: message: Could not run `tl check`. Make sure it is available in the path: Os { code: 2, kind: NotFound, message: "No such file or directory" }
[INFO] [stdout] 
[INFO] [stdout] error: aborting due to previous error
[INFO] [stdout] 
[INFO] [stdout] Couldn't compile the test.
[INFO] [stdout] ---- src/lib.rs - (line 80) stdout ----
[INFO] [stdout] error[E0308]: mismatched types
[INFO] [stdout]  --> src/lib.rs:80:76
[INFO] [stdout]   |
[INFO] [stdout] 3 | fn main() { #[allow(non_snake_case)] fn _doctest_main_src_lib_rs_80_0() -> Result<(), impl core::fmt::Debug> {
[INFO] [stdout]   |                                         -----------------------------      ^^^^^^^^^^^^^^^^^^^^^^^^^^^^^^^^^ expected enum `Result`, found `()`
[INFO] [stdout]   |                                         |
[INFO] [stdout]   |                                         implicitly returns `()` as its body has no tail or `return` expression
[INFO] [stdout]   |
[INFO] [stdout]   = note:   expected enum `Result<(), _>`
[INFO] [stdout]           found unit type `()`
[INFO] [stdout] 
[INFO] [stdout] error: aborting due to previous error
[INFO] [stdout] 
[INFO] [stdout] For more information about this error, try `rustc --explain E0308`.
[INFO] [stdout] Couldn't compile the test.
[INFO] [stdout] 
[INFO] [stdout] failures:
[INFO] [stdout]     src/lib.rs - (line 54)
[INFO] [stdout]     src/lib.rs - (line 73)
[INFO] [stdout]     src/lib.rs - (line 80)
[INFO] [stdout]     src/lib.rs - (line 97)
[INFO] [stdout] 
[INFO] [stdout] test result: FAILED. 1 passed; 4 failed; 5 ignored; 0 measured; 0 filtered out; finished in 0.64s
[INFO] [stdout] 
[INFO] [stderr] error: test failed, to rerun pass '--doc'
[INFO] running `Command { std: "docker" "inspect" "ab693c75f988b2e6242e2484936f695d1466a8a67fe50d4d328087363a5b6b4a", kill_on_drop: false }`
[INFO] running `Command { std: "docker" "rm" "-f" "ab693c75f988b2e6242e2484936f695d1466a8a67fe50d4d328087363a5b6b4a", kill_on_drop: false }`
[INFO] [stdout] ab693c75f988b2e6242e2484936f695d1466a8a67fe50d4d328087363a5b6b4a
