[INFO] cloning repository https://github.com/lawliet89/nomad_drain
[INFO] running `Command { std: "git" "-c" "credential.helper=" "-c" "credential.helper=/workspace/cargo-home/bin/git-credential-null" "clone" "--bare" "https://github.com/lawliet89/nomad_drain" "/workspace/cache/git-repos/https%3A%2F%2Fgithub.com%2Flawliet89%2Fnomad_drain", kill_on_drop: false }`
[INFO] [stderr] Cloning into bare repository '/workspace/cache/git-repos/https%3A%2F%2Fgithub.com%2Flawliet89%2Fnomad_drain'...
[INFO] running `Command { std: "git" "rev-parse" "HEAD", kill_on_drop: false }`
[INFO] [stdout] d438205e30ab9a0b1fd42232b9b2e9cf8c04d6e7
[INFO] testing lawliet89/nomad_drain against beta-2021-08-01 for beta-1.55-1
[INFO] running `Command { std: "git" "clone" "/workspace/cache/git-repos/https%3A%2F%2Fgithub.com%2Flawliet89%2Fnomad_drain" "/workspace/builds/worker-10/source", kill_on_drop: false }`
[INFO] [stderr] Cloning into '/workspace/builds/worker-10/source'...
[INFO] [stderr] done.
[INFO] validating manifest of git repo https://github.com/lawliet89/nomad_drain on toolchain beta-2021-08-01
[INFO] running `Command { std: "/workspace/cargo-home/bin/cargo" "+beta-2021-08-01" "metadata" "--manifest-path" "Cargo.toml" "--no-deps", kill_on_drop: false }`
[INFO] started tweaking git repo https://github.com/lawliet89/nomad_drain
[INFO] finished tweaking git repo https://github.com/lawliet89/nomad_drain
[INFO] tweaked toml for git repo https://github.com/lawliet89/nomad_drain written to /workspace/builds/worker-10/source/Cargo.toml
[INFO] crate git repo https://github.com/lawliet89/nomad_drain already has a lockfile, it will not be regenerated
[INFO] running `Command { std: "/workspace/cargo-home/bin/cargo" "+beta-2021-08-01" "fetch" "--manifest-path" "Cargo.toml", kill_on_drop: false }`
[INFO] [stderr]     Blocking waiting for file lock on package cache
[INFO] [stderr]  Downloading crates ...
[INFO] [stderr]   Downloaded rusoto_credential v0.15.0
[INFO] [stderr]   Downloaded aws_lambda_events v0.2.0
[INFO] [stderr]   Downloaded lambda_runtime_client v0.1.0
[INFO] [stderr]   Downloaded lambda_runtime v0.1.0
[INFO] [stderr]   Downloaded reqwest v0.9.5
[INFO] [stderr]   Downloaded simple_logger v1.0.1
[INFO] [stderr]   Downloaded rusoto_mock v0.30.0
[INFO] [stderr]   Downloaded backtrace-sys v0.1.26
[INFO] [stderr]   Downloaded arrayvec v0.4.9
[INFO] [stderr]   Downloaded tempfile v3.0.5
[INFO] [stderr]   Downloaded rusoto_autoscaling v0.36.0
[INFO] [stderr]   Downloaded rusoto_sts v0.36.0
[INFO] [stderr]   Downloaded encoding_rs v0.8.13
[INFO] [stderr]   Downloaded cc v1.0.27
[INFO] [stderr]   Downloaded rusoto_core v0.36.0
[INFO] [stderr]   Downloaded envy v0.3.3
[INFO] running `Command { std: "docker" "create" "-v" "/var/lib/crater-agent-workspace/builds/worker-10/target:/opt/rustwide/target:rw,Z" "-v" "/var/lib/crater-agent-workspace/builds/worker-10/source:/opt/rustwide/workdir:ro,Z" "-v" "/var/lib/crater-agent-workspace/cargo-home:/opt/rustwide/cargo-home:ro,Z" "-v" "/var/lib/crater-agent-workspace/rustup-home:/opt/rustwide/rustup-home:ro,Z" "-e" "SOURCE_DIR=/opt/rustwide/workdir" "-e" "CARGO_TARGET_DIR=/opt/rustwide/target" "-e" "CARGO_HOME=/opt/rustwide/cargo-home" "-e" "RUSTUP_HOME=/opt/rustwide/rustup-home" "-w" "/opt/rustwide/workdir" "-m" "1610612736" "--user" "0:0" "--network" "none" "ghcr.io/rust-lang/crates-build-env/linux@sha256:34b6a614d2c27851fe6cbf88fbd1137609cefab8b10d0615aaeb6fd47975d74e" "/opt/rustwide/cargo-home/bin/cargo" "+beta-2021-08-01" "metadata" "--no-deps" "--format-version=1", kill_on_drop: false }`
[INFO] [stdout] af9fb7e259b3249b57e4dcbea662c124c074553c27897beadf78664111b58533
[INFO] running `Command { std: "docker" "start" "-a" "af9fb7e259b3249b57e4dcbea662c124c074553c27897beadf78664111b58533", kill_on_drop: false }`
[INFO] running `Command { std: "docker" "inspect" "af9fb7e259b3249b57e4dcbea662c124c074553c27897beadf78664111b58533", kill_on_drop: false }`
[INFO] running `Command { std: "docker" "rm" "-f" "af9fb7e259b3249b57e4dcbea662c124c074553c27897beadf78664111b58533", kill_on_drop: false }`
[INFO] [stdout] af9fb7e259b3249b57e4dcbea662c124c074553c27897beadf78664111b58533
[INFO] running `Command { std: "docker" "create" "-v" "/var/lib/crater-agent-workspace/builds/worker-10/target:/opt/rustwide/target:rw,Z" "-v" "/var/lib/crater-agent-workspace/builds/worker-10/source:/opt/rustwide/workdir:ro,Z" "-v" "/var/lib/crater-agent-workspace/cargo-home:/opt/rustwide/cargo-home:ro,Z" "-v" "/var/lib/crater-agent-workspace/rustup-home:/opt/rustwide/rustup-home:ro,Z" "-e" "SOURCE_DIR=/opt/rustwide/workdir" "-e" "CARGO_TARGET_DIR=/opt/rustwide/target" "-e" "CARGO_INCREMENTAL=0" "-e" "RUST_BACKTRACE=full" "-e" "RUSTFLAGS=--cap-lints=warn" "-e" "CARGO_HOME=/opt/rustwide/cargo-home" "-e" "RUSTUP_HOME=/opt/rustwide/rustup-home" "-w" "/opt/rustwide/workdir" "-m" "1610612736" "--user" "0:0" "--network" "none" "ghcr.io/rust-lang/crates-build-env/linux@sha256:34b6a614d2c27851fe6cbf88fbd1137609cefab8b10d0615aaeb6fd47975d74e" "/opt/rustwide/cargo-home/bin/cargo" "+beta-2021-08-01" "build" "--frozen" "--message-format=json", kill_on_drop: false }`
[INFO] [stdout] 6f7d8848158c9558805d1e7b0cca9d8e321c27ca9e39937b15425bcf4ea49685
[INFO] running `Command { std: "docker" "start" "-a" "6f7d8848158c9558805d1e7b0cca9d8e321c27ca9e39937b15425bcf4ea49685", kill_on_drop: false }`
[INFO] [stderr]     Blocking waiting for file lock on package cache
[INFO] [stderr]    Compiling libc v0.2.45
[INFO] [stderr]    Compiling cfg-if v0.1.6
[INFO] [stderr]    Compiling proc-macro2 v0.4.24
[INFO] [stderr]    Compiling rand_core v0.3.0
[INFO] [stderr]    Compiling serde v1.0.82
[INFO] [stderr]    Compiling byteorder v1.2.7
[INFO] [stderr]    Compiling futures v0.1.25
[INFO] [stderr]    Compiling lazy_static v1.2.0
[INFO] [stderr]    Compiling cc v1.0.27
[INFO] [stderr]    Compiling slab v0.4.1
[INFO] [stderr]    Compiling arrayvec v0.4.9
[INFO] [stderr]    Compiling itoa v0.4.3
[INFO] [stderr]    Compiling num-traits v0.2.6
[INFO] [stderr]    Compiling httparse v1.3.3
[INFO] [stderr]    Compiling ryu v0.2.7
[INFO] [stderr]    Compiling typenum v1.10.0
[INFO] [stderr]    Compiling string v0.1.2
[INFO] [stderr]    Compiling num-integer v0.1.39
[INFO] [stderr]    Compiling openssl v0.10.16
[INFO] [stderr]    Compiling bitflags v1.0.4
[INFO] [stderr]    Compiling unicode-normalization v0.1.7
[INFO] [stderr]    Compiling regex v1.1.0
[INFO] [stderr]    Compiling native-tls v0.2.2
[INFO] [stderr]    Compiling ucd-util v0.1.3
[INFO] [stderr]    Compiling safemem v0.3.0
[INFO] [stderr]    Compiling utf8-ranges v1.0.2
[INFO] [stderr]    Compiling autocfg v0.1.1
[INFO] [stderr]    Compiling arrayref v0.3.5
[INFO] [stderr]    Compiling dtoa v0.4.3
[INFO] [stderr]    Compiling crc32fast v1.1.2
[INFO] [stderr]    Compiling rustc-demangle v0.1.11
[INFO] [stderr]    Compiling md5 v0.3.8
[INFO] [stderr]    Compiling failure_derive v0.1.3
[INFO] [stderr]    Compiling encoding_rs v0.8.13
[INFO] [stderr]    Compiling adler32 v1.0.3
[INFO] [stderr]    Compiling quick-error v1.2.2
[INFO] [stderr]    Compiling termcolor v1.0.4
[INFO] [stderr]    Compiling unreachable v1.0.0
[INFO] [stderr]    Compiling memchr v2.1.2
[INFO] [stderr]    Compiling unicase v2.2.0
[INFO] [stderr]    Compiling log v0.4.6
[INFO] [stderr]    Compiling crossbeam-utils v0.6.3
[INFO] [stderr]    Compiling base64 v0.9.3
[INFO] [stderr]    Compiling base64 v0.10.0
[INFO] [stderr]    Compiling thread_local v0.3.6
[INFO] [stderr]    Compiling block-buffer v0.3.3
[INFO] [stderr]    Compiling xml-rs v0.7.0
[INFO] [stderr]    Compiling regex-syntax v0.6.4
[INFO] [stderr]    Compiling humantime v1.2.0
[INFO] [stderr]    Compiling rand_core v0.2.2
[INFO] [stderr]    Compiling rand_isaac v0.1.1
[INFO] [stderr]    Compiling rand_xorshift v0.1.0
[INFO] [stderr]    Compiling rand_hc v0.1.0
[INFO] [stderr]    Compiling parking_lot_core v0.3.1
[INFO] [stderr]    Compiling rand_pcg v0.1.1
[INFO] [stderr]    Compiling rand_chacha v0.1.0
[INFO] [stderr]    Compiling rand v0.6.1
[INFO] [stderr]    Compiling rusoto_core v0.36.0
[INFO] [stderr]    Compiling smallvec v0.6.7
[INFO] [stderr]    Compiling phf_shared v0.7.23
[INFO] [stderr]    Compiling backtrace v0.3.13
[INFO] [stderr]    Compiling phf v0.7.23
[INFO] [stderr]    Compiling libflate v0.1.19
[INFO] [stderr]    Compiling quote v0.6.10
[INFO] [stderr]    Compiling iovec v0.1.2
[INFO] [stderr]    Compiling rand v0.5.5
[INFO] [stderr]    Compiling num_cpus v1.9.0
[INFO] [stderr]    Compiling net2 v0.2.33
[INFO] [stderr]    Compiling time v0.1.41
[INFO] [stderr]    Compiling dirs v1.0.4
[INFO] [stderr]    Compiling atty v0.2.11
[INFO] [stderr]    Compiling idna v0.1.5
[INFO] [stderr]    Compiling generic-array v0.9.0
[INFO] [stderr]    Compiling mime v0.3.12
[INFO] [stderr]    Compiling aho-corasick v0.6.9
[INFO] [stderr]    Compiling openssl-sys v0.9.40
[INFO] [stderr]    Compiling backtrace-sys v0.1.26
[INFO] [stderr]    Compiling crossbeam-epoch v0.7.0
[INFO] [stderr]    Compiling mio v0.6.16
[INFO] [stderr]    Compiling syn v0.15.23
[INFO] [stderr]    Compiling digest v0.7.6
[INFO] [stderr]    Compiling crypto-mac v0.5.2
[INFO] [stderr]    Compiling sha2 v0.7.1
[INFO] [stderr]    Compiling hmac v0.5.0
[INFO] [stderr]    Compiling tokio-executor v0.1.5
[INFO] [stderr]    Compiling want v0.0.6
[INFO] [stderr]    Compiling futures-cpupool v0.1.8
[INFO] [stderr]    Compiling url v1.7.2
[INFO] [stderr]    Compiling crossbeam-deque v0.6.3
[INFO] [stderr]    Compiling tokio-current-thread v0.1.4
[INFO] [stderr]    Compiling tokio-timer v0.2.8
[INFO] [stderr]    Compiling mio-uds v0.6.7
[INFO] [stderr]    Compiling tokio-threadpool v0.1.9
[INFO] [stderr]    Compiling phf_generator v0.7.23
[INFO] [stderr]    Compiling uuid v0.7.1
[INFO] [stderr]    Compiling phf_codegen v0.7.23
[INFO] [stderr]    Compiling parking_lot v0.6.4
[INFO] [stderr]    Compiling mime_guess v2.0.0-alpha.6
[INFO] [stderr]    Compiling synstructure v0.10.1
[INFO] [stderr]    Compiling env_logger v0.6.0
[INFO] [stderr]    Compiling serde_derive v1.0.82
[INFO] [stderr]    Compiling failure v0.1.3
[INFO] [stderr]    Compiling bytes v0.4.11
[INFO] [stderr]    Compiling serde_json v1.0.33
[INFO] [stderr]    Compiling chrono v0.4.6
[INFO] [stderr]    Compiling serde_urlencoded v0.5.4
[INFO] [stderr]    Compiling envy v0.3.3
[INFO] [stderr]    Compiling tokio-io v0.1.10
[INFO] [stderr]    Compiling http v0.1.14
[INFO] [stderr]    Compiling tokio-reactor v0.1.7
[INFO] [stderr]    Compiling tokio-codec v0.1.1
[INFO] [stderr]    Compiling tokio-fs v0.1.4
[INFO] [stderr]    Compiling simple_logger v1.0.1
[INFO] [stderr]    Compiling aws_lambda_events v0.2.0
[INFO] [stderr]    Compiling tokio-udp v0.1.3
[INFO] [stderr]    Compiling tokio-uds v0.2.4
[INFO] [stderr]    Compiling tokio-tcp v0.1.2
[INFO] [stderr]    Compiling tokio v0.1.13
[INFO] [stderr]    Compiling h2 v0.1.14
[INFO] [stderr]    Compiling hyper v0.12.19
[INFO] [stderr]    Compiling hyper-tls v0.3.1
[INFO] [stderr]    Compiling rusoto_credential v0.15.0
[INFO] [stderr]    Compiling lambda_runtime_client v0.1.0
[INFO] [stderr]    Compiling reqwest v0.9.5
[INFO] [stderr]    Compiling lambda_runtime v0.1.0
[INFO] [stderr]    Compiling rusoto_sts v0.36.0
[INFO] [stderr]    Compiling rusoto_autoscaling v0.36.0
[INFO] [stderr]    Compiling nomad_drain v0.1.0 (/opt/rustwide/workdir/nomad_drain)
[INFO] [stderr]    Compiling nomad_drain_lambda v0.1.0 (/opt/rustwide/workdir/nomad_drain_lambda)
[INFO] [stderr]     Finished dev [unoptimized + debuginfo] target(s) in 1m 09s
[INFO] running `Command { std: "docker" "inspect" "6f7d8848158c9558805d1e7b0cca9d8e321c27ca9e39937b15425bcf4ea49685", kill_on_drop: false }`
[INFO] running `Command { std: "docker" "rm" "-f" "6f7d8848158c9558805d1e7b0cca9d8e321c27ca9e39937b15425bcf4ea49685", kill_on_drop: false }`
[INFO] [stdout] 6f7d8848158c9558805d1e7b0cca9d8e321c27ca9e39937b15425bcf4ea49685
[INFO] running `Command { std: "docker" "create" "-v" "/var/lib/crater-agent-workspace/builds/worker-10/target:/opt/rustwide/target:rw,Z" "-v" "/var/lib/crater-agent-workspace/builds/worker-10/source:/opt/rustwide/workdir:ro,Z" "-v" "/var/lib/crater-agent-workspace/cargo-home:/opt/rustwide/cargo-home:ro,Z" "-v" "/var/lib/crater-agent-workspace/rustup-home:/opt/rustwide/rustup-home:ro,Z" "-e" "SOURCE_DIR=/opt/rustwide/workdir" "-e" "CARGO_TARGET_DIR=/opt/rustwide/target" "-e" "CARGO_INCREMENTAL=0" "-e" "RUST_BACKTRACE=full" "-e" "RUSTFLAGS=--cap-lints=warn" "-e" "CARGO_HOME=/opt/rustwide/cargo-home" "-e" "RUSTUP_HOME=/opt/rustwide/rustup-home" "-w" "/opt/rustwide/workdir" "-m" "1610612736" "--user" "0:0" "--network" "none" "ghcr.io/rust-lang/crates-build-env/linux@sha256:34b6a614d2c27851fe6cbf88fbd1137609cefab8b10d0615aaeb6fd47975d74e" "/opt/rustwide/cargo-home/bin/cargo" "+beta-2021-08-01" "test" "--frozen" "--no-run" "--message-format=json", kill_on_drop: false }`
[INFO] [stdout] 30884b8ad5953f8e1996816bd2edcf75faeed40bbf4ef0e0740d1ddbd4be03f2
[INFO] running `Command { std: "docker" "start" "-a" "30884b8ad5953f8e1996816bd2edcf75faeed40bbf4ef0e0740d1ddbd4be03f2", kill_on_drop: false }`
[INFO] [stderr]    Compiling rusoto_mock v0.30.0
[INFO] [stderr]    Compiling nomad_drain_lambda v0.1.0 (/opt/rustwide/workdir/nomad_drain_lambda)
[INFO] [stderr]    Compiling nomad_drain v0.1.0 (/opt/rustwide/workdir/nomad_drain)
[INFO] [stderr]     Finished test [unoptimized + debuginfo] target(s) in 8.28s
[INFO] running `Command { std: "docker" "inspect" "30884b8ad5953f8e1996816bd2edcf75faeed40bbf4ef0e0740d1ddbd4be03f2", kill_on_drop: false }`
[INFO] running `Command { std: "docker" "rm" "-f" "30884b8ad5953f8e1996816bd2edcf75faeed40bbf4ef0e0740d1ddbd4be03f2", kill_on_drop: false }`
[INFO] [stdout] 30884b8ad5953f8e1996816bd2edcf75faeed40bbf4ef0e0740d1ddbd4be03f2
[INFO] running `Command { std: "docker" "create" "-v" "/var/lib/crater-agent-workspace/builds/worker-10/target:/opt/rustwide/target:rw,Z" "-v" "/var/lib/crater-agent-workspace/builds/worker-10/source:/opt/rustwide/workdir:ro,Z" "-v" "/var/lib/crater-agent-workspace/cargo-home:/opt/rustwide/cargo-home:ro,Z" "-v" "/var/lib/crater-agent-workspace/rustup-home:/opt/rustwide/rustup-home:ro,Z" "-e" "SOURCE_DIR=/opt/rustwide/workdir" "-e" "CARGO_TARGET_DIR=/opt/rustwide/target" "-e" "CARGO_INCREMENTAL=0" "-e" "RUST_BACKTRACE=full" "-e" "RUSTFLAGS=--cap-lints=warn" "-e" "CARGO_HOME=/opt/rustwide/cargo-home" "-e" "RUSTUP_HOME=/opt/rustwide/rustup-home" "-w" "/opt/rustwide/workdir" "-m" "1610612736" "--user" "0:0" "--network" "none" "ghcr.io/rust-lang/crates-build-env/linux@sha256:34b6a614d2c27851fe6cbf88fbd1137609cefab8b10d0615aaeb6fd47975d74e" "/opt/rustwide/cargo-home/bin/cargo" "+beta-2021-08-01" "test" "--frozen", kill_on_drop: false }`
[INFO] [stdout] 6ff25106fb37958df282d7df9aca89d3e60367c2e4770c3aad3c2226f14eacfa
[INFO] running `Command { std: "docker" "start" "-a" "6ff25106fb37958df282d7df9aca89d3e60367c2e4770c3aad3c2226f14eacfa", kill_on_drop: false }`
[INFO] [stderr]     Blocking waiting for file lock on package cache
[INFO] [stderr]     Finished test [unoptimized + debuginfo] target(s) in 0.15s
[INFO] [stdout] 
[INFO] [stderr]      Running unittests (/opt/rustwide/target/debug/deps/nomad_drain-22412dca1b6045e5)
[INFO] [stdout] running 13 tests
[INFO] [stdout] test nomad::tests::nodes_list_is_deserialized_properly ... ok
[INFO] [stdout] test nomad::tests::node_eligibility_response_is_deserialized_properly ... ok
[INFO] [stdout] test nomad::tests::node_drain_response_is_deserialized_properly ... ok
[INFO] [stdout] test aws::tests::vault_aws_iam_payload_has_expected_values ... ok
[INFO] [stdout] test aws::tests::vault_aws_iam_payload_has_default_global_region ... ok
[INFO] [stdout] test vault::tests::nomad_token_secrets_engine_payload_can_be_deserialized ... ok
[INFO] [stdout] test tests::expcted_aws_credentials ... ok
[INFO] [stdout] test nomad::tests::node_is_deserialized_properly ... ok
[INFO] [stdout] test nomad::tests::build_node_details_request_is_built_properly ... ok
[INFO] [stdout] test vault::tests::nomad_token_request_is_built_properly ... ok
[INFO] [stdout] test vault::tests::login_aws_iam_request_is_built_properly ... ok
[INFO] [stdout] test tests::login_to_vault_is_successful ... FAILED
[INFO] [stdout] test vault::tests::login_aws_with_vault_is_successful ... FAILED
[INFO] [stdout] 
[INFO] [stdout] failures:
[INFO] [stdout] 
[INFO] [stdout] ---- tests::login_to_vault_is_successful stdout ----
[INFO] [stdout] Error: ReqwestError(Inner { kind: Hyper(Error { kind: Connect, cause: Os { code: 111, kind: ConnectionRefused, message: "Connection refused" } }), url: Some("http://127.0.0.1:8200/v1/auth/aws/login") })
[INFO] [stdout] thread 'tests::login_to_vault_is_successful' panicked at 'assertion failed: `(left == right)`
[INFO] [stdout]   left: `1`,
[INFO] [stdout]  right: `0`: the test returned a termination value with a non-zero status code (1) which indicates a failure', /rustc/53fd98ca776cb875bc9e5514f56b52eb74f9e7a9/library/test/src/lib.rs:194:5
[INFO] [stdout] stack backtrace:
[INFO] [stdout]    0:     0x560517553000 - std::backtrace_rs::backtrace::libunwind::trace::hff4d1766e93f64f1
[INFO] [stdout]                                at /rustc/53fd98ca776cb875bc9e5514f56b52eb74f9e7a9/library/std/src/../../backtrace/src/backtrace/libunwind.rs:90:5
[INFO] [stdout]    1:     0x560517553000 - std::backtrace_rs::backtrace::trace_unsynchronized::h56bbc8eb78770bcb
[INFO] [stdout]                                at /rustc/53fd98ca776cb875bc9e5514f56b52eb74f9e7a9/library/std/src/../../backtrace/src/backtrace/mod.rs:66:5
[INFO] [stdout]    2:     0x560517553000 - std::sys_common::backtrace::_print_fmt::h5c8e75464faca780
[INFO] [stdout]                                at /rustc/53fd98ca776cb875bc9e5514f56b52eb74f9e7a9/library/std/src/sys_common/backtrace.rs:67:5
[INFO] [stdout]    3:     0x560517553000 - <std::sys_common::backtrace::_print::DisplayBacktrace as core::fmt::Display>::fmt::h48b88277def8b362
[INFO] [stdout]                                at /rustc/53fd98ca776cb875bc9e5514f56b52eb74f9e7a9/library/std/src/sys_common/backtrace.rs:46:22
[INFO] [stdout]    4:     0x560517576b6c - core::fmt::write::h3381b3176fe2b3d3
[INFO] [stdout]                                at /rustc/53fd98ca776cb875bc9e5514f56b52eb74f9e7a9/library/core/src/fmt/mod.rs:1115:17
[INFO] [stdout]    5:     0x56051754ca15 - std::io::Write::write_fmt::h5f34a676f60246b5
[INFO] [stdout]                                at /rustc/53fd98ca776cb875bc9e5514f56b52eb74f9e7a9/library/std/src/io/mod.rs:1665:15
[INFO] [stdout]    6:     0x5605175551eb - std::sys_common::backtrace::_print::ha537687d6c17dd0d
[INFO] [stdout]                                at /rustc/53fd98ca776cb875bc9e5514f56b52eb74f9e7a9/library/std/src/sys_common/backtrace.rs:49:5
[INFO] [stdout]    7:     0x5605175551eb - std::sys_common::backtrace::print::h61376ae57d131d72
[INFO] [stdout]                                at /rustc/53fd98ca776cb875bc9e5514f56b52eb74f9e7a9/library/std/src/sys_common/backtrace.rs:36:9
[INFO] [stdout]    8:     0x5605175551eb - std::panicking::default_hook::{{closure}}::h0f7208c0b9644a54
[INFO] [stdout]                                at /rustc/53fd98ca776cb875bc9e5514f56b52eb74f9e7a9/library/std/src/panicking.rs:208:50
[INFO] [stdout]    9:     0x560517554cfc - std::panicking::default_hook::hdac7fc06578c14ce
[INFO] [stdout]                                at /rustc/53fd98ca776cb875bc9e5514f56b52eb74f9e7a9/library/std/src/panicking.rs:222:9
[INFO] [stdout]   10:     0x5605175558b4 - std::panicking::rust_panic_with_hook::h72b21c283da3d1ef
[INFO] [stdout]                                at /rustc/53fd98ca776cb875bc9e5514f56b52eb74f9e7a9/library/std/src/panicking.rs:622:17
[INFO] [stdout]   11:     0x560517555397 - std::panicking::begin_panic_handler::{{closure}}::he5778f1729cff84a
[INFO] [stdout]                                at /rustc/53fd98ca776cb875bc9e5514f56b52eb74f9e7a9/library/std/src/panicking.rs:519:13
[INFO] [stdout]   12:     0x5605175534dc - std::sys_common::backtrace::__rust_end_short_backtrace::h2d11ca8b453b4b1d
[INFO] [stdout]                                at /rustc/53fd98ca776cb875bc9e5514f56b52eb74f9e7a9/library/std/src/sys_common/backtrace.rs:141:18
[INFO] [stdout]   13:     0x5605175552f9 - rust_begin_unwind
[INFO] [stdout]                                at /rustc/53fd98ca776cb875bc9e5514f56b52eb74f9e7a9/library/std/src/panicking.rs:515:5
[INFO] [stdout]   14:     0x560516de3a11 - core::panicking::panic_fmt::hf9de31d4acbce4db
[INFO] [stdout]                                at /rustc/53fd98ca776cb875bc9e5514f56b52eb74f9e7a9/library/core/src/panicking.rs:92:14
[INFO] [stdout]   15:     0x5605175752be - core::panicking::assert_failed_inner::h62e8cb2847a6e7ec
[INFO] [stdout]   16:     0x560517432a7a - core::panicking::assert_failed::hb9057c88802d3d35
[INFO] [stdout]                                at /rustc/53fd98ca776cb875bc9e5514f56b52eb74f9e7a9/library/core/src/panicking.rs:117:5
[INFO] [stdout]   17:     0x560516e1909a - test::assert_test_result::h520bca4d0ae47138
[INFO] [stdout]                                at /rustc/53fd98ca776cb875bc9e5514f56b52eb74f9e7a9/library/test/src/lib.rs:194:5
[INFO] [stdout]   18:     0x560516e36619 - nomad_drain::tests::login_to_vault_is_successful::{{closure}}::h24ef9cbd198afb1f
[INFO] [stdout]                                at /opt/rustwide/workdir/nomad_drain/src/lib.rs:115:5
[INFO] [stdout]   19:     0x560516e2ad2e - core::ops::function::FnOnce::call_once::hd1546bb5c9b65b55
[INFO] [stdout]                                at /rustc/53fd98ca776cb875bc9e5514f56b52eb74f9e7a9/library/core/src/ops/function.rs:227:5
[INFO] [stdout]   20:     0x560516e807b3 - core::ops::function::FnOnce::call_once::hbb52c4519d3137b0
[INFO] [stdout]                                at /rustc/53fd98ca776cb875bc9e5514f56b52eb74f9e7a9/library/core/src/ops/function.rs:227:5
[INFO] [stdout]   21:     0x560516e807b3 - test::__rust_begin_short_backtrace::h86fe3a2a5a5121af
[INFO] [stdout]                                at /rustc/53fd98ca776cb875bc9e5514f56b52eb74f9e7a9/library/test/src/lib.rs:578:5
[INFO] [stdout]   22:     0x560516e7f268 - <alloc::boxed::Box<F,A> as core::ops::function::FnOnce<Args>>::call_once::hfd956bc3d57399be
[INFO] [stdout]                                at /rustc/53fd98ca776cb875bc9e5514f56b52eb74f9e7a9/library/alloc/src/boxed.rs:1572:9
[INFO] [stdout]   23:     0x560516e7f268 - <std::panic::AssertUnwindSafe<F> as core::ops::function::FnOnce<()>>::call_once::h40dc93e0ddb5938a
[INFO] [stdout]                                at /rustc/53fd98ca776cb875bc9e5514f56b52eb74f9e7a9/library/std/src/panic.rs:347:9
[INFO] [stdout]   24:     0x560516e7f268 - std::panicking::try::do_call::h90d07750cb47c562
[INFO] [stdout]                                at /rustc/53fd98ca776cb875bc9e5514f56b52eb74f9e7a9/library/std/src/panicking.rs:401:40
[INFO] [stdout]   25:     0x560516e7f268 - std::panicking::try::h063c84733ad2a629
[INFO] [stdout]                                at /rustc/53fd98ca776cb875bc9e5514f56b52eb74f9e7a9/library/std/src/panicking.rs:365:19
[INFO] [stdout]   26:     0x560516e7f268 - std::panic::catch_unwind::h0c464836a84e7c08
[INFO] [stdout]                                at /rustc/53fd98ca776cb875bc9e5514f56b52eb74f9e7a9/library/std/src/panic.rs:434:14
[INFO] [stdout]   27:     0x560516e7f268 - test::run_test_in_process::h5cb06ef620b157fc
[INFO] [stdout]                                at /rustc/53fd98ca776cb875bc9e5514f56b52eb74f9e7a9/library/test/src/lib.rs:601:18
[INFO] [stdout]   28:     0x560516e7f268 - test::run_test::run_test_inner::{{closure}}::h76f677f4b93f9828
[INFO] [stdout]                                at /rustc/53fd98ca776cb875bc9e5514f56b52eb74f9e7a9/library/test/src/lib.rs:493:39
[INFO] [stdout]   29:     0x560516e4d9fd - test::run_test::run_test_inner::{{closure}}::h366d01fe04f4d67a
[INFO] [stdout]                                at /rustc/53fd98ca776cb875bc9e5514f56b52eb74f9e7a9/library/test/src/lib.rs:520:37
[INFO] [stdout]   30:     0x560516e4d9fd - std::sys_common::backtrace::__rust_begin_short_backtrace::h7dfa0de4eb395af2
[INFO] [stdout]                                at /rustc/53fd98ca776cb875bc9e5514f56b52eb74f9e7a9/library/std/src/sys_common/backtrace.rs:125:18
[INFO] [stdout]   31:     0x560516e521c8 - std::thread::Builder::spawn_unchecked::{{closure}}::{{closure}}::hf0a74bb58798037f
[INFO] [stdout]                                at /rustc/53fd98ca776cb875bc9e5514f56b52eb74f9e7a9/library/std/src/thread/mod.rs:476:17
[INFO] [stdout]   32:     0x560516e521c8 - <std::panic::AssertUnwindSafe<F> as core::ops::function::FnOnce<()>>::call_once::hb024e854818586ac
[INFO] [stdout]                                at /rustc/53fd98ca776cb875bc9e5514f56b52eb74f9e7a9/library/std/src/panic.rs:347:9
[INFO] [stdout]   33:     0x560516e521c8 - std::panicking::try::do_call::hb2dd9f1d0d48e41d
[INFO] [stdout]                                at /rustc/53fd98ca776cb875bc9e5514f56b52eb74f9e7a9/library/std/src/panicking.rs:401:40
[INFO] [stdout]   34:     0x560516e521c8 - std::panicking::try::h4717ae7bac8b2bf3
[INFO] [stdout]                                at /rustc/53fd98ca776cb875bc9e5514f56b52eb74f9e7a9/library/std/src/panicking.rs:365:19
[INFO] [stdout]   35:     0x560516e521c8 - std::panic::catch_unwind::h0dc8a061326ce8d8
[INFO] [stdout]                                at /rustc/53fd98ca776cb875bc9e5514f56b52eb74f9e7a9/library/std/src/panic.rs:434:14
[INFO] [stdout]   36:     0x560516e521c8 - std::thread::Builder::spawn_unchecked::{{closure}}::haa369e2d6fd00aa1
[INFO] [stdout]                                at /rustc/53fd98ca776cb875bc9e5514f56b52eb74f9e7a9/library/std/src/thread/mod.rs:475:30
[INFO] [stdout]   37:     0x560516e521c8 - core::ops::function::FnOnce::call_once{{vtable.shim}}::h36dcf3de8b056f17
[INFO] [stdout]                                at /rustc/53fd98ca776cb875bc9e5514f56b52eb74f9e7a9/library/core/src/ops/function.rs:227:5
[INFO] [stdout]   38:     0x56051755ad27 - <alloc::boxed::Box<F,A> as core::ops::function::FnOnce<Args>>::call_once::h65c29e4642be2358
[INFO] [stdout]                                at /rustc/53fd98ca776cb875bc9e5514f56b52eb74f9e7a9/library/alloc/src/boxed.rs:1572:9
[INFO] [stdout]   39:     0x56051755ad27 - <alloc::boxed::Box<F,A> as core::ops::function::FnOnce<Args>>::call_once::hd0f8f7fbbd9fffbf
[INFO] [stdout]                                at /rustc/53fd98ca776cb875bc9e5514f56b52eb74f9e7a9/library/alloc/src/boxed.rs:1572:9
[INFO] [stdout]   40:     0x56051755ad27 - std::sys::unix::thread::Thread::new::thread_start::h2fd22fee3ca77b65
[INFO] [stdout]                                at /rustc/53fd98ca776cb875bc9e5514f56b52eb74f9e7a9/library/std/src/sys/unix/thread.rs:74:17
[INFO] [stdout]   41:     0x7fcbe190f609 - start_thread
[INFO] [stdout]   42:     0x7fcbe16df293 - clone
[INFO] [stdout]   43:                0x0 - <unknown>
[INFO] [stdout] 
[INFO] [stdout] ---- vault::tests::login_aws_with_vault_is_successful stdout ----
[INFO] [stdout] Error: ReqwestError(Inner { kind: Hyper(Error { kind: Connect, cause: Os { code: 111, kind: ConnectionRefused, message: "Connection refused" } }), url: Some("http://127.0.0.1:8200/v1/auth/aws/login") })
[INFO] [stdout] thread 'vault::tests::login_aws_with_vault_is_successful' panicked at 'assertion failed: `(left == right)`
[INFO] [stdout]   left: `1`,
[INFO] [stdout]  right: `0`: the test returned a termination value with a non-zero status code (1) which indicates a failure', /rustc/53fd98ca776cb875bc9e5514f56b52eb74f9e7a9/library/test/src/lib.rs:194:5
[INFO] [stdout] stack backtrace:
[INFO] [stdout]    0:     0x560517553000 - std::backtrace_rs::backtrace::libunwind::trace::hff4d1766e93f64f1
[INFO] [stdout]                                at /rustc/53fd98ca776cb875bc9e5514f56b52eb74f9e7a9/library/std/src/../../backtrace/src/backtrace/libunwind.rs:90:5
[INFO] [stdout]    1:     0x560517553000 - std::backtrace_rs::backtrace::trace_unsynchronized::h56bbc8eb78770bcb
[INFO] [stdout]                                at /rustc/53fd98ca776cb875bc9e5514f56b52eb74f9e7a9/library/std/src/../../backtrace/src/backtrace/mod.rs:66:5
[INFO] [stdout]    2:     0x560517553000 - std::sys_common::backtrace::_print_fmt::h5c8e75464faca780
[INFO] [stdout]                                at /rustc/53fd98ca776cb875bc9e5514f56b52eb74f9e7a9/library/std/src/sys_common/backtrace.rs:67:5
[INFO] [stdout]    3:     0x560517553000 - <std::sys_common::backtrace::_print::DisplayBacktrace as core::fmt::Display>::fmt::h48b88277def8b362
[INFO] [stdout]                                at /rustc/53fd98ca776cb875bc9e5514f56b52eb74f9e7a9/library/std/src/sys_common/backtrace.rs:46:22
[INFO] [stdout]    4:     0x560517576b6c - core::fmt::write::h3381b3176fe2b3d3
[INFO] [stdout]                                at /rustc/53fd98ca776cb875bc9e5514f56b52eb74f9e7a9/library/core/src/fmt/mod.rs:1115:17
[INFO] [stdout]    5:     0x56051754ca15 - std::io::Write::write_fmt::h5f34a676f60246b5
[INFO] [stdout]                                at /rustc/53fd98ca776cb875bc9e5514f56b52eb74f9e7a9/library/std/src/io/mod.rs:1665:15
[INFO] [stdout]    6:     0x5605175551eb - std::sys_common::backtrace::_print::ha537687d6c17dd0d
[INFO] [stdout]                                at /rustc/53fd98ca776cb875bc9e5514f56b52eb74f9e7a9/library/std/src/sys_common/backtrace.rs:49:5
[INFO] [stdout]    7:     0x5605175551eb - std::sys_common::backtrace::print::h61376ae57d131d72
[INFO] [stdout]                                at /rustc/53fd98ca776cb875bc9e5514f56b52eb74f9e7a9/library/std/src/sys_common/backtrace.rs:36:9
[INFO] [stdout]    8:     0x5605175551eb - std::panicking::default_hook::{{closure}}::h0f7208c0b9644a54
[INFO] [stdout]                                at /rustc/53fd98ca776cb875bc9e5514f56b52eb74f9e7a9/library/std/src/panicking.rs:208:50
[INFO] [stdout]    9:     0x560517554cfc - std::panicking::default_hook::hdac7fc06578c14ce
[INFO] [stdout]                                at /rustc/53fd98ca776cb875bc9e5514f56b52eb74f9e7a9/library/std/src/panicking.rs:222:9
[INFO] [stdout]   10:     0x5605175558b4 - std::panicking::rust_panic_with_hook::h72b21c283da3d1ef
[INFO] [stdout]                                at /rustc/53fd98ca776cb875bc9e5514f56b52eb74f9e7a9/library/std/src/panicking.rs:622:17
[INFO] [stdout]   11:     0x560517555397 - std::panicking::begin_panic_handler::{{closure}}::he5778f1729cff84a
[INFO] [stdout]                                at /rustc/53fd98ca776cb875bc9e5514f56b52eb74f9e7a9/library/std/src/panicking.rs:519:13
[INFO] [stdout]   12:     0x5605175534dc - std::sys_common::backtrace::__rust_end_short_backtrace::h2d11ca8b453b4b1d
[INFO] [stdout]                                at /rustc/53fd98ca776cb875bc9e5514f56b52eb74f9e7a9/library/std/src/sys_common/backtrace.rs:141:18
[INFO] [stdout]   13:     0x5605175552f9 - rust_begin_unwind
[INFO] [stdout]                                at /rustc/53fd98ca776cb875bc9e5514f56b52eb74f9e7a9/library/std/src/panicking.rs:515:5
[INFO] [stdout]   14:     0x560516de3a11 - core::panicking::panic_fmt::hf9de31d4acbce4db
[INFO] [stdout]                                at /rustc/53fd98ca776cb875bc9e5514f56b52eb74f9e7a9/library/core/src/panicking.rs:92:14
[INFO] [stdout]   15:     0x5605175752be - core::panicking::assert_failed_inner::h62e8cb2847a6e7ec
[INFO] [stdout]   16:     0x560517432a7a - core::panicking::assert_failed::hb9057c88802d3d35
[INFO] [stdout]                                at /rustc/53fd98ca776cb875bc9e5514f56b52eb74f9e7a9/library/core/src/panicking.rs:117:5
[INFO] [stdout]   17:     0x560516e1909a - test::assert_test_result::h520bca4d0ae47138
[INFO] [stdout]                                at /rustc/53fd98ca776cb875bc9e5514f56b52eb74f9e7a9/library/test/src/lib.rs:194:5
[INFO] [stdout]   18:     0x560516e11519 - nomad_drain::vault::tests::login_aws_with_vault_is_successful::{{closure}}::h3d317edd35f65532
[INFO] [stdout]                                at /opt/rustwide/workdir/nomad_drain/src/vault.rs:359:5
[INFO] [stdout]   19:     0x560516e2acee - core::ops::function::FnOnce::call_once::hbc143d5b9c25bcc6
[INFO] [stdout]                                at /rustc/53fd98ca776cb875bc9e5514f56b52eb74f9e7a9/library/core/src/ops/function.rs:227:5
[INFO] [stdout]   20:     0x560516e807b3 - core::ops::function::FnOnce::call_once::hbb52c4519d3137b0
[INFO] [stdout]                                at /rustc/53fd98ca776cb875bc9e5514f56b52eb74f9e7a9/library/core/src/ops/function.rs:227:5
[INFO] [stdout]   21:     0x560516e807b3 - test::__rust_begin_short_backtrace::h86fe3a2a5a5121af
[INFO] [stdout]                                at /rustc/53fd98ca776cb875bc9e5514f56b52eb74f9e7a9/library/test/src/lib.rs:578:5
[INFO] [stdout]   22:     0x560516e7f268 - <alloc::boxed::Box<F,A> as core::ops::function::FnOnce<Args>>::call_once::hfd956bc3d57399be
[INFO] [stdout]                                at /rustc/53fd98ca776cb875bc9e5514f56b52eb74f9e7a9/library/alloc/src/boxed.rs:1572:9
[INFO] [stdout]   23:     0x560516e7f268 - <std::panic::AssertUnwindSafe<F> as core::ops::function::FnOnce<()>>::call_once::h40dc93e0ddb5938a
[INFO] [stdout]                                at /rustc/53fd98ca776cb875bc9e5514f56b52eb74f9e7a9/library/std/src/panic.rs:347:9
[INFO] [stdout]   24:     0x560516e7f268 - std::panicking::try::do_call::h90d07750cb47c562
[INFO] [stdout]                                at /rustc/53fd98ca776cb875bc9e5514f56b52eb74f9e7a9/library/std/src/panicking.rs:401:40
[INFO] [stdout]   25:     0x560516e7f268 - std::panicking::try::h063c84733ad2a629
[INFO] [stdout]                                at /rustc/53fd98ca776cb875bc9e5514f56b52eb74f9e7a9/library/std/src/panicking.rs:365:19
[INFO] [stdout]   26:     0x560516e7f268 - std::panic::catch_unwind::h0c464836a84e7c08
[INFO] [stdout]                                at /rustc/53fd98ca776cb875bc9e5514f56b52eb74f9e7a9/library/std/src/panic.rs:434:14
[INFO] [stdout]   27:     0x560516e7f268 - test::run_test_in_process::h5cb06ef620b157fc
[INFO] [stdout]                                at /rustc/53fd98ca776cb875bc9e5514f56b52eb74f9e7a9/library/test/src/lib.rs:601:18
[INFO] [stdout]   28:     0x560516e7f268 - test::run_test::run_test_inner::{{closure}}::h76f677f4b93f9828
[INFO] [stdout]                                at /rustc/53fd98ca776cb875bc9e5514f56b52eb74f9e7a9/library/test/src/lib.rs:493:39
[INFO] [stdout]   29:     0x560516e4d9fd - test::run_test::run_test_inner::{{closure}}::h366d01fe04f4d67a
[INFO] [stdout]                                at /rustc/53fd98ca776cb875bc9e5514f56b52eb74f9e7a9/library/test/src/lib.rs:520:37
[INFO] [stdout]   30:     0x560516e4d9fd - std::sys_common::backtrace::__rust_begin_short_backtrace::h7dfa0de4eb395af2
[INFO] [stdout]                                at /rustc/53fd98ca776cb875bc9e5514f56b52eb74f9e7a9/library/std/src/sys_common/backtrace.rs:125:18
[INFO] [stdout]   31:     0x560516e521c8 - std::thread::Builder::spawn_unchecked::{{closure}}::{{closure}}::hf0a74bb58798037f
[INFO] [stdout]                                at /rustc/53fd98ca776cb875bc9e5514f56b52eb74f9e7a9/library/std/src/thread/mod.rs:476:17
[INFO] [stdout]   32:     0x560516e521c8 - <std::panic::AssertUnwindSafe<F> as core::ops::function::FnOnce<()>>::call_once::hb024e854818586ac
[INFO] [stdout]                                at /rustc/53fd98ca776cb875bc9e5514f56b52eb74f9e7a9/library/std/src/panic.rs:347:9
[INFO] [stdout]   33:     0x560516e521c8 - std::panicking::try::do_call::hb2dd9f1d0d48e41d
[INFO] [stdout]                                at /rustc/53fd98ca776cb875bc9e5514f56b52eb74f9e7a9/library/std/src/panicking.rs:401:40
[INFO] [stdout]   34:     0x560516e521c8 - std::panicking::try::h4717ae7bac8b2bf3
[INFO] [stdout]                                at /rustc/53fd98ca776cb875bc9e5514f56b52eb74f9e7a9/library/std/src/panicking.rs:365:19
[INFO] [stdout]   35:     0x560516e521c8 - std::panic::catch_unwind::h0dc8a061326ce8d8
[INFO] [stdout]                                at /rustc/53fd98ca776cb875bc9e5514f56b52eb74f9e7a9/library/std/src/panic.rs:434:14
[INFO] [stdout]   36:     0x560516e521c8 - std::thread::Builder::spawn_unchecked::{{closure}}::haa369e2d6fd00aa1
[INFO] [stdout]                                at /rustc/53fd98ca776cb875bc9e5514f56b52eb74f9e7a9/library/std/src/thread/mod.rs:475:30
[INFO] [stdout]   37:     0x560516e521c8 - core::ops::function::FnOnce::call_once{{vtable.shim}}::h36dcf3de8b056f17
[INFO] [stdout]                                at /rustc/53fd98ca776cb875bc9e5514f56b52eb74f9e7a9/library/core/src/ops/function.rs:227:5
[INFO] [stdout]   38:     0x56051755ad27 - <alloc::boxed::Box<F,A> as core::ops::function::FnOnce<Args>>::call_once::h65c29e4642be2358
[INFO] [stdout]                                at /rustc/53fd98ca776cb875bc9e5514f56b52eb74f9e7a9/library/alloc/src/boxed.rs:1572:9
[INFO] [stdout]   39:     0x56051755ad27 - <alloc::boxed::Box<F,A> as core::ops::function::FnOnce<Args>>::call_once::hd0f8f7fbbd9fffbf
[INFO] [stdout]                                at /rustc/53fd98ca776cb875bc9e5514f56b52eb74f9e7a9/library/alloc/src/boxed.rs:1572:9
[INFO] [stdout]   40:     0x56051755ad27 - std::sys::unix::thread::Thread::new::thread_start::h2fd22fee3ca77b65
[INFO] [stdout]                                at /rustc/53fd98ca776cb875bc9e5514f56b52eb74f9e7a9/library/std/src/sys/unix/thread.rs:74:17
[INFO] [stdout]   41:     0x7fcbe190f609 - start_thread
[INFO] [stdout]   42:     0x7fcbe16df293 - clone
[INFO] [stdout]   43:                0x0 - <unknown>
[INFO] [stdout] 
[INFO] [stdout] 
[INFO] [stdout] failures:
[INFO] [stdout]     tests::login_to_vault_is_successful
[INFO] [stdout]     vault::tests::login_aws_with_vault_is_successful
[INFO] [stdout] 
[INFO] [stdout] test result: FAILED. 11 passed; 2 failed; 0 ignored; 0 measured; 0 filtered out; finished in 0.17s
[INFO] [stdout] 
[INFO] [stderr] error: test failed, to rerun pass '-p nomad_drain --lib'
[INFO] running `Command { std: "docker" "inspect" "6ff25106fb37958df282d7df9aca89d3e60367c2e4770c3aad3c2226f14eacfa", kill_on_drop: false }`
[INFO] running `Command { std: "docker" "rm" "-f" "6ff25106fb37958df282d7df9aca89d3e60367c2e4770c3aad3c2226f14eacfa", kill_on_drop: false }`
[INFO] [stdout] 6ff25106fb37958df282d7df9aca89d3e60367c2e4770c3aad3c2226f14eacfa
