[INFO] cloning repository https://github.com/lawliet89/fusionner
[INFO] running `Command { std: "git" "-c" "credential.helper=" "-c" "credential.helper=/workspace/cargo-home/bin/git-credential-null" "clone" "--bare" "https://github.com/lawliet89/fusionner" "/workspace/cache/git-repos/https%3A%2F%2Fgithub.com%2Flawliet89%2Ffusionner", kill_on_drop: false }`
[INFO] [stderr] Cloning into bare repository '/workspace/cache/git-repos/https%3A%2F%2Fgithub.com%2Flawliet89%2Ffusionner'...
[INFO] running `Command { std: "git" "rev-parse" "HEAD", kill_on_drop: false }`
[INFO] [stdout] f20bc1a26066feb1ede1fe8072f7420af2e79a4c
[INFO] testing lawliet89/fusionner against 1.54.0 for beta-1.55-1
[INFO] running `Command { std: "git" "clone" "/workspace/cache/git-repos/https%3A%2F%2Fgithub.com%2Flawliet89%2Ffusionner" "/workspace/builds/worker-11/source", kill_on_drop: false }`
[INFO] [stderr] Cloning into '/workspace/builds/worker-11/source'...
[INFO] [stderr] done.
[INFO] validating manifest of git repo https://github.com/lawliet89/fusionner on toolchain 1.54.0
[INFO] running `Command { std: "/workspace/cargo-home/bin/cargo" "+1.54.0" "metadata" "--manifest-path" "Cargo.toml" "--no-deps", kill_on_drop: false }`
[INFO] started tweaking git repo https://github.com/lawliet89/fusionner
[INFO] finished tweaking git repo https://github.com/lawliet89/fusionner
[INFO] tweaked toml for git repo https://github.com/lawliet89/fusionner written to /workspace/builds/worker-11/source/Cargo.toml
[INFO] crate git repo https://github.com/lawliet89/fusionner already has a lockfile, it will not be regenerated
[INFO] running `Command { std: "/workspace/cargo-home/bin/cargo" "+1.54.0" "fetch" "--manifest-path" "Cargo.toml", kill_on_drop: false }`
[INFO] running `Command { std: "docker" "create" "-v" "/var/lib/crater-agent-workspace/builds/worker-11/target:/opt/rustwide/target:rw,Z" "-v" "/var/lib/crater-agent-workspace/builds/worker-11/source:/opt/rustwide/workdir:ro,Z" "-v" "/var/lib/crater-agent-workspace/cargo-home:/opt/rustwide/cargo-home:ro,Z" "-v" "/var/lib/crater-agent-workspace/rustup-home:/opt/rustwide/rustup-home:ro,Z" "-e" "SOURCE_DIR=/opt/rustwide/workdir" "-e" "CARGO_TARGET_DIR=/opt/rustwide/target" "-e" "CARGO_HOME=/opt/rustwide/cargo-home" "-e" "RUSTUP_HOME=/opt/rustwide/rustup-home" "-w" "/opt/rustwide/workdir" "-m" "1610612736" "--user" "0:0" "--network" "none" "ghcr.io/rust-lang/crates-build-env/linux@sha256:34b6a614d2c27851fe6cbf88fbd1137609cefab8b10d0615aaeb6fd47975d74e" "/opt/rustwide/cargo-home/bin/cargo" "+1.54.0" "metadata" "--no-deps" "--format-version=1", kill_on_drop: false }`
[INFO] [stdout] d0348f495bab61c8f7765bf24dd277f353cd1d5d59e2ea9d131dfa41cb342660
[INFO] running `Command { std: "docker" "start" "-a" "d0348f495bab61c8f7765bf24dd277f353cd1d5d59e2ea9d131dfa41cb342660", kill_on_drop: false }`
[INFO] running `Command { std: "docker" "inspect" "d0348f495bab61c8f7765bf24dd277f353cd1d5d59e2ea9d131dfa41cb342660", kill_on_drop: false }`
[INFO] running `Command { std: "docker" "rm" "-f" "d0348f495bab61c8f7765bf24dd277f353cd1d5d59e2ea9d131dfa41cb342660", kill_on_drop: false }`
[INFO] [stdout] d0348f495bab61c8f7765bf24dd277f353cd1d5d59e2ea9d131dfa41cb342660
[INFO] running `Command { std: "docker" "create" "-v" "/var/lib/crater-agent-workspace/builds/worker-11/target:/opt/rustwide/target:rw,Z" "-v" "/var/lib/crater-agent-workspace/builds/worker-11/source:/opt/rustwide/workdir:ro,Z" "-v" "/var/lib/crater-agent-workspace/cargo-home:/opt/rustwide/cargo-home:ro,Z" "-v" "/var/lib/crater-agent-workspace/rustup-home:/opt/rustwide/rustup-home:ro,Z" "-e" "SOURCE_DIR=/opt/rustwide/workdir" "-e" "CARGO_TARGET_DIR=/opt/rustwide/target" "-e" "CARGO_INCREMENTAL=0" "-e" "RUST_BACKTRACE=full" "-e" "RUSTFLAGS=--cap-lints=warn" "-e" "CARGO_HOME=/opt/rustwide/cargo-home" "-e" "RUSTUP_HOME=/opt/rustwide/rustup-home" "-w" "/opt/rustwide/workdir" "-m" "1610612736" "--user" "0:0" "--network" "none" "ghcr.io/rust-lang/crates-build-env/linux@sha256:34b6a614d2c27851fe6cbf88fbd1137609cefab8b10d0615aaeb6fd47975d74e" "/opt/rustwide/cargo-home/bin/cargo" "+1.54.0" "build" "--frozen" "--message-format=json", kill_on_drop: false }`
[INFO] [stdout] 8baaa391e6f8f553b54227203f3363e60feefc3cee64779ac05dd08190da7358
[INFO] running `Command { std: "docker" "start" "-a" "8baaa391e6f8f553b54227203f3363e60feefc3cee64779ac05dd08190da7358", kill_on_drop: false }`
[INFO] [stderr]    Compiling cc v1.0.17
[INFO] [stderr]    Compiling pkg-config v0.3.11
[INFO] [stderr]    Compiling libc v0.2.42
[INFO] [stderr]    Compiling cfg-if v0.1.4
[INFO] [stderr]    Compiling unicode-normalization v0.1.7
[INFO] [stderr]    Compiling serde v1.0.70
[INFO] [stderr]    Compiling regex v0.2.11
[INFO] [stderr]    Compiling lazy_static v1.0.1
[INFO] [stderr]    Compiling bitflags v1.0.3
[INFO] [stderr]    Compiling proc-macro2 v0.4.6
[INFO] [stderr]    Compiling regex-syntax v0.5.6
[INFO] [stderr]    Compiling log v0.4.3
[INFO] [stderr]    Compiling thread_local v0.3.5
[INFO] [stderr]    Compiling log v0.3.9
[INFO] [stderr]    Compiling quote v0.6.3
[INFO] [stderr]    Compiling memchr v2.0.1
[INFO] [stderr]    Compiling time v0.1.40
[INFO] [stderr]    Compiling aho-corasick v0.6.5
[INFO] [stderr]    Compiling cmake v0.1.31
[INFO] [stderr]    Compiling syn v0.14.4
[INFO] [stderr]    Compiling fern v0.3.5
[INFO] [stderr]    Compiling libz-sys v1.0.18
[INFO] [stderr]    Compiling openssl-sys v0.9.33
[INFO] [stderr]    Compiling curl-sys v0.4.5
[INFO] [stderr]    Compiling libssh2-sys v0.2.7
[INFO] [stderr]    Compiling libgit2-sys v0.7.4
[INFO] [stderr]    Compiling idna v0.1.5
[INFO] [stderr]    Compiling url v1.7.1
[INFO] [stderr]    Compiling serde_derive v1.0.70
[INFO] [stderr]    Compiling docopt v0.7.0
[INFO] [stderr]    Compiling toml v0.4.6
[INFO] [stderr]    Compiling git2 v0.7.2
[INFO] [stderr]    Compiling fusionner v0.1.0 (/opt/rustwide/workdir)
[INFO] [stdout] warning: trait objects without an explicit `dyn` are deprecated
[INFO] [stdout]   --> src/merger.rs:72:44
[INFO] [stdout]    |
[INFO] [stdout] 72 | pub type MergeReferenceNamerCallback<'a> = Fn(&str, &str, git2::Oid, git2::Oid) -> String + 'a;
[INFO] [stdout]    |                                            ^^^^^^^^^^^^^^^^^^^^^^^^^^^^^^^^^^^^^^^^^^^^^^^^^^^ help: use `dyn`: `dyn Fn(&str, &str, git2::Oid, git2::Oid) -> String + 'a`
[INFO] [stdout]    |
[INFO] [stdout]    = note: `#[warn(bare_trait_objects)]` on by default
[INFO] [stdout]    = warning: this was previously accepted by the compiler but is being phased out; it will become a hard error in the 2021 edition!
[INFO] [stdout]    = note: for more information, see issue #80165 <https://github.com/rust-lang/rust/issues/80165>
[INFO] [stdout] 
[INFO] [stdout] 
[INFO] [stdout] warning: 1 warning emitted
[INFO] [stdout] 
[INFO] [stdout] 
[INFO] [stdout] warning: use of deprecated macro `RustcDecodable`: rustc-serialize is deprecated and no longer supported
[INFO] [stdout]   --> src/main.rs:58:10
[INFO] [stdout]    |
[INFO] [stdout] 58 | #[derive(RustcDecodable, Debug)]
[INFO] [stdout]    |          ^^^^^^^^^^^^^^
[INFO] [stdout]    |
[INFO] [stdout]    = note: `#[warn(deprecated)]` on by default
[INFO] [stdout] 
[INFO] [stdout] 
[INFO] [stdout] warning: 1 warning emitted
[INFO] [stdout] 
[INFO] [stdout] 
[INFO] [stderr]     Finished dev [unoptimized + debuginfo] target(s) in 1m 56s
[INFO] running `Command { std: "docker" "inspect" "8baaa391e6f8f553b54227203f3363e60feefc3cee64779ac05dd08190da7358", kill_on_drop: false }`
[INFO] running `Command { std: "docker" "rm" "-f" "8baaa391e6f8f553b54227203f3363e60feefc3cee64779ac05dd08190da7358", kill_on_drop: false }`
[INFO] [stdout] 8baaa391e6f8f553b54227203f3363e60feefc3cee64779ac05dd08190da7358
[INFO] running `Command { std: "docker" "create" "-v" "/var/lib/crater-agent-workspace/builds/worker-11/target:/opt/rustwide/target:rw,Z" "-v" "/var/lib/crater-agent-workspace/builds/worker-11/source:/opt/rustwide/workdir:ro,Z" "-v" "/var/lib/crater-agent-workspace/cargo-home:/opt/rustwide/cargo-home:ro,Z" "-v" "/var/lib/crater-agent-workspace/rustup-home:/opt/rustwide/rustup-home:ro,Z" "-e" "SOURCE_DIR=/opt/rustwide/workdir" "-e" "CARGO_TARGET_DIR=/opt/rustwide/target" "-e" "CARGO_INCREMENTAL=0" "-e" "RUST_BACKTRACE=full" "-e" "RUSTFLAGS=--cap-lints=warn" "-e" "CARGO_HOME=/opt/rustwide/cargo-home" "-e" "RUSTUP_HOME=/opt/rustwide/rustup-home" "-w" "/opt/rustwide/workdir" "-m" "1610612736" "--user" "0:0" "--network" "none" "ghcr.io/rust-lang/crates-build-env/linux@sha256:34b6a614d2c27851fe6cbf88fbd1137609cefab8b10d0615aaeb6fd47975d74e" "/opt/rustwide/cargo-home/bin/cargo" "+1.54.0" "test" "--frozen" "--no-run" "--message-format=json", kill_on_drop: false }`
[INFO] [stdout] f517164ae4409c3d05e87e4afc511d7a7c8dd1fb7bdbea9cf3e0a268559a1886
[INFO] running `Command { std: "docker" "start" "-a" "f517164ae4409c3d05e87e4afc511d7a7c8dd1fb7bdbea9cf3e0a268559a1886", kill_on_drop: false }`
[INFO] [stderr]    Compiling remove_dir_all v0.5.1
[INFO] [stderr]    Compiling rand v0.4.2
[INFO] [stdout] warning: trait objects without an explicit `dyn` are deprecated
[INFO] [stdout]   --> src/merger.rs:72:44
[INFO] [stdout]    |
[INFO] [stdout] 72 | pub type MergeReferenceNamerCallback<'a> = Fn(&str, &str, git2::Oid, git2::Oid) -> String + 'a;
[INFO] [stdout]    |                                            ^^^^^^^^^^^^^^^^^^^^^^^^^^^^^^^^^^^^^^^^^^^^^^^^^^^ help: use `dyn`: `dyn Fn(&str, &str, git2::Oid, git2::Oid) -> String + 'a`
[INFO] [stdout]    |
[INFO] [stdout]    = note: `#[warn(bare_trait_objects)]` on by default
[INFO] [stdout]    = warning: this was previously accepted by the compiler but is being phased out; it will become a hard error in the 2021 edition!
[INFO] [stdout]    = note: for more information, see issue #80165 <https://github.com/rust-lang/rust/issues/80165>
[INFO] [stdout] 
[INFO] [stdout] 
[INFO] [stdout] warning: 1 warning emitted
[INFO] [stdout] 
[INFO] [stdout] 
[INFO] [stderr]    Compiling rand v0.3.22
[INFO] [stderr]    Compiling tempdir v0.3.7
[INFO] [stderr]    Compiling fusionner v0.1.0 (/opt/rustwide/workdir)
[INFO] [stdout] warning: use of deprecated macro `RustcDecodable`: rustc-serialize is deprecated and no longer supported
[INFO] [stdout]   --> src/main.rs:58:10
[INFO] [stdout]    |
[INFO] [stdout] 58 | #[derive(RustcDecodable, Debug)]
[INFO] [stdout]    |          ^^^^^^^^^^^^^^
[INFO] [stdout]    |
[INFO] [stdout]    = note: `#[warn(deprecated)]` on by default
[INFO] [stdout] 
[INFO] [stdout] 
[INFO] [stdout] warning: unused macro definition
[INFO] [stdout]   --> src/test.rs:17:1
[INFO] [stdout]    |
[INFO] [stdout] 17 | / macro_rules! is_err {
[INFO] [stdout] 18 | |     ($e:expr) => {
[INFO] [stdout] 19 | |         match $e {
[INFO] [stdout] 20 | |             Ok(e) => panic!(
[INFO] [stdout] ...  |
[INFO] [stdout] 27 | |     };
[INFO] [stdout] 28 | | }
[INFO] [stdout]    | |_^
[INFO] [stdout]    |
[INFO] [stdout]    = note: `#[warn(unused_macros)]` on by default
[INFO] [stdout] 
[INFO] [stdout] 
[INFO] [stdout] warning: unused macro definition
[INFO] [stdout]   --> src/test.rs:30:1
[INFO] [stdout]    |
[INFO] [stdout] 30 | / macro_rules! is_none {
[INFO] [stdout] 31 | |     ($e:expr) => {{
[INFO] [stdout] 32 | |         let e = $e;
[INFO] [stdout] 33 | |         assert!(
[INFO] [stdout] ...  |
[INFO] [stdout] 39 | |     }};
[INFO] [stdout] 40 | | }
[INFO] [stdout]    | |_^
[INFO] [stdout] 
[INFO] [stdout] 
[INFO] [stdout] warning: unused macro definition
[INFO] [stdout]   --> src/test.rs:42:1
[INFO] [stdout]    |
[INFO] [stdout] 42 | / macro_rules! not_none {
[INFO] [stdout] 43 | |     ($e:expr) => {
[INFO] [stdout] 44 | |         match $e {
[INFO] [stdout] 45 | |             Some(e) => e,
[INFO] [stdout] ...  |
[INFO] [stdout] 48 | |     };
[INFO] [stdout] 49 | | }
[INFO] [stdout]    | |_^
[INFO] [stdout] 
[INFO] [stdout] 
[INFO] [stdout] warning: unused macro definition
[INFO] [stdout]   --> src/test.rs:51:1
[INFO] [stdout]    |
[INFO] [stdout] 51 | / macro_rules! assert_matches {
[INFO] [stdout] 52 | |     ($e:expr, $p:pat) => {
[INFO] [stdout] 53 | |         assert_matches!($e, $p, ())
[INFO] [stdout] 54 | |     };
[INFO] [stdout] ...  |
[INFO] [stdout] 65 | |     };
[INFO] [stdout] 66 | | }
[INFO] [stdout]    | |_^
[INFO] [stdout] 
[INFO] [stdout] 
[INFO] [stdout] warning: trait objects without an explicit `dyn` are deprecated
[INFO] [stdout]   --> src/merger.rs:72:44
[INFO] [stdout]    |
[INFO] [stdout] 72 | pub type MergeReferenceNamerCallback<'a> = Fn(&str, &str, git2::Oid, git2::Oid) -> String + 'a;
[INFO] [stdout]    |                                            ^^^^^^^^^^^^^^^^^^^^^^^^^^^^^^^^^^^^^^^^^^^^^^^^^^^ help: use `dyn`: `dyn Fn(&str, &str, git2::Oid, git2::Oid) -> String + 'a`
[INFO] [stdout]    |
[INFO] [stdout]    = note: `#[warn(bare_trait_objects)]` on by default
[INFO] [stdout]    = warning: this was previously accepted by the compiler but is being phased out; it will become a hard error in the 2021 edition!
[INFO] [stdout]    = note: for more information, see issue #80165 <https://github.com/rust-lang/rust/issues/80165>
[INFO] [stdout] 
[INFO] [stdout] 
[INFO] [stdout] warning: 5 warnings emitted
[INFO] [stdout] 
[INFO] [stdout] 
[INFO] [stdout] warning: 1 warning emitted
[INFO] [stdout] 
[INFO] [stdout] 
[INFO] [stderr]     Finished test [unoptimized + debuginfo] target(s) in 2.88s
[INFO] running `Command { std: "docker" "inspect" "f517164ae4409c3d05e87e4afc511d7a7c8dd1fb7bdbea9cf3e0a268559a1886", kill_on_drop: false }`
[INFO] running `Command { std: "docker" "rm" "-f" "f517164ae4409c3d05e87e4afc511d7a7c8dd1fb7bdbea9cf3e0a268559a1886", kill_on_drop: false }`
[INFO] [stdout] f517164ae4409c3d05e87e4afc511d7a7c8dd1fb7bdbea9cf3e0a268559a1886
[INFO] running `Command { std: "docker" "create" "-v" "/var/lib/crater-agent-workspace/builds/worker-11/target:/opt/rustwide/target:rw,Z" "-v" "/var/lib/crater-agent-workspace/builds/worker-11/source:/opt/rustwide/workdir:ro,Z" "-v" "/var/lib/crater-agent-workspace/cargo-home:/opt/rustwide/cargo-home:ro,Z" "-v" "/var/lib/crater-agent-workspace/rustup-home:/opt/rustwide/rustup-home:ro,Z" "-e" "SOURCE_DIR=/opt/rustwide/workdir" "-e" "CARGO_TARGET_DIR=/opt/rustwide/target" "-e" "CARGO_INCREMENTAL=0" "-e" "RUST_BACKTRACE=full" "-e" "RUSTFLAGS=--cap-lints=warn" "-e" "CARGO_HOME=/opt/rustwide/cargo-home" "-e" "RUSTUP_HOME=/opt/rustwide/rustup-home" "-w" "/opt/rustwide/workdir" "-m" "1610612736" "--user" "0:0" "--network" "none" "ghcr.io/rust-lang/crates-build-env/linux@sha256:34b6a614d2c27851fe6cbf88fbd1137609cefab8b10d0615aaeb6fd47975d74e" "/opt/rustwide/cargo-home/bin/cargo" "+1.54.0" "test" "--frozen", kill_on_drop: false }`
[INFO] [stdout] d817291039d08a5357e75dfb5ee2a90fd75e89c553bdb2a1e1b763bd7e636487
[INFO] running `Command { std: "docker" "start" "-a" "d817291039d08a5357e75dfb5ee2a90fd75e89c553bdb2a1e1b763bd7e636487", kill_on_drop: false }`
[INFO] [stderr] warning: trait objects without an explicit `dyn` are deprecated
[INFO] [stderr]   --> src/merger.rs:72:44
[INFO] [stderr]    |
[INFO] [stderr] 72 | pub type MergeReferenceNamerCallback<'a> = Fn(&str, &str, git2::Oid, git2::Oid) -> String + 'a;
[INFO] [stderr]    |                                            ^^^^^^^^^^^^^^^^^^^^^^^^^^^^^^^^^^^^^^^^^^^^^^^^^^^ help: use `dyn`: `dyn Fn(&str, &str, git2::Oid, git2::Oid) -> String + 'a`
[INFO] [stderr]    |
[INFO] [stderr]    = note: `#[warn(bare_trait_objects)]` on by default
[INFO] [stderr]    = warning: this was previously accepted by the compiler but is being phased out; it will become a hard error in the 2021 edition!
[INFO] [stderr]    = note: for more information, see issue #80165 <https://github.com/rust-lang/rust/issues/80165>
[INFO] [stderr] 
[INFO] [stderr] warning: 1 warning emitted
[INFO] [stderr] 
[INFO] [stderr] warning: trait objects without an explicit `dyn` are deprecated
[INFO] [stderr]   --> src/merger.rs:72:44
[INFO] [stderr]    |
[INFO] [stderr] 72 | pub type MergeReferenceNamerCallback<'a> = Fn(&str, &str, git2::Oid, git2::Oid) -> String + 'a;
[INFO] [stderr]    |                                            ^^^^^^^^^^^^^^^^^^^^^^^^^^^^^^^^^^^^^^^^^^^^^^^^^^^ help: use `dyn`: `dyn Fn(&str, &str, git2::Oid, git2::Oid) -> String + 'a`
[INFO] [stderr]    |
[INFO] [stderr]    = note: `#[warn(bare_trait_objects)]` on by default
[INFO] [stderr]    = warning: this was previously accepted by the compiler but is being phased out; it will become a hard error in the 2021 edition!
[INFO] [stderr]    = note: for more information, see issue #80165 <https://github.com/rust-lang/rust/issues/80165>
[INFO] [stderr] 
[INFO] [stderr] warning: 1 warning emitted
[INFO] [stderr] 
[INFO] [stderr] warning: use of deprecated macro `RustcDecodable`: rustc-serialize is deprecated and no longer supported
[INFO] [stderr]   --> src/main.rs:58:10
[INFO] [stderr]    |
[INFO] [stderr] 58 | #[derive(RustcDecodable, Debug)]
[INFO] [stderr]    |          ^^^^^^^^^^^^^^
[INFO] [stderr]    |
[INFO] [stderr]    = note: `#[warn(deprecated)]` on by default
[INFO] [stderr] 
[INFO] [stderr] warning: unused macro definition
[INFO] [stderr]   --> src/test.rs:17:1
[INFO] [stderr]    |
[INFO] [stderr] 17 | / macro_rules! is_err {
[INFO] [stderr] 18 | |     ($e:expr) => {
[INFO] [stderr] 19 | |         match $e {
[INFO] [stderr] 20 | |             Ok(e) => panic!(
[INFO] [stderr] ...  |
[INFO] [stderr] 27 | |     };
[INFO] [stderr] 28 | | }
[INFO] [stderr]    | |_^
[INFO] [stderr]    |
[INFO] [stderr]    = note: `#[warn(unused_macros)]` on by default
[INFO] [stderr] 
[INFO] [stderr] warning: unused macro definition
[INFO] [stderr]   --> src/test.rs:30:1
[INFO] [stderr]    |
[INFO] [stderr] 30 | / macro_rules! is_none {
[INFO] [stderr] 31 | |     ($e:expr) => {{
[INFO] [stderr] 32 | |         let e = $e;
[INFO] [stderr] 33 | |         assert!(
[INFO] [stderr] ...  |
[INFO] [stderr] 39 | |     }};
[INFO] [stderr] 40 | | }
[INFO] [stderr]    | |_^
[INFO] [stderr] 
[INFO] [stderr] warning: unused macro definition
[INFO] [stderr]   --> src/test.rs:42:1
[INFO] [stderr]    |
[INFO] [stderr] 42 | / macro_rules! not_none {
[INFO] [stderr] 43 | |     ($e:expr) => {
[INFO] [stderr] 44 | |         match $e {
[INFO] [stderr] 45 | |             Some(e) => e,
[INFO] [stderr] ...  |
[INFO] [stderr] 48 | |     };
[INFO] [stderr] 49 | | }
[INFO] [stderr]    | |_^
[INFO] [stderr] 
[INFO] [stderr] warning: unused macro definition
[INFO] [stderr]   --> src/test.rs:51:1
[INFO] [stderr]    |
[INFO] [stderr] 51 | / macro_rules! assert_matches {
[INFO] [stderr] 52 | |     ($e:expr, $p:pat) => {
[INFO] [stderr] 53 | |         assert_matches!($e, $p, ())
[INFO] [stderr] 54 | |     };
[INFO] [stderr] ...  |
[INFO] [stderr] 65 | |     };
[INFO] [stderr] 66 | | }
[INFO] [stderr]    | |_^
[INFO] [stderr] 
[INFO] [stderr] warning: 5 warnings emitted
[INFO] [stderr] 
[INFO] [stderr]     Finished test [unoptimized + debuginfo] target(s) in 0.02s
[INFO] [stderr]      Running unittests (/opt/rustwide/target/debug/deps/fusionner-db3298d4880ca6aa)
[INFO] [stdout] 
[INFO] [stdout] running 28 tests
[INFO] [stdout] test git::tests::directions_are_eq_correctly ... ok
[INFO] [stdout] test git::tests::forced_refspec_str_constructed_from_str_correctly ... ok
[INFO] [stdout] test git::tests::refspec_str_constructed_from_str_correctly ... ok
[INFO] [stdout] test git::tests::refspec_without_dest_works_correctly ... ok
[INFO] [stdout] test git::tests::refspec_str_forced_works_correctly ... ok
[INFO] [stdout] test merger::tests::correct_merges_are_found_from_note ... ok
[INFO] [stdout] test git::tests::smoke_test_opem ... ok
[INFO] [stdout] test merger::tests::correct_default_merge_reference_is_returned ... ok
[INFO] [stdout] test merger::tests::custom_merge_reference_namer_is_invoked ... ok
[INFO] [stdout] test merger::tests::merge_smoke_test ... ok
[INFO] [stdout] test merger::tests::should_merge_on_unequal_target_oid_for_same_target_reference ... ok
[INFO] [stdout] test git::tests::smoke_test_clone ... ok
[INFO] [stdout] test git::tests::remote_smoke_test ... ok
[INFO] [stdout] test merger::tests::check_and_merge_smoke_test ... ok
[INFO] [stdout] test git::tests::resolve_credentials_will_get_key_from_ssh_agent_in_absence_of_key ... ok
[INFO] [stdout] test merger::tests::custom_note_refspecs_are_added ... ok
[INFO] [stdout] test git::tests::resolve_credentials_smoke_test ... ok
[INFO] [stdout] test merger::tests::should_not_merge_on_equal_target_oid_for_same_target_reference ... ok
[INFO] [stdout] test git::tests::refspecs_are_generated_correctly ... ok
[INFO] [stdout] test merger::tests::notes_are_added_and_retrieved ... ok
[INFO] [stdout] test merger::tests::default_note_refspecs_are_added ... ok
[INFO] [stdout] test merger::tests::should_merge_on_missing_note ... ok
[INFO] [stdout] test merger::tests::should_not_merge_on_equal_target_oid_for_different_target_reference ... ok
[INFO] [stdout] test git::tests::refspecs_smoke_test ... ok
[INFO] [stdout] test merger::tests::notes_only_has_latest_merge_for_target_reference ... ok
[INFO] [stdout] test git::tests::target_ref_is_resolved_correctly ... ok
[INFO] [stdout] test git::tests::invalid_target_ref_should_error ... ok
[INFO] [stdout] test git::tests::target_ref_is_resolved_to_head_by_default ... ok
[INFO] [stdout] 
[INFO] [stdout] test result: ok. 28 passed; 0 failed; 0 ignored; 0 measured; 0 filtered out; finished in 0.08s
[INFO] [stdout] 
[INFO] [stderr]      Running unittests (/opt/rustwide/target/debug/deps/fusionner-2c4c00e82e80a1f3)
[INFO] [stdout] 
[INFO] [stdout] running 1 test
[INFO] [stdout] test tests::config_reading_smoke_test ... ok
[INFO] [stdout] 
[INFO] [stdout] test result: ok. 1 passed; 0 failed; 0 ignored; 0 measured; 0 filtered out; finished in 0.00s
[INFO] [stdout] 
[INFO] [stderr]    Doc-tests fusionner
[INFO] [stdout] 
[INFO] [stdout] running 7 tests
[INFO] [stdout] test src/git.rs - git::RefspecStr::as_forced (line 567) ... ok
[INFO] [stdout] test src/merger.rs - merger::MergeReferenceNamer::Custom (line 86) ... ok
[INFO] [stdout] test src/git.rs - git::RefspecStr (line 98) ... ok
[INFO] [stdout] test src/git.rs - git::Repository::new (line 143) ... FAILED
[INFO] [stdout] test src/merger.rs - merger::Merger::new (line 124) ... FAILED
[INFO] [stdout] test src/git.rs - git::Remote (line 50) ... FAILED
[INFO] [stdout] test src/git.rs - git::Repository (line 16) ... FAILED
[INFO] [stdout] 
[INFO] [stdout] failures:
[INFO] [stdout] 
[INFO] [stdout] ---- src/git.rs - git::Repository::new (line 143) stdout ----
[INFO] [stdout] Test executable failed (exit code 101).
[INFO] [stdout] 
[INFO] [stdout] stderr:
[INFO] [stdout] thread 'main' panicked at 'called `Result::unwrap()` on an `Err` value: Error { code: -1, klass: 12, message: "curl error: Couldn't resolve host 'github.com'\n" }', src/git.rs:28:6
[INFO] [stdout] stack backtrace:
[INFO] [stdout]    0:     0x55f22e21d970 - std::backtrace_rs::backtrace::libunwind::trace::h34055254b57d8e79
[INFO] [stdout]                                at /rustc/a178d0322ce20e33eac124758e837cbd80a6f633/library/std/src/../../backtrace/src/backtrace/libunwind.rs:90:5
[INFO] [stdout]    1:     0x55f22e21d970 - std::backtrace_rs::backtrace::trace_unsynchronized::h8f1e3fbd9afff6ec
[INFO] [stdout]                                at /rustc/a178d0322ce20e33eac124758e837cbd80a6f633/library/std/src/../../backtrace/src/backtrace/mod.rs:66:5
[INFO] [stdout]    2:     0x55f22e21d970 - std::sys_common::backtrace::_print_fmt::h3a99a796b770c360
[INFO] [stdout]                                at /rustc/a178d0322ce20e33eac124758e837cbd80a6f633/library/std/src/sys_common/backtrace.rs:67:5
[INFO] [stdout]    3:     0x55f22e21d970 - <std::sys_common::backtrace::_print::DisplayBacktrace as core::fmt::Display>::fmt::h32d1f94a80615d18
[INFO] [stdout]                                at /rustc/a178d0322ce20e33eac124758e837cbd80a6f633/library/std/src/sys_common/backtrace.rs:46:22
[INFO] [stdout]    4:     0x55f22e23891c - core::fmt::write::h306731c068f7162c
[INFO] [stdout]                                at /rustc/a178d0322ce20e33eac124758e837cbd80a6f633/library/core/src/fmt/mod.rs:1110:17
[INFO] [stdout]    5:     0x55f22e21bc75 - std::io::Write::write_fmt::hd2fa90334eee2a21
[INFO] [stdout]                                at /rustc/a178d0322ce20e33eac124758e837cbd80a6f633/library/std/src/io/mod.rs:1588:15
[INFO] [stdout]    6:     0x55f22e21fa6b - std::sys_common::backtrace::_print::h5abaa2601a852287
[INFO] [stdout]                                at /rustc/a178d0322ce20e33eac124758e837cbd80a6f633/library/std/src/sys_common/backtrace.rs:49:5
[INFO] [stdout]    7:     0x55f22e21fa6b - std::sys_common::backtrace::print::h8d81445442bb638f
[INFO] [stdout]                                at /rustc/a178d0322ce20e33eac124758e837cbd80a6f633/library/std/src/sys_common/backtrace.rs:36:9
[INFO] [stdout]    8:     0x55f22e21fa6b - std::panicking::default_hook::{{closure}}::hcfe804496a9fa747
[INFO] [stdout]                                at /rustc/a178d0322ce20e33eac124758e837cbd80a6f633/library/std/src/panicking.rs:208:50
[INFO] [stdout]    9:     0x55f22e21f541 - std::panicking::default_hook::hbea8e3ccf2ba8901
[INFO] [stdout]                                at /rustc/a178d0322ce20e33eac124758e837cbd80a6f633/library/std/src/panicking.rs:225:9
[INFO] [stdout]   10:     0x55f22e220134 - std::panicking::rust_panic_with_hook::h7ee9e1a2d0f8975a
[INFO] [stdout]                                at /rustc/a178d0322ce20e33eac124758e837cbd80a6f633/library/std/src/panicking.rs:622:17
[INFO] [stdout]   11:     0x55f22e21fc17 - std::panicking::begin_panic_handler::{{closure}}::h8ab3b4491718b2c7
[INFO] [stdout]                                at /rustc/a178d0322ce20e33eac124758e837cbd80a6f633/library/std/src/panicking.rs:519:13
[INFO] [stdout]   12:     0x55f22e21de6c - std::sys_common::backtrace::__rust_end_short_backtrace::hd489062ffa586a9f
[INFO] [stdout]                                at /rustc/a178d0322ce20e33eac124758e837cbd80a6f633/library/std/src/sys_common/backtrace.rs:141:18
[INFO] [stdout]   13:     0x55f22e21fb79 - rust_begin_unwind
[INFO] [stdout]                                at /rustc/a178d0322ce20e33eac124758e837cbd80a6f633/library/std/src/panicking.rs:515:5
[INFO] [stdout]   14:     0x55f22e0d0751 - core::panicking::panic_fmt::hca6330e3e14086b4
[INFO] [stdout]                                at /rustc/a178d0322ce20e33eac124758e837cbd80a6f633/library/core/src/panicking.rs:92:14
[INFO] [stdout]   15:     0x55f22e0d07e3 - core::result::unwrap_failed::h6160d2b4bfbb0e87
[INFO] [stdout]                                at /rustc/a178d0322ce20e33eac124758e837cbd80a6f633/library/core/src/result.rs:1355:5
[INFO] [stdout]   16:     0x55f22e0d11c9 - core::result::Result<T,E>::unwrap::h563d0c360c663964
[INFO] [stdout]   17:     0x55f22e0d19cd - rust_out::main::h2a38bb51b9580a7d
[INFO] [stdout]   18:     0x55f22e0d1103 - core::ops::function::FnOnce::call_once::hb73b95e6982fd3f0
[INFO] [stdout]   19:     0x55f22e0d0f79 - std::sys_common::backtrace::__rust_begin_short_backtrace::h8371d112165838d3
[INFO] [stdout]   20:     0x55f22e0d0fe9 - std::rt::lang_start::{{closure}}::h783adf50233ec5ec
[INFO] [stdout]   21:     0x55f22e220639 - core::ops::function::impls::<impl core::ops::function::FnOnce<A> for &F>::call_once::h2aabc384aab89b7b
[INFO] [stdout]                                at /rustc/a178d0322ce20e33eac124758e837cbd80a6f633/library/core/src/ops/function.rs:259:13
[INFO] [stdout]   22:     0x55f22e220639 - std::panicking::try::do_call::hc5fcacb7a85fc7b1
[INFO] [stdout]                                at /rustc/a178d0322ce20e33eac124758e837cbd80a6f633/library/std/src/panicking.rs:401:40
[INFO] [stdout]   23:     0x55f22e220639 - std::panicking::try::hb5d9603af3abbe3a
[INFO] [stdout]                                at /rustc/a178d0322ce20e33eac124758e837cbd80a6f633/library/std/src/panicking.rs:365:19
[INFO] [stdout]   24:     0x55f22e220639 - std::panic::catch_unwind::h98fe6ac3925e64b4
[INFO] [stdout]                                at /rustc/a178d0322ce20e33eac124758e837cbd80a6f633/library/std/src/panic.rs:434:14
[INFO] [stdout]   25:     0x55f22e220639 - std::rt::lang_start_internal::h22ac7383c516f93e
[INFO] [stdout]                                at /rustc/a178d0322ce20e33eac124758e837cbd80a6f633/library/std/src/rt.rs:34:21
[INFO] [stdout]   26:     0x55f22e0d0fd1 - std::rt::lang_start::h11b9716471e37ff8
[INFO] [stdout]   27:     0x55f22e0d1ab3 - main
[INFO] [stdout]   28:     0x7f791933f0b3 - __libc_start_main
[INFO] [stdout]   29:     0x55f22e0d0eae - _start
[INFO] [stdout]   30:                0x0 - <unknown>
[INFO] [stdout] 
[INFO] [stdout] 
[INFO] [stdout] ---- src/merger.rs - merger::Merger::new (line 124) stdout ----
[INFO] [stdout] Test executable failed (exit code 101).
[INFO] [stdout] 
[INFO] [stdout] stderr:
[INFO] [stdout] thread 'main' panicked at 'called `Result::unwrap()` on an `Err` value: Error { code: -1, klass: 12, message: "curl error: Couldn't resolve host 'github.com'\n" }', src/merger.rs:22:54
[INFO] [stdout] stack backtrace:
[INFO] [stdout]    0:     0x556cdebb3400 - std::backtrace_rs::backtrace::libunwind::trace::h34055254b57d8e79
[INFO] [stdout]                                at /rustc/a178d0322ce20e33eac124758e837cbd80a6f633/library/std/src/../../backtrace/src/backtrace/libunwind.rs:90:5
[INFO] [stdout]    1:     0x556cdebb3400 - std::backtrace_rs::backtrace::trace_unsynchronized::h8f1e3fbd9afff6ec
[INFO] [stdout]                                at /rustc/a178d0322ce20e33eac124758e837cbd80a6f633/library/std/src/../../backtrace/src/backtrace/mod.rs:66:5
[INFO] [stdout]    2:     0x556cdebb3400 - std::sys_common::backtrace::_print_fmt::h3a99a796b770c360
[INFO] [stdout]                                at /rustc/a178d0322ce20e33eac124758e837cbd80a6f633/library/std/src/sys_common/backtrace.rs:67:5
[INFO] [stdout]    3:     0x556cdebb3400 - <std::sys_common::backtrace::_print::DisplayBacktrace as core::fmt::Display>::fmt::h32d1f94a80615d18
[INFO] [stdout]                                at /rustc/a178d0322ce20e33eac124758e837cbd80a6f633/library/std/src/sys_common/backtrace.rs:46:22
[INFO] [stdout]    4:     0x556cdebd08ac - core::fmt::write::h306731c068f7162c
[INFO] [stdout]                                at /rustc/a178d0322ce20e33eac124758e837cbd80a6f633/library/core/src/fmt/mod.rs:1110:17
[INFO] [stdout]    5:     0x556cdebb0f65 - std::io::Write::write_fmt::hd2fa90334eee2a21
[INFO] [stdout]                                at /rustc/a178d0322ce20e33eac124758e837cbd80a6f633/library/std/src/io/mod.rs:1588:15
[INFO] [stdout]    6:     0x556cdebb509b - std::sys_common::backtrace::_print::h5abaa2601a852287
[INFO] [stdout]                                at /rustc/a178d0322ce20e33eac124758e837cbd80a6f633/library/std/src/sys_common/backtrace.rs:49:5
[INFO] [stdout]    7:     0x556cdebb509b - std::sys_common::backtrace::print::h8d81445442bb638f
[INFO] [stdout]                                at /rustc/a178d0322ce20e33eac124758e837cbd80a6f633/library/std/src/sys_common/backtrace.rs:36:9
[INFO] [stdout]    8:     0x556cdebb509b - std::panicking::default_hook::{{closure}}::hcfe804496a9fa747
[INFO] [stdout]                                at /rustc/a178d0322ce20e33eac124758e837cbd80a6f633/library/std/src/panicking.rs:208:50
[INFO] [stdout]    9:     0x556cdebb4b71 - std::panicking::default_hook::hbea8e3ccf2ba8901
[INFO] [stdout]                                at /rustc/a178d0322ce20e33eac124758e837cbd80a6f633/library/std/src/panicking.rs:225:9
[INFO] [stdout]   10:     0x556cdebb5764 - std::panicking::rust_panic_with_hook::h7ee9e1a2d0f8975a
[INFO] [stdout]                                at /rustc/a178d0322ce20e33eac124758e837cbd80a6f633/library/std/src/panicking.rs:622:17
[INFO] [stdout]   11:     0x556cdebb5247 - std::panicking::begin_panic_handler::{{closure}}::h8ab3b4491718b2c7
[INFO] [stdout]                                at /rustc/a178d0322ce20e33eac124758e837cbd80a6f633/library/std/src/panicking.rs:519:13
[INFO] [stdout]   12:     0x556cdebb38fc - std::sys_common::backtrace::__rust_end_short_backtrace::hd489062ffa586a9f
[INFO] [stdout]                                at /rustc/a178d0322ce20e33eac124758e837cbd80a6f633/library/std/src/sys_common/backtrace.rs:141:18
[INFO] [stdout]   13:     0x556cdebb51a9 - rust_begin_unwind
[INFO] [stdout]                                at /rustc/a178d0322ce20e33eac124758e837cbd80a6f633/library/std/src/panicking.rs:515:5
[INFO] [stdout]   14:     0x556cde9cca71 - core::panicking::panic_fmt::hca6330e3e14086b4
[INFO] [stdout]                                at /rustc/a178d0322ce20e33eac124758e837cbd80a6f633/library/core/src/panicking.rs:92:14
[INFO] [stdout]   15:     0x556cde9ccb03 - core::result::unwrap_failed::h6160d2b4bfbb0e87
[INFO] [stdout]                                at /rustc/a178d0322ce20e33eac124758e837cbd80a6f633/library/core/src/result.rs:1355:5
[INFO] [stdout]   16:     0x556cde9cd7e9 - core::result::Result<T,E>::unwrap::h563d0c360c663964
[INFO] [stdout]   17:     0x556cde9cde57 - rust_out::main::_doctest_main_src_merger_rs_124_0::h8358f58dfd078e7f
[INFO] [stdout]   18:     0x556cde9cdbc6 - rust_out::main::h2a38bb51b9580a7d
[INFO] [stdout]   19:     0x556cde9cd5d3 - core::ops::function::FnOnce::call_once::hb73b95e6982fd3f0
[INFO] [stdout]   20:     0x556cde9cd2d9 - std::sys_common::backtrace::__rust_begin_short_backtrace::h8371d112165838d3
[INFO] [stdout]   21:     0x556cde9cd349 - std::rt::lang_start::{{closure}}::h783adf50233ec5ec
[INFO] [stdout]   22:     0x556cdebb5c69 - core::ops::function::impls::<impl core::ops::function::FnOnce<A> for &F>::call_once::h2aabc384aab89b7b
[INFO] [stdout]                                at /rustc/a178d0322ce20e33eac124758e837cbd80a6f633/library/core/src/ops/function.rs:259:13
[INFO] [stdout]   23:     0x556cdebb5c69 - std::panicking::try::do_call::hc5fcacb7a85fc7b1
[INFO] [stdout]                                at /rustc/a178d0322ce20e33eac124758e837cbd80a6f633/library/std/src/panicking.rs:401:40
[INFO] [stdout]   24:     0x556cdebb5c69 - std::panicking::try::hb5d9603af3abbe3a
[INFO] [stdout]                                at /rustc/a178d0322ce20e33eac124758e837cbd80a6f633/library/std/src/panicking.rs:365:19
[INFO] [stdout]   25:     0x556cdebb5c69 - std::panic::catch_unwind::h98fe6ac3925e64b4
[INFO] [stdout]                                at /rustc/a178d0322ce20e33eac124758e837cbd80a6f633/library/std/src/panic.rs:434:14
[INFO] [stdout]   26:     0x556cdebb5c69 - std::rt::lang_start_internal::h22ac7383c516f93e
[INFO] [stdout]                                at /rustc/a178d0322ce20e33eac124758e837cbd80a6f633/library/std/src/rt.rs:34:21
[INFO] [stdout]   27:     0x556cde9cd331 - std::rt::lang_start::h11b9716471e37ff8
[INFO] [stdout]   28:     0x556cde9ce0e3 - main
[INFO] [stdout]   29:     0x7f3aaf3520b3 - __libc_start_main
[INFO] [stdout]   30:     0x556cde9cd20e - _start
[INFO] [stdout]   31:                0x0 - <unknown>
[INFO] [stdout] 
[INFO] [stdout] 
[INFO] [stdout] ---- src/git.rs - git::Remote (line 50) stdout ----
[INFO] [stdout] Test executable failed (exit code 101).
[INFO] [stdout] 
[INFO] [stdout] stderr:
[INFO] [stdout] thread 'main' panicked at 'called `Result::unwrap()` on an `Err` value: Error { code: -1, klass: 12, message: "curl error: Couldn't resolve host 'github.com'\n" }', src/git.rs:24:54
[INFO] [stdout] stack backtrace:
[INFO] [stdout]    0:     0x55c1a3fea1b0 - std::backtrace_rs::backtrace::libunwind::trace::h34055254b57d8e79
[INFO] [stdout]                                at /rustc/a178d0322ce20e33eac124758e837cbd80a6f633/library/std/src/../../backtrace/src/backtrace/libunwind.rs:90:5
[INFO] [stdout]    1:     0x55c1a3fea1b0 - std::backtrace_rs::backtrace::trace_unsynchronized::h8f1e3fbd9afff6ec
[INFO] [stdout]                                at /rustc/a178d0322ce20e33eac124758e837cbd80a6f633/library/std/src/../../backtrace/src/backtrace/mod.rs:66:5
[INFO] [stdout]    2:     0x55c1a3fea1b0 - std::sys_common::backtrace::_print_fmt::h3a99a796b770c360
[INFO] [stdout]                                at /rustc/a178d0322ce20e33eac124758e837cbd80a6f633/library/std/src/sys_common/backtrace.rs:67:5
[INFO] [stdout]    3:     0x55c1a3fea1b0 - <std::sys_common::backtrace::_print::DisplayBacktrace as core::fmt::Display>::fmt::h32d1f94a80615d18
[INFO] [stdout]                                at /rustc/a178d0322ce20e33eac124758e837cbd80a6f633/library/std/src/sys_common/backtrace.rs:46:22
[INFO] [stdout]    4:     0x55c1a400879c - core::fmt::write::h306731c068f7162c
[INFO] [stdout]                                at /rustc/a178d0322ce20e33eac124758e837cbd80a6f633/library/core/src/fmt/mod.rs:1110:17
[INFO] [stdout]    5:     0x55c1a3fe7705 - std::io::Write::write_fmt::hd2fa90334eee2a21
[INFO] [stdout]                                at /rustc/a178d0322ce20e33eac124758e837cbd80a6f633/library/std/src/io/mod.rs:1588:15
[INFO] [stdout]    6:     0x55c1a3fec2ab - std::sys_common::backtrace::_print::h5abaa2601a852287
[INFO] [stdout]                                at /rustc/a178d0322ce20e33eac124758e837cbd80a6f633/library/std/src/sys_common/backtrace.rs:49:5
[INFO] [stdout]    7:     0x55c1a3fec2ab - std::sys_common::backtrace::print::h8d81445442bb638f
[INFO] [stdout]                                at /rustc/a178d0322ce20e33eac124758e837cbd80a6f633/library/std/src/sys_common/backtrace.rs:36:9
[INFO] [stdout]    8:     0x55c1a3fec2ab - std::panicking::default_hook::{{closure}}::hcfe804496a9fa747
[INFO] [stdout]                                at /rustc/a178d0322ce20e33eac124758e837cbd80a6f633/library/std/src/panicking.rs:208:50
[INFO] [stdout]    9:     0x55c1a3febd81 - std::panicking::default_hook::hbea8e3ccf2ba8901
[INFO] [stdout]                                at /rustc/a178d0322ce20e33eac124758e837cbd80a6f633/library/std/src/panicking.rs:225:9
[INFO] [stdout]   10:     0x55c1a3fec974 - std::panicking::rust_panic_with_hook::h7ee9e1a2d0f8975a
[INFO] [stdout]                                at /rustc/a178d0322ce20e33eac124758e837cbd80a6f633/library/std/src/panicking.rs:622:17
[INFO] [stdout]   11:     0x55c1a3fec457 - std::panicking::begin_panic_handler::{{closure}}::h8ab3b4491718b2c7
[INFO] [stdout]                                at /rustc/a178d0322ce20e33eac124758e837cbd80a6f633/library/std/src/panicking.rs:519:13
[INFO] [stdout]   12:     0x55c1a3fea6ac - std::sys_common::backtrace::__rust_end_short_backtrace::hd489062ffa586a9f
[INFO] [stdout]                                at /rustc/a178d0322ce20e33eac124758e837cbd80a6f633/library/std/src/sys_common/backtrace.rs:141:18
[INFO] [stdout]   13:     0x55c1a3fec3b9 - rust_begin_unwind
[INFO] [stdout]                                at /rustc/a178d0322ce20e33eac124758e837cbd80a6f633/library/std/src/panicking.rs:515:5
[INFO] [stdout]   14:     0x55c1a3deda41 - core::panicking::panic_fmt::hca6330e3e14086b4
[INFO] [stdout]                                at /rustc/a178d0322ce20e33eac124758e837cbd80a6f633/library/core/src/panicking.rs:92:14
[INFO] [stdout]   15:     0x55c1a3dedad3 - core::result::unwrap_failed::h6160d2b4bfbb0e87
[INFO] [stdout]                                at /rustc/a178d0322ce20e33eac124758e837cbd80a6f633/library/core/src/result.rs:1355:5
[INFO] [stdout]   16:     0x55c1a3dee4f9 - core::result::Result<T,E>::unwrap::h563d0c360c663964
[INFO] [stdout]   17:     0x55c1a3deea40 - rust_out::main::h2a38bb51b9580a7d
[INFO] [stdout]   18:     0x55c1a3dee433 - core::ops::function::FnOnce::call_once::hb73b95e6982fd3f0
[INFO] [stdout]   19:     0x55c1a3dee2a9 - std::sys_common::backtrace::__rust_begin_short_backtrace::h8371d112165838d3
[INFO] [stdout]   20:     0x55c1a3dee319 - std::rt::lang_start::{{closure}}::h783adf50233ec5ec
[INFO] [stdout]   21:     0x55c1a3fece79 - core::ops::function::impls::<impl core::ops::function::FnOnce<A> for &F>::call_once::h2aabc384aab89b7b
[INFO] [stdout]                                at /rustc/a178d0322ce20e33eac124758e837cbd80a6f633/library/core/src/ops/function.rs:259:13
[INFO] [stdout]   22:     0x55c1a3fece79 - std::panicking::try::do_call::hc5fcacb7a85fc7b1
[INFO] [stdout]                                at /rustc/a178d0322ce20e33eac124758e837cbd80a6f633/library/std/src/panicking.rs:401:40
[INFO] [stdout]   23:     0x55c1a3fece79 - std::panicking::try::hb5d9603af3abbe3a
[INFO] [stdout]                                at /rustc/a178d0322ce20e33eac124758e837cbd80a6f633/library/std/src/panicking.rs:365:19
[INFO] [stdout]   24:     0x55c1a3fece79 - std::panic::catch_unwind::h98fe6ac3925e64b4
[INFO] [stdout]                                at /rustc/a178d0322ce20e33eac124758e837cbd80a6f633/library/std/src/panic.rs:434:14
[INFO] [stdout]   25:     0x55c1a3fece79 - std::rt::lang_start_internal::h22ac7383c516f93e
[INFO] [stdout]                                at /rustc/a178d0322ce20e33eac124758e837cbd80a6f633/library/std/src/rt.rs:34:21
[INFO] [stdout]   26:     0x55c1a3dee301 - std::rt::lang_start::h11b9716471e37ff8
[INFO] [stdout]   27:     0x55c1a3deeb63 - main
[INFO] [stdout]   28:     0x7fb6447cf0b3 - __libc_start_main
[INFO] [stdout]   29:     0x55c1a3dee1de - _start
[INFO] [stdout]   30:                0x0 - <unknown>
[INFO] [stdout] 
[INFO] [stdout] 
[INFO] [stdout] ---- src/git.rs - git::Repository (line 16) stdout ----
[INFO] [stdout] Test executable failed (exit code 101).
[INFO] [stdout] 
[INFO] [stdout] stderr:
[INFO] [stdout] thread 'main' panicked at 'called `Result::unwrap()` on an `Err` value: Error { code: -1, klass: 12, message: "curl error: Couldn't resolve host 'github.com'\n" }', src/git.rs:24:54
[INFO] [stdout] stack backtrace:
[INFO] [stdout]    0:     0x5585b0d66740 - std::backtrace_rs::backtrace::libunwind::trace::h34055254b57d8e79
[INFO] [stdout]                                at /rustc/a178d0322ce20e33eac124758e837cbd80a6f633/library/std/src/../../backtrace/src/backtrace/libunwind.rs:90:5
[INFO] [stdout]    1:     0x5585b0d66740 - std::backtrace_rs::backtrace::trace_unsynchronized::h8f1e3fbd9afff6ec
[INFO] [stdout]                                at /rustc/a178d0322ce20e33eac124758e837cbd80a6f633/library/std/src/../../backtrace/src/backtrace/mod.rs:66:5
[INFO] [stdout]    2:     0x5585b0d66740 - std::sys_common::backtrace::_print_fmt::h3a99a796b770c360
[INFO] [stdout]                                at /rustc/a178d0322ce20e33eac124758e837cbd80a6f633/library/std/src/sys_common/backtrace.rs:67:5
[INFO] [stdout]    3:     0x5585b0d66740 - <std::sys_common::backtrace::_print::DisplayBacktrace as core::fmt::Display>::fmt::h32d1f94a80615d18
[INFO] [stdout]                                at /rustc/a178d0322ce20e33eac124758e837cbd80a6f633/library/std/src/sys_common/backtrace.rs:46:22
[INFO] [stdout]    4:     0x5585b0d84d2c - core::fmt::write::h306731c068f7162c
[INFO] [stdout]                                at /rustc/a178d0322ce20e33eac124758e837cbd80a6f633/library/core/src/fmt/mod.rs:1110:17
[INFO] [stdout]    5:     0x5585b0d63c95 - std::io::Write::write_fmt::hd2fa90334eee2a21
[INFO] [stdout]                                at /rustc/a178d0322ce20e33eac124758e837cbd80a6f633/library/std/src/io/mod.rs:1588:15
[INFO] [stdout]    6:     0x5585b0d6883b - std::sys_common::backtrace::_print::h5abaa2601a852287
[INFO] [stdout]                                at /rustc/a178d0322ce20e33eac124758e837cbd80a6f633/library/std/src/sys_common/backtrace.rs:49:5
[INFO] [stdout]    7:     0x5585b0d6883b - std::sys_common::backtrace::print::h8d81445442bb638f
[INFO] [stdout]                                at /rustc/a178d0322ce20e33eac124758e837cbd80a6f633/library/std/src/sys_common/backtrace.rs:36:9
[INFO] [stdout]    8:     0x5585b0d6883b - std::panicking::default_hook::{{closure}}::hcfe804496a9fa747
[INFO] [stdout]                                at /rustc/a178d0322ce20e33eac124758e837cbd80a6f633/library/std/src/panicking.rs:208:50
[INFO] [stdout]    9:     0x5585b0d68311 - std::panicking::default_hook::hbea8e3ccf2ba8901
[INFO] [stdout]                                at /rustc/a178d0322ce20e33eac124758e837cbd80a6f633/library/std/src/panicking.rs:225:9
[INFO] [stdout]   10:     0x5585b0d68f04 - std::panicking::rust_panic_with_hook::h7ee9e1a2d0f8975a
[INFO] [stdout]                                at /rustc/a178d0322ce20e33eac124758e837cbd80a6f633/library/std/src/panicking.rs:622:17
[INFO] [stdout]   11:     0x5585b0d689e7 - std::panicking::begin_panic_handler::{{closure}}::h8ab3b4491718b2c7
[INFO] [stdout]                                at /rustc/a178d0322ce20e33eac124758e837cbd80a6f633/library/std/src/panicking.rs:519:13
[INFO] [stdout]   12:     0x5585b0d66c3c - std::sys_common::backtrace::__rust_end_short_backtrace::hd489062ffa586a9f
[INFO] [stdout]                                at /rustc/a178d0322ce20e33eac124758e837cbd80a6f633/library/std/src/sys_common/backtrace.rs:141:18
[INFO] [stdout]   13:     0x5585b0d68949 - rust_begin_unwind
[INFO] [stdout]                                at /rustc/a178d0322ce20e33eac124758e837cbd80a6f633/library/std/src/panicking.rs:515:5
[INFO] [stdout]   14:     0x5585b0b6aa41 - core::panicking::panic_fmt::hca6330e3e14086b4
[INFO] [stdout]                                at /rustc/a178d0322ce20e33eac124758e837cbd80a6f633/library/core/src/panicking.rs:92:14
[INFO] [stdout]   15:     0x5585b0b6aad3 - core::result::unwrap_failed::h6160d2b4bfbb0e87
[INFO] [stdout]                                at /rustc/a178d0322ce20e33eac124758e837cbd80a6f633/library/core/src/result.rs:1355:5
[INFO] [stdout]   16:     0x5585b0b6b4c9 - core::result::Result<T,E>::unwrap::h563d0c360c663964
[INFO] [stdout]   17:     0x5585b0b6ba10 - rust_out::main::h2a38bb51b9580a7d
[INFO] [stdout]   18:     0x5585b0b6b433 - core::ops::function::FnOnce::call_once::hb73b95e6982fd3f0
[INFO] [stdout]   19:     0x5585b0b6b2a9 - std::sys_common::backtrace::__rust_begin_short_backtrace::h8371d112165838d3
[INFO] [stdout]   20:     0x5585b0b6b319 - std::rt::lang_start::{{closure}}::h783adf50233ec5ec
[INFO] [stdout]   21:     0x5585b0d69409 - core::ops::function::impls::<impl core::ops::function::FnOnce<A> for &F>::call_once::h2aabc384aab89b7b
[INFO] [stdout]                                at /rustc/a178d0322ce20e33eac124758e837cbd80a6f633/library/core/src/ops/function.rs:259:13
[INFO] [stdout]   22:     0x5585b0d69409 - std::panicking::try::do_call::hc5fcacb7a85fc7b1
[INFO] [stdout]                                at /rustc/a178d0322ce20e33eac124758e837cbd80a6f633/library/std/src/panicking.rs:401:40
[INFO] [stdout]   23:     0x5585b0d69409 - std::panicking::try::hb5d9603af3abbe3a
[INFO] [stdout]                                at /rustc/a178d0322ce20e33eac124758e837cbd80a6f633/library/std/src/panicking.rs:365:19
[INFO] [stdout]   24:     0x5585b0d69409 - std::panic::catch_unwind::h98fe6ac3925e64b4
[INFO] [stdout]                                at /rustc/a178d0322ce20e33eac124758e837cbd80a6f633/library/std/src/panic.rs:434:14
[INFO] [stdout]   25:     0x5585b0d69409 - std::rt::lang_start_internal::h22ac7383c516f93e
[INFO] [stdout]                                at /rustc/a178d0322ce20e33eac124758e837cbd80a6f633/library/std/src/rt.rs:34:21
[INFO] [stdout]   26:     0x5585b0b6b301 - std::rt::lang_start::h11b9716471e37ff8
[INFO] [stdout]   27:     0x5585b0b6bac3 - main
[INFO] [stdout]   28:     0x7fc8e76f20b3 - __libc_start_main
[INFO] [stdout]   29:     0x5585b0b6b1de - _start
[INFO] [stdout]   30:                0x0 - <unknown>
[INFO] [stdout] 
[INFO] [stdout] 
[INFO] [stdout] 
[INFO] [stdout] failures:
[INFO] [stdout]     src/git.rs - git::Remote (line 50)
[INFO] [stdout]     src/git.rs - git::Repository (line 16)
[INFO] [stdout]     src/git.rs - git::Repository::new (line 143)
[INFO] [stdout]     src/merger.rs - merger::Merger::new (line 124)
[INFO] [stdout] 
[INFO] [stdout] test result: FAILED. 3 passed; 4 failed; 0 ignored; 0 measured; 0 filtered out; finished in 1.27s
[INFO] [stdout] 
[INFO] [stderr] error: test failed, to rerun pass '--doc'
[INFO] running `Command { std: "docker" "inspect" "d817291039d08a5357e75dfb5ee2a90fd75e89c553bdb2a1e1b763bd7e636487", kill_on_drop: false }`
[INFO] running `Command { std: "docker" "rm" "-f" "d817291039d08a5357e75dfb5ee2a90fd75e89c553bdb2a1e1b763bd7e636487", kill_on_drop: false }`
[INFO] [stdout] d817291039d08a5357e75dfb5ee2a90fd75e89c553bdb2a1e1b763bd7e636487
