[INFO] cloning repository https://github.com/lalrpop/lalrpop
[INFO] running `Command { std: "git" "-c" "credential.helper=" "-c" "credential.helper=/workspace/cargo-home/bin/git-credential-null" "clone" "--bare" "https://github.com/lalrpop/lalrpop" "/workspace/cache/git-repos/https%3A%2F%2Fgithub.com%2Flalrpop%2Flalrpop", kill_on_drop: false }`
[INFO] [stderr] Cloning into bare repository '/workspace/cache/git-repos/https%3A%2F%2Fgithub.com%2Flalrpop%2Flalrpop'...
[INFO] running `Command { std: "git" "rev-parse" "HEAD", kill_on_drop: false }`
[INFO] [stdout] 52b1b39d1660fd9812f82b620df46e346962213b
[INFO] testing lalrpop/lalrpop against 1.54.0 for beta-1.55-1
[INFO] running `Command { std: "git" "clone" "/workspace/cache/git-repos/https%3A%2F%2Fgithub.com%2Flalrpop%2Flalrpop" "/workspace/builds/worker-7/source", kill_on_drop: false }`
[INFO] [stderr] Cloning into '/workspace/builds/worker-7/source'...
[INFO] [stderr] done.
[INFO] validating manifest of git repo https://github.com/lalrpop/lalrpop on toolchain 1.54.0
[INFO] running `Command { std: "/workspace/cargo-home/bin/cargo" "+1.54.0" "metadata" "--manifest-path" "Cargo.toml" "--no-deps", kill_on_drop: false }`
[INFO] started tweaking git repo https://github.com/lalrpop/lalrpop
[INFO] finished tweaking git repo https://github.com/lalrpop/lalrpop
[INFO] tweaked toml for git repo https://github.com/lalrpop/lalrpop written to /workspace/builds/worker-7/source/Cargo.toml
[INFO] crate git repo https://github.com/lalrpop/lalrpop already has a lockfile, it will not be regenerated
[INFO] running `Command { std: "/workspace/cargo-home/bin/cargo" "+1.54.0" "fetch" "--manifest-path" "Cargo.toml", kill_on_drop: false }`
[INFO] running `Command { std: "docker" "create" "-v" "/var/lib/crater-agent-workspace/builds/worker-7/target:/opt/rustwide/target:rw,Z" "-v" "/var/lib/crater-agent-workspace/builds/worker-7/source:/opt/rustwide/workdir:ro,Z" "-v" "/var/lib/crater-agent-workspace/cargo-home:/opt/rustwide/cargo-home:ro,Z" "-v" "/var/lib/crater-agent-workspace/rustup-home:/opt/rustwide/rustup-home:ro,Z" "-e" "SOURCE_DIR=/opt/rustwide/workdir" "-e" "CARGO_TARGET_DIR=/opt/rustwide/target" "-e" "CARGO_HOME=/opt/rustwide/cargo-home" "-e" "RUSTUP_HOME=/opt/rustwide/rustup-home" "-w" "/opt/rustwide/workdir" "-m" "1610612736" "--user" "0:0" "--network" "none" "ghcr.io/rust-lang/crates-build-env/linux@sha256:34b6a614d2c27851fe6cbf88fbd1137609cefab8b10d0615aaeb6fd47975d74e" "/opt/rustwide/cargo-home/bin/cargo" "+1.54.0" "metadata" "--no-deps" "--format-version=1", kill_on_drop: false }`
[INFO] [stdout] 93fdca203e02d8dd1eafb4dac9448692d70a12c97473a1dd260658813b84aded
[INFO] [stderr] WARNING: Your kernel does not support swap limit capabilities or the cgroup is not mounted. Memory limited without swap.
[INFO] running `Command { std: "docker" "start" "-a" "93fdca203e02d8dd1eafb4dac9448692d70a12c97473a1dd260658813b84aded", kill_on_drop: false }`
[INFO] running `Command { std: "docker" "inspect" "93fdca203e02d8dd1eafb4dac9448692d70a12c97473a1dd260658813b84aded", kill_on_drop: false }`
[INFO] running `Command { std: "docker" "rm" "-f" "93fdca203e02d8dd1eafb4dac9448692d70a12c97473a1dd260658813b84aded", kill_on_drop: false }`
[INFO] [stdout] 93fdca203e02d8dd1eafb4dac9448692d70a12c97473a1dd260658813b84aded
[INFO] running `Command { std: "docker" "create" "-v" "/var/lib/crater-agent-workspace/builds/worker-7/target:/opt/rustwide/target:rw,Z" "-v" "/var/lib/crater-agent-workspace/builds/worker-7/source:/opt/rustwide/workdir:ro,Z" "-v" "/var/lib/crater-agent-workspace/cargo-home:/opt/rustwide/cargo-home:ro,Z" "-v" "/var/lib/crater-agent-workspace/rustup-home:/opt/rustwide/rustup-home:ro,Z" "-e" "SOURCE_DIR=/opt/rustwide/workdir" "-e" "CARGO_TARGET_DIR=/opt/rustwide/target" "-e" "CARGO_INCREMENTAL=0" "-e" "RUST_BACKTRACE=full" "-e" "RUSTFLAGS=--cap-lints=warn" "-e" "CARGO_HOME=/opt/rustwide/cargo-home" "-e" "RUSTUP_HOME=/opt/rustwide/rustup-home" "-w" "/opt/rustwide/workdir" "-m" "1610612736" "--user" "0:0" "--network" "none" "ghcr.io/rust-lang/crates-build-env/linux@sha256:34b6a614d2c27851fe6cbf88fbd1137609cefab8b10d0615aaeb6fd47975d74e" "/opt/rustwide/cargo-home/bin/cargo" "+1.54.0" "build" "--frozen" "--message-format=json", kill_on_drop: false }`
[INFO] [stdout] e494dd67d5563ceeda99e311b1bb648bc4cf23219900b21dc63861dab09e0221
[INFO] [stderr] WARNING: Your kernel does not support swap limit capabilities or the cgroup is not mounted. Memory limited without swap.
[INFO] running `Command { std: "docker" "start" "-a" "e494dd67d5563ceeda99e311b1bb648bc4cf23219900b21dc63861dab09e0221", kill_on_drop: false }`
[INFO] [stderr]    Compiling once_cell v1.7.0
[INFO] [stderr]    Compiling tiny-keccak v2.0.2
[INFO] [stderr]    Compiling bit-vec v0.6.3
[INFO] [stderr]    Compiling lalrpop v0.19.6 (/opt/rustwide/workdir/lalrpop)
[INFO] [stderr]    Compiling pico-args v0.4.0
[INFO] [stderr]    Compiling unicode-xid v0.2.1
[INFO] [stderr]    Compiling itertools v0.10.0
[INFO] [stderr]    Compiling string_cache v0.8.1
[INFO] [stderr]    Compiling dirs-sys-next v0.1.2
[INFO] [stderr]    Compiling ena v0.14.0
[INFO] [stderr]    Compiling petgraph v0.5.1
[INFO] [stderr]    Compiling thread_local v1.1.3
[INFO] [stderr]    Compiling bit-set v0.5.2
[INFO] [stderr]    Compiling dirs-next v2.0.0
[INFO] [stderr]    Compiling regex v1.4.3
[INFO] [stderr]    Compiling term v0.7.0
[INFO] [stderr]    Compiling ascii-canvas v3.0.0
[INFO] [stderr]    Compiling lalrpop-util v0.19.6 (/opt/rustwide/workdir/lalrpop-util)
[INFO] [stderr]    Compiling whitespace v0.19.6 (/opt/rustwide/workdir/doc/whitespace)
[INFO] [stderr]    Compiling calculator v0.19.6 (/opt/rustwide/workdir/doc/calculator)
[INFO] [stderr]    Compiling pascal v0.11.0 (/opt/rustwide/workdir/doc/pascal/lalrpop)
[INFO] [stderr]    Compiling lalrpop-test v0.19.6 (/opt/rustwide/workdir/lalrpop-test)
[INFO] [stderr]     Finished dev [unoptimized + debuginfo] target(s) in 1m 17s
[INFO] running `Command { std: "docker" "inspect" "e494dd67d5563ceeda99e311b1bb648bc4cf23219900b21dc63861dab09e0221", kill_on_drop: false }`
[INFO] running `Command { std: "docker" "rm" "-f" "e494dd67d5563ceeda99e311b1bb648bc4cf23219900b21dc63861dab09e0221", kill_on_drop: false }`
[INFO] [stdout] e494dd67d5563ceeda99e311b1bb648bc4cf23219900b21dc63861dab09e0221
[INFO] running `Command { std: "docker" "create" "-v" "/var/lib/crater-agent-workspace/builds/worker-7/target:/opt/rustwide/target:rw,Z" "-v" "/var/lib/crater-agent-workspace/builds/worker-7/source:/opt/rustwide/workdir:ro,Z" "-v" "/var/lib/crater-agent-workspace/cargo-home:/opt/rustwide/cargo-home:ro,Z" "-v" "/var/lib/crater-agent-workspace/rustup-home:/opt/rustwide/rustup-home:ro,Z" "-e" "SOURCE_DIR=/opt/rustwide/workdir" "-e" "CARGO_TARGET_DIR=/opt/rustwide/target" "-e" "CARGO_INCREMENTAL=0" "-e" "RUST_BACKTRACE=full" "-e" "RUSTFLAGS=--cap-lints=warn" "-e" "CARGO_HOME=/opt/rustwide/cargo-home" "-e" "RUSTUP_HOME=/opt/rustwide/rustup-home" "-w" "/opt/rustwide/workdir" "-m" "1610612736" "--user" "0:0" "--network" "none" "ghcr.io/rust-lang/crates-build-env/linux@sha256:34b6a614d2c27851fe6cbf88fbd1137609cefab8b10d0615aaeb6fd47975d74e" "/opt/rustwide/cargo-home/bin/cargo" "+1.54.0" "test" "--frozen" "--no-run" "--message-format=json", kill_on_drop: false }`
[INFO] [stdout] 886c6beb19c75d0bbc6e57b8be0e73443a599f3c37f1b49c84543b3603b3f339
[INFO] [stderr] WARNING: Your kernel does not support swap limit capabilities or the cgroup is not mounted. Memory limited without swap.
[INFO] running `Command { std: "docker" "start" "-a" "886c6beb19c75d0bbc6e57b8be0e73443a599f3c37f1b49c84543b3603b3f339", kill_on_drop: false }`
[INFO] [stderr]    Compiling lalrpop-util v0.19.6 (/opt/rustwide/workdir/lalrpop-util)
[INFO] [stderr]    Compiling lalrpop v0.19.6 (/opt/rustwide/workdir/lalrpop)
[INFO] [stderr]    Compiling calculator v0.19.6 (/opt/rustwide/workdir/doc/calculator)
[INFO] [stderr]    Compiling whitespace v0.19.6 (/opt/rustwide/workdir/doc/whitespace)
[INFO] [stderr]    Compiling lalrpop-test v0.19.6 (/opt/rustwide/workdir/lalrpop-test)
[INFO] [stderr]    Compiling pascal v0.11.0 (/opt/rustwide/workdir/doc/pascal/lalrpop)
[INFO] [stdout] warning: unused import: `Delim`
[INFO] [stdout]  --> /opt/rustwide/target/debug/build/lalrpop-test-f5ec10fabfc9a71e/out/nested.rs:3:22
[INFO] [stdout]   |
[INFO] [stdout] 3 | use util::tok::{Tok, Delim};
[INFO] [stdout]   |                      ^^^^^
[INFO] [stdout]   |
[INFO] [stdout]   = note: `#[warn(unused_imports)]` on by default
[INFO] [stdout] 
[INFO] [stdout] 
[INFO] [stdout] warning: 1 warning emitted
[INFO] [stdout] 
[INFO] [stdout] 
[INFO] [stderr]     Finished test [unoptimized + debuginfo] target(s) in 32.26s
[INFO] running `Command { std: "docker" "inspect" "886c6beb19c75d0bbc6e57b8be0e73443a599f3c37f1b49c84543b3603b3f339", kill_on_drop: false }`
[INFO] running `Command { std: "docker" "rm" "-f" "886c6beb19c75d0bbc6e57b8be0e73443a599f3c37f1b49c84543b3603b3f339", kill_on_drop: false }`
[INFO] [stdout] 886c6beb19c75d0bbc6e57b8be0e73443a599f3c37f1b49c84543b3603b3f339
[INFO] running `Command { std: "docker" "create" "-v" "/var/lib/crater-agent-workspace/builds/worker-7/target:/opt/rustwide/target:rw,Z" "-v" "/var/lib/crater-agent-workspace/builds/worker-7/source:/opt/rustwide/workdir:ro,Z" "-v" "/var/lib/crater-agent-workspace/cargo-home:/opt/rustwide/cargo-home:ro,Z" "-v" "/var/lib/crater-agent-workspace/rustup-home:/opt/rustwide/rustup-home:ro,Z" "-e" "SOURCE_DIR=/opt/rustwide/workdir" "-e" "CARGO_TARGET_DIR=/opt/rustwide/target" "-e" "CARGO_INCREMENTAL=0" "-e" "RUST_BACKTRACE=full" "-e" "RUSTFLAGS=--cap-lints=warn" "-e" "CARGO_HOME=/opt/rustwide/cargo-home" "-e" "RUSTUP_HOME=/opt/rustwide/rustup-home" "-w" "/opt/rustwide/workdir" "-m" "1610612736" "--user" "0:0" "--network" "none" "ghcr.io/rust-lang/crates-build-env/linux@sha256:34b6a614d2c27851fe6cbf88fbd1137609cefab8b10d0615aaeb6fd47975d74e" "/opt/rustwide/cargo-home/bin/cargo" "+1.54.0" "test" "--frozen", kill_on_drop: false }`
[INFO] [stdout] b83bc096d30a9743a038b6a30e80fb2bf0bf6b7a6bbf3d2b96b80ea58ed07d43
[INFO] [stderr] WARNING: Your kernel does not support swap limit capabilities or the cgroup is not mounted. Memory limited without swap.
[INFO] running `Command { std: "docker" "start" "-a" "b83bc096d30a9743a038b6a30e80fb2bf0bf6b7a6bbf3d2b96b80ea58ed07d43", kill_on_drop: false }`
[INFO] [stderr] warning: unused import: `Delim`
[INFO] [stderr]  --> /opt/rustwide/target/debug/build/lalrpop-test-f5ec10fabfc9a71e/out/nested.rs:3:22
[INFO] [stderr]   |
[INFO] [stderr] 3 | use util::tok::{Tok, Delim};
[INFO] [stderr]   |                      ^^^^^
[INFO] [stderr]   |
[INFO] [stderr]   = note: `#[warn(unused_imports)]` on by default
[INFO] [stderr] 
[INFO] [stderr] warning: 1 warning emitted
[INFO] [stderr] 
[INFO] [stderr]     Finished test [unoptimized + debuginfo] target(s) in 0.13s
[INFO] [stderr]      Running unittests (/opt/rustwide/target/debug/deps/calculator-7ed86243b207ab64)
[INFO] [stdout] 
[INFO] [stdout] running 11 tests
[INFO] [stdout] test calculator9 ... ok
[INFO] [stdout] test calculator6 ... ok
[INFO] [stdout] test calculator8 ... ok
[INFO] [stdout] test calculator2 ... ok
[INFO] [stdout] test calculator4 ... ok
[INFO] [stdout] test calculator5 ... ok
[INFO] [stdout] test calculator6b ... ok
[INFO] [stdout] test calculator7 ... ok
[INFO] [stdout] test calculator1 ... ok
[INFO] [stdout] test calculator3 ... ok
[INFO] [stdout] test calculator2b ... ok
[INFO] [stdout] 
[INFO] [stdout] test result: ok. 11 passed; 0 failed; 0 ignored; 0 measured; 0 filtered out; finished in 0.57s
[INFO] [stdout] 
[INFO] [stderr]      Running unittests (/opt/rustwide/target/debug/deps/lalrpop-40268270eeaba05d)
[INFO] [stdout] 
[INFO] [stdout] running 199 tests
[INFO] [stdout] test grammar::free_variables::test::other_names ... ok
[INFO] [stdout] test collections::multimap::push ... ok
[INFO] [stdout] test lexer::dfa::overlap::repeat ... ok
[INFO] [stdout] test lexer::nfa::test::captures ... ok
[INFO] [stdout] test lexer::nfa::test::dot_newline ... ok
[INFO] [stdout] test lexer::dfa::test::alternatives ... ok
[INFO] [stdout] test lexer::dfa::overlap::stagger ... ok
[INFO] [stdout] test lexer::nfa::test::edge_iter ... ok
[INFO] [stdout] test lexer::dfa::overlap::alphabet ... ok
[INFO] [stdout] test collections::multimap::push_nil ... ok
[INFO] [stdout] test lexer::dfa::test::issue_35 ... ok
[INFO] [stdout] test lexer::dfa::test::tokenizer ... ok
[INFO] [stdout] test lexer::nfa::test::line_boundaries ... ok
[INFO] [stdout] test lexer::nfa::test::literal ... ok
[INFO] [stdout] test lexer::nfa::test::regex_number ... ok
[INFO] [stdout] test lexer::dfa::test::ambiguous_regex ... ok
[INFO] [stdout] test lexer::dfa::test::alternatives_contraction ... ok
[INFO] [stdout] test lexer::re::test::alt_oom ... ok
[INFO] [stdout] test lexer::dfa::test::issue_32 ... ok
[INFO] [stdout] test lexer::nfa::test::word_boundaries ... ok
[INFO] [stdout] test lexer::nfa::test::regex_star_group ... ok
[INFO] [stdout] test lexer::nfa::test::text_boundaries ... ok
[INFO] [stdout] test lexer::nfa::test::identifier_regex ... ok
[INFO] [stdout] test lexer::nfa::test::issue_101 ... ok
[INFO] [stdout] test lexer::nfa::test::max_range ... ok
[INFO] [stdout] test lr1::build::test::issue_144 ... ok
[INFO] [stdout] test lexer::re::test::parse_unclosed_group ... ok
[INFO] [stdout] test lr1::build::test::start_state_1 ... ok
[INFO] [stdout] test lr1::build::test::lr0_expr_grammar_with_implicit_eof ... ok
[INFO] [stdout] test lr1::example::test::long_label_1_positions ... ok
[INFO] [stdout] test lr1::build::test::lr0_expr_grammar_with_explicit_eof ... ok
[INFO] [stdout] test lr1::error::test::suggest_question_conflict ... ok
[INFO] [stdout] test lr1::build::test::shift_reduce_conflict1 ... ok
[INFO] [stdout] test lr1::build::test::start_state ... ok
[INFO] [stdout] test lr1::example::test::empty_labels_positions ... ok
[INFO] [stdout] test lexer::dfa::test::alternatives_extension ... ok
[INFO] [stdout] test lr1::first::test::basic_first1 ... ok
[INFO] [stdout] test lr1::example::test::single_token_strings ... ok
[INFO] [stdout] test lr1::build::test::match_grammar ... ok
[INFO] [stdout] test lr1::error::test::issue_249 ... ok
[INFO] [stdout] test lr1::lane_table::test::g0_conflict_1 ... ok
[INFO] [stdout] test lr1::error::test::priority_conflict ... ok
[INFO] [stdout] test lr1::error::test::expr_braced_conflict ... ok
[INFO] [stdout] test lr1::build_lalr::test::figure9_23 ... ok
[INFO] [stdout] test lr1::trace::reduce::test::backtrace2 ... ok
[INFO] [stdout] test lr1::lane_table::test::paper_example_g0_build ... ok
[INFO] [stdout] test lr1::lane_table::test::paper_example_g1_conflict_1 ... ok
[INFO] [stdout] test lr1::trace::reduce::test::backtrace1 ... ok
[INFO] [stdout] test lr1::trace::reduce::test::backtrace_filter ... ok
[INFO] [stdout] test lr1::trace::reduce::test::reduce_backtrace_3_graph ... ok
[INFO] [stdout] test lr1::example::test::empty_labels_strings ... ok
[INFO] [stdout] test lr1::first::test::basic_first0 ... ok
[INFO] [stdout] test message::test::hello_world ... ok
[INFO] [stdout] test lr1::trace::trace_graph::test::enumerator ... ok
[INFO] [stdout] test lr1::trace::trace_graph::test::enumerator1 ... ok
[INFO] [stdout] test lr1::example::test::long_label_1_strings ... ok
[INFO] [stdout] test lr1::error::test::suggest_inline_conflict ... ok
[INFO] [stdout] test normalize::inline::graph::test::test_inline_order ... ok
[INFO] [stdout] test normalize::norm_util::test::detecting_incurlybrackets_funky_expression ... ok
[INFO] [stdout] test normalize::inline::test::sri ... ok
[INFO] [stdout] test normalize::macro_expand::test::test_comma ... ok
[INFO] [stdout] test normalize::norm_util::test::detecting_nopresence_of_funky_expression ... ok
[INFO] [stdout] test normalize::inline::graph::test::test_inline_self_cycle ... ok
[INFO] [stdout] test normalize::inline::test::issue_55 ... ok
[INFO] [stdout] test normalize::precedence::test::calculator ... ok
[INFO] [stdout] test normalize::precedence::test::multilevel ... ok
[INFO] [stdout] test normalize::macro_expand::test::test_lookahead ... ok
[INFO] [stdout] test normalize::norm_util::test::detecting_normal_funky_expression ... ok
[INFO] [stdout] test normalize::precedence::test::non_consecutive_levels ... ok
[INFO] [stdout] test normalize::prevalidate::test::bad_assoc_type ... ok
[INFO] [stdout] test normalize::prevalidate::test::alternative_unrecognized_annotation ... ok
[INFO] [stdout] test lr1::lane_table::test::large_conflict_1 ... ok
[INFO] [stdout] test normalize::prevalidate::test::dup_assoc_type ... ok
[INFO] [stdout] test normalize::prevalidate::test::extern_after_match_token ... ok
[INFO] [stdout] test message::test::long_body ... ok
[INFO] [stdout] test lr1::trace::shift::test::shift_backtrace_1 ... ok
[INFO] [stdout] test normalize::inline::graph::test::test_inline_cycle_3 ... ok
[INFO] [stdout] test normalize::prevalidate::test::first_level_assoc ... ok
[INFO] [stdout] test normalize::precedence::test::with_assoc ... ok
[INFO] [stdout] test normalize::prevalidate::test::cannot_parse_assoc ... ok
[INFO] [stdout] test normalize::prevalidate::test::expandable_expression_requires_named_variables ... ok
[INFO] [stdout] test normalize::prevalidate::test::match_catch_all_first_of_last ... ok
[INFO] [stdout] test normalize::prevalidate::test::match_catch_all_last_of_first ... ok
[INFO] [stdout] test normalize::prevalidate::test::invalid_assoc ... ok
[INFO] [stdout] test normalize::prevalidate::test::lookahead_without_loc_type ... ok
[INFO] [stdout] test normalize::prevalidate::test::match_after_extern_token ... ok
[INFO] [stdout] test lr1::lane_table::test::paper_example_large_build ... ok
[INFO] [stdout] test normalize::precedence::test::macros ... ok
[INFO] [stdout] test normalize::prevalidate::test::invalid_lvl_precedence ... ok
[INFO] [stdout] test normalize::prevalidate::test::missing_arg_precedence ... ok
[INFO] [stdout] test normalize::prevalidate::test::multiple_match_token ... ok
[INFO] [stdout] test normalize::prevalidate::test::multiple_extern_token ... ok
[INFO] [stdout] test normalize::prevalidate::test::named_symbols ... ok
[INFO] [stdout] test lr1::lane_table::test::paper_example_g1_build ... ok
[INFO] [stdout] test normalize::prevalidate::test::missing_precedence ... ok
[INFO] [stdout] test message::test::paragraphs ... ok
[INFO] [stdout] test normalize::resolve::test::unknown_nonterminal ... ok
[INFO] [stdout] test normalize::prevalidate::test::unrecognized_annotation ... ok
[INFO] [stdout] test normalize::resolve::test::repeated_macro_arg ... ok
[INFO] [stdout] test normalize::resolve::test::overlapping_terminal_and_nonterminal ... ok
[INFO] [stdout] test normalize::prevalidate::test::duplicate_annotation ... ok
[INFO] [stdout] test normalize::resolve::test::double_nonterminal ... ok
[INFO] [stdout] test normalize::prevalidate::test::cannot_parse_precedence ... ok
[INFO] [stdout] test normalize::resolve::test::unknown_nonterminal_in_repeat_question ... ok
[INFO] [stdout] test normalize::prevalidate::test::pub_inline_annotation ... ok
[INFO] [stdout] test normalize::token_check::test::invalid_regular_expression_unterminated_group ... ok
[INFO] [stdout] test normalize::prevalidate::test::public_macros ... ok
[INFO] [stdout] test normalize::token_check::test::complex_match ... ok
[INFO] [stdout] test normalize::token_check::test::input_parameter_already_declared ... ok
[INFO] [stdout] test normalize::token_check::test::quoted_literals ... ok
[INFO] [stdout] test normalize::token_check::test::match_mappings ... ok
[INFO] [stdout] test normalize::token_check::test::invalid_match_literal ... ok
[INFO] [stdout] test normalize::token_check::test::match_catch_all ... ok
[INFO] [stdout] test normalize::token_check::test::invalid_match_regex_literal ... ok
[INFO] [stdout] test normalize::resolve::test::unknown_nonterminal_two ... ok
[INFO] [stdout] test normalize::prevalidate::test::missing_arg_assoc ... ok
[INFO] [stdout] test normalize::token_check::test::same_literal_twice ... ok
[INFO] [stdout] test normalize::token_check::test::unknown_id_terminal ... ok
[INFO] [stdout] test normalize::token_check::test::unknown_terminal ... ok
[INFO] [stdout] test normalize::token_check::test::tick_input_lifetime_already_declared ... ok
[INFO] [stdout] test normalize::tyinfer::test::custom_token ... ok
[INFO] [stdout] test normalize::token_check::test::regex_literals ... ok
[INFO] [stdout] test normalize::macro_expand::test::test_if_match ... ok
[INFO] [stdout] test normalize::tyinfer::test::test_action ... ok
[INFO] [stdout] test normalize::prevalidate::test::mixing_names_and_anonymous_values ... ok
[INFO] [stdout] test normalize::tyinfer::test::test_inconsistent_action ... ok
[INFO] [stdout] test normalize::tyinfer::test::error ... ok
[INFO] [stdout] test normalize::tyinfer::test::test_lookahead ... ok
[INFO] [stdout] test normalize::tyinfer::test::test_cycle_direct ... ok
[INFO] [stdout] test normalize::tyinfer::test::test_cycle_indirect ... ok
[INFO] [stdout] test normalize::tyinfer::test::test_pairs_and_tokens ... ok
[INFO] [stdout] test normalize::tyinfer::test::test_type_question ... ok
[INFO] [stdout] test normalize::tyinfer::test::test_spanned_macro ... ok
[INFO] [stdout] test normalize::resolve::test::unknown_nonterminal_in_macro_arg ... ok
[INFO] [stdout] test tok::test::code1 ... ok
[INFO] [stdout] test tok::test::basic ... ok
[INFO] [stdout] test parser::test::match_complex ... ok
[INFO] [stdout] test tok::test::char_literals ... ok
[INFO] [stdout] test normalize::tyinfer::test::test_star_plus_question ... ok
[INFO] [stdout] test parser::test::grammars_with_where_clauses ... ok
[INFO] [stdout] test normalize::tyinfer::test::intern_token ... ok
[INFO] [stdout] test tok::test::code_comment_eol ... ok
[INFO] [stdout] test parser::test::where_clauses ... ok
[INFO] [stdout] test tok::test::code2 ... ok
[INFO] [stdout] test parser::test::match_block ... ok
[INFO] [stdout] test normalize::tyinfer::test::test_macro_expansion ... ok
[INFO] [stdout] test parser::test::optional_semicolon ... ok
[INFO] [stdout] test normalize::token_check::test::ambiguity_within_match ... ok
[INFO] [stdout] test tok::test::equalsgreaterthancode_error_unterminated_string_literal ... ok
[INFO] [stdout] test tok::test::equalsgreaterthancode_error_unbalanced_closingbracket_character ... ok
[INFO] [stdout] test tok::test::code_paren ... ok
[INFO] [stdout] test normalize::tyinfer::test::test_macro_expansion_infer ... ok
[INFO] [stdout] test tok::test::equalsgreaterthancode_error_unbalanced ... ok
[INFO] [stdout] test tok::test::equalsgreaterthancode_error_unterminated_character_literal ... ok
[INFO] [stdout] test tok::test::equalsgreaterthancode_error_end_of_input_instead_of_closing_normal_character_literal ... ok
[INFO] [stdout] test tok::test::code_regex_paren ... ok
[INFO] [stdout] test tok::test::eol_comment ... ok
[INFO] [stdout] test tok::test::equalsgreaterthancode_single_quote_literal ... ok
[INFO] [stdout] test tok::test::equalsgreaterthancode_nested_function_with_lifetimes ... ok
[INFO] [stdout] test tok::test::equalsgreaterthancode_one_character_openningbracket_wrapped_by_brackets ... ok
[INFO] [stdout] test tok::test::equalsgreaterthancode_statement_with_many_lifetimes ... ok
[INFO] [stdout] test tok::test::equalsgreaterthancode_statement_with_lifetime ... ok
[INFO] [stdout] test tok::test::hash_token ... ok
[INFO] [stdout] test tok::test::equalsgreaterthancode_one_character_openningcurlybracket ... ok
[INFO] [stdout] test tok::test::equalsgreaterthancode_one_character_openningsquarebracket ... ok
[INFO] [stdout] test tok::test::equalsgreaterthancode_one_character_escaped_n ... ok
[INFO] [stdout] test tok::test::regex2 ... ok
[INFO] [stdout] test tok::test::regex1 ... ok
[INFO] [stdout] test tok::test::rule_stringliteral_slash_dot_then_equalsgreaterthancode_many_characters_in_stringliteral ... ok
[INFO] [stdout] test tok::test::equalsgreaterthancode_one_character_escaped_planet123 ... ok
[INFO] [stdout] test tok::test::forall ... ok
[INFO] [stdout] test tok::test::equalsgreaterthancode_one_character_openningbracket ... ok
[INFO] [stdout] test tok::test::equalsgreaterthancode_tuple ... ok
[INFO] [stdout] test tok::test::rule_stringliteral_slash_dot_then_equalsgreaterthancode_functioncall ... ok
[INFO] [stdout] test tok::test::rule_id_then_equalsgreaterthancode_functioncall ... ok
[INFO] [stdout] test tok::test::equalsgreaterthancode_one_character_escaped_w ... ok
[INFO] [stdout] test tok::test::equalsgreaterthancode_one_character_closingbracket_wrapped_by_brackets ... ok
[INFO] [stdout] test tok::test::rule_stringliteral_slash_dot_then_equalsgreaterthancode_one_character_dot ... ok
[INFO] [stdout] test tok::test::rule_stringliteral_slash_openningbracket_then_equalsgreaterthancode_empty_stringliteral ... ok
[INFO] [stdout] test tok::test::rule_stringliteral_slash_dot_then_equalsgreaterthancode_one_character_dot_in_stringliteral ... ok
[INFO] [stdout] test tok::test::rule_stringliteral_slash_openningbracket_then_equalsgreaterthancode_one_character_openningbracket_in_stringliteral ... ok
[INFO] [stdout] test tok::test::string_escapes ... ok
[INFO] [stdout] test tok::test::shebang_attribute_special_characters_with_quotes ... ok
[INFO] [stdout] test tok::test::string_literals ... ok
[INFO] [stdout] test tok::test::shebang_attribute_normal_text ... ok
[INFO] [stdout] test tok::test::shebang_attribute_special_characters_closing_sqbracket_in_string_literal ... ok
[INFO] [stdout] test tok::test::shebang_attribute_special_characters_without_quotes ... ok
[INFO] [stdout] test tok::test::shebang_attribute_special_characters_nested_sqbrackets ... ok
[INFO] [stdout] test tok::test::shebang_attribute_special_characters_opening_sqbracket_in_string_literal ... ok
[INFO] [stdout] test tok::test::various_kinds_of_ids ... ok
[INFO] [stdout] test tok::test::use2 ... ok
[INFO] [stdout] test tok::test::where_with_lifetimes ... ok
[INFO] [stdout] test tok::test::where_forall_fnmut_with_return_type ... ok
[INFO] [stdout] test tok::test::where1 ... ok
[INFO] [stdout] test tok::test::rule_stringliteral_slash_openningbracket_then_equalsgreaterthancode_one_character_openningbracket ... ok
[INFO] [stdout] test tok::test::use1 ... ok
[INFO] [stdout] test tok::test::code_forgot_comma - should panic ... ok
[INFO] [stdout] test normalize::token_check::test::match_precedence ... ok
[INFO] [stdout] test lr1::build::test::expr_grammar1 ... ok
[INFO] [stdout] 
[INFO] [stdout] test result: ok. 199 passed; 0 failed; 0 ignored; 0 measured; 0 filtered out; finished in 1.27s
[INFO] [stdout] 
[INFO] [stderr]      Running unittests (/opt/rustwide/target/debug/deps/lalrpop-92aa718836ca3572)
[INFO] [stdout] 
[INFO] [stdout] running 8 tests
[INFO] [stdout] test test::test_usage_emit_whitespace ... ok
[INFO] [stdout] test test::test_usage_features ... ok
[INFO] [stdout] test test::test_usage_multiple_inputs ... ok
[INFO] [stdout] test test::test_usage_level ... ok
[INFO] [stdout] test test::test_usage_version ... ok
[INFO] [stdout] test test::test_usage_help ... ok
[INFO] [stdout] test test::test_usage_out_dir ... ok
[INFO] [stdout] test test::test_usage_single_input ... ok
[INFO] [stdout] 
[INFO] [stdout] test result: ok. 8 passed; 0 failed; 0 ignored; 0 measured; 0 filtered out; finished in 0.01s
[INFO] [stdout] 
[INFO] [stderr]      Running unittests (/opt/rustwide/target/debug/deps/lalrpop_test-d775efcc2db97234)
[INFO] [stdout] 
[INFO] [stdout] running 79 tests
[INFO] [stdout] test error_recovery_dont_drop_unrecognized_token ... ok
[INFO] [stdout] test error_recovery_dont_panic_on_reduce_at_eof ... ok
[INFO] [stdout] test error_recovery_eof ... ok
[INFO] [stdout] test error_recovery_extra_token ... ok
[INFO] [stdout] test error_recovery_issue_240 ... ok
[INFO] [stdout] test error_recovery_eof_without_recovery ... ok
[INFO] [stdout] test error_test1 ... ok
[INFO] [stdout] test expr_arena_test1 ... ok
[INFO] [stdout] test expr_arena_test2 ... ok
[INFO] [stdout] test expr_arena_test3 ... ok
[INFO] [stdout] test error_recovery_span_starts_from_initial ... ok
[INFO] [stdout] test error_recovery_span_starts_inserted_token_eof ... ok
[INFO] [stdout] test error_recovery_dont_panic_on_reduce_normal ... ok
[INFO] [stdout] test error_recovery_span_starts_inserted_tokens ... ok
[INFO] [stdout] test error_recovery_lalr_loop ... ok
[INFO] [stdout] test error_recovery_span_starts_just_dropped_states ... ok
[INFO] [stdout] test error_recovery_lock_in ... ok
[INFO] [stdout] test expr_lalr_test2 ... ok
[INFO] [stdout] test expr_lalr_test3 ... ok
[INFO] [stdout] test expr_lifetime_tok1 ... ok
[INFO] [stdout] test expr_lalr_test5 ... ok
[INFO] [stdout] test expr_test3 ... ok
[INFO] [stdout] test expr_test5 ... ok
[INFO] [stdout] test error_recovery_multiple_extra_tokens ... ok
[INFO] [stdout] test error_recovery_span_starts_from_dropped_state ... ok
[INFO] [stdout] test expr_lalr_test4 ... ok
[INFO] [stdout] test expr_test4 ... ok
[INFO] [stdout] test expr_test1 ... ok
[INFO] [stdout] test expr_test2 ... ok
[INFO] [stdout] test issue_113 ... ok
[INFO] [stdout] test inline_test1 ... ok
[INFO] [stdout] test expr_lalr_test1 ... ok
[INFO] [stdout] test display_parse_error ... ok
[INFO] [stdout] test intern_tok_test1 ... ok
[INFO] [stdout] test expr_generic_test1 ... ok
[INFO] [stdout] test error_recovery_span_starts_just_dropped_tokens ... ok
[INFO] [stdout] test expr_intern_tok_test1 ... ok
[INFO] [stdout] test loc_empty ... ok
[INFO] [stdout] test loc_test1 ... ok
[INFO] [stdout] test loc_test2 ... ok
[INFO] [stdout] test expr_intern_tok_test_err ... ok
[INFO] [stdout] test error_issue_278 ... ok
[INFO] [stdout] test expr_intern_tok_test2 ... ok
[INFO] [stdout] test parse_error_map_err ... ok
[INFO] [stdout] test sub_ascent_test1 ... ok
[INFO] [stdout] test generics_issue_417 ... ok
[INFO] [stdout] test sub_table_test1 ... ok
[INFO] [stdout] test issue_253 ... ok
[INFO] [stdout] test sub_test2 ... ok
[INFO] [stdout] test sub_test1 ... ok
[INFO] [stdout] test generics_issue_104_test1 ... ok
[INFO] [stdout] test parse_error_eof_location ... ok
[INFO] [stdout] test sub_test3 ... ok
[INFO] [stdout] test comments ... ok
[INFO] [stdout] test test_action_return_associated_types ... ok
[INFO] [stdout] test parse_error_map_token_and_location ... ok
[INFO] [stdout] test sp_from_optional ... ok
[INFO] [stdout] test test_mut_name ... ok
[INFO] [stdout] test test_string_tokenize ... ok
[INFO] [stdout] test test_match_alternatives ... ok
[INFO] [stdout] test test_nested_pattern_string ... ok
[INFO] [stdout] test test_nested_pattern_string_error ... ok
[INFO] [stdout] test test_nested_pattern ... ok
[INFO] [stdout] test use_super_test1 ... ok
[INFO] [stdout] test issue_55_test1 ... ok
[INFO] [stdout] test use_super_internal_tok ... ok
[INFO] [stdout] test inline_fallible ... ok
[INFO] [stdout] test unit_test2 ... ok
[INFO] [stdout] test where_clause_with_forall_test1 ... ok
[INFO] [stdout] test verify_lalrpop_generates_itself ... FAILED
[INFO] [stdout] test unit_test1 ... ok
[INFO] [stdout] test test_match_section_byte ... ok
[INFO] [stdout] test test_match_section ... ok
[INFO] [stdout] test loc_issue_90_lib::loc_issue_90_test1 ... ok
[INFO] [stdout] test loc_issue_90_lib::loc_issue_90_wacky_3 ... ok
[INFO] [stdout] test loc_issue_90_lib::loc_issue_90_test2 ... ok
[INFO] [stdout] test loc_issue_90_lib::loc_issue_90_wacky ... ok
[INFO] [stdout] test loc_issue_90_lib::loc_issue_90_maybe ... ok
[INFO] [stdout] test loc_issue_90_lib::loc_issue_90_wonky ... ok
[INFO] [stdout] 
[INFO] [stdout] failures:
[INFO] [stdout] 
[INFO] [stdout] ---- verify_lalrpop_generates_itself stdout ----
[INFO] [stdout] thread 'verify_lalrpop_generates_itself' panicked at 'no grammar file found: Os { code: 2, kind: NotFound, message: "No such file or directory" }', lalrpop-test/src/lib.rs:1014:51
[INFO] [stdout] stack backtrace:
[INFO] [stdout]    0:     0x559e17855a60 - std::backtrace_rs::backtrace::libunwind::trace::h34055254b57d8e79
[INFO] [stdout]                                at /rustc/a178d0322ce20e33eac124758e837cbd80a6f633/library/std/src/../../backtrace/src/backtrace/libunwind.rs:90:5
[INFO] [stdout]    1:     0x559e17855a60 - std::backtrace_rs::backtrace::trace_unsynchronized::h8f1e3fbd9afff6ec
[INFO] [stdout]                                at /rustc/a178d0322ce20e33eac124758e837cbd80a6f633/library/std/src/../../backtrace/src/backtrace/mod.rs:66:5
[INFO] [stdout]    2:     0x559e17855a60 - std::sys_common::backtrace::_print_fmt::h3a99a796b770c360
[INFO] [stdout]                                at /rustc/a178d0322ce20e33eac124758e837cbd80a6f633/library/std/src/sys_common/backtrace.rs:67:5
[INFO] [stdout]    3:     0x559e17855a60 - <std::sys_common::backtrace::_print::DisplayBacktrace as core::fmt::Display>::fmt::h32d1f94a80615d18
[INFO] [stdout]                                at /rustc/a178d0322ce20e33eac124758e837cbd80a6f633/library/std/src/sys_common/backtrace.rs:46:22
[INFO] [stdout]    4:     0x559e17878cdc - core::fmt::write::h306731c068f7162c
[INFO] [stdout]                                at /rustc/a178d0322ce20e33eac124758e837cbd80a6f633/library/core/src/fmt/mod.rs:1110:17
[INFO] [stdout]    5:     0x559e178523c5 - std::io::Write::write_fmt::h87f19b0a2cd190bc
[INFO] [stdout]                                at /rustc/a178d0322ce20e33eac124758e837cbd80a6f633/library/std/src/io/mod.rs:1588:15
[INFO] [stdout]    6:     0x559e17857bcb - std::sys_common::backtrace::_print::h5abaa2601a852287
[INFO] [stdout]                                at /rustc/a178d0322ce20e33eac124758e837cbd80a6f633/library/std/src/sys_common/backtrace.rs:49:5
[INFO] [stdout]    7:     0x559e17857bcb - std::sys_common::backtrace::print::h8d81445442bb638f
[INFO] [stdout]                                at /rustc/a178d0322ce20e33eac124758e837cbd80a6f633/library/std/src/sys_common/backtrace.rs:36:9
[INFO] [stdout]    8:     0x559e17857bcb - std::panicking::default_hook::{{closure}}::hcfe804496a9fa747
[INFO] [stdout]                                at /rustc/a178d0322ce20e33eac124758e837cbd80a6f633/library/std/src/panicking.rs:208:50
[INFO] [stdout]    9:     0x559e178576dc - std::panicking::default_hook::hbea8e3ccf2ba8901
[INFO] [stdout]                                at /rustc/a178d0322ce20e33eac124758e837cbd80a6f633/library/std/src/panicking.rs:222:9
[INFO] [stdout]   10:     0x559e17858294 - std::panicking::rust_panic_with_hook::h7ee9e1a2d0f8975a
[INFO] [stdout]                                at /rustc/a178d0322ce20e33eac124758e837cbd80a6f633/library/std/src/panicking.rs:622:17
[INFO] [stdout]   11:     0x559e17857d77 - std::panicking::begin_panic_handler::{{closure}}::h8ab3b4491718b2c7
[INFO] [stdout]                                at /rustc/a178d0322ce20e33eac124758e837cbd80a6f633/library/std/src/panicking.rs:519:13
[INFO] [stdout]   12:     0x559e17855f5c - std::sys_common::backtrace::__rust_end_short_backtrace::hd489062ffa586a9f
[INFO] [stdout]                                at /rustc/a178d0322ce20e33eac124758e837cbd80a6f633/library/std/src/sys_common/backtrace.rs:141:18
[INFO] [stdout]   13:     0x559e17857cd9 - rust_begin_unwind
[INFO] [stdout]                                at /rustc/a178d0322ce20e33eac124758e837cbd80a6f633/library/std/src/panicking.rs:515:5
[INFO] [stdout]   14:     0x559e173a4c01 - core::panicking::panic_fmt::hca6330e3e14086b4
[INFO] [stdout]                                at /rustc/a178d0322ce20e33eac124758e837cbd80a6f633/library/core/src/panicking.rs:92:14
[INFO] [stdout]   15:     0x559e173a4cf3 - core::result::unwrap_failed::h6160d2b4bfbb0e87
[INFO] [stdout]                                at /rustc/a178d0322ce20e33eac124758e837cbd80a6f633/library/core/src/result.rs:1355:5
[INFO] [stdout]   16:     0x559e175d4fd3 - core::result::Result<T,E>::expect::hd7b3ab408a11debb
[INFO] [stdout]                                at /rustc/a178d0322ce20e33eac124758e837cbd80a6f633/library/core/src/result.rs:997:23
[INFO] [stdout]   17:     0x559e176337a4 - lalrpop_test::verify_lalrpop_generates_itself::hca17aebd6dcb55c5
[INFO] [stdout]                                at /opt/rustwide/workdir/lalrpop-test/src/lib.rs:1014:5
[INFO] [stdout]   18:     0x559e1763364a - lalrpop_test::verify_lalrpop_generates_itself::{{closure}}::h04c9766cbbd2f93c
[INFO] [stdout]                                at /opt/rustwide/workdir/lalrpop-test/src/lib.rs:1007:1
[INFO] [stdout]   19:     0x559e1749623e - core::ops::function::FnOnce::call_once::hedee758c36e4c8ee
[INFO] [stdout]                                at /rustc/a178d0322ce20e33eac124758e837cbd80a6f633/library/core/src/ops/function.rs:227:5
[INFO] [stdout]   20:     0x559e17679cf3 - core::ops::function::FnOnce::call_once::h152e7e439ff59e19
[INFO] [stdout]                                at /rustc/a178d0322ce20e33eac124758e837cbd80a6f633/library/core/src/ops/function.rs:227:5
[INFO] [stdout]   21:     0x559e17679cf3 - test::__rust_begin_short_backtrace::h0908f3b1fdbb72ab
[INFO] [stdout]                                at /rustc/a178d0322ce20e33eac124758e837cbd80a6f633/library/test/src/lib.rs:577:5
[INFO] [stdout]   22:     0x559e176787b0 - <alloc::boxed::Box<F,A> as core::ops::function::FnOnce<Args>>::call_once::hf6d2a51e5587546c
[INFO] [stdout]                                at /rustc/a178d0322ce20e33eac124758e837cbd80a6f633/library/alloc/src/boxed.rs:1575:9
[INFO] [stdout]   23:     0x559e176787b0 - <std::panic::AssertUnwindSafe<F> as core::ops::function::FnOnce<()>>::call_once::h8af660f3a89ef593
[INFO] [stdout]                                at /rustc/a178d0322ce20e33eac124758e837cbd80a6f633/library/std/src/panic.rs:347:9
[INFO] [stdout]   24:     0x559e176787b0 - std::panicking::try::do_call::hd36aef60f84b6d36
[INFO] [stdout]                                at /rustc/a178d0322ce20e33eac124758e837cbd80a6f633/library/std/src/panicking.rs:401:40
[INFO] [stdout]   25:     0x559e176787b0 - std::panicking::try::h9932b4480e69817c
[INFO] [stdout]                                at /rustc/a178d0322ce20e33eac124758e837cbd80a6f633/library/std/src/panicking.rs:365:19
[INFO] [stdout]   26:     0x559e176787b0 - std::panic::catch_unwind::h6aa177099cfff5f8
[INFO] [stdout]                                at /rustc/a178d0322ce20e33eac124758e837cbd80a6f633/library/std/src/panic.rs:434:14
[INFO] [stdout]   27:     0x559e176787b0 - test::run_test_in_process::h5884d6f2d99e20c3
[INFO] [stdout]                                at /rustc/a178d0322ce20e33eac124758e837cbd80a6f633/library/test/src/lib.rs:600:18
[INFO] [stdout]   28:     0x559e176787b0 - test::run_test::run_test_inner::{{closure}}::h6fdc58c6d5f5b6e3
[INFO] [stdout]                                at /rustc/a178d0322ce20e33eac124758e837cbd80a6f633/library/test/src/lib.rs:492:39
[INFO] [stdout]   29:     0x559e17651e62 - test::run_test::run_test_inner::{{closure}}::h408365d67a78ade8
[INFO] [stdout]                                at /rustc/a178d0322ce20e33eac124758e837cbd80a6f633/library/test/src/lib.rs:519:37
[INFO] [stdout]   30:     0x559e17651e62 - std::sys_common::backtrace::__rust_begin_short_backtrace::hb560b77c4f701523
[INFO] [stdout]                                at /rustc/a178d0322ce20e33eac124758e837cbd80a6f633/library/std/src/sys_common/backtrace.rs:125:18
[INFO] [stdout]   31:     0x559e17655a18 - std::thread::Builder::spawn_unchecked::{{closure}}::{{closure}}::hf2e7831dad93c597
[INFO] [stdout]                                at /rustc/a178d0322ce20e33eac124758e837cbd80a6f633/library/std/src/thread/mod.rs:481:17
[INFO] [stdout]   32:     0x559e17655a18 - <std::panic::AssertUnwindSafe<F> as core::ops::function::FnOnce<()>>::call_once::hd2e08783d8be4d02
[INFO] [stdout]                                at /rustc/a178d0322ce20e33eac124758e837cbd80a6f633/library/std/src/panic.rs:347:9
[INFO] [stdout]   33:     0x559e17655a18 - std::panicking::try::do_call::h062597b7acfd6b82
[INFO] [stdout]                                at /rustc/a178d0322ce20e33eac124758e837cbd80a6f633/library/std/src/panicking.rs:401:40
[INFO] [stdout]   34:     0x559e17655a18 - std::panicking::try::h0d7b79db04c14552
[INFO] [stdout]                                at /rustc/a178d0322ce20e33eac124758e837cbd80a6f633/library/std/src/panicking.rs:365:19
[INFO] [stdout]   35:     0x559e17655a18 - std::panic::catch_unwind::hb01a0b5e7c8cd43b
[INFO] [stdout]                                at /rustc/a178d0322ce20e33eac124758e837cbd80a6f633/library/std/src/panic.rs:434:14
[INFO] [stdout]   36:     0x559e17655a18 - std::thread::Builder::spawn_unchecked::{{closure}}::h5bde48cc887e0d1e
[INFO] [stdout]                                at /rustc/a178d0322ce20e33eac124758e837cbd80a6f633/library/std/src/thread/mod.rs:480:30
[INFO] [stdout]   37:     0x559e17655a18 - core::ops::function::FnOnce::call_once{{vtable.shim}}::h745ea30807a29e55
[INFO] [stdout]                                at /rustc/a178d0322ce20e33eac124758e837cbd80a6f633/library/core/src/ops/function.rs:227:5
[INFO] [stdout]   38:     0x559e1785d617 - <alloc::boxed::Box<F,A> as core::ops::function::FnOnce<Args>>::call_once::h7ece6cfefaff1005
[INFO] [stdout]                                at /rustc/a178d0322ce20e33eac124758e837cbd80a6f633/library/alloc/src/boxed.rs:1575:9
[INFO] [stdout]   39:     0x559e1785d617 - <alloc::boxed::Box<F,A> as core::ops::function::FnOnce<Args>>::call_once::hb8b48e55c21f193e
[INFO] [stdout]                                at /rustc/a178d0322ce20e33eac124758e837cbd80a6f633/library/alloc/src/boxed.rs:1575:9
[INFO] [stdout]   40:     0x559e1785d617 - std::sys::unix::thread::Thread::new::thread_start::h8c7c4450dba62914
[INFO] [stdout]                                at /rustc/a178d0322ce20e33eac124758e837cbd80a6f633/library/std/src/sys/unix/thread.rs:71:17
[INFO] [stdout]   41:     0x7f52940ce609 - start_thread
[INFO] [stdout]   42:     0x7f5293ea0293 - clone
[INFO] [stdout]   43:                0x0 - <unknown>
[INFO] [stdout] 
[INFO] [stdout] 
[INFO] [stdout] failures:
[INFO] [stdout]     verify_lalrpop_generates_itself
[INFO] [stdout] 
[INFO] [stdout] test result: FAILED. 78 passed; 1 failed; 0 ignored; 0 measured; 0 filtered out; finished in 1.28s
[INFO] [stdout] 
[INFO] [stderr] error: test failed, to rerun pass '-p lalrpop-test --lib'
[INFO] running `Command { std: "docker" "inspect" "b83bc096d30a9743a038b6a30e80fb2bf0bf6b7a6bbf3d2b96b80ea58ed07d43", kill_on_drop: false }`
[INFO] running `Command { std: "docker" "rm" "-f" "b83bc096d30a9743a038b6a30e80fb2bf0bf6b7a6bbf3d2b96b80ea58ed07d43", kill_on_drop: false }`
[INFO] [stdout] b83bc096d30a9743a038b6a30e80fb2bf0bf6b7a6bbf3d2b96b80ea58ed07d43
