[INFO] cloning repository https://github.com/lachrimae/cryptopals-rs
[INFO] running `Command { std: "git" "-c" "credential.helper=" "-c" "credential.helper=/workspace/cargo-home/bin/git-credential-null" "clone" "--bare" "https://github.com/lachrimae/cryptopals-rs" "/workspace/cache/git-repos/https%3A%2F%2Fgithub.com%2Flachrimae%2Fcryptopals-rs", kill_on_drop: false }`
[INFO] [stderr] Cloning into bare repository '/workspace/cache/git-repos/https%3A%2F%2Fgithub.com%2Flachrimae%2Fcryptopals-rs'...
[INFO] running `Command { std: "git" "rev-parse" "HEAD", kill_on_drop: false }`
[INFO] [stdout] 7047eb3ccd19a479898fdf12c8aedfc5443b32ea
[INFO] testing lachrimae/cryptopals-rs against 1.54.0 for beta-1.55-1
[INFO] running `Command { std: "git" "clone" "/workspace/cache/git-repos/https%3A%2F%2Fgithub.com%2Flachrimae%2Fcryptopals-rs" "/workspace/builds/worker-6/source", kill_on_drop: false }`
[INFO] [stderr] Cloning into '/workspace/builds/worker-6/source'...
[INFO] [stderr] done.
[INFO] validating manifest of git repo https://github.com/lachrimae/cryptopals-rs on toolchain 1.54.0
[INFO] running `Command { std: "/workspace/cargo-home/bin/cargo" "+1.54.0" "metadata" "--manifest-path" "Cargo.toml" "--no-deps", kill_on_drop: false }`
[INFO] started tweaking git repo https://github.com/lachrimae/cryptopals-rs
[INFO] finished tweaking git repo https://github.com/lachrimae/cryptopals-rs
[INFO] tweaked toml for git repo https://github.com/lachrimae/cryptopals-rs written to /workspace/builds/worker-6/source/Cargo.toml
[INFO] crate git repo https://github.com/lachrimae/cryptopals-rs already has a lockfile, it will not be regenerated
[INFO] running `Command { std: "/workspace/cargo-home/bin/cargo" "+1.54.0" "fetch" "--manifest-path" "Cargo.toml", kill_on_drop: false }`
[INFO] running `Command { std: "docker" "create" "-v" "/var/lib/crater-agent-workspace/builds/worker-6/target:/opt/rustwide/target:rw,Z" "-v" "/var/lib/crater-agent-workspace/builds/worker-6/source:/opt/rustwide/workdir:ro,Z" "-v" "/var/lib/crater-agent-workspace/cargo-home:/opt/rustwide/cargo-home:ro,Z" "-v" "/var/lib/crater-agent-workspace/rustup-home:/opt/rustwide/rustup-home:ro,Z" "-e" "SOURCE_DIR=/opt/rustwide/workdir" "-e" "CARGO_TARGET_DIR=/opt/rustwide/target" "-e" "CARGO_HOME=/opt/rustwide/cargo-home" "-e" "RUSTUP_HOME=/opt/rustwide/rustup-home" "-w" "/opt/rustwide/workdir" "-m" "1610612736" "--user" "0:0" "--network" "none" "ghcr.io/rust-lang/crates-build-env/linux@sha256:34b6a614d2c27851fe6cbf88fbd1137609cefab8b10d0615aaeb6fd47975d74e" "/opt/rustwide/cargo-home/bin/cargo" "+1.54.0" "metadata" "--no-deps" "--format-version=1", kill_on_drop: false }`
[INFO] [stderr] WARNING: Your kernel does not support swap limit capabilities or the cgroup is not mounted. Memory limited without swap.
[INFO] [stdout] 8af5be171aa57b50ecdd6b2bd30474664584e2580dcc4331c1994dd39b7e74f0
[INFO] running `Command { std: "docker" "start" "-a" "8af5be171aa57b50ecdd6b2bd30474664584e2580dcc4331c1994dd39b7e74f0", kill_on_drop: false }`
[INFO] running `Command { std: "docker" "inspect" "8af5be171aa57b50ecdd6b2bd30474664584e2580dcc4331c1994dd39b7e74f0", kill_on_drop: false }`
[INFO] running `Command { std: "docker" "rm" "-f" "8af5be171aa57b50ecdd6b2bd30474664584e2580dcc4331c1994dd39b7e74f0", kill_on_drop: false }`
[INFO] [stdout] 8af5be171aa57b50ecdd6b2bd30474664584e2580dcc4331c1994dd39b7e74f0
[INFO] running `Command { std: "docker" "create" "-v" "/var/lib/crater-agent-workspace/builds/worker-6/target:/opt/rustwide/target:rw,Z" "-v" "/var/lib/crater-agent-workspace/builds/worker-6/source:/opt/rustwide/workdir:ro,Z" "-v" "/var/lib/crater-agent-workspace/cargo-home:/opt/rustwide/cargo-home:ro,Z" "-v" "/var/lib/crater-agent-workspace/rustup-home:/opt/rustwide/rustup-home:ro,Z" "-e" "SOURCE_DIR=/opt/rustwide/workdir" "-e" "CARGO_TARGET_DIR=/opt/rustwide/target" "-e" "CARGO_INCREMENTAL=0" "-e" "RUST_BACKTRACE=full" "-e" "RUSTFLAGS=--cap-lints=warn" "-e" "CARGO_HOME=/opt/rustwide/cargo-home" "-e" "RUSTUP_HOME=/opt/rustwide/rustup-home" "-w" "/opt/rustwide/workdir" "-m" "1610612736" "--user" "0:0" "--network" "none" "ghcr.io/rust-lang/crates-build-env/linux@sha256:34b6a614d2c27851fe6cbf88fbd1137609cefab8b10d0615aaeb6fd47975d74e" "/opt/rustwide/cargo-home/bin/cargo" "+1.54.0" "build" "--frozen" "--message-format=json", kill_on_drop: false }`
[INFO] [stdout] 680886ba6648e2630abd7d18d36606449977b2f08be72ce002bd34793421447f
[INFO] [stderr] WARNING: Your kernel does not support swap limit capabilities or the cgroup is not mounted. Memory limited without swap.
[INFO] running `Command { std: "docker" "start" "-a" "680886ba6648e2630abd7d18d36606449977b2f08be72ce002bd34793421447f", kill_on_drop: false }`
[INFO] [stderr]    Compiling libc v0.2.90
[INFO] [stderr]    Compiling block-modes v0.7.0
[INFO] [stderr]    Compiling clap_derive v3.0.0-beta.2
[INFO] [stderr]    Compiling getrandom v0.2.2
[INFO] [stderr]    Compiling atty v0.2.14
[INFO] [stderr]    Compiling rand_core v0.6.2
[INFO] [stderr]    Compiling rand_chacha v0.3.0
[INFO] [stderr]    Compiling rand v0.8.3
[INFO] [stderr]    Compiling clap v3.0.0-beta.2
[INFO] [stderr]    Compiling cryptopals-rs v0.1.0 (/opt/rustwide/workdir)
[INFO] [stdout] warning: unused variable: `j`
[INFO] [stdout]    --> src/main.rs:347:14
[INFO] [stdout]     |
[INFO] [stdout] 347 |         for (j, _) in block.iter().enumerate() {
[INFO] [stdout]     |              ^ help: if this is intentional, prefix it with an underscore: `_j`
[INFO] [stdout]     |
[INFO] [stdout]     = note: `#[warn(unused_variables)]` on by default
[INFO] [stdout] 
[INFO] [stdout] 
[INFO] [stdout] warning: unused variable: `plain_t`
[INFO] [stdout]    --> src/cryptopals/aes.rs:100:34
[INFO] [stdout]     |
[INFO] [stdout] 100 | pub fn encryption_oracle_no_rand(plain_t:&Vec<u8>, key:&Vec<u8>) -> () { //(Vec<u8>, String) {
[INFO] [stdout]     |                                  ^^^^^^^ help: if this is intentional, prefix it with an underscore: `_plain_t`
[INFO] [stdout] 
[INFO] [stdout] 
[INFO] [stdout] warning: unused variable: `key`
[INFO] [stdout]    --> src/cryptopals/aes.rs:100:52
[INFO] [stdout]     |
[INFO] [stdout] 100 | pub fn encryption_oracle_no_rand(plain_t:&Vec<u8>, key:&Vec<u8>) -> () { //(Vec<u8>, String) {
[INFO] [stdout]     |                                                    ^^^ help: if this is intentional, prefix it with an underscore: `_key`
[INFO] [stdout] 
[INFO] [stdout] 
[INFO] [stdout] warning: value assigned to `block_size` is never read
[INFO] [stdout]  --> src/cryptopals/attack_aes.rs:9:13
[INFO] [stdout]   |
[INFO] [stdout] 9 |     let mut block_size = 0;
[INFO] [stdout]   |             ^^^^^^^^^^
[INFO] [stdout]   |
[INFO] [stdout]   = note: `#[warn(unused_assignments)]` on by default
[INFO] [stdout]   = help: maybe it is overwritten before being read?
[INFO] [stdout] 
[INFO] [stdout] 
[INFO] [stdout] warning: variable does not need to be mutable
[INFO] [stdout]    --> src/main.rs:316:9
[INFO] [stdout]     |
[INFO] [stdout] 316 |     let mut secret_suffix = b64::from_b64(String::from("Um9sbGluJyBpbiBteSA1LjAKV2l0aCBteSByYWctdG9wIGRvd24gc28gbXkgaGFpciBjYW4gYmxvdwpUa...
[INFO] [stdout]     |         ----^^^^^^^^^^^^^
[INFO] [stdout]     |         |
[INFO] [stdout]     |         help: remove this `mut`
[INFO] [stdout]     |
[INFO] [stdout]     = note: `#[warn(unused_mut)]` on by default
[INFO] [stdout] 
[INFO] [stdout] 
[INFO] [stdout] warning: variable does not need to be mutable
[INFO] [stdout]   --> src/cryptopals/attack_aes.rs:40:9
[INFO] [stdout]    |
[INFO] [stdout] 40 |     let mut pad = bytewise::make_null_vec(block_size - known_prefix.len() - 1);
[INFO] [stdout]    |         ----^^^
[INFO] [stdout]    |         |
[INFO] [stdout]    |         help: remove this `mut`
[INFO] [stdout] 
[INFO] [stdout] 
[INFO] [stdout] warning: 6 warnings emitted
[INFO] [stdout] 
[INFO] [stdout] 
[INFO] [stderr]     Finished dev [unoptimized + debuginfo] target(s) in 13.95s
[INFO] running `Command { std: "docker" "inspect" "680886ba6648e2630abd7d18d36606449977b2f08be72ce002bd34793421447f", kill_on_drop: false }`
[INFO] running `Command { std: "docker" "rm" "-f" "680886ba6648e2630abd7d18d36606449977b2f08be72ce002bd34793421447f", kill_on_drop: false }`
[INFO] [stdout] 680886ba6648e2630abd7d18d36606449977b2f08be72ce002bd34793421447f
[INFO] running `Command { std: "docker" "create" "-v" "/var/lib/crater-agent-workspace/builds/worker-6/target:/opt/rustwide/target:rw,Z" "-v" "/var/lib/crater-agent-workspace/builds/worker-6/source:/opt/rustwide/workdir:ro,Z" "-v" "/var/lib/crater-agent-workspace/cargo-home:/opt/rustwide/cargo-home:ro,Z" "-v" "/var/lib/crater-agent-workspace/rustup-home:/opt/rustwide/rustup-home:ro,Z" "-e" "SOURCE_DIR=/opt/rustwide/workdir" "-e" "CARGO_TARGET_DIR=/opt/rustwide/target" "-e" "CARGO_INCREMENTAL=0" "-e" "RUST_BACKTRACE=full" "-e" "RUSTFLAGS=--cap-lints=warn" "-e" "CARGO_HOME=/opt/rustwide/cargo-home" "-e" "RUSTUP_HOME=/opt/rustwide/rustup-home" "-w" "/opt/rustwide/workdir" "-m" "1610612736" "--user" "0:0" "--network" "none" "ghcr.io/rust-lang/crates-build-env/linux@sha256:34b6a614d2c27851fe6cbf88fbd1137609cefab8b10d0615aaeb6fd47975d74e" "/opt/rustwide/cargo-home/bin/cargo" "+1.54.0" "test" "--frozen" "--no-run" "--message-format=json", kill_on_drop: false }`
[INFO] [stdout] 4c3987f5c3b2c20b687fe59dce6c64cf7abf44486c8dcfc87524ee19ea959b06
[INFO] [stderr] WARNING: Your kernel does not support swap limit capabilities or the cgroup is not mounted. Memory limited without swap.
[INFO] running `Command { std: "docker" "start" "-a" "4c3987f5c3b2c20b687fe59dce6c64cf7abf44486c8dcfc87524ee19ea959b06", kill_on_drop: false }`
[INFO] [stderr]    Compiling cryptopals-rs v0.1.0 (/opt/rustwide/workdir)
[INFO] [stdout] warning: unused variable: `j`
[INFO] [stdout]    --> src/main.rs:347:14
[INFO] [stdout]     |
[INFO] [stdout] 347 |         for (j, _) in block.iter().enumerate() {
[INFO] [stdout]     |              ^ help: if this is intentional, prefix it with an underscore: `_j`
[INFO] [stdout]     |
[INFO] [stdout]     = note: `#[warn(unused_variables)]` on by default
[INFO] [stdout] 
[INFO] [stdout] 
[INFO] [stdout] warning: unused variable: `plain_t`
[INFO] [stdout]    --> src/cryptopals/aes.rs:100:34
[INFO] [stdout]     |
[INFO] [stdout] 100 | pub fn encryption_oracle_no_rand(plain_t:&Vec<u8>, key:&Vec<u8>) -> () { //(Vec<u8>, String) {
[INFO] [stdout]     |                                  ^^^^^^^ help: if this is intentional, prefix it with an underscore: `_plain_t`
[INFO] [stdout] 
[INFO] [stdout] 
[INFO] [stdout] warning: unused variable: `key`
[INFO] [stdout]    --> src/cryptopals/aes.rs:100:52
[INFO] [stdout]     |
[INFO] [stdout] 100 | pub fn encryption_oracle_no_rand(plain_t:&Vec<u8>, key:&Vec<u8>) -> () { //(Vec<u8>, String) {
[INFO] [stdout]     |                                                    ^^^ help: if this is intentional, prefix it with an underscore: `_key`
[INFO] [stdout] 
[INFO] [stdout] 
[INFO] [stdout] warning: value assigned to `block_size` is never read
[INFO] [stdout]  --> src/cryptopals/attack_aes.rs:9:13
[INFO] [stdout]   |
[INFO] [stdout] 9 |     let mut block_size = 0;
[INFO] [stdout]   |             ^^^^^^^^^^
[INFO] [stdout]   |
[INFO] [stdout]   = note: `#[warn(unused_assignments)]` on by default
[INFO] [stdout]   = help: maybe it is overwritten before being read?
[INFO] [stdout] 
[INFO] [stdout] 
[INFO] [stdout] warning: variable does not need to be mutable
[INFO] [stdout]    --> src/main.rs:316:9
[INFO] [stdout]     |
[INFO] [stdout] 316 |     let mut secret_suffix = b64::from_b64(String::from("Um9sbGluJyBpbiBteSA1LjAKV2l0aCBteSByYWctdG9wIGRvd24gc28gbXkgaGFpciBjYW4gYmxvdwpUa...
[INFO] [stdout]     |         ----^^^^^^^^^^^^^
[INFO] [stdout]     |         |
[INFO] [stdout]     |         help: remove this `mut`
[INFO] [stdout]     |
[INFO] [stdout]     = note: `#[warn(unused_mut)]` on by default
[INFO] [stdout] 
[INFO] [stdout] 
[INFO] [stdout] warning: variable does not need to be mutable
[INFO] [stdout]   --> src/cryptopals/attack_aes.rs:40:9
[INFO] [stdout]    |
[INFO] [stdout] 40 |     let mut pad = bytewise::make_null_vec(block_size - known_prefix.len() - 1);
[INFO] [stdout]    |         ----^^^
[INFO] [stdout]    |         |
[INFO] [stdout]    |         help: remove this `mut`
[INFO] [stdout] 
[INFO] [stdout] 
[INFO] [stdout] warning: 6 warnings emitted
[INFO] [stdout] 
[INFO] [stdout] 
[INFO] [stderr]     Finished test [unoptimized + debuginfo] target(s) in 2.05s
[INFO] running `Command { std: "docker" "inspect" "4c3987f5c3b2c20b687fe59dce6c64cf7abf44486c8dcfc87524ee19ea959b06", kill_on_drop: false }`
[INFO] running `Command { std: "docker" "rm" "-f" "4c3987f5c3b2c20b687fe59dce6c64cf7abf44486c8dcfc87524ee19ea959b06", kill_on_drop: false }`
[INFO] [stdout] 4c3987f5c3b2c20b687fe59dce6c64cf7abf44486c8dcfc87524ee19ea959b06
[INFO] running `Command { std: "docker" "create" "-v" "/var/lib/crater-agent-workspace/builds/worker-6/target:/opt/rustwide/target:rw,Z" "-v" "/var/lib/crater-agent-workspace/builds/worker-6/source:/opt/rustwide/workdir:ro,Z" "-v" "/var/lib/crater-agent-workspace/cargo-home:/opt/rustwide/cargo-home:ro,Z" "-v" "/var/lib/crater-agent-workspace/rustup-home:/opt/rustwide/rustup-home:ro,Z" "-e" "SOURCE_DIR=/opt/rustwide/workdir" "-e" "CARGO_TARGET_DIR=/opt/rustwide/target" "-e" "CARGO_INCREMENTAL=0" "-e" "RUST_BACKTRACE=full" "-e" "RUSTFLAGS=--cap-lints=warn" "-e" "CARGO_HOME=/opt/rustwide/cargo-home" "-e" "RUSTUP_HOME=/opt/rustwide/rustup-home" "-w" "/opt/rustwide/workdir" "-m" "1610612736" "--user" "0:0" "--network" "none" "ghcr.io/rust-lang/crates-build-env/linux@sha256:34b6a614d2c27851fe6cbf88fbd1137609cefab8b10d0615aaeb6fd47975d74e" "/opt/rustwide/cargo-home/bin/cargo" "+1.54.0" "test" "--frozen", kill_on_drop: false }`
[INFO] [stdout] dd269419bb6499792511cd4aba72df5b1b5a899481b94946fbda7d88d7bf4799
[INFO] [stderr] WARNING: Your kernel does not support swap limit capabilities or the cgroup is not mounted. Memory limited without swap.
[INFO] running `Command { std: "docker" "start" "-a" "dd269419bb6499792511cd4aba72df5b1b5a899481b94946fbda7d88d7bf4799", kill_on_drop: false }`
[INFO] [stderr] warning: unused variable: `j`
[INFO] [stderr]    --> src/main.rs:347:14
[INFO] [stderr]     |
[INFO] [stderr] 347 |         for (j, _) in block.iter().enumerate() {
[INFO] [stderr]     |              ^ help: if this is intentional, prefix it with an underscore: `_j`
[INFO] [stderr]     |
[INFO] [stderr]     = note: `#[warn(unused_variables)]` on by default
[INFO] [stderr] 
[INFO] [stderr] warning: unused variable: `plain_t`
[INFO] [stderr]    --> src/cryptopals/aes.rs:100:34
[INFO] [stderr]     |
[INFO] [stderr] 100 | pub fn encryption_oracle_no_rand(plain_t:&Vec<u8>, key:&Vec<u8>) -> () { //(Vec<u8>, String) {
[INFO] [stderr]     |                                  ^^^^^^^ help: if this is intentional, prefix it with an underscore: `_plain_t`
[INFO] [stderr] 
[INFO] [stderr] warning: unused variable: `key`
[INFO] [stderr]    --> src/cryptopals/aes.rs:100:52
[INFO] [stderr]     |
[INFO] [stderr] 100 | pub fn encryption_oracle_no_rand(plain_t:&Vec<u8>, key:&Vec<u8>) -> () { //(Vec<u8>, String) {
[INFO] [stderr]     |                                                    ^^^ help: if this is intentional, prefix it with an underscore: `_key`
[INFO] [stderr] 
[INFO] [stderr] warning: value assigned to `block_size` is never read
[INFO] [stderr]  --> src/cryptopals/attack_aes.rs:9:13
[INFO] [stderr]   |
[INFO] [stderr] 9 |     let mut block_size = 0;
[INFO] [stderr]   |             ^^^^^^^^^^
[INFO] [stderr]   |
[INFO] [stderr]   = note: `#[warn(unused_assignments)]` on by default
[INFO] [stderr]   = help: maybe it is overwritten before being read?
[INFO] [stderr] 
[INFO] [stderr] warning: variable does not need to be mutable
[INFO] [stderr]    --> src/main.rs:316:9
[INFO] [stderr]     |
[INFO] [stderr] 316 |     let mut secret_suffix = b64::from_b64(String::from("Um9sbGluJyBpbiBteSA1LjAKV2l0aCBteSByYWctdG9wIGRvd24gc28gbXkgaGFpciBjYW4gYmxvdwpUa...
[INFO] [stderr]     |         ----^^^^^^^^^^^^^
[INFO] [stderr]     |         |
[INFO] [stderr]     |         help: remove this `mut`
[INFO] [stderr]     |
[INFO] [stderr]     = note: `#[warn(unused_mut)]` on by default
[INFO] [stderr] 
[INFO] [stderr] warning: variable does not need to be mutable
[INFO] [stderr]   --> src/cryptopals/attack_aes.rs:40:9
[INFO] [stderr]    |
[INFO] [stderr] 40 |     let mut pad = bytewise::make_null_vec(block_size - known_prefix.len() - 1);
[INFO] [stderr]    |         ----^^^
[INFO] [stderr]    |         |
[INFO] [stderr]    |         help: remove this `mut`
[INFO] [stderr] 
[INFO] [stderr] warning: 6 warnings emitted
[INFO] [stderr] 
[INFO] [stderr]     Finished test [unoptimized + debuginfo] target(s) in 0.06s
[INFO] [stderr]      Running unittests (/opt/rustwide/target/debug/deps/cryptopals_rs-81d00451609b198d)
[INFO] [stdout] 
[INFO] [stdout] running 8 tests
[INFO] [stdout] test cryptopals::b64::tests::from_b64_works ... ok
[INFO] [stdout] test cryptopals::b64::tests::to_b64_works ... ok
[INFO] [stdout] test cryptopals::padding::tests::pad_yellow_sub ... ok
[INFO] [stdout] test cryptopals::bytewise::tests::concat_blocks_reverses_make_blocks ... ok
[INFO] [stdout] test cryptopals::bytewise::tests::tranpose_is_own_inverse ... ok
[INFO] [stdout] test cryptopals::vigenere::tests::break_single_xor_works_on_null_key ... ok
[INFO] [stdout] test cryptopals::vigenere::tests::break_vigenere_works_on_single_key ... FAILED
[INFO] [stdout] test cryptopals::vigenere::tests::break_vigenere_works_on_null_key ... FAILED
[INFO] [stdout] 
[INFO] [stdout] failures:
[INFO] [stdout] 
[INFO] [stdout] ---- cryptopals::vigenere::tests::break_vigenere_works_on_single_key stdout ----
[INFO] [stdout] len: 3, dist: 2.7777777777777777
[INFO] [stdout] len: 4, dist: 2.25
[INFO] [stdout] len: 5, dist: 2.6
[INFO] [stdout] len: 6, dist: 3.3333333333333335
[INFO] [stdout] len: 7, dist: 2.5714285714285716
[INFO] [stdout] len: 8, dist: 2.5416666666666665
[INFO] [stdout] len: 9, dist: 2.5555555555555554
[INFO] [stdout] len: 10, dist: 2.7333333333333334
[INFO] [stdout] len: 11, dist: 2.757575757575758
[INFO] [stdout] len: 12, dist: 2.6944444444444446
[INFO] [stdout] len: 13, dist: 2.8974358974358974
[INFO] [stdout] len: 14, dist: 2.761904761904762
[INFO] [stdout] len: 15, dist: 2.6666666666666665
[INFO] [stdout] len: 16, dist: 2.4166666666666665
[INFO] [stdout] len: 17, dist: 2.4901960784313726
[INFO] [stdout] len: 18, dist: 2.962962962962963
[INFO] [stdout] len: 19, dist: 2.789473684210526
[INFO] [stdout] len: 20, dist: 2.35
[INFO] [stdout] len: 21, dist: 2.3492063492063493
[INFO] [stdout] len: 22, dist: 2.6818181818181817
[INFO] [stdout] len: 23, dist: 2.6956521739130435
[INFO] [stdout] len: 24, dist: 2.638888888888889
[INFO] [stdout] len: 25, dist: 2.7733333333333334
[INFO] [stdout] len: 26, dist: 2.8076923076923075
[INFO] [stdout] len: 27, dist: 2.5925925925925926
[INFO] [stdout] len: 28, dist: 2.4047619047619047
[INFO] [stdout] len: 29, dist: 2.8505747126436782
[INFO] [stdout] len: 30, dist: 2.6555555555555554
[INFO] [stdout] len: 31, dist: 2.913978494623656
[INFO] [stdout] len: 32, dist: 2.75
[INFO] [stdout] len: 33, dist: 2.606060606060606
[INFO] [stdout] len: 34, dist: 2.607843137254902
[INFO] [stdout] len: 35, dist: 2.9238095238095236
[INFO] [stdout] len: 36, dist: 2.712962962962963
[INFO] [stdout] len: 37, dist: 2.6126126126126126
[INFO] [stdout] len: 38, dist: 2.5964912280701755
[INFO] [stdout] len: 39, dist: 2.700854700854701
[INFO] [stdout] len: 40, dist: 2.675
[INFO] [stdout] lowest_len: 4
[INFO] [stdout] thread 'cryptopals::vigenere::tests::break_vigenere_works_on_single_key' panicked at 'assertion failed: `(left == right)`
[INFO] [stdout]   left: `"In the morning I walked down the Boulevard to the rue Soufflot for coffee and brioche. It was a fine morning. The horse-chestnut trees in the Luxembourg gardens were in bloom. There was the pleasant early-morning feeling of a hot day. I read the papers with the coffee and then smoked a cigarette. The flower-women were coming up from the market and arranging their daily stock. Students went by going up to the law school, or down to the Sorbonne. The Boulevard was busy with trams and people going to work"`,
[INFO] [stdout]  right: `"Mn rha\"mithmjg O sclmcb$`owh pje&Diqhevgr`\"ti&rla rse$Qos``hkt `ov\"ci``aa ahd$`roiela. Ot$uau&g$binc imrhohc* Tne$jotuc)gheutjwt&rtaas on$vhc&Jq|emdoqpg&agv`enu sgrc&oj$blioi, Rncva wgs$vhc&vhaasgnp\"egtj})motnmlg&`cahina kd g&nkp dgy*\"I&tce` tne$ravctw$wirh$vhc&ekbfec eld&rnaj skoogd&g&gmgatepve(&Rla fjosgr+qiian qevg eikmjg sp$drik&ple kavier&gj` atrelgoha$pheor$faoj\u{7f}$wtoek*\"Srsbajts&walt&d\u{7f}$coihg$wp&ri$phe&leu uenkkl,&ov\"diqh$po rha\"Sitdkjne( Pje&Diqhevgr`\"wgu&fqsy&wmvh&rteis gn`\"pcivha giije ri&skrk"`', src/cryptopals/vigenere.rs:91:9
[INFO] [stdout] stack backtrace:
[INFO] [stdout]    0:     0x55e7953f1be0 - std::backtrace_rs::backtrace::libunwind::trace::h34055254b57d8e79
[INFO] [stdout]                                at /rustc/a178d0322ce20e33eac124758e837cbd80a6f633/library/std/src/../../backtrace/src/backtrace/libunwind.rs:90:5
[INFO] [stdout]    1:     0x55e7953f1be0 - std::backtrace_rs::backtrace::trace_unsynchronized::h8f1e3fbd9afff6ec
[INFO] [stdout]                                at /rustc/a178d0322ce20e33eac124758e837cbd80a6f633/library/std/src/../../backtrace/src/backtrace/mod.rs:66:5
[INFO] [stdout]    2:     0x55e7953f1be0 - std::sys_common::backtrace::_print_fmt::h3a99a796b770c360
[INFO] [stdout]                                at /rustc/a178d0322ce20e33eac124758e837cbd80a6f633/library/std/src/sys_common/backtrace.rs:67:5
[INFO] [stdout]    3:     0x55e7953f1be0 - <std::sys_common::backtrace::_print::DisplayBacktrace as core::fmt::Display>::fmt::h32d1f94a80615d18
[INFO] [stdout]                                at /rustc/a178d0322ce20e33eac124758e837cbd80a6f633/library/std/src/sys_common/backtrace.rs:46:22
[INFO] [stdout]    4:     0x55e7954143dc - core::fmt::write::h306731c068f7162c
[INFO] [stdout]                                at /rustc/a178d0322ce20e33eac124758e837cbd80a6f633/library/core/src/fmt/mod.rs:1110:17
[INFO] [stdout]    5:     0x55e7953eeb05 - std::io::Write::write_fmt::h87f19b0a2cd190bc
[INFO] [stdout]                                at /rustc/a178d0322ce20e33eac124758e837cbd80a6f633/library/std/src/io/mod.rs:1588:15
[INFO] [stdout]    6:     0x55e7953f3d4b - std::sys_common::backtrace::_print::h5abaa2601a852287
[INFO] [stdout]                                at /rustc/a178d0322ce20e33eac124758e837cbd80a6f633/library/std/src/sys_common/backtrace.rs:49:5
[INFO] [stdout]    7:     0x55e7953f3d4b - std::sys_common::backtrace::print::h8d81445442bb638f
[INFO] [stdout]                                at /rustc/a178d0322ce20e33eac124758e837cbd80a6f633/library/std/src/sys_common/backtrace.rs:36:9
[INFO] [stdout]    8:     0x55e7953f3d4b - std::panicking::default_hook::{{closure}}::hcfe804496a9fa747
[INFO] [stdout]                                at /rustc/a178d0322ce20e33eac124758e837cbd80a6f633/library/std/src/panicking.rs:208:50
[INFO] [stdout]    9:     0x55e7953f385c - std::panicking::default_hook::hbea8e3ccf2ba8901
[INFO] [stdout]                                at /rustc/a178d0322ce20e33eac124758e837cbd80a6f633/library/std/src/panicking.rs:222:9
[INFO] [stdout]   10:     0x55e7953f4414 - std::panicking::rust_panic_with_hook::h7ee9e1a2d0f8975a
[INFO] [stdout]                                at /rustc/a178d0322ce20e33eac124758e837cbd80a6f633/library/std/src/panicking.rs:622:17
[INFO] [stdout]   11:     0x55e7953f3ef7 - std::panicking::begin_panic_handler::{{closure}}::h8ab3b4491718b2c7
[INFO] [stdout]                                at /rustc/a178d0322ce20e33eac124758e837cbd80a6f633/library/std/src/panicking.rs:519:13
[INFO] [stdout]   12:     0x55e7953f20dc - std::sys_common::backtrace::__rust_end_short_backtrace::hd489062ffa586a9f
[INFO] [stdout]                                at /rustc/a178d0322ce20e33eac124758e837cbd80a6f633/library/std/src/sys_common/backtrace.rs:141:18
[INFO] [stdout]   13:     0x55e7953f3e59 - rust_begin_unwind
[INFO] [stdout]                                at /rustc/a178d0322ce20e33eac124758e837cbd80a6f633/library/std/src/panicking.rs:515:5
[INFO] [stdout]   14:     0x55e79537f651 - core::panicking::panic_fmt::hca6330e3e14086b4
[INFO] [stdout]                                at /rustc/a178d0322ce20e33eac124758e837cbd80a6f633/library/core/src/panicking.rs:92:14
[INFO] [stdout]   15:     0x55e795412cf8 - core::panicking::assert_failed_inner::h33b45280069a80ed
[INFO] [stdout]   16:     0x55e79538e65a - core::panicking::assert_failed::hab4bf27764ce5868
[INFO] [stdout]                                at /rustc/a178d0322ce20e33eac124758e837cbd80a6f633/library/core/src/panicking.rs:117:5
[INFO] [stdout]   17:     0x55e795387752 - cryptopals_rs::cryptopals::vigenere::tests::break_vigenere_works_on_single_key::h834e453d490024af
[INFO] [stdout]                                at /opt/rustwide/workdir/src/cryptopals/vigenere.rs:91:9
[INFO] [stdout]   18:     0x55e79538750a - cryptopals_rs::cryptopals::vigenere::tests::break_vigenere_works_on_single_key::{{closure}}::h0eae8ab1f6197290
[INFO] [stdout]                                at /opt/rustwide/workdir/src/cryptopals/vigenere.rs:87:5
[INFO] [stdout]   19:     0x55e79538826e - core::ops::function::FnOnce::call_once::hf222d6327afcc98e
[INFO] [stdout]                                at /rustc/a178d0322ce20e33eac124758e837cbd80a6f633/library/core/src/ops/function.rs:227:5
[INFO] [stdout]   20:     0x55e7953b9713 - core::ops::function::FnOnce::call_once::h152e7e439ff59e19
[INFO] [stdout]                                at /rustc/a178d0322ce20e33eac124758e837cbd80a6f633/library/core/src/ops/function.rs:227:5
[INFO] [stdout]   21:     0x55e7953b9713 - test::__rust_begin_short_backtrace::h0908f3b1fdbb72ab
[INFO] [stdout]                                at /rustc/a178d0322ce20e33eac124758e837cbd80a6f633/library/test/src/lib.rs:577:5
[INFO] [stdout]   22:     0x55e7953b81d0 - <alloc::boxed::Box<F,A> as core::ops::function::FnOnce<Args>>::call_once::hf6d2a51e5587546c
[INFO] [stdout]                                at /rustc/a178d0322ce20e33eac124758e837cbd80a6f633/library/alloc/src/boxed.rs:1575:9
[INFO] [stdout]   23:     0x55e7953b81d0 - <std::panic::AssertUnwindSafe<F> as core::ops::function::FnOnce<()>>::call_once::h8af660f3a89ef593
[INFO] [stdout]                                at /rustc/a178d0322ce20e33eac124758e837cbd80a6f633/library/std/src/panic.rs:347:9
[INFO] [stdout]   24:     0x55e7953b81d0 - std::panicking::try::do_call::hd36aef60f84b6d36
[INFO] [stdout]                                at /rustc/a178d0322ce20e33eac124758e837cbd80a6f633/library/std/src/panicking.rs:401:40
[INFO] [stdout]   25:     0x55e7953b81d0 - std::panicking::try::h9932b4480e69817c
[INFO] [stdout]                                at /rustc/a178d0322ce20e33eac124758e837cbd80a6f633/library/std/src/panicking.rs:365:19
[INFO] [stdout]   26:     0x55e7953b81d0 - std::panic::catch_unwind::h6aa177099cfff5f8
[INFO] [stdout]                                at /rustc/a178d0322ce20e33eac124758e837cbd80a6f633/library/std/src/panic.rs:434:14
[INFO] [stdout]   27:     0x55e7953b81d0 - test::run_test_in_process::h5884d6f2d99e20c3
[INFO] [stdout]                                at /rustc/a178d0322ce20e33eac124758e837cbd80a6f633/library/test/src/lib.rs:600:18
[INFO] [stdout]   28:     0x55e7953b81d0 - test::run_test::run_test_inner::{{closure}}::h6fdc58c6d5f5b6e3
[INFO] [stdout]                                at /rustc/a178d0322ce20e33eac124758e837cbd80a6f633/library/test/src/lib.rs:492:39
[INFO] [stdout]   29:     0x55e795391882 - test::run_test::run_test_inner::{{closure}}::h408365d67a78ade8
[INFO] [stdout]                                at /rustc/a178d0322ce20e33eac124758e837cbd80a6f633/library/test/src/lib.rs:519:37
[INFO] [stdout]   30:     0x55e795391882 - std::sys_common::backtrace::__rust_begin_short_backtrace::hb560b77c4f701523
[INFO] [stdout]                                at /rustc/a178d0322ce20e33eac124758e837cbd80a6f633/library/std/src/sys_common/backtrace.rs:125:18
[INFO] [stdout]   31:     0x55e795395438 - std::thread::Builder::spawn_unchecked::{{closure}}::{{closure}}::hf2e7831dad93c597
[INFO] [stdout]                                at /rustc/a178d0322ce20e33eac124758e837cbd80a6f633/library/std/src/thread/mod.rs:481:17
[INFO] [stdout]   32:     0x55e795395438 - <std::panic::AssertUnwindSafe<F> as core::ops::function::FnOnce<()>>::call_once::hd2e08783d8be4d02
[INFO] [stdout]                                at /rustc/a178d0322ce20e33eac124758e837cbd80a6f633/library/std/src/panic.rs:347:9
[INFO] [stdout]   33:     0x55e795395438 - std::panicking::try::do_call::h062597b7acfd6b82
[INFO] [stdout]                                at /rustc/a178d0322ce20e33eac124758e837cbd80a6f633/library/std/src/panicking.rs:401:40
[INFO] [stdout]   34:     0x55e795395438 - std::panicking::try::h0d7b79db04c14552
[INFO] [stdout]                                at /rustc/a178d0322ce20e33eac124758e837cbd80a6f633/library/std/src/panicking.rs:365:19
[INFO] [stdout]   35:     0x55e795395438 - std::panic::catch_unwind::hb01a0b5e7c8cd43b
[INFO] [stdout]                                at /rustc/a178d0322ce20e33eac124758e837cbd80a6f633/library/std/src/panic.rs:434:14
[INFO] [stdout]   36:     0x55e795395438 - std::thread::Builder::spawn_unchecked::{{closure}}::h5bde48cc887e0d1e
[INFO] [stdout]                                at /rustc/a178d0322ce20e33eac124758e837cbd80a6f633/library/std/src/thread/mod.rs:480:30
[INFO] [stdout]   37:     0x55e795395438 - core::ops::function::FnOnce::call_once{{vtable.shim}}::h745ea30807a29e55
[INFO] [stdout]                                at /rustc/a178d0322ce20e33eac124758e837cbd80a6f633/library/core/src/ops/function.rs:227:5
[INFO] [stdout]   38:     0x55e7953f8ed7 - <alloc::boxed::Box<F,A> as core::ops::function::FnOnce<Args>>::call_once::h7ece6cfefaff1005
[INFO] [stdout]                                at /rustc/a178d0322ce20e33eac124758e837cbd80a6f633/library/alloc/src/boxed.rs:1575:9
[INFO] [stdout]   39:     0x55e7953f8ed7 - <alloc::boxed::Box<F,A> as core::ops::function::FnOnce<Args>>::call_once::hb8b48e55c21f193e
[INFO] [stdout]                                at /rustc/a178d0322ce20e33eac124758e837cbd80a6f633/library/alloc/src/boxed.rs:1575:9
[INFO] [stdout]   40:     0x55e7953f8ed7 - std::sys::unix::thread::Thread::new::thread_start::h8c7c4450dba62914
[INFO] [stdout]                                at /rustc/a178d0322ce20e33eac124758e837cbd80a6f633/library/std/src/sys/unix/thread.rs:71:17
[INFO] [stdout]   41:     0x7f2828ae8609 - start_thread
[INFO] [stdout]   42:     0x7f2828d73293 - clone
[INFO] [stdout]   43:                0x0 - <unknown>
[INFO] [stdout] 
[INFO] [stdout] ---- cryptopals::vigenere::tests::break_vigenere_works_on_null_key stdout ----
[INFO] [stdout] len: 3, dist: 2.4444444444444446
[INFO] [stdout] len: 4, dist: 2.5833333333333335
[INFO] [stdout] len: 5, dist: 2.533333333333333
[INFO] [stdout] len: 6, dist: 3.3333333333333335
[INFO] [stdout] len: 7, dist: 2.5238095238095237
[INFO] [stdout] len: 8, dist: 2.625
[INFO] [stdout] len: 9, dist: 2.2962962962962963
[INFO] [stdout] len: 10, dist: 2.533333333333333
[INFO] [stdout] len: 11, dist: 2.787878787878788
[INFO] [stdout] len: 12, dist: 2.6944444444444446
[INFO] [stdout] len: 13, dist: 2.5641025641025643
[INFO] [stdout] len: 14, dist: 2.5238095238095237
[INFO] [stdout] len: 15, dist: 2.8222222222222224
[INFO] [stdout] len: 16, dist: 2.5833333333333335
[INFO] [stdout] len: 17, dist: 2.156862745098039
[INFO] [stdout] len: 18, dist: 2.962962962962963
[INFO] [stdout] len: 19, dist: 2.7719298245614037
[INFO] [stdout] len: 20, dist: 2.316666666666667
[INFO] [stdout] len: 21, dist: 2.4603174603174605
[INFO] [stdout] len: 22, dist: 2.9242424242424243
[INFO] [stdout] len: 23, dist: 2.536231884057971
[INFO] [stdout] len: 24, dist: 2.638888888888889
[INFO] [stdout] len: 25, dist: 2.493333333333333
[INFO] [stdout] len: 26, dist: 2.8333333333333335
[INFO] [stdout] len: 27, dist: 2.5555555555555554
[INFO] [stdout] len: 28, dist: 2.5714285714285716
[INFO] [stdout] len: 29, dist: 2.9080459770114944
[INFO] [stdout] len: 30, dist: 2.6555555555555554
[INFO] [stdout] len: 31, dist: 2.7311827956989245
[INFO] [stdout] len: 32, dist: 2.8541666666666665
[INFO] [stdout] len: 33, dist: 2.474747474747475
[INFO] [stdout] len: 34, dist: 2.5294117647058822
[INFO] [stdout] len: 35, dist: 2.742857142857143
[INFO] [stdout] len: 36, dist: 2.712962962962963
[INFO] [stdout] len: 37, dist: 2.855855855855856
[INFO] [stdout] len: 38, dist: 2.3508771929824563
[INFO] [stdout] len: 39, dist: 2.6923076923076925
[INFO] [stdout] len: 40, dist: 2.691666666666667
[INFO] [stdout] lowest_len: 17
[INFO] [stdout] thread 'cryptopals::vigenere::tests::break_vigenere_works_on_null_key' panicked at 'assertion failed: `(left == right)`
[INFO] [stdout]   left: `"In the morning I walked down the Boulevard to the rue Soufflot for coffee and brioche. It was a fine morning. The horse-chestnut trees in the Luxembourg gardens were in bloom. There was the pleasant early-morning feeling of a hot day. I read the papers with the coffee and then smoked a cigarette. The flower-women were coming up from the market and arranging their daily stock. Students went by going up to the law school, or down to the Sorbonne. The Boulevard was busy with trams and people going to work"`,
[INFO] [stdout]  right: `"Ih!the wnrning I,wgmked ~nwn the Nosmevar~!to the ~uc!Souf|mot for oo`gee ate briochi.&Ht wai!a fine aotoing.:Uhe horsi-eiestnou trees en&uhe Loyembourg,ggsdens:vere in nlinm. Trdre was xhc!pleai`nt earlu-knrnin}!feeling,o`!a hon!day. I ~ege the:qapers wetn!the ynffee anh rien swnked a ceggsette4!The flo{et,womet!were coaihf up |som the aatjet ate arrangena!theih!daily sxoej. Stoeents webt&cy gosog up to,tnd law:rchool, cr&eown nn the So~bione. Nie Boulezate was:cusy witd rsams {od peopli aning nn work"`', src/cryptopals/vigenere.rs:83:9
[INFO] [stdout] stack backtrace:
[INFO] [stdout]    0:     0x55e7953f1be0 - std::backtrace_rs::backtrace::libunwind::trace::h34055254b57d8e79
[INFO] [stdout]                                at /rustc/a178d0322ce20e33eac124758e837cbd80a6f633/library/std/src/../../backtrace/src/backtrace/libunwind.rs:90:5
[INFO] [stdout]    1:     0x55e7953f1be0 - std::backtrace_rs::backtrace::trace_unsynchronized::h8f1e3fbd9afff6ec
[INFO] [stdout]                                at /rustc/a178d0322ce20e33eac124758e837cbd80a6f633/library/std/src/../../backtrace/src/backtrace/mod.rs:66:5
[INFO] [stdout]    2:     0x55e7953f1be0 - std::sys_common::backtrace::_print_fmt::h3a99a796b770c360
[INFO] [stdout]                                at /rustc/a178d0322ce20e33eac124758e837cbd80a6f633/library/std/src/sys_common/backtrace.rs:67:5
[INFO] [stdout]    3:     0x55e7953f1be0 - <std::sys_common::backtrace::_print::DisplayBacktrace as core::fmt::Display>::fmt::h32d1f94a80615d18
[INFO] [stdout]                                at /rustc/a178d0322ce20e33eac124758e837cbd80a6f633/library/std/src/sys_common/backtrace.rs:46:22
[INFO] [stdout]    4:     0x55e7954143dc - core::fmt::write::h306731c068f7162c
[INFO] [stdout]                                at /rustc/a178d0322ce20e33eac124758e837cbd80a6f633/library/core/src/fmt/mod.rs:1110:17
[INFO] [stdout]    5:     0x55e7953eeb05 - std::io::Write::write_fmt::h87f19b0a2cd190bc
[INFO] [stdout]                                at /rustc/a178d0322ce20e33eac124758e837cbd80a6f633/library/std/src/io/mod.rs:1588:15
[INFO] [stdout]    6:     0x55e7953f3d4b - std::sys_common::backtrace::_print::h5abaa2601a852287
[INFO] [stdout]                                at /rustc/a178d0322ce20e33eac124758e837cbd80a6f633/library/std/src/sys_common/backtrace.rs:49:5
[INFO] [stdout]    7:     0x55e7953f3d4b - std::sys_common::backtrace::print::h8d81445442bb638f
[INFO] [stdout]                                at /rustc/a178d0322ce20e33eac124758e837cbd80a6f633/library/std/src/sys_common/backtrace.rs:36:9
[INFO] [stdout]    8:     0x55e7953f3d4b - std::panicking::default_hook::{{closure}}::hcfe804496a9fa747
[INFO] [stdout]                                at /rustc/a178d0322ce20e33eac124758e837cbd80a6f633/library/std/src/panicking.rs:208:50
[INFO] [stdout]    9:     0x55e7953f385c - std::panicking::default_hook::hbea8e3ccf2ba8901
[INFO] [stdout]                                at /rustc/a178d0322ce20e33eac124758e837cbd80a6f633/library/std/src/panicking.rs:222:9
[INFO] [stdout]   10:     0x55e7953f4414 - std::panicking::rust_panic_with_hook::h7ee9e1a2d0f8975a
[INFO] [stdout]                                at /rustc/a178d0322ce20e33eac124758e837cbd80a6f633/library/std/src/panicking.rs:622:17
[INFO] [stdout]   11:     0x55e7953f3ef7 - std::panicking::begin_panic_handler::{{closure}}::h8ab3b4491718b2c7
[INFO] [stdout]                                at /rustc/a178d0322ce20e33eac124758e837cbd80a6f633/library/std/src/panicking.rs:519:13
[INFO] [stdout]   12:     0x55e7953f20dc - std::sys_common::backtrace::__rust_end_short_backtrace::hd489062ffa586a9f
[INFO] [stdout]                                at /rustc/a178d0322ce20e33eac124758e837cbd80a6f633/library/std/src/sys_common/backtrace.rs:141:18
[INFO] [stdout]   13:     0x55e7953f3e59 - rust_begin_unwind
[INFO] [stdout]                                at /rustc/a178d0322ce20e33eac124758e837cbd80a6f633/library/std/src/panicking.rs:515:5
[INFO] [stdout]   14:     0x55e79537f651 - core::panicking::panic_fmt::hca6330e3e14086b4
[INFO] [stdout]                                at /rustc/a178d0322ce20e33eac124758e837cbd80a6f633/library/core/src/panicking.rs:92:14
[INFO] [stdout]   15:     0x55e795412cf8 - core::panicking::assert_failed_inner::h33b45280069a80ed
[INFO] [stdout]   16:     0x55e79538e65a - core::panicking::assert_failed::hab4bf27764ce5868
[INFO] [stdout]                                at /rustc/a178d0322ce20e33eac124758e837cbd80a6f633/library/core/src/panicking.rs:117:5
[INFO] [stdout]   17:     0x55e7953874b8 - cryptopals_rs::cryptopals::vigenere::tests::break_vigenere_works_on_null_key::haba24c6ffa4bae1d
[INFO] [stdout]                                at /opt/rustwide/workdir/src/cryptopals/vigenere.rs:83:9
[INFO] [stdout]   18:     0x55e79538733a - cryptopals_rs::cryptopals::vigenere::tests::break_vigenere_works_on_null_key::{{closure}}::h04520c2dc8b450b8
[INFO] [stdout]                                at /opt/rustwide/workdir/src/cryptopals/vigenere.rs:81:5
[INFO] [stdout]   19:     0x55e7953882ae - core::ops::function::FnOnce::call_once::hf7b775f8586ef8c2
[INFO] [stdout]                                at /rustc/a178d0322ce20e33eac124758e837cbd80a6f633/library/core/src/ops/function.rs:227:5
[INFO] [stdout]   20:     0x55e7953b9713 - core::ops::function::FnOnce::call_once::h152e7e439ff59e19
[INFO] [stdout]                                at /rustc/a178d0322ce20e33eac124758e837cbd80a6f633/library/core/src/ops/function.rs:227:5
[INFO] [stdout]   21:     0x55e7953b9713 - test::__rust_begin_short_backtrace::h0908f3b1fdbb72ab
[INFO] [stdout]                                at /rustc/a178d0322ce20e33eac124758e837cbd80a6f633/library/test/src/lib.rs:577:5
[INFO] [stdout]   22:     0x55e7953b81d0 - <alloc::boxed::Box<F,A> as core::ops::function::FnOnce<Args>>::call_once::hf6d2a51e5587546c
[INFO] [stdout]                                at /rustc/a178d0322ce20e33eac124758e837cbd80a6f633/library/alloc/src/boxed.rs:1575:9
[INFO] [stdout]   23:     0x55e7953b81d0 - <std::panic::AssertUnwindSafe<F> as core::ops::function::FnOnce<()>>::call_once::h8af660f3a89ef593
[INFO] [stdout]                                at /rustc/a178d0322ce20e33eac124758e837cbd80a6f633/library/std/src/panic.rs:347:9
[INFO] [stdout]   24:     0x55e7953b81d0 - std::panicking::try::do_call::hd36aef60f84b6d36
[INFO] [stdout]                                at /rustc/a178d0322ce20e33eac124758e837cbd80a6f633/library/std/src/panicking.rs:401:40
[INFO] [stdout]   25:     0x55e7953b81d0 - std::panicking::try::h9932b4480e69817c
[INFO] [stdout]                                at /rustc/a178d0322ce20e33eac124758e837cbd80a6f633/library/std/src/panicking.rs:365:19
[INFO] [stdout]   26:     0x55e7953b81d0 - std::panic::catch_unwind::h6aa177099cfff5f8
[INFO] [stdout]                                at /rustc/a178d0322ce20e33eac124758e837cbd80a6f633/library/std/src/panic.rs:434:14
[INFO] [stdout]   27:     0x55e7953b81d0 - test::run_test_in_process::h5884d6f2d99e20c3
[INFO] [stdout]                                at /rustc/a178d0322ce20e33eac124758e837cbd80a6f633/library/test/src/lib.rs:600:18
[INFO] [stdout]   28:     0x55e7953b81d0 - test::run_test::run_test_inner::{{closure}}::h6fdc58c6d5f5b6e3
[INFO] [stdout]                                at /rustc/a178d0322ce20e33eac124758e837cbd80a6f633/library/test/src/lib.rs:492:39
[INFO] [stdout]   29:     0x55e795391882 - test::run_test::run_test_inner::{{closure}}::h408365d67a78ade8
[INFO] [stdout]                                at /rustc/a178d0322ce20e33eac124758e837cbd80a6f633/library/test/src/lib.rs:519:37
[INFO] [stdout]   30:     0x55e795391882 - std::sys_common::backtrace::__rust_begin_short_backtrace::hb560b77c4f701523
[INFO] [stdout]                                at /rustc/a178d0322ce20e33eac124758e837cbd80a6f633/library/std/src/sys_common/backtrace.rs:125:18
[INFO] [stdout]   31:     0x55e795395438 - std::thread::Builder::spawn_unchecked::{{closure}}::{{closure}}::hf2e7831dad93c597
[INFO] [stdout]                                at /rustc/a178d0322ce20e33eac124758e837cbd80a6f633/library/std/src/thread/mod.rs:481:17
[INFO] [stdout]   32:     0x55e795395438 - <std::panic::AssertUnwindSafe<F> as core::ops::function::FnOnce<()>>::call_once::hd2e08783d8be4d02
[INFO] [stdout]                                at /rustc/a178d0322ce20e33eac124758e837cbd80a6f633/library/std/src/panic.rs:347:9
[INFO] [stdout]   33:     0x55e795395438 - std::panicking::try::do_call::h062597b7acfd6b82
[INFO] [stdout]                                at /rustc/a178d0322ce20e33eac124758e837cbd80a6f633/library/std/src/panicking.rs:401:40
[INFO] [stdout]   34:     0x55e795395438 - std::panicking::try::h0d7b79db04c14552
[INFO] [stdout]                                at /rustc/a178d0322ce20e33eac124758e837cbd80a6f633/library/std/src/panicking.rs:365:19
[INFO] [stdout]   35:     0x55e795395438 - std::panic::catch_unwind::hb01a0b5e7c8cd43b
[INFO] [stdout]                                at /rustc/a178d0322ce20e33eac124758e837cbd80a6f633/library/std/src/panic.rs:434:14
[INFO] [stdout]   36:     0x55e795395438 - std::thread::Builder::spawn_unchecked::{{closure}}::h5bde48cc887e0d1e
[INFO] [stdout]                                at /rustc/a178d0322ce20e33eac124758e837cbd80a6f633/library/std/src/thread/mod.rs:480:30
[INFO] [stdout]   37:     0x55e795395438 - core::ops::function::FnOnce::call_once{{vtable.shim}}::h745ea30807a29e55
[INFO] [stdout]                                at /rustc/a178d0322ce20e33eac124758e837cbd80a6f633/library/core/src/ops/function.rs:227:5
[INFO] [stdout]   38:     0x55e7953f8ed7 - <alloc::boxed::Box<F,A> as core::ops::function::FnOnce<Args>>::call_once::h7ece6cfefaff1005
[INFO] [stdout]                                at /rustc/a178d0322ce20e33eac124758e837cbd80a6f633/library/alloc/src/boxed.rs:1575:9
[INFO] [stdout]   39:     0x55e7953f8ed7 - <alloc::boxed::Box<F,A> as core::ops::function::FnOnce<Args>>::call_once::hb8b48e55c21f193e
[INFO] [stdout]                                at /rustc/a178d0322ce20e33eac124758e837cbd80a6f633/library/alloc/src/boxed.rs:1575:9
[INFO] [stdout]   40:     0x55e7953f8ed7 - std::sys::unix::thread::Thread::new::thread_start::h8c7c4450dba62914
[INFO] [stdout]                                at /rustc/a178d0322ce20e33eac124758e837cbd80a6f633/library/std/src/sys/unix/thread.rs:71:17
[INFO] [stdout]   41:     0x7f2828ae8609 - start_thread
[INFO] [stdout]   42:     0x7f2828d73293 - clone
[INFO] [stdout]   43:                0x0 - <unknown>
[INFO] [stdout] 
[INFO] [stdout] 
[INFO] [stdout] failures:
[INFO] [stdout]     cryptopals::vigenere::tests::break_vigenere_works_on_null_key
[INFO] [stdout]     cryptopals::vigenere::tests::break_vigenere_works_on_single_key
[INFO] [stdout] 
[INFO] [stdout] test result: FAILED. 6 passed; 2 failed; 0 ignored; 0 measured; 0 filtered out; finished in 0.94s
[INFO] [stdout] 
[INFO] [stderr] error: test failed, to rerun pass '--bin cryptopals-rs'
[INFO] running `Command { std: "docker" "inspect" "dd269419bb6499792511cd4aba72df5b1b5a899481b94946fbda7d88d7bf4799", kill_on_drop: false }`
[INFO] running `Command { std: "docker" "rm" "-f" "dd269419bb6499792511cd4aba72df5b1b5a899481b94946fbda7d88d7bf4799", kill_on_drop: false }`
[INFO] [stdout] dd269419bb6499792511cd4aba72df5b1b5a899481b94946fbda7d88d7bf4799
