[INFO] cloning repository https://github.com/kylestang/Battlesnake-gravity
[INFO] running `Command { std: "git" "-c" "credential.helper=" "-c" "credential.helper=/workspace/cargo-home/bin/git-credential-null" "clone" "--bare" "https://github.com/kylestang/Battlesnake-gravity" "/workspace/cache/git-repos/https%3A%2F%2Fgithub.com%2Fkylestang%2FBattlesnake-gravity", kill_on_drop: false }`
[INFO] [stderr] Cloning into bare repository '/workspace/cache/git-repos/https%3A%2F%2Fgithub.com%2Fkylestang%2FBattlesnake-gravity'...
[INFO] running `Command { std: "git" "rev-parse" "HEAD", kill_on_drop: false }`
[INFO] [stdout] ba39575547f8dccc1883df7173706ec2c0c69086
[INFO] testing kylestang/Battlesnake-gravity against 1.54.0 for beta-1.55-1
[INFO] running `Command { std: "git" "clone" "/workspace/cache/git-repos/https%3A%2F%2Fgithub.com%2Fkylestang%2FBattlesnake-gravity" "/workspace/builds/worker-1/source", kill_on_drop: false }`
[INFO] [stderr] Cloning into '/workspace/builds/worker-1/source'...
[INFO] [stderr] done.
[INFO] validating manifest of git repo https://github.com/kylestang/Battlesnake-gravity on toolchain 1.54.0
[INFO] running `Command { std: "/workspace/cargo-home/bin/cargo" "+1.54.0" "metadata" "--manifest-path" "Cargo.toml" "--no-deps", kill_on_drop: false }`
[INFO] started tweaking git repo https://github.com/kylestang/Battlesnake-gravity
[INFO] finished tweaking git repo https://github.com/kylestang/Battlesnake-gravity
[INFO] tweaked toml for git repo https://github.com/kylestang/Battlesnake-gravity written to /workspace/builds/worker-1/source/Cargo.toml
[INFO] crate git repo https://github.com/kylestang/Battlesnake-gravity already has a lockfile, it will not be regenerated
[INFO] running `Command { std: "/workspace/cargo-home/bin/cargo" "+1.54.0" "fetch" "--manifest-path" "Cargo.toml", kill_on_drop: false }`
[INFO] running `Command { std: "docker" "create" "-v" "/var/lib/crater-agent-workspace/builds/worker-1/target:/opt/rustwide/target:rw,Z" "-v" "/var/lib/crater-agent-workspace/builds/worker-1/source:/opt/rustwide/workdir:ro,Z" "-v" "/var/lib/crater-agent-workspace/cargo-home:/opt/rustwide/cargo-home:ro,Z" "-v" "/var/lib/crater-agent-workspace/rustup-home:/opt/rustwide/rustup-home:ro,Z" "-e" "SOURCE_DIR=/opt/rustwide/workdir" "-e" "CARGO_TARGET_DIR=/opt/rustwide/target" "-e" "CARGO_HOME=/opt/rustwide/cargo-home" "-e" "RUSTUP_HOME=/opt/rustwide/rustup-home" "-w" "/opt/rustwide/workdir" "-m" "1610612736" "--user" "0:0" "--network" "none" "ghcr.io/rust-lang/crates-build-env/linux@sha256:34b6a614d2c27851fe6cbf88fbd1137609cefab8b10d0615aaeb6fd47975d74e" "/opt/rustwide/cargo-home/bin/cargo" "+1.54.0" "metadata" "--no-deps" "--format-version=1", kill_on_drop: false }`
[INFO] [stderr] WARNING: Your kernel does not support swap limit capabilities or the cgroup is not mounted. Memory limited without swap.
[INFO] [stdout] 44f8b6ed0bc4948e3c405943ac7acaa07e675ef413146235477866c6e5abd800
[INFO] running `Command { std: "docker" "start" "-a" "44f8b6ed0bc4948e3c405943ac7acaa07e675ef413146235477866c6e5abd800", kill_on_drop: false }`
[INFO] running `Command { std: "docker" "inspect" "44f8b6ed0bc4948e3c405943ac7acaa07e675ef413146235477866c6e5abd800", kill_on_drop: false }`
[INFO] running `Command { std: "docker" "rm" "-f" "44f8b6ed0bc4948e3c405943ac7acaa07e675ef413146235477866c6e5abd800", kill_on_drop: false }`
[INFO] [stdout] 44f8b6ed0bc4948e3c405943ac7acaa07e675ef413146235477866c6e5abd800
[INFO] running `Command { std: "docker" "create" "-v" "/var/lib/crater-agent-workspace/builds/worker-1/target:/opt/rustwide/target:rw,Z" "-v" "/var/lib/crater-agent-workspace/builds/worker-1/source:/opt/rustwide/workdir:ro,Z" "-v" "/var/lib/crater-agent-workspace/cargo-home:/opt/rustwide/cargo-home:ro,Z" "-v" "/var/lib/crater-agent-workspace/rustup-home:/opt/rustwide/rustup-home:ro,Z" "-e" "SOURCE_DIR=/opt/rustwide/workdir" "-e" "CARGO_TARGET_DIR=/opt/rustwide/target" "-e" "CARGO_INCREMENTAL=0" "-e" "RUST_BACKTRACE=full" "-e" "RUSTFLAGS=--cap-lints=warn" "-e" "CARGO_HOME=/opt/rustwide/cargo-home" "-e" "RUSTUP_HOME=/opt/rustwide/rustup-home" "-w" "/opt/rustwide/workdir" "-m" "1610612736" "--user" "0:0" "--network" "none" "ghcr.io/rust-lang/crates-build-env/linux@sha256:34b6a614d2c27851fe6cbf88fbd1137609cefab8b10d0615aaeb6fd47975d74e" "/opt/rustwide/cargo-home/bin/cargo" "+1.54.0" "build" "--frozen" "--message-format=json", kill_on_drop: false }`
[INFO] [stderr] WARNING: Your kernel does not support swap limit capabilities or the cgroup is not mounted. Memory limited without swap.
[INFO] [stdout] c1829674a3a1ae4307aa9bde8f08ddddc940dec75dd95076640be733670c43fb
[INFO] running `Command { std: "docker" "start" "-a" "c1829674a3a1ae4307aa9bde8f08ddddc940dec75dd95076640be733670c43fb", kill_on_drop: false }`
[INFO] [stderr]    Compiling proc-macro2 v1.0.23
[INFO] [stderr]    Compiling syn v1.0.42
[INFO] [stderr]    Compiling pin-project-internal v0.4.24
[INFO] [stderr]    Compiling pin-project-lite v0.1.8
[INFO] [stderr]    Compiling weezl v0.1.1
[INFO] [stderr]    Compiling standback v0.2.10
[INFO] [stderr]    Compiling cookie v0.14.2
[INFO] [stderr]    Compiling brotli-sys v0.3.2
[INFO] [stderr]    Compiling parking_lot_core v0.8.0
[INFO] [stderr]    Compiling getrandom v0.1.15
[INFO] [stderr]    Compiling hostname v0.3.1
[INFO] [stderr]    Compiling threadpool v1.8.1
[INFO] [stderr]    Compiling flate2 v1.0.17
[INFO] [stderr]    Compiling mio-uds v0.6.8
[INFO] [stderr]    Compiling rayon v1.4.1
[INFO] [stderr]    Compiling resolv-conf v0.6.3
[INFO] [stderr]    Compiling rand_core v0.5.1
[INFO] [stderr]    Compiling tokio v0.2.22
[INFO] [stderr]    Compiling parking_lot v0.11.0
[INFO] [stderr]    Compiling gif v0.11.1
[INFO] [stderr]    Compiling rand_chacha v0.2.2
[INFO] [stderr]    Compiling quote v1.0.7
[INFO] [stderr]    Compiling rand v0.7.3
[INFO] [stderr]    Compiling jpeg-decoder v0.1.20
[INFO] [stderr]    Compiling image v0.23.10
[INFO] [stderr]    Compiling tokio-util v0.3.1
[INFO] [stderr]    Compiling brotli2 v0.3.2
[INFO] [stderr]    Compiling futures-macro v0.3.5
[INFO] [stderr]    Compiling derive_more v0.99.10
[INFO] [stderr]    Compiling actix-macros v0.1.2
[INFO] [stderr]    Compiling serde_derive v1.0.116
[INFO] [stderr]    Compiling thiserror-impl v1.0.20
[INFO] [stderr]    Compiling enum-as-inner v0.3.3
[INFO] [stderr]    Compiling async-trait v0.1.40
[INFO] [stderr]    Compiling time-macros-impl v0.1.1
[INFO] [stderr]    Compiling actix-web-codegen v0.3.0
[INFO] [stderr]    Compiling time-macros v0.1.0
[INFO] [stderr]    Compiling time v0.2.22
[INFO] [stderr]    Compiling thiserror v1.0.20
[INFO] [stderr]    Compiling pin-project v0.4.24
[INFO] [stderr]    Compiling futures-util v0.3.5
[INFO] [stderr]    Compiling actix-codec v0.3.0
[INFO] [stderr]    Compiling actix-threadpool v0.3.3
[INFO] [stderr]    Compiling serde v1.0.116
[INFO] [stderr]    Compiling actix-rt v1.1.1
[INFO] [stderr]    Compiling actix-service v1.0.6
[INFO] [stderr]    Compiling futures v0.3.5
[INFO] [stderr]    Compiling h2 v0.2.6
[INFO] [stderr]    Compiling trust-dns-proto v0.19.5
[INFO] [stderr]    Compiling actix-utils v2.0.0
[INFO] [stderr]    Compiling actix-server v1.0.4
[INFO] [stderr]    Compiling actix-tls v2.0.0
[INFO] [stderr]    Compiling serde_urlencoded v0.6.1
[INFO] [stderr]    Compiling serde_json v1.0.57
[INFO] [stderr]    Compiling actix-router v0.2.5
[INFO] [stderr]    Compiling trust-dns-resolver v0.19.5
[INFO] [stderr]    Compiling actix-testing v1.0.1
[INFO] [stderr]    Compiling actix-connect v2.0.0
[INFO] [stderr]    Compiling actix-http v2.0.0
[INFO] [stderr]    Compiling awc v2.0.0
[INFO] [stderr]    Compiling actix-web v3.0.2
[INFO] [stderr]    Compiling gravity-snake v0.1.0 (/opt/rustwide/workdir)
[INFO] [stdout] warning: value assigned to `current_value` is never read
[INFO] [stdout]   --> src/decision.rs:38:9
[INFO] [stdout]    |
[INFO] [stdout] 38 |         current_value = left_value;
[INFO] [stdout]    |         ^^^^^^^^^^^^^
[INFO] [stdout]    |
[INFO] [stdout]    = note: `#[warn(unused_assignments)]` on by default
[INFO] [stdout]    = help: maybe it is overwritten before being read?
[INFO] [stdout] 
[INFO] [stdout] 
[INFO] [stdout] warning: associated function is never used: `distance_to`
[INFO] [stdout]   --> src/structures.rs:27:12
[INFO] [stdout]    |
[INFO] [stdout] 27 |     pub fn distance_to(&self, pos: &Coordinate) -> i64 {
[INFO] [stdout]    |            ^^^^^^^^^^^
[INFO] [stdout]    |
[INFO] [stdout]    = note: `#[warn(dead_code)]` on by default
[INFO] [stdout] 
[INFO] [stdout] 
[INFO] [stdout] warning: associated function is never used: `new`
[INFO] [stdout]   --> src/structures.rs:60:12
[INFO] [stdout]    |
[INFO] [stdout] 60 |     pub fn new(id: String, ruleset: Ruleset, timeout: i64) -> Game {
[INFO] [stdout]    |            ^^^
[INFO] [stdout] 
[INFO] [stdout] 
[INFO] [stdout] warning: associated function is never used: `get_ruleset`
[INFO] [stdout]   --> src/structures.rs:68:12
[INFO] [stdout]    |
[INFO] [stdout] 68 |     pub fn get_ruleset(&self) -> &Ruleset {
[INFO] [stdout]    |            ^^^^^^^^^^^
[INFO] [stdout] 
[INFO] [stdout] 
[INFO] [stdout] warning: associated function is never used: `get_timeout`
[INFO] [stdout]   --> src/structures.rs:72:12
[INFO] [stdout]    |
[INFO] [stdout] 72 |     pub fn get_timeout(&self) -> i64 {
[INFO] [stdout]    |            ^^^^^^^^^^^
[INFO] [stdout] 
[INFO] [stdout] 
[INFO] [stdout] warning: associated function is never used: `new`
[INFO] [stdout]   --> src/structures.rs:84:12
[INFO] [stdout]    |
[INFO] [stdout] 84 |     pub fn new(name: String, version: String) -> Ruleset {
[INFO] [stdout]    |            ^^^
[INFO] [stdout] 
[INFO] [stdout] 
[INFO] [stdout] warning: associated function is never used: `get_name`
[INFO] [stdout]   --> src/structures.rs:88:12
[INFO] [stdout]    |
[INFO] [stdout] 88 |     pub fn get_name(&self) -> &String {
[INFO] [stdout]    |            ^^^^^^^^
[INFO] [stdout] 
[INFO] [stdout] 
[INFO] [stdout] warning: associated function is never used: `get_version`
[INFO] [stdout]   --> src/structures.rs:92:12
[INFO] [stdout]    |
[INFO] [stdout] 92 |     pub fn get_version(&self) -> &String {
[INFO] [stdout]    |            ^^^^^^^^^^^
[INFO] [stdout] 
[INFO] [stdout] 
[INFO] [stdout] warning: associated function is never used: `new`
[INFO] [stdout]    --> src/structures.rs:110:12
[INFO] [stdout]     |
[INFO] [stdout] 110 |     pub fn new(
[INFO] [stdout]     |            ^^^
[INFO] [stdout] 
[INFO] [stdout] 
[INFO] [stdout] warning: associated function is never used: `get_name`
[INFO] [stdout]    --> src/structures.rs:121:12
[INFO] [stdout]     |
[INFO] [stdout] 121 |     pub fn get_name(&self) -> &String {
[INFO] [stdout]     |            ^^^^^^^^
[INFO] [stdout] 
[INFO] [stdout] 
[INFO] [stdout] warning: associated function is never used: `get_health`
[INFO] [stdout]    --> src/structures.rs:125:12
[INFO] [stdout]     |
[INFO] [stdout] 125 |     pub fn get_health(&self) -> i64 {
[INFO] [stdout]     |            ^^^^^^^^^^
[INFO] [stdout] 
[INFO] [stdout] 
[INFO] [stdout] warning: associated function is never used: `get_latency`
[INFO] [stdout]    --> src/structures.rs:133:12
[INFO] [stdout]     |
[INFO] [stdout] 133 |     pub fn get_latency(&self) -> &String {
[INFO] [stdout]     |            ^^^^^^^^^^^
[INFO] [stdout] 
[INFO] [stdout] 
[INFO] [stdout] warning: associated function is never used: `get_shout`
[INFO] [stdout]    --> src/structures.rs:145:12
[INFO] [stdout]     |
[INFO] [stdout] 145 |     pub fn get_shout(&self) -> &String {
[INFO] [stdout]     |            ^^^^^^^^^
[INFO] [stdout] 
[INFO] [stdout] 
[INFO] [stdout] warning: associated function is never used: `new`
[INFO] [stdout]    --> src/structures.rs:160:12
[INFO] [stdout]     |
[INFO] [stdout] 160 |     pub fn new(height: i64, width: i64, food: Vec<Coordinate>, hazards: Vec<Coordinate>, snakes: Vec<Battlesnake>) -> Board {
[INFO] [stdout]     |            ^^^
[INFO] [stdout] 
[INFO] [stdout] 
[INFO] [stdout] warning: associated function is never used: `get_hazards`
[INFO] [stdout]    --> src/structures.rs:176:12
[INFO] [stdout]     |
[INFO] [stdout] 176 |     pub fn get_hazards(&self) -> &Vec<Coordinate> {
[INFO] [stdout]     |            ^^^^^^^^^^^
[INFO] [stdout] 
[INFO] [stdout] 
[INFO] [stdout] warning: associated function is never used: `new`
[INFO] [stdout]    --> src/structures.rs:194:12
[INFO] [stdout]     |
[INFO] [stdout] 194 |     pub fn new(game: Game, turn: i64, board: Board, you: Battlesnake) -> MoveRequest {
[INFO] [stdout]     |            ^^^
[INFO] [stdout] 
[INFO] [stdout] 
[INFO] [stdout] warning: unused `Result` that must be used
[INFO] [stdout]   --> src/draw.rs:40:5
[INFO] [stdout]    |
[INFO] [stdout] 40 |     img.save(format!("{}{}.png", DRAW_PATH, name));
[INFO] [stdout]    |     ^^^^^^^^^^^^^^^^^^^^^^^^^^^^^^^^^^^^^^^^^^^^^^^
[INFO] [stdout]    |
[INFO] [stdout]    = note: `#[warn(unused_must_use)]` on by default
[INFO] [stdout]    = note: this `Result` may be an `Err` variant, which should be handled
[INFO] [stdout] 
[INFO] [stdout] 
[INFO] [stdout] warning: 17 warnings emitted
[INFO] [stdout] 
[INFO] [stdout] 
[INFO] [stderr]     Finished dev [unoptimized + debuginfo] target(s) in 1m 40s
[INFO] running `Command { std: "docker" "inspect" "c1829674a3a1ae4307aa9bde8f08ddddc940dec75dd95076640be733670c43fb", kill_on_drop: false }`
[INFO] running `Command { std: "docker" "rm" "-f" "c1829674a3a1ae4307aa9bde8f08ddddc940dec75dd95076640be733670c43fb", kill_on_drop: false }`
[INFO] [stdout] c1829674a3a1ae4307aa9bde8f08ddddc940dec75dd95076640be733670c43fb
[INFO] running `Command { std: "docker" "create" "-v" "/var/lib/crater-agent-workspace/builds/worker-1/target:/opt/rustwide/target:rw,Z" "-v" "/var/lib/crater-agent-workspace/builds/worker-1/source:/opt/rustwide/workdir:ro,Z" "-v" "/var/lib/crater-agent-workspace/cargo-home:/opt/rustwide/cargo-home:ro,Z" "-v" "/var/lib/crater-agent-workspace/rustup-home:/opt/rustwide/rustup-home:ro,Z" "-e" "SOURCE_DIR=/opt/rustwide/workdir" "-e" "CARGO_TARGET_DIR=/opt/rustwide/target" "-e" "CARGO_INCREMENTAL=0" "-e" "RUST_BACKTRACE=full" "-e" "RUSTFLAGS=--cap-lints=warn" "-e" "CARGO_HOME=/opt/rustwide/cargo-home" "-e" "RUSTUP_HOME=/opt/rustwide/rustup-home" "-w" "/opt/rustwide/workdir" "-m" "1610612736" "--user" "0:0" "--network" "none" "ghcr.io/rust-lang/crates-build-env/linux@sha256:34b6a614d2c27851fe6cbf88fbd1137609cefab8b10d0615aaeb6fd47975d74e" "/opt/rustwide/cargo-home/bin/cargo" "+1.54.0" "test" "--frozen" "--no-run" "--message-format=json", kill_on_drop: false }`
[INFO] [stdout] 50bd9251e938370ff38fa0e5d2926f51f69441c030533881b377a8dd06477b0f
[INFO] [stderr] WARNING: Your kernel does not support swap limit capabilities or the cgroup is not mounted. Memory limited without swap.
[INFO] running `Command { std: "docker" "start" "-a" "50bd9251e938370ff38fa0e5d2926f51f69441c030533881b377a8dd06477b0f", kill_on_drop: false }`
[INFO] [stderr]    Compiling gravity-snake v0.1.0 (/opt/rustwide/workdir)
[INFO] [stdout] warning: value assigned to `current_value` is never read
[INFO] [stdout]   --> src/decision.rs:38:9
[INFO] [stdout]    |
[INFO] [stdout] 38 |         current_value = left_value;
[INFO] [stdout]    |         ^^^^^^^^^^^^^
[INFO] [stdout]    |
[INFO] [stdout]    = note: `#[warn(unused_assignments)]` on by default
[INFO] [stdout]    = help: maybe it is overwritten before being read?
[INFO] [stdout] 
[INFO] [stdout] 
[INFO] [stdout] warning: unused variable: `board`
[INFO] [stdout]    --> src/functions.rs:207:13
[INFO] [stdout]     |
[INFO] [stdout] 207 |         let board = Board::new(
[INFO] [stdout]     |             ^^^^^ help: if this is intentional, prefix it with an underscore: `_board`
[INFO] [stdout]     |
[INFO] [stdout]     = note: `#[warn(unused_variables)]` on by default
[INFO] [stdout] 
[INFO] [stdout] 
[INFO] [stdout] warning: unused variable: `you`
[INFO] [stdout]    --> src/functions.rs:232:13
[INFO] [stdout]     |
[INFO] [stdout] 232 |         let you = Battlesnake::new(
[INFO] [stdout]     |             ^^^ help: if this is intentional, prefix it with an underscore: `_you`
[INFO] [stdout] 
[INFO] [stdout] 
[INFO] [stdout] warning: unused variable: `pos`
[INFO] [stdout]    --> src/functions.rs:247:13
[INFO] [stdout]     |
[INFO] [stdout] 247 |         let pos = Coordinate::new(2, 1);
[INFO] [stdout]     |             ^^^ help: if this is intentional, prefix it with an underscore: `_pos`
[INFO] [stdout] 
[INFO] [stdout] 
[INFO] [stdout] warning: associated function is never used: `distance_to`
[INFO] [stdout]   --> src/structures.rs:27:12
[INFO] [stdout]    |
[INFO] [stdout] 27 |     pub fn distance_to(&self, pos: &Coordinate) -> i64 {
[INFO] [stdout]    |            ^^^^^^^^^^^
[INFO] [stdout]    |
[INFO] [stdout]    = note: `#[warn(dead_code)]` on by default
[INFO] [stdout] 
[INFO] [stdout] 
[INFO] [stdout] warning: associated function is never used: `get_ruleset`
[INFO] [stdout]   --> src/structures.rs:68:12
[INFO] [stdout]    |
[INFO] [stdout] 68 |     pub fn get_ruleset(&self) -> &Ruleset {
[INFO] [stdout]    |            ^^^^^^^^^^^
[INFO] [stdout] 
[INFO] [stdout] 
[INFO] [stdout] warning: associated function is never used: `get_timeout`
[INFO] [stdout]   --> src/structures.rs:72:12
[INFO] [stdout]    |
[INFO] [stdout] 72 |     pub fn get_timeout(&self) -> i64 {
[INFO] [stdout]    |            ^^^^^^^^^^^
[INFO] [stdout] 
[INFO] [stdout] 
[INFO] [stdout] warning: associated function is never used: `get_name`
[INFO] [stdout]   --> src/structures.rs:88:12
[INFO] [stdout]    |
[INFO] [stdout] 88 |     pub fn get_name(&self) -> &String {
[INFO] [stdout]    |            ^^^^^^^^
[INFO] [stdout] 
[INFO] [stdout] 
[INFO] [stdout] warning: associated function is never used: `get_version`
[INFO] [stdout]   --> src/structures.rs:92:12
[INFO] [stdout]    |
[INFO] [stdout] 92 |     pub fn get_version(&self) -> &String {
[INFO] [stdout]    |            ^^^^^^^^^^^
[INFO] [stdout] 
[INFO] [stdout] 
[INFO] [stdout] warning: associated function is never used: `get_name`
[INFO] [stdout]    --> src/structures.rs:121:12
[INFO] [stdout]     |
[INFO] [stdout] 121 |     pub fn get_name(&self) -> &String {
[INFO] [stdout]     |            ^^^^^^^^
[INFO] [stdout] 
[INFO] [stdout] 
[INFO] [stdout] warning: associated function is never used: `get_health`
[INFO] [stdout]    --> src/structures.rs:125:12
[INFO] [stdout]     |
[INFO] [stdout] 125 |     pub fn get_health(&self) -> i64 {
[INFO] [stdout]     |            ^^^^^^^^^^
[INFO] [stdout] 
[INFO] [stdout] 
[INFO] [stdout] warning: associated function is never used: `get_latency`
[INFO] [stdout]    --> src/structures.rs:133:12
[INFO] [stdout]     |
[INFO] [stdout] 133 |     pub fn get_latency(&self) -> &String {
[INFO] [stdout]     |            ^^^^^^^^^^^
[INFO] [stdout] 
[INFO] [stdout] 
[INFO] [stdout] warning: associated function is never used: `get_shout`
[INFO] [stdout]    --> src/structures.rs:145:12
[INFO] [stdout]     |
[INFO] [stdout] 145 |     pub fn get_shout(&self) -> &String {
[INFO] [stdout]     |            ^^^^^^^^^
[INFO] [stdout] 
[INFO] [stdout] 
[INFO] [stdout] warning: associated function is never used: `get_hazards`
[INFO] [stdout]    --> src/structures.rs:176:12
[INFO] [stdout]     |
[INFO] [stdout] 176 |     pub fn get_hazards(&self) -> &Vec<Coordinate> {
[INFO] [stdout]     |            ^^^^^^^^^^^
[INFO] [stdout] 
[INFO] [stdout] 
[INFO] [stdout] warning: unused `Result` that must be used
[INFO] [stdout]   --> src/draw.rs:40:5
[INFO] [stdout]    |
[INFO] [stdout] 40 |     img.save(format!("{}{}.png", DRAW_PATH, name));
[INFO] [stdout]    |     ^^^^^^^^^^^^^^^^^^^^^^^^^^^^^^^^^^^^^^^^^^^^^^^
[INFO] [stdout]    |
[INFO] [stdout]    = note: `#[warn(unused_must_use)]` on by default
[INFO] [stdout]    = note: this `Result` may be an `Err` variant, which should be handled
[INFO] [stdout] 
[INFO] [stdout] 
[INFO] [stdout] warning: 15 warnings emitted
[INFO] [stdout] 
[INFO] [stdout] 
[INFO] [stderr]     Finished test [unoptimized + debuginfo] target(s) in 8.81s
[INFO] running `Command { std: "docker" "inspect" "50bd9251e938370ff38fa0e5d2926f51f69441c030533881b377a8dd06477b0f", kill_on_drop: false }`
[INFO] running `Command { std: "docker" "rm" "-f" "50bd9251e938370ff38fa0e5d2926f51f69441c030533881b377a8dd06477b0f", kill_on_drop: false }`
[INFO] [stdout] 50bd9251e938370ff38fa0e5d2926f51f69441c030533881b377a8dd06477b0f
[INFO] running `Command { std: "docker" "create" "-v" "/var/lib/crater-agent-workspace/builds/worker-1/target:/opt/rustwide/target:rw,Z" "-v" "/var/lib/crater-agent-workspace/builds/worker-1/source:/opt/rustwide/workdir:ro,Z" "-v" "/var/lib/crater-agent-workspace/cargo-home:/opt/rustwide/cargo-home:ro,Z" "-v" "/var/lib/crater-agent-workspace/rustup-home:/opt/rustwide/rustup-home:ro,Z" "-e" "SOURCE_DIR=/opt/rustwide/workdir" "-e" "CARGO_TARGET_DIR=/opt/rustwide/target" "-e" "CARGO_INCREMENTAL=0" "-e" "RUST_BACKTRACE=full" "-e" "RUSTFLAGS=--cap-lints=warn" "-e" "CARGO_HOME=/opt/rustwide/cargo-home" "-e" "RUSTUP_HOME=/opt/rustwide/rustup-home" "-w" "/opt/rustwide/workdir" "-m" "1610612736" "--user" "0:0" "--network" "none" "ghcr.io/rust-lang/crates-build-env/linux@sha256:34b6a614d2c27851fe6cbf88fbd1137609cefab8b10d0615aaeb6fd47975d74e" "/opt/rustwide/cargo-home/bin/cargo" "+1.54.0" "test" "--frozen", kill_on_drop: false }`
[INFO] [stdout] a4312d1ba2a7f6b5f6e557942f8b862963f30f8e5c2aea342ff8029e3d36beb6
[INFO] [stderr] WARNING: Your kernel does not support swap limit capabilities or the cgroup is not mounted. Memory limited without swap.
[INFO] running `Command { std: "docker" "start" "-a" "a4312d1ba2a7f6b5f6e557942f8b862963f30f8e5c2aea342ff8029e3d36beb6", kill_on_drop: false }`
[INFO] [stderr] warning: value assigned to `current_value` is never read
[INFO] [stderr]   --> src/decision.rs:38:9
[INFO] [stderr]    |
[INFO] [stderr] 38 |         current_value = left_value;
[INFO] [stderr]    |         ^^^^^^^^^^^^^
[INFO] [stderr]    |
[INFO] [stderr]    = note: `#[warn(unused_assignments)]` on by default
[INFO] [stderr]    = help: maybe it is overwritten before being read?
[INFO] [stderr] 
[INFO] [stderr] warning: unused variable: `board`
[INFO] [stderr]    --> src/functions.rs:207:13
[INFO] [stderr]     |
[INFO] [stderr] 207 |         let board = Board::new(
[INFO] [stderr]     |             ^^^^^ help: if this is intentional, prefix it with an underscore: `_board`
[INFO] [stderr]     |
[INFO] [stderr]     = note: `#[warn(unused_variables)]` on by default
[INFO] [stderr] 
[INFO] [stderr] warning: unused variable: `you`
[INFO] [stderr]    --> src/functions.rs:232:13
[INFO] [stderr]     |
[INFO] [stderr] 232 |         let you = Battlesnake::new(
[INFO] [stderr]     |             ^^^ help: if this is intentional, prefix it with an underscore: `_you`
[INFO] [stderr] 
[INFO] [stderr] warning: unused variable: `pos`
[INFO] [stderr]    --> src/functions.rs:247:13
[INFO] [stderr]     |
[INFO] [stderr] 247 |         let pos = Coordinate::new(2, 1);
[INFO] [stderr]     |             ^^^ help: if this is intentional, prefix it with an underscore: `_pos`
[INFO] [stderr] 
[INFO] [stderr] warning: associated function is never used: `distance_to`
[INFO] [stderr]   --> src/structures.rs:27:12
[INFO] [stderr]    |
[INFO] [stderr] 27 |     pub fn distance_to(&self, pos: &Coordinate) -> i64 {
[INFO] [stderr]    |            ^^^^^^^^^^^
[INFO] [stderr]    |
[INFO] [stderr]    = note: `#[warn(dead_code)]` on by default
[INFO] [stderr] 
[INFO] [stderr] warning: associated function is never used: `get_ruleset`
[INFO] [stderr]   --> src/structures.rs:68:12
[INFO] [stderr]    |
[INFO] [stderr] 68 |     pub fn get_ruleset(&self) -> &Ruleset {
[INFO] [stderr]    |            ^^^^^^^^^^^
[INFO] [stderr] 
[INFO] [stderr] warning: associated function is never used: `get_timeout`
[INFO] [stderr]   --> src/structures.rs:72:12
[INFO] [stderr]    |
[INFO] [stderr] 72 |     pub fn get_timeout(&self) -> i64 {
[INFO] [stderr]    |            ^^^^^^^^^^^
[INFO] [stderr] 
[INFO] [stderr] warning: associated function is never used: `get_name`
[INFO] [stderr]   --> src/structures.rs:88:12
[INFO] [stderr]    |
[INFO] [stderr] 88 |     pub fn get_name(&self) -> &String {
[INFO] [stderr]    |            ^^^^^^^^
[INFO] [stderr] 
[INFO] [stderr] warning: associated function is never used: `get_version`
[INFO] [stderr]   --> src/structures.rs:92:12
[INFO] [stderr]    |
[INFO] [stderr] 92 |     pub fn get_version(&self) -> &String {
[INFO] [stderr]    |            ^^^^^^^^^^^
[INFO] [stderr] 
[INFO] [stderr] warning: associated function is never used: `get_name`
[INFO] [stderr]    --> src/structures.rs:121:12
[INFO] [stderr]     |
[INFO] [stderr] 121 |     pub fn get_name(&self) -> &String {
[INFO] [stderr]     |            ^^^^^^^^
[INFO] [stderr] 
[INFO] [stderr] warning: associated function is never used: `get_health`
[INFO] [stderr]    --> src/structures.rs:125:12
[INFO] [stderr]     |
[INFO] [stderr] 125 |     pub fn get_health(&self) -> i64 {
[INFO] [stderr]     |            ^^^^^^^^^^
[INFO] [stderr] 
[INFO] [stderr] warning: associated function is never used: `get_latency`
[INFO] [stderr]    --> src/structures.rs:133:12
[INFO] [stderr]     |
[INFO] [stderr] 133 |     pub fn get_latency(&self) -> &String {
[INFO] [stderr]     |            ^^^^^^^^^^^
[INFO] [stderr] 
[INFO] [stderr] warning: associated function is never used: `get_shout`
[INFO] [stderr]    --> src/structures.rs:145:12
[INFO] [stderr]     |
[INFO] [stderr] 145 |     pub fn get_shout(&self) -> &String {
[INFO] [stderr]     |            ^^^^^^^^^
[INFO] [stderr] 
[INFO] [stderr] warning: associated function is never used: `get_hazards`
[INFO] [stderr]    --> src/structures.rs:176:12
[INFO] [stderr]     |
[INFO] [stderr] 176 |     pub fn get_hazards(&self) -> &Vec<Coordinate> {
[INFO] [stderr]     |            ^^^^^^^^^^^
[INFO] [stderr] 
[INFO] [stderr] warning: unused `Result` that must be used
[INFO] [stderr]   --> src/draw.rs:40:5
[INFO] [stderr]    |
[INFO] [stderr] 40 |     img.save(format!("{}{}.png", DRAW_PATH, name));
[INFO] [stderr]    |     ^^^^^^^^^^^^^^^^^^^^^^^^^^^^^^^^^^^^^^^^^^^^^^^
[INFO] [stderr]    |
[INFO] [stderr]    = note: `#[warn(unused_must_use)]` on by default
[INFO] [stderr]    = note: this `Result` may be an `Err` variant, which should be handled
[INFO] [stderr] 
[INFO] [stderr] warning: 15 warnings emitted
[INFO] [stderr] 
[INFO] [stderr]     Finished test [unoptimized + debuginfo] target(s) in 0.17s
[INFO] [stderr]      Running unittests (/opt/rustwide/target/debug/deps/gravity_snake-ddd86f15ae62f5bc)
[INFO] [stdout] 
[INFO] [stdout] running 8 tests
[INFO] [stdout] test functions::collision_tests::no_collision ... ok
[INFO] [stdout] test functions::collision_tests::body_collision ... ok
[INFO] [stdout] test functions::collision_tests::tail_collision ... ok
[INFO] [stdout] test functions::value_tests::value_1 ... ignored
[INFO] [stdout] test functions::collision_tests::wall_collision ... ok
[INFO] [stdout] test tests::test_move_post ... FAILED
[INFO] [stdout] test tests::test_index_get ... FAILED
[INFO] [stdout] test draw::test_draw::test_basic ... ok
[INFO] [stdout] 
[INFO] [stdout] failures:
[INFO] [stdout] 
[INFO] [stdout] ---- tests::test_move_post stdout ----
[INFO] [stdout] /move
[INFO] [stdout] 404 Not Found
[INFO] [stdout] thread 'tests::test_move_post' panicked at 'assertion failed: resp.status().is_success()', src/tests.rs:91:5
[INFO] [stdout] stack backtrace:
[INFO] [stdout]    0:     0x55d3d4856d30 - std::backtrace_rs::backtrace::libunwind::trace::h34055254b57d8e79
[INFO] [stdout]                                at /rustc/a178d0322ce20e33eac124758e837cbd80a6f633/library/std/src/../../backtrace/src/backtrace/libunwind.rs:90:5
[INFO] [stdout]    1:     0x55d3d4856d30 - std::backtrace_rs::backtrace::trace_unsynchronized::h8f1e3fbd9afff6ec
[INFO] [stdout]                                at /rustc/a178d0322ce20e33eac124758e837cbd80a6f633/library/std/src/../../backtrace/src/backtrace/mod.rs:66:5
[INFO] [stdout]    2:     0x55d3d4856d30 - std::sys_common::backtrace::_print_fmt::h3a99a796b770c360
[INFO] [stdout]                                at /rustc/a178d0322ce20e33eac124758e837cbd80a6f633/library/std/src/sys_common/backtrace.rs:67:5
[INFO] [stdout]    3:     0x55d3d4856d30 - <std::sys_common::backtrace::_print::DisplayBacktrace as core::fmt::Display>::fmt::h32d1f94a80615d18
[INFO] [stdout]                                at /rustc/a178d0322ce20e33eac124758e837cbd80a6f633/library/std/src/sys_common/backtrace.rs:46:22
[INFO] [stdout]    4:     0x55d3d4879a1c - core::fmt::write::h306731c068f7162c
[INFO] [stdout]                                at /rustc/a178d0322ce20e33eac124758e837cbd80a6f633/library/core/src/fmt/mod.rs:1110:17
[INFO] [stdout]    5:     0x55d3d4852425 - std::io::Write::write_fmt::h87f19b0a2cd190bc
[INFO] [stdout]                                at /rustc/a178d0322ce20e33eac124758e837cbd80a6f633/library/std/src/io/mod.rs:1588:15
[INFO] [stdout]    6:     0x55d3d4858f0b - std::sys_common::backtrace::_print::h5abaa2601a852287
[INFO] [stdout]                                at /rustc/a178d0322ce20e33eac124758e837cbd80a6f633/library/std/src/sys_common/backtrace.rs:49:5
[INFO] [stdout]    7:     0x55d3d4858f0b - std::sys_common::backtrace::print::h8d81445442bb638f
[INFO] [stdout]                                at /rustc/a178d0322ce20e33eac124758e837cbd80a6f633/library/std/src/sys_common/backtrace.rs:36:9
[INFO] [stdout]    8:     0x55d3d4858f0b - std::panicking::default_hook::{{closure}}::hcfe804496a9fa747
[INFO] [stdout]                                at /rustc/a178d0322ce20e33eac124758e837cbd80a6f633/library/std/src/panicking.rs:208:50
[INFO] [stdout]    9:     0x55d3d4858a1c - std::panicking::default_hook::hbea8e3ccf2ba8901
[INFO] [stdout]                                at /rustc/a178d0322ce20e33eac124758e837cbd80a6f633/library/std/src/panicking.rs:222:9
[INFO] [stdout]   10:     0x55d3d48595d4 - std::panicking::rust_panic_with_hook::h7ee9e1a2d0f8975a
[INFO] [stdout]                                at /rustc/a178d0322ce20e33eac124758e837cbd80a6f633/library/std/src/panicking.rs:622:17
[INFO] [stdout]   11:     0x55d3d4859087 - std::panicking::begin_panic_handler::{{closure}}::h8ab3b4491718b2c7
[INFO] [stdout]                                at /rustc/a178d0322ce20e33eac124758e837cbd80a6f633/library/std/src/panicking.rs:517:13
[INFO] [stdout]   12:     0x55d3d485722c - std::sys_common::backtrace::__rust_end_short_backtrace::hd489062ffa586a9f
[INFO] [stdout]                                at /rustc/a178d0322ce20e33eac124758e837cbd80a6f633/library/std/src/sys_common/backtrace.rs:141:18
[INFO] [stdout]   13:     0x55d3d4859019 - rust_begin_unwind
[INFO] [stdout]                                at /rustc/a178d0322ce20e33eac124758e837cbd80a6f633/library/std/src/panicking.rs:515:5
[INFO] [stdout]   14:     0x55d3d42e0bd1 - core::panicking::panic_fmt::hca6330e3e14086b4
[INFO] [stdout]                                at /rustc/a178d0322ce20e33eac124758e837cbd80a6f633/library/core/src/panicking.rs:92:14
[INFO] [stdout]   15:     0x55d3d42e0b1d - core::panicking::panic::h1a48d878ff3dcd40
[INFO] [stdout]                                at /rustc/a178d0322ce20e33eac124758e837cbd80a6f633/library/core/src/panicking.rs:50:5
[INFO] [stdout]   16:     0x55d3d432f704 - gravity_snake::tests::test_move_post::{{closure}}::h57bdff9f48511dfc
[INFO] [stdout]                                at /opt/rustwide/workdir/src/tests.rs:91:5
[INFO] [stdout]   17:     0x55d3d43321db - <core::future::from_generator::GenFuture<T> as core::future::future::Future>::poll::h1cb06a3427932e00
[INFO] [stdout]                                at /rustc/a178d0322ce20e33eac124758e837cbd80a6f633/library/core/src/future/mod.rs:80:19
[INFO] [stdout]   18:     0x55d3d4317286 - <tokio::task::local::RunUntil<T> as core::future::future::Future>::poll::{{closure}}::{{closure}}::hf343e5934263c776
[INFO] [stdout]                                at /opt/rustwide/cargo-home/registry/src/github.com-1ecc6299db9ec823/tokio-0.2.22/src/task/local.rs:528:65
[INFO] [stdout]   19:     0x55d3d433ec2c - tokio::coop::with_budget::{{closure}}::h3d763e3a76bfc3e1
[INFO] [stdout]                                at /opt/rustwide/cargo-home/registry/src/github.com-1ecc6299db9ec823/tokio-0.2.22/src/coop.rs:127:9
[INFO] [stdout]   20:     0x55d3d4335d81 - std::thread::local::LocalKey<T>::try_with::h2439ba13efe5aabe
[INFO] [stdout]                                at /rustc/a178d0322ce20e33eac124758e837cbd80a6f633/library/std/src/thread/local.rs:400:16
[INFO] [stdout]   21:     0x55d3d43357cd - std::thread::local::LocalKey<T>::with::hc9a57433ef6ba261
[INFO] [stdout]                                at /rustc/a178d0322ce20e33eac124758e837cbd80a6f633/library/std/src/thread/local.rs:376:9
[INFO] [stdout]   22:     0x55d3d431710b - tokio::coop::with_budget::h0a01d896b036a87a
[INFO] [stdout]                                at /opt/rustwide/cargo-home/registry/src/github.com-1ecc6299db9ec823/tokio-0.2.22/src/coop.rs:120:5
[INFO] [stdout]   23:     0x55d3d431710b - tokio::coop::budget::h6eb50ad545c9a6d5
[INFO] [stdout]                                at /opt/rustwide/cargo-home/registry/src/github.com-1ecc6299db9ec823/tokio-0.2.22/src/coop.rs:96:5
[INFO] [stdout]   24:     0x55d3d431710b - <tokio::task::local::RunUntil<T> as core::future::future::Future>::poll::{{closure}}::ha5528cfaa409e96f
[INFO] [stdout]                                at /opt/rustwide/cargo-home/registry/src/github.com-1ecc6299db9ec823/tokio-0.2.22/src/task/local.rs:528:42
[INFO] [stdout]   25:     0x55d3d43223fd - tokio::macros::scoped_tls::ScopedKey<T>::set::h55a39f55b83c6e75
[INFO] [stdout]                                at /opt/rustwide/cargo-home/registry/src/github.com-1ecc6299db9ec823/tokio-0.2.22/src/macros/scoped_tls.rs:63:9
[INFO] [stdout]   26:     0x55d3d431611a - tokio::task::local::LocalSet::with::hf7c79b8c5d110589
[INFO] [stdout]                                at /opt/rustwide/cargo-home/registry/src/github.com-1ecc6299db9ec823/tokio-0.2.22/src/task/local.rs:442:9
[INFO] [stdout]   27:     0x55d3d4316cd2 - <tokio::task::local::RunUntil<T> as core::future::future::Future>::poll::h68affa476ae91fc3
[INFO] [stdout]                                at /opt/rustwide/cargo-home/registry/src/github.com-1ecc6299db9ec823/tokio-0.2.22/src/task/local.rs:518:9
[INFO] [stdout]   28:     0x55d3d431647d - tokio::task::local::LocalSet::run_until::{{closure}}::h5f969dfec803fd78
[INFO] [stdout]                                at /opt/rustwide/cargo-home/registry/src/github.com-1ecc6299db9ec823/tokio-0.2.22/src/task/local.rs:392:9
[INFO] [stdout]   29:     0x55d3d433226b - <core::future::from_generator::GenFuture<T> as core::future::future::Future>::poll::h2f554e4bc60a74f2
[INFO] [stdout]                                at /rustc/a178d0322ce20e33eac124758e837cbd80a6f633/library/core/src/future/mod.rs:80:19
[INFO] [stdout]   30:     0x55d3d4340510 - tokio::runtime::basic_scheduler::BasicScheduler<P>::block_on::{{closure}}::{{closure}}::hcd44b5ff0d8296ce
[INFO] [stdout]                                at /opt/rustwide/cargo-home/registry/src/github.com-1ecc6299db9ec823/tokio-0.2.22/src/runtime/basic_scheduler.rs:131:58
[INFO] [stdout]   31:     0x55d3d433e89c - tokio::coop::with_budget::{{closure}}::h0f77eb6ee56278b9
[INFO] [stdout]                                at /opt/rustwide/cargo-home/registry/src/github.com-1ecc6299db9ec823/tokio-0.2.22/src/coop.rs:127:9
[INFO] [stdout]   32:     0x55d3d4335b21 - std::thread::local::LocalKey<T>::try_with::h16950eafd1273c76
[INFO] [stdout]                                at /rustc/a178d0322ce20e33eac124758e837cbd80a6f633/library/std/src/thread/local.rs:400:16
[INFO] [stdout]   33:     0x55d3d433558d - std::thread::local::LocalKey<T>::with::h920de65175f40267
[INFO] [stdout]                                at /rustc/a178d0322ce20e33eac124758e837cbd80a6f633/library/std/src/thread/local.rs:376:9
[INFO] [stdout]   34:     0x55d3d433fd1b - tokio::coop::with_budget::hfb43842c44e0f69c
[INFO] [stdout]                                at /opt/rustwide/cargo-home/registry/src/github.com-1ecc6299db9ec823/tokio-0.2.22/src/coop.rs:120:5
[INFO] [stdout]   35:     0x55d3d433fd1b - tokio::coop::budget::hece432c278a4c205
[INFO] [stdout]                                at /opt/rustwide/cargo-home/registry/src/github.com-1ecc6299db9ec823/tokio-0.2.22/src/coop.rs:96:5
[INFO] [stdout]   36:     0x55d3d433fd1b - tokio::runtime::basic_scheduler::BasicScheduler<P>::block_on::{{closure}}::h531b55d3ba3db87b
[INFO] [stdout]                                at /opt/rustwide/cargo-home/registry/src/github.com-1ecc6299db9ec823/tokio-0.2.22/src/runtime/basic_scheduler.rs:131:35
[INFO] [stdout]   37:     0x55d3d4340d01 - tokio::runtime::basic_scheduler::enter::{{closure}}::ha921d00ffb9aa316
[INFO] [stdout]                                at /opt/rustwide/cargo-home/registry/src/github.com-1ecc6299db9ec823/tokio-0.2.22/src/runtime/basic_scheduler.rs:213:29
[INFO] [stdout]   38:     0x55d3d4322630 - tokio::macros::scoped_tls::ScopedKey<T>::set::h9f00f70260381764
[INFO] [stdout]                                at /opt/rustwide/cargo-home/registry/src/github.com-1ecc6299db9ec823/tokio-0.2.22/src/macros/scoped_tls.rs:63:9
[INFO] [stdout]   39:     0x55d3d4340bde - tokio::runtime::basic_scheduler::enter::h1fb623b211263be1
[INFO] [stdout]                                at /opt/rustwide/cargo-home/registry/src/github.com-1ecc6299db9ec823/tokio-0.2.22/src/runtime/basic_scheduler.rs:213:5
[INFO] [stdout]   40:     0x55d3d433f1e0 - tokio::runtime::basic_scheduler::BasicScheduler<P>::block_on::h6d7ea1a80f4bce08
[INFO] [stdout]                                at /opt/rustwide/cargo-home/registry/src/github.com-1ecc6299db9ec823/tokio-0.2.22/src/runtime/basic_scheduler.rs:123:9
[INFO] [stdout]   41:     0x55d3d433a00a - tokio::runtime::Runtime::block_on::{{closure}}::h3b9fcb26e76df722
[INFO] [stdout]                                at /opt/rustwide/cargo-home/registry/src/github.com-1ecc6299db9ec823/tokio-0.2.22/src/runtime/mod.rs:444:34
[INFO] [stdout]   42:     0x55d3d4322952 - tokio::runtime::context::enter::hcd81676e369786b3
[INFO] [stdout]                                at /opt/rustwide/cargo-home/registry/src/github.com-1ecc6299db9ec823/tokio-0.2.22/src/runtime/context.rs:72:5
[INFO] [stdout]   43:     0x55d3d432b8e8 - tokio::runtime::handle::Handle::enter::h1986c8c219d0fa7a
[INFO] [stdout]                                at /opt/rustwide/cargo-home/registry/src/github.com-1ecc6299db9ec823/tokio-0.2.22/src/runtime/handle.rs:76:9
[INFO] [stdout]   44:     0x55d3d4339eed - tokio::runtime::Runtime::block_on::h9f209db0705290f3
[INFO] [stdout]                                at /opt/rustwide/cargo-home/registry/src/github.com-1ecc6299db9ec823/tokio-0.2.22/src/runtime/mod.rs:441:9
[INFO] [stdout]   45:     0x55d3d4316206 - tokio::task::local::LocalSet::block_on::hc395d4d8c0f41bbe
[INFO] [stdout]                                at /opt/rustwide/cargo-home/registry/src/github.com-1ecc6299db9ec823/tokio-0.2.22/src/task/local.rs:353:9
[INFO] [stdout]   46:     0x55d3d432c921 - actix_rt::runtime::Runtime::block_on::h77315e4983d62505
[INFO] [stdout]                                at /opt/rustwide/cargo-home/registry/src/github.com-1ecc6299db9ec823/actix-rt-1.1.1/src/runtime.rs:89:9
[INFO] [stdout]   47:     0x55d3d433aa50 - actix_rt::builder::SystemRunner::block_on::h17a0c2e282f72a89
[INFO] [stdout]                                at /opt/rustwide/cargo-home/registry/src/github.com-1ecc6299db9ec823/actix-rt-1.1.1/src/builder.rs:187:19
[INFO] [stdout]   48:     0x55d3d432dbce - gravity_snake::tests::test_move_post::h9213591ba5122e7f
[INFO] [stdout]                                at /opt/rustwide/workdir/src/tests.rs:14:1
[INFO] [stdout]   49:     0x55d3d432db6a - gravity_snake::tests::test_move_post::{{closure}}::hfcfb81f7c711c623
[INFO] [stdout]                                at /opt/rustwide/workdir/src/tests.rs:14:1
[INFO] [stdout]   50:     0x55d3d4307b0e - core::ops::function::FnOnce::call_once::h31129618ed98992b
[INFO] [stdout]                                at /rustc/a178d0322ce20e33eac124758e837cbd80a6f633/library/core/src/ops/function.rs:227:5
[INFO] [stdout]   51:     0x55d3d436b713 - core::ops::function::FnOnce::call_once::h152e7e439ff59e19
[INFO] [stdout]                                at /rustc/a178d0322ce20e33eac124758e837cbd80a6f633/library/core/src/ops/function.rs:227:5
[INFO] [stdout]   52:     0x55d3d436b713 - test::__rust_begin_short_backtrace::h0908f3b1fdbb72ab
[INFO] [stdout]                                at /rustc/a178d0322ce20e33eac124758e837cbd80a6f633/library/test/src/lib.rs:577:5
[INFO] [stdout]   53:     0x55d3d436a1d0 - <alloc::boxed::Box<F,A> as core::ops::function::FnOnce<Args>>::call_once::hf6d2a51e5587546c
[INFO] [stdout]                                at /rustc/a178d0322ce20e33eac124758e837cbd80a6f633/library/alloc/src/boxed.rs:1575:9
[INFO] [stdout]   54:     0x55d3d436a1d0 - <std::panic::AssertUnwindSafe<F> as core::ops::function::FnOnce<()>>::call_once::h8af660f3a89ef593
[INFO] [stdout]                                at /rustc/a178d0322ce20e33eac124758e837cbd80a6f633/library/std/src/panic.rs:347:9
[INFO] [stdout]   55:     0x55d3d436a1d0 - std::panicking::try::do_call::hd36aef60f84b6d36
[INFO] [stdout]                                at /rustc/a178d0322ce20e33eac124758e837cbd80a6f633/library/std/src/panicking.rs:401:40
[INFO] [stdout]   56:     0x55d3d436a1d0 - std::panicking::try::h9932b4480e69817c
[INFO] [stdout]                                at /rustc/a178d0322ce20e33eac124758e837cbd80a6f633/library/std/src/panicking.rs:365:19
[INFO] [stdout]   57:     0x55d3d436a1d0 - std::panic::catch_unwind::h6aa177099cfff5f8
[INFO] [stdout]                                at /rustc/a178d0322ce20e33eac124758e837cbd80a6f633/library/std/src/panic.rs:434:14
[INFO] [stdout]   58:     0x55d3d436a1d0 - test::run_test_in_process::h5884d6f2d99e20c3
[INFO] [stdout]                                at /rustc/a178d0322ce20e33eac124758e837cbd80a6f633/library/test/src/lib.rs:600:18
[INFO] [stdout]   59:     0x55d3d436a1d0 - test::run_test::run_test_inner::{{closure}}::h6fdc58c6d5f5b6e3
[INFO] [stdout]                                at /rustc/a178d0322ce20e33eac124758e837cbd80a6f633/library/test/src/lib.rs:492:39
[INFO] [stdout]   60:     0x55d3d4343882 - test::run_test::run_test_inner::{{closure}}::h408365d67a78ade8
[INFO] [stdout]                                at /rustc/a178d0322ce20e33eac124758e837cbd80a6f633/library/test/src/lib.rs:519:37
[INFO] [stdout]   61:     0x55d3d4343882 - std::sys_common::backtrace::__rust_begin_short_backtrace::hb560b77c4f701523
[INFO] [stdout]                                at /rustc/a178d0322ce20e33eac124758e837cbd80a6f633/library/std/src/sys_common/backtrace.rs:125:18
[INFO] [stdout]   62:     0x55d3d4347438 - std::thread::Builder::spawn_unchecked::{{closure}}::{{closure}}::hf2e7831dad93c597
[INFO] [stdout]                                at /rustc/a178d0322ce20e33eac124758e837cbd80a6f633/library/std/src/thread/mod.rs:481:17
[INFO] [stdout]   63:     0x55d3d4347438 - <std::panic::AssertUnwindSafe<F> as core::ops::function::FnOnce<()>>::call_once::hd2e08783d8be4d02
[INFO] [stdout]                                at /rustc/a178d0322ce20e33eac124758e837cbd80a6f633/library/std/src/panic.rs:347:9
[INFO] [stdout]   64:     0x55d3d4347438 - std::panicking::try::do_call::h062597b7acfd6b82
[INFO] [stdout]                                at /rustc/a178d0322ce20e33eac124758e837cbd80a6f633/library/std/src/panicking.rs:401:40
[INFO] [stdout]   65:     0x55d3d4347438 - std::panicking::try::h0d7b79db04c14552
[INFO] [stdout]                                at /rustc/a178d0322ce20e33eac124758e837cbd80a6f633/library/std/src/panicking.rs:365:19
[INFO] [stdout]   66:     0x55d3d4347438 - std::panic::catch_unwind::hb01a0b5e7c8cd43b
[INFO] [stdout]                                at /rustc/a178d0322ce20e33eac124758e837cbd80a6f633/library/std/src/panic.rs:434:14
[INFO] [stdout]   67:     0x55d3d4347438 - std::thread::Builder::spawn_unchecked::{{closure}}::h5bde48cc887e0d1e
[INFO] [stdout]                                at /rustc/a178d0322ce20e33eac124758e837cbd80a6f633/library/std/src/thread/mod.rs:480:30
[INFO] [stdout]   68:     0x55d3d4347438 - core::ops::function::FnOnce::call_once{{vtable.shim}}::h745ea30807a29e55
[INFO] [stdout]                                at /rustc/a178d0322ce20e33eac124758e837cbd80a6f633/library/core/src/ops/function.rs:227:5
[INFO] [stdout]   69:     0x55d3d485e297 - <alloc::boxed::Box<F,A> as core::ops::function::FnOnce<Args>>::call_once::h7ece6cfefaff1005
[INFO] [stdout]                                at /rustc/a178d0322ce20e33eac124758e837cbd80a6f633/library/alloc/src/boxed.rs:1575:9
[INFO] [stdout]   70:     0x55d3d485e297 - <alloc::boxed::Box<F,A> as core::ops::function::FnOnce<Args>>::call_once::hb8b48e55c21f193e
[INFO] [stdout]                                at /rustc/a178d0322ce20e33eac124758e837cbd80a6f633/library/alloc/src/boxed.rs:1575:9
[INFO] [stdout]   71:     0x55d3d485e297 - std::sys::unix::thread::Thread::new::thread_start::h8c7c4450dba62914
[INFO] [stdout]                                at /rustc/a178d0322ce20e33eac124758e837cbd80a6f633/library/std/src/sys/unix/thread.rs:71:17
[INFO] [stdout]   72:     0x7f3cdbc54609 - start_thread
[INFO] [stdout]   73:     0x7f3cdba2c293 - clone
[INFO] [stdout]   74:                0x0 - <unknown>
[INFO] [stdout] Panic in Arbiter thread.
[INFO] [stdout] 
[INFO] [stdout] ---- tests::test_index_get stdout ----
[INFO] [stdout] 404 Not Found
[INFO] [stdout] thread 'tests::test_index_get' panicked at 'assertion failed: resp.status().is_success()', src/tests.rs:11:5
[INFO] [stdout] stack backtrace:
[INFO] [stdout]    0:     0x55d3d4856d30 - std::backtrace_rs::backtrace::libunwind::trace::h34055254b57d8e79
[INFO] [stdout]                                at /rustc/a178d0322ce20e33eac124758e837cbd80a6f633/library/std/src/../../backtrace/src/backtrace/libunwind.rs:90:5
[INFO] [stdout]    1:     0x55d3d4856d30 - std::backtrace_rs::backtrace::trace_unsynchronized::h8f1e3fbd9afff6ec
[INFO] [stdout]                                at /rustc/a178d0322ce20e33eac124758e837cbd80a6f633/library/std/src/../../backtrace/src/backtrace/mod.rs:66:5
[INFO] [stdout]    2:     0x55d3d4856d30 - std::sys_common::backtrace::_print_fmt::h3a99a796b770c360
[INFO] [stdout]                                at /rustc/a178d0322ce20e33eac124758e837cbd80a6f633/library/std/src/sys_common/backtrace.rs:67:5
[INFO] [stdout]    3:     0x55d3d4856d30 - <std::sys_common::backtrace::_print::DisplayBacktrace as core::fmt::Display>::fmt::h32d1f94a80615d18
[INFO] [stdout]                                at /rustc/a178d0322ce20e33eac124758e837cbd80a6f633/library/std/src/sys_common/backtrace.rs:46:22
[INFO] [stdout]    4:     0x55d3d4879a1c - core::fmt::write::h306731c068f7162c
[INFO] [stdout]                                at /rustc/a178d0322ce20e33eac124758e837cbd80a6f633/library/core/src/fmt/mod.rs:1110:17
[INFO] [stdout]    5:     0x55d3d4852425 - std::io::Write::write_fmt::h87f19b0a2cd190bc
[INFO] [stdout]                                at /rustc/a178d0322ce20e33eac124758e837cbd80a6f633/library/std/src/io/mod.rs:1588:15
[INFO] [stdout]    6:     0x55d3d4858f0b - std::sys_common::backtrace::_print::h5abaa2601a852287
[INFO] [stdout]                                at /rustc/a178d0322ce20e33eac124758e837cbd80a6f633/library/std/src/sys_common/backtrace.rs:49:5
[INFO] [stdout]    7:     0x55d3d4858f0b - std::sys_common::backtrace::print::h8d81445442bb638f
[INFO] [stdout]                                at /rustc/a178d0322ce20e33eac124758e837cbd80a6f633/library/std/src/sys_common/backtrace.rs:36:9
[INFO] [stdout]    8:     0x55d3d4858f0b - std::panicking::default_hook::{{closure}}::hcfe804496a9fa747
[INFO] [stdout]                                at /rustc/a178d0322ce20e33eac124758e837cbd80a6f633/library/std/src/panicking.rs:208:50
[INFO] [stdout]    9:     0x55d3d4858a1c - std::panicking::default_hook::hbea8e3ccf2ba8901
[INFO] [stdout]                                at /rustc/a178d0322ce20e33eac124758e837cbd80a6f633/library/std/src/panicking.rs:222:9
[INFO] [stdout]   10:     0x55d3d48595d4 - std::panicking::rust_panic_with_hook::h7ee9e1a2d0f8975a
[INFO] [stdout]                                at /rustc/a178d0322ce20e33eac124758e837cbd80a6f633/library/std/src/panicking.rs:622:17
[INFO] [stdout]   11:     0x55d3d4859087 - std::panicking::begin_panic_handler::{{closure}}::h8ab3b4491718b2c7
[INFO] [stdout]                                at /rustc/a178d0322ce20e33eac124758e837cbd80a6f633/library/std/src/panicking.rs:517:13
[INFO] [stdout]   12:     0x55d3d485722c - std::sys_common::backtrace::__rust_end_short_backtrace::hd489062ffa586a9f
[INFO] [stdout]                                at /rustc/a178d0322ce20e33eac124758e837cbd80a6f633/library/std/src/sys_common/backtrace.rs:141:18
[INFO] [stdout]   13:     0x55d3d4859019 - rust_begin_unwind
[INFO] [stdout]                                at /rustc/a178d0322ce20e33eac124758e837cbd80a6f633/library/std/src/panicking.rs:515:5
[INFO] [stdout]   14:     0x55d3d42e0bd1 - core::panicking::panic_fmt::hca6330e3e14086b4
[INFO] [stdout]                                at /rustc/a178d0322ce20e33eac124758e837cbd80a6f633/library/core/src/panicking.rs:92:14
[INFO] [stdout]   15:     0x55d3d42e0b1d - core::panicking::panic::h1a48d878ff3dcd40
[INFO] [stdout]                                at /rustc/a178d0322ce20e33eac124758e837cbd80a6f633/library/core/src/panicking.rs:50:5
[INFO] [stdout]   16:     0x55d3d432db26 - gravity_snake::tests::test_index_get::{{closure}}::hd7c157dd8131c117
[INFO] [stdout]                                at /opt/rustwide/workdir/src/tests.rs:11:5
[INFO] [stdout]   17:     0x55d3d433284b - <core::future::from_generator::GenFuture<T> as core::future::future::Future>::poll::hf62067719411a3e7
[INFO] [stdout]                                at /rustc/a178d0322ce20e33eac124758e837cbd80a6f633/library/core/src/future/mod.rs:80:19
[INFO] [stdout]   18:     0x55d3d4317256 - <tokio::task::local::RunUntil<T> as core::future::future::Future>::poll::{{closure}}::{{closure}}::h6d07461fe495eadb
[INFO] [stdout]                                at /opt/rustwide/cargo-home/registry/src/github.com-1ecc6299db9ec823/tokio-0.2.22/src/task/local.rs:528:65
[INFO] [stdout]   19:     0x55d3d433eafc - tokio::coop::with_budget::{{closure}}::h3a159aca2fa6006d
[INFO] [stdout]                                at /opt/rustwide/cargo-home/registry/src/github.com-1ecc6299db9ec823/tokio-0.2.22/src/coop.rs:127:9
[INFO] [stdout]   20:     0x55d3d4335c51 - std::thread::local::LocalKey<T>::try_with::h241ae9188f79dd02
[INFO] [stdout]                                at /rustc/a178d0322ce20e33eac124758e837cbd80a6f633/library/std/src/thread/local.rs:400:16
[INFO] [stdout]   21:     0x55d3d433575d - std::thread::local::LocalKey<T>::with::hc386fd24504ab633
[INFO] [stdout]                                at /rustc/a178d0322ce20e33eac124758e837cbd80a6f633/library/std/src/thread/local.rs:376:9
[INFO] [stdout]   22:     0x55d3d4316e9b - tokio::coop::with_budget::h37937120f796447d
[INFO] [stdout]                                at /opt/rustwide/cargo-home/registry/src/github.com-1ecc6299db9ec823/tokio-0.2.22/src/coop.rs:120:5
[INFO] [stdout]   23:     0x55d3d4316e9b - tokio::coop::budget::h5e8eaf0fe2f31934
[INFO] [stdout]                                at /opt/rustwide/cargo-home/registry/src/github.com-1ecc6299db9ec823/tokio-0.2.22/src/coop.rs:96:5
[INFO] [stdout]   24:     0x55d3d4316e9b - <tokio::task::local::RunUntil<T> as core::future::future::Future>::poll::{{closure}}::h675e702b87a11b7d
[INFO] [stdout]                                at /opt/rustwide/cargo-home/registry/src/github.com-1ecc6299db9ec823/tokio-0.2.22/src/task/local.rs:528:42
[INFO] [stdout]   25:     0x55d3d43222fd - tokio::macros::scoped_tls::ScopedKey<T>::set::h101a7c11643de877
[INFO] [stdout]                                at /opt/rustwide/cargo-home/registry/src/github.com-1ecc6299db9ec823/tokio-0.2.22/src/macros/scoped_tls.rs:63:9
[INFO] [stdout]   26:     0x55d3d43160ca - tokio::task::local::LocalSet::with::h84feb7d02e86d7e3
[INFO] [stdout]                                at /opt/rustwide/cargo-home/registry/src/github.com-1ecc6299db9ec823/tokio-0.2.22/src/task/local.rs:442:9
[INFO] [stdout]   27:     0x55d3d4316d42 - <tokio::task::local::RunUntil<T> as core::future::future::Future>::poll::hf2380e8cbe178513
[INFO] [stdout]                                at /opt/rustwide/cargo-home/registry/src/github.com-1ecc6299db9ec823/tokio-0.2.22/src/task/local.rs:518:9
[INFO] [stdout]   28:     0x55d3d43166dd - tokio::task::local::LocalSet::run_until::{{closure}}::h849e366860f7d691
[INFO] [stdout]                                at /opt/rustwide/cargo-home/registry/src/github.com-1ecc6299db9ec823/tokio-0.2.22/src/task/local.rs:392:9
[INFO] [stdout]   29:     0x55d3d433214b - <core::future::from_generator::GenFuture<T> as core::future::future::Future>::poll::h11f73f632acfc593
[INFO] [stdout]                                at /rustc/a178d0322ce20e33eac124758e837cbd80a6f633/library/core/src/future/mod.rs:80:19
[INFO] [stdout]   30:     0x55d3d43404a0 - tokio::runtime::basic_scheduler::BasicScheduler<P>::block_on::{{closure}}::{{closure}}::haa1a8601a1b0e14e
[INFO] [stdout]                                at /opt/rustwide/cargo-home/registry/src/github.com-1ecc6299db9ec823/tokio-0.2.22/src/runtime/basic_scheduler.rs:131:58
[INFO] [stdout]   31:     0x55d3d433ee8c - tokio::coop::with_budget::{{closure}}::hb4db9ca3cd8e513b
[INFO] [stdout]                                at /opt/rustwide/cargo-home/registry/src/github.com-1ecc6299db9ec823/tokio-0.2.22/src/coop.rs:127:9
[INFO] [stdout]   32:     0x55d3d4336861 - std::thread::local::LocalKey<T>::try_with::hd484d840bd43f6f8
[INFO] [stdout]                                at /rustc/a178d0322ce20e33eac124758e837cbd80a6f633/library/std/src/thread/local.rs:400:16
[INFO] [stdout]   33:     0x55d3d433583d - std::thread::local::LocalKey<T>::with::hd7fbb49603ffe882
[INFO] [stdout]                                at /rustc/a178d0322ce20e33eac124758e837cbd80a6f633/library/std/src/thread/local.rs:376:9
[INFO] [stdout]   34:     0x55d3d433f4bb - tokio::coop::with_budget::h9931ef75c111c502
[INFO] [stdout]                                at /opt/rustwide/cargo-home/registry/src/github.com-1ecc6299db9ec823/tokio-0.2.22/src/coop.rs:120:5
[INFO] [stdout]   35:     0x55d3d433f4bb - tokio::coop::budget::ha56cf20998230a4f
[INFO] [stdout]                                at /opt/rustwide/cargo-home/registry/src/github.com-1ecc6299db9ec823/tokio-0.2.22/src/coop.rs:96:5
[INFO] [stdout]   36:     0x55d3d433f4bb - tokio::runtime::basic_scheduler::BasicScheduler<P>::block_on::{{closure}}::h4066ebf3afac7e2f
[INFO] [stdout]                                at /opt/rustwide/cargo-home/registry/src/github.com-1ecc6299db9ec823/tokio-0.2.22/src/runtime/basic_scheduler.rs:131:35
[INFO] [stdout]   37:     0x55d3d4340c91 - tokio::runtime::basic_scheduler::enter::{{closure}}::h6e25d0fe0e81651d
[INFO] [stdout]                                at /opt/rustwide/cargo-home/registry/src/github.com-1ecc6299db9ec823/tokio-0.2.22/src/runtime/basic_scheduler.rs:213:29
[INFO] [stdout]   38:     0x55d3d4322510 - tokio::macros::scoped_tls::ScopedKey<T>::set::h6433dd71097a81c4
[INFO] [stdout]                                at /opt/rustwide/cargo-home/registry/src/github.com-1ecc6299db9ec823/tokio-0.2.22/src/macros/scoped_tls.rs:63:9
[INFO] [stdout]   39:     0x55d3d434085e - tokio::runtime::basic_scheduler::enter::h14a0529734e6bd53
[INFO] [stdout]                                at /opt/rustwide/cargo-home/registry/src/github.com-1ecc6299db9ec823/tokio-0.2.22/src/runtime/basic_scheduler.rs:213:5
[INFO] [stdout]   40:     0x55d3d433f1a0 - tokio::runtime::basic_scheduler::BasicScheduler<P>::block_on::h32c10490d64ad713
[INFO] [stdout]                                at /opt/rustwide/cargo-home/registry/src/github.com-1ecc6299db9ec823/tokio-0.2.22/src/runtime/basic_scheduler.rs:123:9
[INFO] [stdout]   41:     0x55d3d433a0c4 - tokio::runtime::Runtime::block_on::{{closure}}::h584d649c4d370ba6
[INFO] [stdout]                                at /opt/rustwide/cargo-home/registry/src/github.com-1ecc6299db9ec823/tokio-0.2.22/src/runtime/mod.rs:444:34
[INFO] [stdout]   42:     0x55d3d4322862 - tokio::runtime::context::enter::hae5fede6bb9c169c
[INFO] [stdout]                                at /opt/rustwide/cargo-home/registry/src/github.com-1ecc6299db9ec823/tokio-0.2.22/src/runtime/context.rs:72:5
[INFO] [stdout]   43:     0x55d3d432b998 - tokio::runtime::handle::Handle::enter::h35db28e3285e8de3
[INFO] [stdout]                                at /opt/rustwide/cargo-home/registry/src/github.com-1ecc6299db9ec823/tokio-0.2.22/src/runtime/handle.rs:76:9
[INFO] [stdout]   44:     0x55d3d4339f4d - tokio::runtime::Runtime::block_on::hddd73e14d7d68c9c
[INFO] [stdout]                                at /opt/rustwide/cargo-home/registry/src/github.com-1ecc6299db9ec823/tokio-0.2.22/src/runtime/mod.rs:441:9
[INFO] [stdout]   45:     0x55d3d4316194 - tokio::task::local::LocalSet::block_on::h95ff7ee76525a6b7
[INFO] [stdout]                                at /opt/rustwide/cargo-home/registry/src/github.com-1ecc6299db9ec823/tokio-0.2.22/src/task/local.rs:353:9
[INFO] [stdout]   46:     0x55d3d432c8d3 - actix_rt::runtime::Runtime::block_on::h50e2d8b35f9f16b5
[INFO] [stdout]                                at /opt/rustwide/cargo-home/registry/src/github.com-1ecc6299db9ec823/actix-rt-1.1.1/src/runtime.rs:89:9
[INFO] [stdout]   47:     0x55d3d433ab32 - actix_rt::builder::SystemRunner::block_on::h8fe96bd887d29efc
[INFO] [stdout]                                at /opt/rustwide/cargo-home/registry/src/github.com-1ecc6299db9ec823/actix-rt-1.1.1/src/builder.rs:187:19
[INFO] [stdout]   48:     0x55d3d432d48e - gravity_snake::tests::test_index_get::hc32bf589504e19af
[INFO] [stdout]                                at /opt/rustwide/workdir/src/tests.rs:5:1
[INFO] [stdout]   49:     0x55d3d432d42a - gravity_snake::tests::test_index_get::{{closure}}::hd9a3b8bf9847f1cc
[INFO] [stdout]                                at /opt/rustwide/workdir/src/tests.rs:5:1
[INFO] [stdout]   50:     0x55d3d4307d2e - core::ops::function::FnOnce::call_once::hc577be17b32a535a
[INFO] [stdout]                                at /rustc/a178d0322ce20e33eac124758e837cbd80a6f633/library/core/src/ops/function.rs:227:5
[INFO] [stdout]   51:     0x55d3d436b713 - core::ops::function::FnOnce::call_once::h152e7e439ff59e19
[INFO] [stdout]                                at /rustc/a178d0322ce20e33eac124758e837cbd80a6f633/library/core/src/ops/function.rs:227:5
[INFO] [stdout]   52:     0x55d3d436b713 - test::__rust_begin_short_backtrace::h0908f3b1fdbb72ab
[INFO] [stdout]                                at /rustc/a178d0322ce20e33eac124758e837cbd80a6f633/library/test/src/lib.rs:577:5
[INFO] [stdout]   53:     0x55d3d436a1d0 - <alloc::boxed::Box<F,A> as core::ops::function::FnOnce<Args>>::call_once::hf6d2a51e5587546c
[INFO] [stdout]                                at /rustc/a178d0322ce20e33eac124758e837cbd80a6f633/library/alloc/src/boxed.rs:1575:9
[INFO] [stdout]   54:     0x55d3d436a1d0 - <std::panic::AssertUnwindSafe<F> as core::ops::function::FnOnce<()>>::call_once::h8af660f3a89ef593
[INFO] [stdout]                                at /rustc/a178d0322ce20e33eac124758e837cbd80a6f633/library/std/src/panic.rs:347:9
[INFO] [stdout]   55:     0x55d3d436a1d0 - std::panicking::try::do_call::hd36aef60f84b6d36
[INFO] [stdout]                                at /rustc/a178d0322ce20e33eac124758e837cbd80a6f633/library/std/src/panicking.rs:401:40
[INFO] [stdout]   56:     0x55d3d436a1d0 - std::panicking::try::h9932b4480e69817c
[INFO] [stdout]                                at /rustc/a178d0322ce20e33eac124758e837cbd80a6f633/library/std/src/panicking.rs:365:19
[INFO] [stdout]   57:     0x55d3d436a1d0 - std::panic::catch_unwind::h6aa177099cfff5f8
[INFO] [stdout]                                at /rustc/a178d0322ce20e33eac124758e837cbd80a6f633/library/std/src/panic.rs:434:14
[INFO] [stdout]   58:     0x55d3d436a1d0 - test::run_test_in_process::h5884d6f2d99e20c3
[INFO] [stdout]                                at /rustc/a178d0322ce20e33eac124758e837cbd80a6f633/library/test/src/lib.rs:600:18
[INFO] [stdout]   59:     0x55d3d436a1d0 - test::run_test::run_test_inner::{{closure}}::h6fdc58c6d5f5b6e3
[INFO] [stdout]                                at /rustc/a178d0322ce20e33eac124758e837cbd80a6f633/library/test/src/lib.rs:492:39
[INFO] [stdout]   60:     0x55d3d4343882 - test::run_test::run_test_inner::{{closure}}::h408365d67a78ade8
[INFO] [stdout]                                at /rustc/a178d0322ce20e33eac124758e837cbd80a6f633/library/test/src/lib.rs:519:37
[INFO] [stdout]   61:     0x55d3d4343882 - std::sys_common::backtrace::__rust_begin_short_backtrace::hb560b77c4f701523
[INFO] [stdout]                                at /rustc/a178d0322ce20e33eac124758e837cbd80a6f633/library/std/src/sys_common/backtrace.rs:125:18
[INFO] [stdout]   62:     0x55d3d4347438 - std::thread::Builder::spawn_unchecked::{{closure}}::{{closure}}::hf2e7831dad93c597
[INFO] [stdout]                                at /rustc/a178d0322ce20e33eac124758e837cbd80a6f633/library/std/src/thread/mod.rs:481:17
[INFO] [stdout]   63:     0x55d3d4347438 - <std::panic::AssertUnwindSafe<F> as core::ops::function::FnOnce<()>>::call_once::hd2e08783d8be4d02
[INFO] [stdout]                                at /rustc/a178d0322ce20e33eac124758e837cbd80a6f633/library/std/src/panic.rs:347:9
[INFO] [stdout]   64:     0x55d3d4347438 - std::panicking::try::do_call::h062597b7acfd6b82
[INFO] [stdout]                                at /rustc/a178d0322ce20e33eac124758e837cbd80a6f633/library/std/src/panicking.rs:401:40
[INFO] [stdout]   65:     0x55d3d4347438 - std::panicking::try::h0d7b79db04c14552
[INFO] [stdout]                                at /rustc/a178d0322ce20e33eac124758e837cbd80a6f633/library/std/src/panicking.rs:365:19
[INFO] [stdout]   66:     0x55d3d4347438 - std::panic::catch_unwind::hb01a0b5e7c8cd43b
[INFO] [stdout]                                at /rustc/a178d0322ce20e33eac124758e837cbd80a6f633/library/std/src/panic.rs:434:14
[INFO] [stdout]   67:     0x55d3d4347438 - std::thread::Builder::spawn_unchecked::{{closure}}::h5bde48cc887e0d1e
[INFO] [stdout]                                at /rustc/a178d0322ce20e33eac124758e837cbd80a6f633/library/std/src/thread/mod.rs:480:30
[INFO] [stdout]   68:     0x55d3d4347438 - core::ops::function::FnOnce::call_once{{vtable.shim}}::h745ea30807a29e55
[INFO] [stdout]                                at /rustc/a178d0322ce20e33eac124758e837cbd80a6f633/library/core/src/ops/function.rs:227:5
[INFO] [stdout]   69:     0x55d3d485e297 - <alloc::boxed::Box<F,A> as core::ops::function::FnOnce<Args>>::call_once::h7ece6cfefaff1005
[INFO] [stdout]                                at /rustc/a178d0322ce20e33eac124758e837cbd80a6f633/library/alloc/src/boxed.rs:1575:9
[INFO] [stdout]   70:     0x55d3d485e297 - <alloc::boxed::Box<F,A> as core::ops::function::FnOnce<Args>>::call_once::hb8b48e55c21f193e
[INFO] [stdout]                                at /rustc/a178d0322ce20e33eac124758e837cbd80a6f633/library/alloc/src/boxed.rs:1575:9
[INFO] [stdout]   71:     0x55d3d485e297 - std::sys::unix::thread::Thread::new::thread_start::h8c7c4450dba62914
[INFO] [stdout]                                at /rustc/a178d0322ce20e33eac124758e837cbd80a6f633/library/std/src/sys/unix/thread.rs:71:17
[INFO] [stdout]   72:     0x7f3cdbc54609 - start_thread
[INFO] [stdout]   73:     0x7f3cdba2c293 - clone
[INFO] [stdout]   74:                0x0 - <unknown>
[INFO] [stdout] Panic in Arbiter thread.
[INFO] [stdout] 
[INFO] [stdout] 
[INFO] [stdout] failures:
[INFO] [stdout]     tests::test_index_get
[INFO] [stdout]     tests::test_move_post
[INFO] [stdout] 
[INFO] [stdout] test result: FAILED. 5 passed; 2 failed; 1 ignored; 0 measured; 0 filtered out; finished in 0.11s
[INFO] [stdout] 
[INFO] [stderr] error: test failed, to rerun pass '--bin gravity-snake'
[INFO] running `Command { std: "docker" "inspect" "a4312d1ba2a7f6b5f6e557942f8b862963f30f8e5c2aea342ff8029e3d36beb6", kill_on_drop: false }`
[INFO] running `Command { std: "docker" "rm" "-f" "a4312d1ba2a7f6b5f6e557942f8b862963f30f8e5c2aea342ff8029e3d36beb6", kill_on_drop: false }`
[INFO] [stdout] a4312d1ba2a7f6b5f6e557942f8b862963f30f8e5c2aea342ff8029e3d36beb6
