[INFO] cloning repository https://github.com/kurenaif/git-remote-open
[INFO] running `Command { std: "git" "-c" "credential.helper=" "-c" "credential.helper=/workspace/cargo-home/bin/git-credential-null" "clone" "--bare" "https://github.com/kurenaif/git-remote-open" "/workspace/cache/git-repos/https%3A%2F%2Fgithub.com%2Fkurenaif%2Fgit-remote-open", kill_on_drop: false }`
[INFO] [stderr] Cloning into bare repository '/workspace/cache/git-repos/https%3A%2F%2Fgithub.com%2Fkurenaif%2Fgit-remote-open'...
[INFO] running `Command { std: "git" "rev-parse" "HEAD", kill_on_drop: false }`
[INFO] [stdout] 465b2d826fe890c680bdc68eebe7529d15f640b9
[INFO] testing kurenaif/git-remote-open against 1.54.0 for beta-1.55-1
[INFO] running `Command { std: "git" "clone" "/workspace/cache/git-repos/https%3A%2F%2Fgithub.com%2Fkurenaif%2Fgit-remote-open" "/workspace/builds/worker-4/source", kill_on_drop: false }`
[INFO] [stderr] Cloning into '/workspace/builds/worker-4/source'...
[INFO] [stderr] done.
[INFO] validating manifest of git repo https://github.com/kurenaif/git-remote-open on toolchain 1.54.0
[INFO] running `Command { std: "/workspace/cargo-home/bin/cargo" "+1.54.0" "metadata" "--manifest-path" "Cargo.toml" "--no-deps", kill_on_drop: false }`
[INFO] started tweaking git repo https://github.com/kurenaif/git-remote-open
[INFO] finished tweaking git repo https://github.com/kurenaif/git-remote-open
[INFO] tweaked toml for git repo https://github.com/kurenaif/git-remote-open written to /workspace/builds/worker-4/source/Cargo.toml
[INFO] crate git repo https://github.com/kurenaif/git-remote-open already has a lockfile, it will not be regenerated
[INFO] running `Command { std: "/workspace/cargo-home/bin/cargo" "+1.54.0" "fetch" "--manifest-path" "Cargo.toml", kill_on_drop: false }`
[INFO] [stderr]     Blocking waiting for file lock on package cache
[INFO] running `Command { std: "docker" "create" "-v" "/var/lib/crater-agent-workspace/builds/worker-4/target:/opt/rustwide/target:rw,Z" "-v" "/var/lib/crater-agent-workspace/builds/worker-4/source:/opt/rustwide/workdir:ro,Z" "-v" "/var/lib/crater-agent-workspace/cargo-home:/opt/rustwide/cargo-home:ro,Z" "-v" "/var/lib/crater-agent-workspace/rustup-home:/opt/rustwide/rustup-home:ro,Z" "-e" "SOURCE_DIR=/opt/rustwide/workdir" "-e" "CARGO_TARGET_DIR=/opt/rustwide/target" "-e" "CARGO_HOME=/opt/rustwide/cargo-home" "-e" "RUSTUP_HOME=/opt/rustwide/rustup-home" "-w" "/opt/rustwide/workdir" "-m" "1610612736" "--user" "0:0" "--network" "none" "ghcr.io/rust-lang/crates-build-env/linux@sha256:34b6a614d2c27851fe6cbf88fbd1137609cefab8b10d0615aaeb6fd47975d74e" "/opt/rustwide/cargo-home/bin/cargo" "+1.54.0" "metadata" "--no-deps" "--format-version=1", kill_on_drop: false }`
[INFO] [stderr] WARNING: Your kernel does not support swap limit capabilities or the cgroup is not mounted. Memory limited without swap.
[INFO] [stdout] e2e494a4127419d7272d4a7dc89bc3222229e2043e55bf584838a1b1f94d9656
[INFO] running `Command { std: "docker" "start" "-a" "e2e494a4127419d7272d4a7dc89bc3222229e2043e55bf584838a1b1f94d9656", kill_on_drop: false }`
[INFO] running `Command { std: "docker" "inspect" "e2e494a4127419d7272d4a7dc89bc3222229e2043e55bf584838a1b1f94d9656", kill_on_drop: false }`
[INFO] running `Command { std: "docker" "rm" "-f" "e2e494a4127419d7272d4a7dc89bc3222229e2043e55bf584838a1b1f94d9656", kill_on_drop: false }`
[INFO] [stdout] e2e494a4127419d7272d4a7dc89bc3222229e2043e55bf584838a1b1f94d9656
[INFO] running `Command { std: "docker" "create" "-v" "/var/lib/crater-agent-workspace/builds/worker-4/target:/opt/rustwide/target:rw,Z" "-v" "/var/lib/crater-agent-workspace/builds/worker-4/source:/opt/rustwide/workdir:ro,Z" "-v" "/var/lib/crater-agent-workspace/cargo-home:/opt/rustwide/cargo-home:ro,Z" "-v" "/var/lib/crater-agent-workspace/rustup-home:/opt/rustwide/rustup-home:ro,Z" "-e" "SOURCE_DIR=/opt/rustwide/workdir" "-e" "CARGO_TARGET_DIR=/opt/rustwide/target" "-e" "CARGO_INCREMENTAL=0" "-e" "RUST_BACKTRACE=full" "-e" "RUSTFLAGS=--cap-lints=warn" "-e" "CARGO_HOME=/opt/rustwide/cargo-home" "-e" "RUSTUP_HOME=/opt/rustwide/rustup-home" "-w" "/opt/rustwide/workdir" "-m" "1610612736" "--user" "0:0" "--network" "none" "ghcr.io/rust-lang/crates-build-env/linux@sha256:34b6a614d2c27851fe6cbf88fbd1137609cefab8b10d0615aaeb6fd47975d74e" "/opt/rustwide/cargo-home/bin/cargo" "+1.54.0" "build" "--frozen" "--message-format=json", kill_on_drop: false }`
[INFO] [stderr] WARNING: Your kernel does not support swap limit capabilities or the cgroup is not mounted. Memory limited without swap.
[INFO] [stdout] 2658cf510a55826af3f27e04fdebb6a94c8cb85d2881a13a96996ffe7b78d15a
[INFO] running `Command { std: "docker" "start" "-a" "2658cf510a55826af3f27e04fdebb6a94c8cb85d2881a13a96996ffe7b78d15a", kill_on_drop: false }`
[INFO] [stderr]    Compiling regex v1.0.1
[INFO] [stderr]    Compiling open v1.2.1
[INFO] [stderr]    Compiling time v0.1.42
[INFO] [stderr]    Compiling rand_os v0.1.3
[INFO] [stderr]    Compiling regex-syntax v0.6.1
[INFO] [stderr]    Compiling thread_local v0.3.5
[INFO] [stderr]    Compiling clap v2.32.0
[INFO] [stderr]    Compiling rand v0.6.5
[INFO] [stderr]    Compiling chrono v0.4.6
[INFO] [stderr]    Compiling ulid v0.3.1
[INFO] [stderr]    Compiling git-remote-open v0.1.0 (/opt/rustwide/workdir)
[INFO] [stdout] warning: use of deprecated macro `try`: use the `?` operator instead
[INFO] [stdout]   --> src/main.rs:54:5
[INFO] [stdout]    |
[INFO] [stdout] 54 |     try!(status_2_result(
[INFO] [stdout]    |     ^^^
[INFO] [stdout]    |
[INFO] [stdout]    = note: `#[warn(deprecated)]` on by default
[INFO] [stdout] 
[INFO] [stdout] 
[INFO] [stdout] warning: use of deprecated macro `try`: use the `?` operator instead
[INFO] [stdout]   --> src/main.rs:76:5
[INFO] [stdout]    |
[INFO] [stdout] 76 |     try!(status_2_result(
[INFO] [stdout]    |     ^^^
[INFO] [stdout] 
[INFO] [stdout] 
[INFO] [stdout] warning: 2 warnings emitted
[INFO] [stdout] 
[INFO] [stdout] 
[INFO] [stderr]     Finished dev [unoptimized + debuginfo] target(s) in 16.26s
[INFO] running `Command { std: "docker" "inspect" "2658cf510a55826af3f27e04fdebb6a94c8cb85d2881a13a96996ffe7b78d15a", kill_on_drop: false }`
[INFO] running `Command { std: "docker" "rm" "-f" "2658cf510a55826af3f27e04fdebb6a94c8cb85d2881a13a96996ffe7b78d15a", kill_on_drop: false }`
[INFO] [stdout] 2658cf510a55826af3f27e04fdebb6a94c8cb85d2881a13a96996ffe7b78d15a
[INFO] running `Command { std: "docker" "create" "-v" "/var/lib/crater-agent-workspace/builds/worker-4/target:/opt/rustwide/target:rw,Z" "-v" "/var/lib/crater-agent-workspace/builds/worker-4/source:/opt/rustwide/workdir:ro,Z" "-v" "/var/lib/crater-agent-workspace/cargo-home:/opt/rustwide/cargo-home:ro,Z" "-v" "/var/lib/crater-agent-workspace/rustup-home:/opt/rustwide/rustup-home:ro,Z" "-e" "SOURCE_DIR=/opt/rustwide/workdir" "-e" "CARGO_TARGET_DIR=/opt/rustwide/target" "-e" "CARGO_INCREMENTAL=0" "-e" "RUST_BACKTRACE=full" "-e" "RUSTFLAGS=--cap-lints=warn" "-e" "CARGO_HOME=/opt/rustwide/cargo-home" "-e" "RUSTUP_HOME=/opt/rustwide/rustup-home" "-w" "/opt/rustwide/workdir" "-m" "1610612736" "--user" "0:0" "--network" "none" "ghcr.io/rust-lang/crates-build-env/linux@sha256:34b6a614d2c27851fe6cbf88fbd1137609cefab8b10d0615aaeb6fd47975d74e" "/opt/rustwide/cargo-home/bin/cargo" "+1.54.0" "test" "--frozen" "--no-run" "--message-format=json", kill_on_drop: false }`
[INFO] [stdout] 02442e9675fdddb31e2cbea6fcf28b34dc70202acab69183f421124f7778eb69
[INFO] [stderr] WARNING: Your kernel does not support swap limit capabilities or the cgroup is not mounted. Memory limited without swap.
[INFO] running `Command { std: "docker" "start" "-a" "02442e9675fdddb31e2cbea6fcf28b34dc70202acab69183f421124f7778eb69", kill_on_drop: false }`
[INFO] [stderr]    Compiling git-remote-open v0.1.0 (/opt/rustwide/workdir)
[INFO] [stdout] warning: use of deprecated macro `try`: use the `?` operator instead
[INFO] [stdout]   --> src/main.rs:54:5
[INFO] [stdout]    |
[INFO] [stdout] 54 |     try!(status_2_result(
[INFO] [stdout]    |     ^^^
[INFO] [stdout]    |
[INFO] [stdout]    = note: `#[warn(deprecated)]` on by default
[INFO] [stdout] 
[INFO] [stdout] 
[INFO] [stdout] warning: use of deprecated macro `try`: use the `?` operator instead
[INFO] [stdout]   --> src/main.rs:76:5
[INFO] [stdout]    |
[INFO] [stdout] 76 |     try!(status_2_result(
[INFO] [stdout]    |     ^^^
[INFO] [stdout] 
[INFO] [stdout] 
[INFO] [stdout] warning: unused `Result` that must be used
[INFO] [stdout]    --> src/main.rs:289:13
[INFO] [stdout]     |
[INFO] [stdout] 289 |             fs::create_dir_all(&dir_path);
[INFO] [stdout]     |             ^^^^^^^^^^^^^^^^^^^^^^^^^^^^^^
[INFO] [stdout]     |
[INFO] [stdout]     = note: `#[warn(unused_must_use)]` on by default
[INFO] [stdout]     = note: this `Result` may be an `Err` variant, which should be handled
[INFO] [stdout] 
[INFO] [stdout] 
[INFO] [stdout] warning: unused `Result` that must be used
[INFO] [stdout]    --> src/main.rs:296:13
[INFO] [stdout]     |
[INFO] [stdout] 296 |             process.wait();
[INFO] [stdout]     |             ^^^^^^^^^^^^^^^
[INFO] [stdout]     |
[INFO] [stdout]     = note: this `Result` may be an `Err` variant, which should be handled
[INFO] [stdout] 
[INFO] [stdout] 
[INFO] [stdout] warning: unused `Result` that must be used
[INFO] [stdout]    --> src/main.rs:306:13
[INFO] [stdout]     |
[INFO] [stdout] 306 |             process.wait();
[INFO] [stdout]     |             ^^^^^^^^^^^^^^^
[INFO] [stdout]     |
[INFO] [stdout]     = note: this `Result` may be an `Err` variant, which should be handled
[INFO] [stdout] 
[INFO] [stdout] 
[INFO] [stdout] warning: unused `Result` that must be used
[INFO] [stdout]    --> src/main.rs:316:13
[INFO] [stdout]     |
[INFO] [stdout] 316 |             process.wait();
[INFO] [stdout]     |             ^^^^^^^^^^^^^^^
[INFO] [stdout]     |
[INFO] [stdout]     = note: this `Result` may be an `Err` variant, which should be handled
[INFO] [stdout] 
[INFO] [stdout] 
[INFO] [stdout] warning: unused `Result` that must be used
[INFO] [stdout]    --> src/main.rs:326:13
[INFO] [stdout]     |
[INFO] [stdout] 326 |             process.wait();
[INFO] [stdout]     |             ^^^^^^^^^^^^^^^
[INFO] [stdout]     |
[INFO] [stdout]     = note: this `Result` may be an `Err` variant, which should be handled
[INFO] [stdout] 
[INFO] [stdout] 
[INFO] [stdout] warning: unused `Result` that must be used
[INFO] [stdout]    --> src/main.rs:336:13
[INFO] [stdout]     |
[INFO] [stdout] 336 |             process.wait();
[INFO] [stdout]     |             ^^^^^^^^^^^^^^^
[INFO] [stdout]     |
[INFO] [stdout]     = note: this `Result` may be an `Err` variant, which should be handled
[INFO] [stdout] 
[INFO] [stdout] 
[INFO] [stdout] warning: unused `Result` that must be used
[INFO] [stdout]    --> src/main.rs:344:13
[INFO] [stdout]     |
[INFO] [stdout] 344 |             File::create(&self.dir_path.join(file_name));
[INFO] [stdout]     |             ^^^^^^^^^^^^^^^^^^^^^^^^^^^^^^^^^^^^^^^^^^^^^
[INFO] [stdout]     |
[INFO] [stdout]     = note: this `Result` may be an `Err` variant, which should be handled
[INFO] [stdout] 
[INFO] [stdout] 
[INFO] [stdout] warning: unused `Result` that must be used
[INFO] [stdout]    --> src/main.rs:348:13
[INFO] [stdout]     |
[INFO] [stdout] 348 |             fs::create_dir(&self.dir_path.join(file_name));
[INFO] [stdout]     |             ^^^^^^^^^^^^^^^^^^^^^^^^^^^^^^^^^^^^^^^^^^^^^^^
[INFO] [stdout]     |
[INFO] [stdout]     = note: this `Result` may be an `Err` variant, which should be handled
[INFO] [stdout] 
[INFO] [stdout] 
[INFO] [stdout] warning: unused `Result` that must be used
[INFO] [stdout]    --> src/main.rs:358:13
[INFO] [stdout]     |
[INFO] [stdout] 358 |             process.wait();
[INFO] [stdout]     |             ^^^^^^^^^^^^^^^
[INFO] [stdout]     |
[INFO] [stdout]     = note: this `Result` may be an `Err` variant, which should be handled
[INFO] [stdout] 
[INFO] [stdout] 
[INFO] [stdout] warning: unused `Result` that must be used
[INFO] [stdout]    --> src/main.rs:368:13
[INFO] [stdout]     |
[INFO] [stdout] 368 |             process.wait();
[INFO] [stdout]     |             ^^^^^^^^^^^^^^^
[INFO] [stdout]     |
[INFO] [stdout]     = note: this `Result` may be an `Err` variant, which should be handled
[INFO] [stdout] 
[INFO] [stdout] 
[INFO] [stdout] warning: unused `Result` that must be used
[INFO] [stdout]    --> src/main.rs:374:13
[INFO] [stdout]     |
[INFO] [stdout] 374 |             fs::remove_dir_all(&self.dir_path);
[INFO] [stdout]     |             ^^^^^^^^^^^^^^^^^^^^^^^^^^^^^^^^^^^
[INFO] [stdout]     |
[INFO] [stdout]     = note: this `Result` may be an `Err` variant, which should be handled
[INFO] [stdout] 
[INFO] [stdout] 
[INFO] [stdout] warning: function `github__ssh__get_remote_url` should have a snake case name
[INFO] [stdout]    --> src/main.rs:379:8
[INFO] [stdout]     |
[INFO] [stdout] 379 |     fn github__ssh__get_remote_url() {
[INFO] [stdout]     |        ^^^^^^^^^^^^^^^^^^^^^^^^^^^ help: convert the identifier to snake case: `github_ssh_get_remote_url`
[INFO] [stdout]     |
[INFO] [stdout]     = note: `#[warn(non_snake_case)]` on by default
[INFO] [stdout] 
[INFO] [stdout] 
[INFO] [stdout] warning: function `github__html__get_remote_url` should have a snake case name
[INFO] [stdout]    --> src/main.rs:386:8
[INFO] [stdout]     |
[INFO] [stdout] 386 |     fn github__html__get_remote_url() {
[INFO] [stdout]     |        ^^^^^^^^^^^^^^^^^^^^^^^^^^^^ help: convert the identifier to snake case: `github_html_get_remote_url`
[INFO] [stdout] 
[INFO] [stdout] 
[INFO] [stdout] warning: function `get_git_init_dir__target_file` should have a snake case name
[INFO] [stdout]    --> src/main.rs:393:8
[INFO] [stdout]     |
[INFO] [stdout] 393 |     fn get_git_init_dir__target_file() {
[INFO] [stdout]     |        ^^^^^^^^^^^^^^^^^^^^^^^^^^^^^ help: convert the identifier to snake case: `get_git_init_dir_target_file`
[INFO] [stdout] 
[INFO] [stdout] 
[INFO] [stdout] warning: function `get_git_init_dir__target_dir` should have a snake case name
[INFO] [stdout]    --> src/main.rs:406:8
[INFO] [stdout]     |
[INFO] [stdout] 406 |     fn get_git_init_dir__target_dir() {
[INFO] [stdout]     |        ^^^^^^^^^^^^^^^^^^^^^^^^^^^^ help: convert the identifier to snake case: `get_git_init_dir_target_dir`
[INFO] [stdout] 
[INFO] [stdout] 
[INFO] [stdout] warning: function `get__line_number_to_string__single_param` should have a snake case name
[INFO] [stdout]    --> src/main.rs:419:8
[INFO] [stdout]     |
[INFO] [stdout] 419 |     fn get__line_number_to_string__single_param() {
[INFO] [stdout]     |        ^^^^^^^^^^^^^^^^^^^^^^^^^^^^^^^^^^^^^^^^ help: convert the identifier to snake case: `get_line_number_to_string_single_param`
[INFO] [stdout] 
[INFO] [stdout] 
[INFO] [stdout] warning: function `get__line_number_to_string__range_param` should have a snake case name
[INFO] [stdout]    --> src/main.rs:427:8
[INFO] [stdout]     |
[INFO] [stdout] 427 |     fn get__line_number_to_string__range_param() {
[INFO] [stdout]     |        ^^^^^^^^^^^^^^^^^^^^^^^^^^^^^^^^^^^^^^^ help: convert the identifier to snake case: `get_line_number_to_string_range_param`
[INFO] [stdout] 
[INFO] [stdout] 
[INFO] [stdout] warning: function `current_branch_name__master` should have a snake case name
[INFO] [stdout]    --> src/main.rs:435:8
[INFO] [stdout]     |
[INFO] [stdout] 435 |     fn current_branch_name__master() {
[INFO] [stdout]     |        ^^^^^^^^^^^^^^^^^^^^^^^^^^^ help: convert the identifier to snake case: `current_branch_name_master`
[INFO] [stdout] 
[INFO] [stdout] 
[INFO] [stdout] warning: function `current_branch_name__new_branch` should have a snake case name
[INFO] [stdout]    --> src/main.rs:446:8
[INFO] [stdout]     |
[INFO] [stdout] 446 |     fn current_branch_name__new_branch() {
[INFO] [stdout]     |        ^^^^^^^^^^^^^^^^^^^^^^^^^^^^^^^ help: convert the identifier to snake case: `current_branch_name_new_branch`
[INFO] [stdout] 
[INFO] [stdout] 
[INFO] [stdout] warning: 21 warnings emitted
[INFO] [stdout] 
[INFO] [stdout] 
[INFO] [stderr]     Finished test [unoptimized + debuginfo] target(s) in 2.48s
[INFO] running `Command { std: "docker" "inspect" "02442e9675fdddb31e2cbea6fcf28b34dc70202acab69183f421124f7778eb69", kill_on_drop: false }`
[INFO] running `Command { std: "docker" "rm" "-f" "02442e9675fdddb31e2cbea6fcf28b34dc70202acab69183f421124f7778eb69", kill_on_drop: false }`
[INFO] [stdout] 02442e9675fdddb31e2cbea6fcf28b34dc70202acab69183f421124f7778eb69
[INFO] running `Command { std: "docker" "create" "-v" "/var/lib/crater-agent-workspace/builds/worker-4/target:/opt/rustwide/target:rw,Z" "-v" "/var/lib/crater-agent-workspace/builds/worker-4/source:/opt/rustwide/workdir:ro,Z" "-v" "/var/lib/crater-agent-workspace/cargo-home:/opt/rustwide/cargo-home:ro,Z" "-v" "/var/lib/crater-agent-workspace/rustup-home:/opt/rustwide/rustup-home:ro,Z" "-e" "SOURCE_DIR=/opt/rustwide/workdir" "-e" "CARGO_TARGET_DIR=/opt/rustwide/target" "-e" "CARGO_INCREMENTAL=0" "-e" "RUST_BACKTRACE=full" "-e" "RUSTFLAGS=--cap-lints=warn" "-e" "CARGO_HOME=/opt/rustwide/cargo-home" "-e" "RUSTUP_HOME=/opt/rustwide/rustup-home" "-w" "/opt/rustwide/workdir" "-m" "1610612736" "--user" "0:0" "--network" "none" "ghcr.io/rust-lang/crates-build-env/linux@sha256:34b6a614d2c27851fe6cbf88fbd1137609cefab8b10d0615aaeb6fd47975d74e" "/opt/rustwide/cargo-home/bin/cargo" "+1.54.0" "test" "--frozen", kill_on_drop: false }`
[INFO] [stdout] 180e6bab417ff5d004bd78b5af56416f2c2a25833751b59d342b2c74a686e7a8
[INFO] [stderr] WARNING: Your kernel does not support swap limit capabilities or the cgroup is not mounted. Memory limited without swap.
[INFO] running `Command { std: "docker" "start" "-a" "180e6bab417ff5d004bd78b5af56416f2c2a25833751b59d342b2c74a686e7a8", kill_on_drop: false }`
[INFO] [stdout] 
[INFO] [stderr] warning: use of deprecated macro `try`: use the `?` operator instead
[INFO] [stdout] running 8 tests
[INFO] [stderr]   --> src/main.rs:54:5
[INFO] [stderr]    |
[INFO] [stderr] 54 |     try!(status_2_result(
[INFO] [stderr]    |     ^^^
[INFO] [stderr]    |
[INFO] [stderr]    = note: `#[warn(deprecated)]` on by default
[INFO] [stderr] 
[INFO] [stderr] warning: use of deprecated macro `try`: use the `?` operator instead
[INFO] [stderr]   --> src/main.rs:76:5
[INFO] [stderr]    |
[INFO] [stderr] 76 |     try!(status_2_result(
[INFO] [stderr]    |     ^^^
[INFO] [stderr] 
[INFO] [stderr] warning: unused `Result` that must be used
[INFO] [stderr]    --> src/main.rs:289:13
[INFO] [stderr]     |
[INFO] [stderr] 289 |             fs::create_dir_all(&dir_path);
[INFO] [stderr]     |             ^^^^^^^^^^^^^^^^^^^^^^^^^^^^^^
[INFO] [stderr]     |
[INFO] [stderr]     = note: `#[warn(unused_must_use)]` on by default
[INFO] [stderr]     = note: this `Result` may be an `Err` variant, which should be handled
[INFO] [stderr] 
[INFO] [stderr] warning: unused `Result` that must be used
[INFO] [stderr]    --> src/main.rs:296:13
[INFO] [stderr]     |
[INFO] [stderr] 296 |             process.wait();
[INFO] [stderr]     |             ^^^^^^^^^^^^^^^
[INFO] [stderr]     |
[INFO] [stderr]     = note: this `Result` may be an `Err` variant, which should be handled
[INFO] [stderr] 
[INFO] [stderr] warning: unused `Result` that must be used
[INFO] [stderr]    --> src/main.rs:306:13
[INFO] [stderr]     |
[INFO] [stderr] 306 |             process.wait();
[INFO] [stderr]     |             ^^^^^^^^^^^^^^^
[INFO] [stderr]     |
[INFO] [stderr]     = note: this `Result` may be an `Err` variant, which should be handled
[INFO] [stderr] 
[INFO] [stderr] warning: unused `Result` that must be used
[INFO] [stderr]    --> src/main.rs:316:13
[INFO] [stderr]     |
[INFO] [stderr] 316 |             process.wait();
[INFO] [stderr]     |             ^^^^^^^^^^^^^^^
[INFO] [stderr]     |
[INFO] [stderr]     = note: this `Result` may be an `Err` variant, which should be handled
[INFO] [stderr] 
[INFO] [stderr] warning: unused `Result` that must be used
[INFO] [stderr]    --> src/main.rs:326:13
[INFO] [stderr]     |
[INFO] [stderr] 326 |             process.wait();
[INFO] [stderr]     |             ^^^^^^^^^^^^^^^
[INFO] [stderr]     |
[INFO] [stderr]     = note: this `Result` may be an `Err` variant, which should be handled
[INFO] [stderr] 
[INFO] [stderr] warning: unused `Result` that must be used
[INFO] [stderr]    --> src/main.rs:336:13
[INFO] [stderr]     |
[INFO] [stderr] 336 |             process.wait();
[INFO] [stderr]     |             ^^^^^^^^^^^^^^^
[INFO] [stderr]     |
[INFO] [stderr]     = note: this `Result` may be an `Err` variant, which should be handled
[INFO] [stderr] 
[INFO] [stderr] warning: unused `Result` that must be used
[INFO] [stderr]    --> src/main.rs:344:13
[INFO] [stderr]     |
[INFO] [stderr] 344 |             File::create(&self.dir_path.join(file_name));
[INFO] [stderr]     |             ^^^^^^^^^^^^^^^^^^^^^^^^^^^^^^^^^^^^^^^^^^^^^
[INFO] [stderr]     |
[INFO] [stderr]     = note: this `Result` may be an `Err` variant, which should be handled
[INFO] [stderr] 
[INFO] [stderr] warning: unused `Result` that must be used
[INFO] [stderr]    --> src/main.rs:348:13
[INFO] [stderr]     |
[INFO] [stderr] 348 |             fs::create_dir(&self.dir_path.join(file_name));
[INFO] [stderr]     |             ^^^^^^^^^^^^^^^^^^^^^^^^^^^^^^^^^^^^^^^^^^^^^^^
[INFO] [stderr]     |
[INFO] [stderr]     = note: this `Result` may be an `Err` variant, which should be handled
[INFO] [stderr] 
[INFO] [stderr] warning: unused `Result` that must be used
[INFO] [stderr]    --> src/main.rs:358:13
[INFO] [stderr]     |
[INFO] [stderr] 358 |             process.wait();
[INFO] [stderr]     |             ^^^^^^^^^^^^^^^
[INFO] [stderr]     |
[INFO] [stderr]     = note: this `Result` may be an `Err` variant, which should be handled
[INFO] [stderr] 
[INFO] [stderr] warning: unused `Result` that must be used
[INFO] [stderr]    --> src/main.rs:368:13
[INFO] [stderr]     |
[INFO] [stderr] 368 |             process.wait();
[INFO] [stderr]     |             ^^^^^^^^^^^^^^^
[INFO] [stderr]     |
[INFO] [stderr]     = note: this `Result` may be an `Err` variant, which should be handled
[INFO] [stderr] 
[INFO] [stderr] warning: unused `Result` that must be used
[INFO] [stderr]    --> src/main.rs:374:13
[INFO] [stderr]     |
[INFO] [stderr] 374 |             fs::remove_dir_all(&self.dir_path);
[INFO] [stderr]     |             ^^^^^^^^^^^^^^^^^^^^^^^^^^^^^^^^^^^
[INFO] [stderr]     |
[INFO] [stderr]     = note: this `Result` may be an `Err` variant, which should be handled
[INFO] [stderr] 
[INFO] [stderr] warning: function `github__ssh__get_remote_url` should have a snake case name
[INFO] [stderr]    --> src/main.rs:379:8
[INFO] [stderr]     |
[INFO] [stderr] 379 |     fn github__ssh__get_remote_url() {
[INFO] [stderr]     |        ^^^^^^^^^^^^^^^^^^^^^^^^^^^ help: convert the identifier to snake case: `github_ssh_get_remote_url`
[INFO] [stderr]     |
[INFO] [stderr]     = note: `#[warn(non_snake_case)]` on by default
[INFO] [stderr] 
[INFO] [stderr] warning: function `github__html__get_remote_url` should have a snake case name
[INFO] [stderr]    --> src/main.rs:386:8
[INFO] [stderr]     |
[INFO] [stderr] 386 |     fn github__html__get_remote_url() {
[INFO] [stderr]     |        ^^^^^^^^^^^^^^^^^^^^^^^^^^^^ help: convert the identifier to snake case: `github_html_get_remote_url`
[INFO] [stderr] 
[INFO] [stderr] warning: function `get_git_init_dir__target_file` should have a snake case name
[INFO] [stderr]    --> src/main.rs:393:8
[INFO] [stderr]     |
[INFO] [stderr] 393 |     fn get_git_init_dir__target_file() {
[INFO] [stderr]     |        ^^^^^^^^^^^^^^^^^^^^^^^^^^^^^ help: convert the identifier to snake case: `get_git_init_dir_target_file`
[INFO] [stderr] 
[INFO] [stderr] warning: function `get_git_init_dir__target_dir` should have a snake case name
[INFO] [stderr]    --> src/main.rs:406:8
[INFO] [stderr]     |
[INFO] [stderr] 406 |     fn get_git_init_dir__target_dir() {
[INFO] [stderr]     |        ^^^^^^^^^^^^^^^^^^^^^^^^^^^^ help: convert the identifier to snake case: `get_git_init_dir_target_dir`
[INFO] [stderr] 
[INFO] [stderr] warning: function `get__line_number_to_string__single_param` should have a snake case name
[INFO] [stderr]    --> src/main.rs:419:8
[INFO] [stderr]     |
[INFO] [stderr] 419 |     fn get__line_number_to_string__single_param() {
[INFO] [stderr]     |        ^^^^^^^^^^^^^^^^^^^^^^^^^^^^^^^^^^^^^^^^ help: convert the identifier to snake case: `get_line_number_to_string_single_param`
[INFO] [stderr] 
[INFO] [stderr] warning: function `get__line_number_to_string__range_param` should have a snake case name
[INFO] [stderr]    --> src/main.rs:427:8
[INFO] [stderr]     |
[INFO] [stderr] 427 |     fn get__line_number_to_string__range_param() {
[INFO] [stderr]     |        ^^^^^^^^^^^^^^^^^^^^^^^^^^^^^^^^^^^^^^^ help: convert the identifier to snake case: `get_line_number_to_string_range_param`
[INFO] [stderr] 
[INFO] [stderr] warning: function `current_branch_name__master` should have a snake case name
[INFO] [stderr]    --> src/main.rs:435:8
[INFO] [stderr]     |
[INFO] [stderr] 435 |     fn current_branch_name__master() {
[INFO] [stderr]     |        ^^^^^^^^^^^^^^^^^^^^^^^^^^^ help: convert the identifier to snake case: `current_branch_name_master`
[INFO] [stderr] 
[INFO] [stderr] warning: function `current_branch_name__new_branch` should have a snake case name
[INFO] [stderr]    --> src/main.rs:446:8
[INFO] [stderr]     |
[INFO] [stderr] 446 |     fn current_branch_name__new_branch() {
[INFO] [stderr]     |        ^^^^^^^^^^^^^^^^^^^^^^^^^^^^^^^ help: convert the identifier to snake case: `current_branch_name_new_branch`
[INFO] [stderr] 
[INFO] [stderr] warning: 21 warnings emitted
[INFO] [stderr] 
[INFO] [stderr]     Finished test [unoptimized + debuginfo] target(s) in 0.05s
[INFO] [stderr]      Running unittests (/opt/rustwide/target/debug/deps/git_remote_open-844ac0eca6c0d762)
[INFO] [stdout] test tests::get__line_number_to_string__range_param ... ok
[INFO] [stdout] test tests::get__line_number_to_string__single_param ... ok
[INFO] [stdout] test tests::current_branch_name__master ... FAILED
[INFO] [stdout] test tests::github__ssh__get_remote_url ... FAILED
[INFO] [stdout] test tests::get_git_init_dir__target_dir ... FAILED
[INFO] [stdout] test tests::get_git_init_dir__target_file ... FAILED
[INFO] [stdout] test tests::github__html__get_remote_url ... FAILED
[INFO] [stdout] test tests::current_branch_name__new_branch ... FAILED
[INFO] [stdout] 
[INFO] [stdout] failures:
[INFO] [stdout] 
[INFO] [stdout] ---- tests::current_branch_name__master stdout ----
[INFO] [stdout] thread 'tests::current_branch_name__master' panicked at 'failed to git init: Os { code: 2, kind: NotFound, message: "No such file or directory" }', src/main.rs:295:18
[INFO] [stdout] stack backtrace:
[INFO] [stdout]    0:     0x5628137de290 - std::backtrace_rs::backtrace::libunwind::trace::h34055254b57d8e79
[INFO] [stdout]                                at /rustc/a178d0322ce20e33eac124758e837cbd80a6f633/library/std/src/../../backtrace/src/backtrace/libunwind.rs:90:5
[INFO] [stdout]    1:     0x5628137de290 - std::backtrace_rs::backtrace::trace_unsynchronized::h8f1e3fbd9afff6ec
[INFO] [stdout]                                at /rustc/a178d0322ce20e33eac124758e837cbd80a6f633/library/std/src/../../backtrace/src/backtrace/mod.rs:66:5
[INFO] [stdout]    2:     0x5628137de290 - std::sys_common::backtrace::_print_fmt::h3a99a796b770c360
[INFO] [stdout]                                at /rustc/a178d0322ce20e33eac124758e837cbd80a6f633/library/std/src/sys_common/backtrace.rs:67:5
[INFO] [stdout]    3:     0x5628137de290 - <std::sys_common::backtrace::_print::DisplayBacktrace as core::fmt::Display>::fmt::h32d1f94a80615d18
[INFO] [stdout]                                at /rustc/a178d0322ce20e33eac124758e837cbd80a6f633/library/std/src/sys_common/backtrace.rs:46:22
[INFO] [stdout]    4:     0x562813801fcc - core::fmt::write::h306731c068f7162c
[INFO] [stdout]                                at /rustc/a178d0322ce20e33eac124758e837cbd80a6f633/library/core/src/fmt/mod.rs:1110:17
[INFO] [stdout]    5:     0x5628137dac75 - std::io::Write::write_fmt::h87f19b0a2cd190bc
[INFO] [stdout]                                at /rustc/a178d0322ce20e33eac124758e837cbd80a6f633/library/std/src/io/mod.rs:1588:15
[INFO] [stdout]    6:     0x5628137e082b - std::sys_common::backtrace::_print::h5abaa2601a852287
[INFO] [stdout]                                at /rustc/a178d0322ce20e33eac124758e837cbd80a6f633/library/std/src/sys_common/backtrace.rs:49:5
[INFO] [stdout]    7:     0x5628137e082b - std::sys_common::backtrace::print::h8d81445442bb638f
[INFO] [stdout]                                at /rustc/a178d0322ce20e33eac124758e837cbd80a6f633/library/std/src/sys_common/backtrace.rs:36:9
[INFO] [stdout]    8:     0x5628137e082b - std::panicking::default_hook::{{closure}}::hcfe804496a9fa747
[INFO] [stdout]                                at /rustc/a178d0322ce20e33eac124758e837cbd80a6f633/library/std/src/panicking.rs:208:50
[INFO] [stdout]    9:     0x5628137e033c - std::panicking::default_hook::hbea8e3ccf2ba8901
[INFO] [stdout]                                at /rustc/a178d0322ce20e33eac124758e837cbd80a6f633/library/std/src/panicking.rs:222:9
[INFO] [stdout]   10:     0x5628137e0ef4 - std::panicking::rust_panic_with_hook::h7ee9e1a2d0f8975a
[INFO] [stdout]                                at /rustc/a178d0322ce20e33eac124758e837cbd80a6f633/library/std/src/panicking.rs:622:17
[INFO] [stdout]   11:     0x5628137e09d7 - std::panicking::begin_panic_handler::{{closure}}::h8ab3b4491718b2c7
[INFO] [stdout]                                at /rustc/a178d0322ce20e33eac124758e837cbd80a6f633/library/std/src/panicking.rs:519:13
[INFO] [stdout]   12:     0x5628137de78c - std::sys_common::backtrace::__rust_end_short_backtrace::hd489062ffa586a9f
[INFO] [stdout]                                at /rustc/a178d0322ce20e33eac124758e837cbd80a6f633/library/std/src/sys_common/backtrace.rs:141:18
[INFO] [stdout]   13:     0x5628137e0939 - rust_begin_unwind
[INFO] [stdout]                                at /rustc/a178d0322ce20e33eac124758e837cbd80a6f633/library/std/src/panicking.rs:515:5
[INFO] [stdout]   14:     0x56281361ab51 - core::panicking::panic_fmt::hca6330e3e14086b4
[INFO] [stdout]                                at /rustc/a178d0322ce20e33eac124758e837cbd80a6f633/library/core/src/panicking.rs:92:14
[INFO] [stdout]   15:     0x56281361ac43 - core::result::unwrap_failed::h6160d2b4bfbb0e87
[INFO] [stdout]                                at /rustc/a178d0322ce20e33eac124758e837cbd80a6f633/library/core/src/result.rs:1355:5
[INFO] [stdout]   16:     0x56281361f565 - core::result::Result<T,E>::expect::h06100a1d2c949999
[INFO] [stdout]                                at /rustc/a178d0322ce20e33eac124758e837cbd80a6f633/library/core/src/result.rs:997:23
[INFO] [stdout]   17:     0x562813621cc2 - git_remote_open::tests::TargetDir::new::h22978cb79ae9a036
[INFO] [stdout]                                at /opt/rustwide/workdir/src/main.rs:291:31
[INFO] [stdout]   18:     0x562813623590 - git_remote_open::tests::current_branch_name__master::h98921ae6d4b47148
[INFO] [stdout]                                at /opt/rustwide/workdir/src/main.rs:437:26
[INFO] [stdout]   19:     0x56281362354a - git_remote_open::tests::current_branch_name__master::{{closure}}::hd5d861faa2ccfe4d
[INFO] [stdout]                                at /opt/rustwide/workdir/src/main.rs:435:5
[INFO] [stdout]   20:     0x56281362003e - core::ops::function::FnOnce::call_once::h4e6816c98e66c126
[INFO] [stdout]                                at /rustc/a178d0322ce20e33eac124758e837cbd80a6f633/library/core/src/ops/function.rs:227:5
[INFO] [stdout]   21:     0x56281364e133 - core::ops::function::FnOnce::call_once::h152e7e439ff59e19
[INFO] [stdout]                                at /rustc/a178d0322ce20e33eac124758e837cbd80a6f633/library/core/src/ops/function.rs:227:5
[INFO] [stdout]   22:     0x56281364e133 - test::__rust_begin_short_backtrace::h0908f3b1fdbb72ab
[INFO] [stdout]                                at /rustc/a178d0322ce20e33eac124758e837cbd80a6f633/library/test/src/lib.rs:577:5
[INFO] [stdout]   23:     0x56281364cbf0 - <alloc::boxed::Box<F,A> as core::ops::function::FnOnce<Args>>::call_once::hf6d2a51e5587546c
[INFO] [stdout]                                at /rustc/a178d0322ce20e33eac124758e837cbd80a6f633/library/alloc/src/boxed.rs:1575:9
[INFO] [stdout]   24:     0x56281364cbf0 - <std::panic::AssertUnwindSafe<F> as core::ops::function::FnOnce<()>>::call_once::h8af660f3a89ef593
[INFO] [stdout]                                at /rustc/a178d0322ce20e33eac124758e837cbd80a6f633/library/std/src/panic.rs:347:9
[INFO] [stdout]   25:     0x56281364cbf0 - std::panicking::try::do_call::hd36aef60f84b6d36
[INFO] [stdout]                                at /rustc/a178d0322ce20e33eac124758e837cbd80a6f633/library/std/src/panicking.rs:401:40
[INFO] [stdout]   26:     0x56281364cbf0 - std::panicking::try::h9932b4480e69817c
[INFO] [stdout]                                at /rustc/a178d0322ce20e33eac124758e837cbd80a6f633/library/std/src/panicking.rs:365:19
[INFO] [stdout]   27:     0x56281364cbf0 - std::panic::catch_unwind::h6aa177099cfff5f8
[INFO] [stdout]                                at /rustc/a178d0322ce20e33eac124758e837cbd80a6f633/library/std/src/panic.rs:434:14
[INFO] [stdout]   28:     0x56281364cbf0 - test::run_test_in_process::h5884d6f2d99e20c3
[INFO] [stdout]                                at /rustc/a178d0322ce20e33eac124758e837cbd80a6f633/library/test/src/lib.rs:600:18
[INFO] [stdout]   29:     0x56281364cbf0 - test::run_test::run_test_inner::{{closure}}::h6fdc58c6d5f5b6e3
[INFO] [stdout]                                at /rustc/a178d0322ce20e33eac124758e837cbd80a6f633/library/test/src/lib.rs:492:39
[INFO] [stdout]   30:     0x5628136262a2 - test::run_test::run_test_inner::{{closure}}::h408365d67a78ade8
[INFO] [stdout]                                at /rustc/a178d0322ce20e33eac124758e837cbd80a6f633/library/test/src/lib.rs:519:37
[INFO] [stdout]   31:     0x5628136262a2 - std::sys_common::backtrace::__rust_begin_short_backtrace::hb560b77c4f701523
[INFO] [stdout]                                at /rustc/a178d0322ce20e33eac124758e837cbd80a6f633/library/std/src/sys_common/backtrace.rs:125:18
[INFO] [stdout]   32:     0x562813629e58 - std::thread::Builder::spawn_unchecked::{{closure}}::{{closure}}::hf2e7831dad93c597
[INFO] [stdout]                                at /rustc/a178d0322ce20e33eac124758e837cbd80a6f633/library/std/src/thread/mod.rs:481:17
[INFO] [stdout]   33:     0x562813629e58 - <std::panic::AssertUnwindSafe<F> as core::ops::function::FnOnce<()>>::call_once::hd2e08783d8be4d02
[INFO] [stdout]                                at /rustc/a178d0322ce20e33eac124758e837cbd80a6f633/library/std/src/panic.rs:347:9
[INFO] [stdout]   34:     0x562813629e58 - std::panicking::try::do_call::h062597b7acfd6b82
[INFO] [stdout]                                at /rustc/a178d0322ce20e33eac124758e837cbd80a6f633/library/std/src/panicking.rs:401:40
[INFO] [stdout]   35:     0x562813629e58 - std::panicking::try::h0d7b79db04c14552
[INFO] [stdout]                                at /rustc/a178d0322ce20e33eac124758e837cbd80a6f633/library/std/src/panicking.rs:365:19
[INFO] [stdout]   36:     0x562813629e58 - std::panic::catch_unwind::hb01a0b5e7c8cd43b
[INFO] [stdout]                                at /rustc/a178d0322ce20e33eac124758e837cbd80a6f633/library/std/src/panic.rs:434:14
[INFO] [stdout]   37:     0x562813629e58 - std::thread::Builder::spawn_unchecked::{{closure}}::h5bde48cc887e0d1e
[INFO] [stdout]                                at /rustc/a178d0322ce20e33eac124758e837cbd80a6f633/library/std/src/thread/mod.rs:480:30
[INFO] [stdout]   38:     0x562813629e58 - core::ops::function::FnOnce::call_once{{vtable.shim}}::h745ea30807a29e55
[INFO] [stdout]                                at /rustc/a178d0322ce20e33eac124758e837cbd80a6f633/library/core/src/ops/function.rs:227:5
[INFO] [stdout]   39:     0x5628137e6907 - <alloc::boxed::Box<F,A> as core::ops::function::FnOnce<Args>>::call_once::h7ece6cfefaff1005
[INFO] [stdout]                                at /rustc/a178d0322ce20e33eac124758e837cbd80a6f633/library/alloc/src/boxed.rs:1575:9
[INFO] [stdout]   40:     0x5628137e6907 - <alloc::boxed::Box<F,A> as core::ops::function::FnOnce<Args>>::call_once::hb8b48e55c21f193e
[INFO] [stdout]                                at /rustc/a178d0322ce20e33eac124758e837cbd80a6f633/library/alloc/src/boxed.rs:1575:9
[INFO] [stdout]   41:     0x5628137e6907 - std::sys::unix::thread::Thread::new::thread_start::h8c7c4450dba62914
[INFO] [stdout]                                at /rustc/a178d0322ce20e33eac124758e837cbd80a6f633/library/std/src/sys/unix/thread.rs:71:17
[INFO] [stdout]   42:     0x7fc3e3c25609 - start_thread
[INFO] [stdout]   43:     0x7fc3e39f7293 - clone
[INFO] [stdout]   44:                0x0 - <unknown>
[INFO] [stdout] 
[INFO] [stdout] ---- tests::github__ssh__get_remote_url stdout ----
[INFO] [stdout] thread 'tests::github__ssh__get_remote_url' panicked at 'failed to git init: Os { code: 2, kind: NotFound, message: "No such file or directory" }', src/main.rs:295:18
[INFO] [stdout] stack backtrace:
[INFO] [stdout]    0:     0x5628137de290 - std::backtrace_rs::backtrace::libunwind::trace::h34055254b57d8e79
[INFO] [stdout]                                at /rustc/a178d0322ce20e33eac124758e837cbd80a6f633/library/std/src/../../backtrace/src/backtrace/libunwind.rs:90:5
[INFO] [stdout]    1:     0x5628137de290 - std::backtrace_rs::backtrace::trace_unsynchronized::h8f1e3fbd9afff6ec
[INFO] [stdout]                                at /rustc/a178d0322ce20e33eac124758e837cbd80a6f633/library/std/src/../../backtrace/src/backtrace/mod.rs:66:5
[INFO] [stdout]    2:     0x5628137de290 - std::sys_common::backtrace::_print_fmt::h3a99a796b770c360
[INFO] [stdout]                                at /rustc/a178d0322ce20e33eac124758e837cbd80a6f633/library/std/src/sys_common/backtrace.rs:67:5
[INFO] [stdout]    3:     0x5628137de290 - <std::sys_common::backtrace::_print::DisplayBacktrace as core::fmt::Display>::fmt::h32d1f94a80615d18
[INFO] [stdout]                                at /rustc/a178d0322ce20e33eac124758e837cbd80a6f633/library/std/src/sys_common/backtrace.rs:46:22
[INFO] [stdout]    4:     0x562813801fcc - core::fmt::write::h306731c068f7162c
[INFO] [stdout]                                at /rustc/a178d0322ce20e33eac124758e837cbd80a6f633/library/core/src/fmt/mod.rs:1110:17
[INFO] [stdout]    5:     0x5628137dac75 - std::io::Write::write_fmt::h87f19b0a2cd190bc
[INFO] [stdout]                                at /rustc/a178d0322ce20e33eac124758e837cbd80a6f633/library/std/src/io/mod.rs:1588:15
[INFO] [stdout]    6:     0x5628137e082b - std::sys_common::backtrace::_print::h5abaa2601a852287
[INFO] [stdout]                                at /rustc/a178d0322ce20e33eac124758e837cbd80a6f633/library/std/src/sys_common/backtrace.rs:49:5
[INFO] [stdout]    7:     0x5628137e082b - std::sys_common::backtrace::print::h8d81445442bb638f
[INFO] [stdout]                                at /rustc/a178d0322ce20e33eac124758e837cbd80a6f633/library/std/src/sys_common/backtrace.rs:36:9
[INFO] [stdout]    8:     0x5628137e082b - std::panicking::default_hook::{{closure}}::hcfe804496a9fa747
[INFO] [stdout]                                at /rustc/a178d0322ce20e33eac124758e837cbd80a6f633/library/std/src/panicking.rs:208:50
[INFO] [stdout]    9:     0x5628137e033c - std::panicking::default_hook::hbea8e3ccf2ba8901
[INFO] [stdout]                                at /rustc/a178d0322ce20e33eac124758e837cbd80a6f633/library/std/src/panicking.rs:222:9
[INFO] [stdout]   10:     0x5628137e0ef4 - std::panicking::rust_panic_with_hook::h7ee9e1a2d0f8975a
[INFO] [stdout]                                at /rustc/a178d0322ce20e33eac124758e837cbd80a6f633/library/std/src/panicking.rs:622:17
[INFO] [stdout]   11:     0x5628137e09d7 - std::panicking::begin_panic_handler::{{closure}}::h8ab3b4491718b2c7
[INFO] [stdout]                                at /rustc/a178d0322ce20e33eac124758e837cbd80a6f633/library/std/src/panicking.rs:519:13
[INFO] [stdout]   12:     0x5628137de78c - std::sys_common::backtrace::__rust_end_short_backtrace::hd489062ffa586a9f
[INFO] [stdout]                                at /rustc/a178d0322ce20e33eac124758e837cbd80a6f633/library/std/src/sys_common/backtrace.rs:141:18
[INFO] [stdout]   13:     0x5628137e0939 - rust_begin_unwind
[INFO] [stdout]                                at /rustc/a178d0322ce20e33eac124758e837cbd80a6f633/library/std/src/panicking.rs:515:5
[INFO] [stdout]   14:     0x56281361ab51 - core::panicking::panic_fmt::hca6330e3e14086b4
[INFO] [stdout]                                at /rustc/a178d0322ce20e33eac124758e837cbd80a6f633/library/core/src/panicking.rs:92:14
[INFO] [stdout]   15:     0x56281361ac43 - core::result::unwrap_failed::h6160d2b4bfbb0e87
[INFO] [stdout]                                at /rustc/a178d0322ce20e33eac124758e837cbd80a6f633/library/core/src/result.rs:1355:5
[INFO] [stdout]   16:     0x56281361f565 - core::result::Result<T,E>::expect::h06100a1d2c949999
[INFO] [stdout]                                at /rustc/a178d0322ce20e33eac124758e837cbd80a6f633/library/core/src/result.rs:997:23
[INFO] [stdout]   17:     0x562813621cc2 - git_remote_open::tests::TargetDir::new::h22978cb79ae9a036
[INFO] [stdout]                                at /opt/rustwide/workdir/src/main.rs:291:31
[INFO] [stdout]   18:     0x562813622930 - git_remote_open::tests::github__ssh__get_remote_url::h70ff517f538bcca8
[INFO] [stdout]                                at /opt/rustwide/workdir/src/main.rs:381:26
[INFO] [stdout]   19:     0x5628136228ea - git_remote_open::tests::github__ssh__get_remote_url::{{closure}}::hca5ce94ada7722a3
[INFO] [stdout]                                at /opt/rustwide/workdir/src/main.rs:379:5
[INFO] [stdout]   20:     0x56281361fffe - core::ops::function::FnOnce::call_once::h4b30ec8031c38ef8
[INFO] [stdout]                                at /rustc/a178d0322ce20e33eac124758e837cbd80a6f633/library/core/src/ops/function.rs:227:5
[INFO] [stdout]   21:     0x56281364e133 - core::ops::function::FnOnce::call_once::h152e7e439ff59e19
[INFO] [stdout]                                at /rustc/a178d0322ce20e33eac124758e837cbd80a6f633/library/core/src/ops/function.rs:227:5
[INFO] [stdout]   22:     0x56281364e133 - test::__rust_begin_short_backtrace::h0908f3b1fdbb72ab
[INFO] [stdout]                                at /rustc/a178d0322ce20e33eac124758e837cbd80a6f633/library/test/src/lib.rs:577:5
[INFO] [stdout]   23:     0x56281364cbf0 - <alloc::boxed::Box<F,A> as core::ops::function::FnOnce<Args>>::call_once::hf6d2a51e5587546c
[INFO] [stdout]                                at /rustc/a178d0322ce20e33eac124758e837cbd80a6f633/library/alloc/src/boxed.rs:1575:9
[INFO] [stdout]   24:     0x56281364cbf0 - <std::panic::AssertUnwindSafe<F> as core::ops::function::FnOnce<()>>::call_once::h8af660f3a89ef593
[INFO] [stdout]                                at /rustc/a178d0322ce20e33eac124758e837cbd80a6f633/library/std/src/panic.rs:347:9
[INFO] [stdout]   25:     0x56281364cbf0 - std::panicking::try::do_call::hd36aef60f84b6d36
[INFO] [stdout]                                at /rustc/a178d0322ce20e33eac124758e837cbd80a6f633/library/std/src/panicking.rs:401:40
[INFO] [stdout]   26:     0x56281364cbf0 - std::panicking::try::h9932b4480e69817c
[INFO] [stdout]                                at /rustc/a178d0322ce20e33eac124758e837cbd80a6f633/library/std/src/panicking.rs:365:19
[INFO] [stdout]   27:     0x56281364cbf0 - std::panic::catch_unwind::h6aa177099cfff5f8
[INFO] [stdout]                                at /rustc/a178d0322ce20e33eac124758e837cbd80a6f633/library/std/src/panic.rs:434:14
[INFO] [stdout]   28:     0x56281364cbf0 - test::run_test_in_process::h5884d6f2d99e20c3
[INFO] [stdout]                                at /rustc/a178d0322ce20e33eac124758e837cbd80a6f633/library/test/src/lib.rs:600:18
[INFO] [stdout]   29:     0x56281364cbf0 - test::run_test::run_test_inner::{{closure}}::h6fdc58c6d5f5b6e3
[INFO] [stdout]                                at /rustc/a178d0322ce20e33eac124758e837cbd80a6f633/library/test/src/lib.rs:492:39
[INFO] [stdout]   30:     0x5628136262a2 - test::run_test::run_test_inner::{{closure}}::h408365d67a78ade8
[INFO] [stdout]                                at /rustc/a178d0322ce20e33eac124758e837cbd80a6f633/library/test/src/lib.rs:519:37
[INFO] [stdout]   31:     0x5628136262a2 - std::sys_common::backtrace::__rust_begin_short_backtrace::hb560b77c4f701523
[INFO] [stdout]                                at /rustc/a178d0322ce20e33eac124758e837cbd80a6f633/library/std/src/sys_common/backtrace.rs:125:18
[INFO] [stdout]   32:     0x562813629e58 - std::thread::Builder::spawn_unchecked::{{closure}}::{{closure}}::hf2e7831dad93c597
[INFO] [stdout]                                at /rustc/a178d0322ce20e33eac124758e837cbd80a6f633/library/std/src/thread/mod.rs:481:17
[INFO] [stdout]   33:     0x562813629e58 - <std::panic::AssertUnwindSafe<F> as core::ops::function::FnOnce<()>>::call_once::hd2e08783d8be4d02
[INFO] [stdout]                                at /rustc/a178d0322ce20e33eac124758e837cbd80a6f633/library/std/src/panic.rs:347:9
[INFO] [stdout]   34:     0x562813629e58 - std::panicking::try::do_call::h062597b7acfd6b82
[INFO] [stdout]                                at /rustc/a178d0322ce20e33eac124758e837cbd80a6f633/library/std/src/panicking.rs:401:40
[INFO] [stdout]   35:     0x562813629e58 - std::panicking::try::h0d7b79db04c14552
[INFO] [stdout]                                at /rustc/a178d0322ce20e33eac124758e837cbd80a6f633/library/std/src/panicking.rs:365:19
[INFO] [stdout]   36:     0x562813629e58 - std::panic::catch_unwind::hb01a0b5e7c8cd43b
[INFO] [stdout]                                at /rustc/a178d0322ce20e33eac124758e837cbd80a6f633/library/std/src/panic.rs:434:14
[INFO] [stdout]   37:     0x562813629e58 - std::thread::Builder::spawn_unchecked::{{closure}}::h5bde48cc887e0d1e
[INFO] [stdout]                                at /rustc/a178d0322ce20e33eac124758e837cbd80a6f633/library/std/src/thread/mod.rs:480:30
[INFO] [stdout]   38:     0x562813629e58 - core::ops::function::FnOnce::call_once{{vtable.shim}}::h745ea30807a29e55
[INFO] [stdout]                                at /rustc/a178d0322ce20e33eac124758e837cbd80a6f633/library/core/src/ops/function.rs:227:5
[INFO] [stdout]   39:     0x5628137e6907 - <alloc::boxed::Box<F,A> as core::ops::function::FnOnce<Args>>::call_once::h7ece6cfefaff1005
[INFO] [stdout]                                at /rustc/a178d0322ce20e33eac124758e837cbd80a6f633/library/alloc/src/boxed.rs:1575:9
[INFO] [stdout]   40:     0x5628137e6907 - <alloc::boxed::Box<F,A> as core::ops::function::FnOnce<Args>>::call_once::hb8b48e55c21f193e
[INFO] [stdout]                                at /rustc/a178d0322ce20e33eac124758e837cbd80a6f633/library/alloc/src/boxed.rs:1575:9
[INFO] [stdout]   41:     0x5628137e6907 - std::sys::unix::thread::Thread::new::thread_start::h8c7c4450dba62914
[INFO] [stdout]                                at /rustc/a178d0322ce20e33eac124758e837cbd80a6f633/library/std/src/sys/unix/thread.rs:71:17
[INFO] [stdout]   42:     0x7fc3e3c25609 - start_thread
[INFO] [stdout]   43:     0x7fc3e39f7293 - clone
[INFO] [stdout]   44:                0x0 - <unknown>
[INFO] [stdout] 
[INFO] [stdout] ---- tests::get_git_init_dir__target_dir stdout ----
[INFO] [stdout] thread 'tests::get_git_init_dir__target_dir' panicked at 'failed to git init: Os { code: 2, kind: NotFound, message: "No such file or directory" }', src/main.rs:295:18
[INFO] [stdout] stack backtrace:
[INFO] [stdout]    0:     0x5628137de290 - std::backtrace_rs::backtrace::libunwind::trace::h34055254b57d8e79
[INFO] [stdout]                                at /rustc/a178d0322ce20e33eac124758e837cbd80a6f633/library/std/src/../../backtrace/src/backtrace/libunwind.rs:90:5
[INFO] [stdout]    1:     0x5628137de290 - std::backtrace_rs::backtrace::trace_unsynchronized::h8f1e3fbd9afff6ec
[INFO] [stdout]                                at /rustc/a178d0322ce20e33eac124758e837cbd80a6f633/library/std/src/../../backtrace/src/backtrace/mod.rs:66:5
[INFO] [stdout]    2:     0x5628137de290 - std::sys_common::backtrace::_print_fmt::h3a99a796b770c360
[INFO] [stdout]                                at /rustc/a178d0322ce20e33eac124758e837cbd80a6f633/library/std/src/sys_common/backtrace.rs:67:5
[INFO] [stdout]    3:     0x5628137de290 - <std::sys_common::backtrace::_print::DisplayBacktrace as core::fmt::Display>::fmt::h32d1f94a80615d18
[INFO] [stdout]                                at /rustc/a178d0322ce20e33eac124758e837cbd80a6f633/library/std/src/sys_common/backtrace.rs:46:22
[INFO] [stdout]    4:     0x562813801fcc - core::fmt::write::h306731c068f7162c
[INFO] [stdout]                                at /rustc/a178d0322ce20e33eac124758e837cbd80a6f633/library/core/src/fmt/mod.rs:1110:17
[INFO] [stdout]    5:     0x5628137dac75 - std::io::Write::write_fmt::h87f19b0a2cd190bc
[INFO] [stdout]                                at /rustc/a178d0322ce20e33eac124758e837cbd80a6f633/library/std/src/io/mod.rs:1588:15
[INFO] [stdout]    6:     0x5628137e082b - std::sys_common::backtrace::_print::h5abaa2601a852287
[INFO] [stdout]                                at /rustc/a178d0322ce20e33eac124758e837cbd80a6f633/library/std/src/sys_common/backtrace.rs:49:5
[INFO] [stdout]    7:     0x5628137e082b - std::sys_common::backtrace::print::h8d81445442bb638f
[INFO] [stdout]                                at /rustc/a178d0322ce20e33eac124758e837cbd80a6f633/library/std/src/sys_common/backtrace.rs:36:9
[INFO] [stdout]    8:     0x5628137e082b - std::panicking::default_hook::{{closure}}::hcfe804496a9fa747
[INFO] [stdout]                                at /rustc/a178d0322ce20e33eac124758e837cbd80a6f633/library/std/src/panicking.rs:208:50
[INFO] [stdout]    9:     0x5628137e033c - std::panicking::default_hook::hbea8e3ccf2ba8901
[INFO] [stdout]                                at /rustc/a178d0322ce20e33eac124758e837cbd80a6f633/library/std/src/panicking.rs:222:9
[INFO] [stdout]   10:     0x5628137e0ef4 - std::panicking::rust_panic_with_hook::h7ee9e1a2d0f8975a
[INFO] [stdout]                                at /rustc/a178d0322ce20e33eac124758e837cbd80a6f633/library/std/src/panicking.rs:622:17
[INFO] [stdout]   11:     0x5628137e09d7 - std::panicking::begin_panic_handler::{{closure}}::h8ab3b4491718b2c7
[INFO] [stdout]                                at /rustc/a178d0322ce20e33eac124758e837cbd80a6f633/library/std/src/panicking.rs:519:13
[INFO] [stdout]   12:     0x5628137de78c - std::sys_common::backtrace::__rust_end_short_backtrace::hd489062ffa586a9f
[INFO] [stdout]                                at /rustc/a178d0322ce20e33eac124758e837cbd80a6f633/library/std/src/sys_common/backtrace.rs:141:18
[INFO] [stdout]   13:     0x5628137e0939 - rust_begin_unwind
[INFO] [stdout]                                at /rustc/a178d0322ce20e33eac124758e837cbd80a6f633/library/std/src/panicking.rs:515:5
[INFO] [stdout]   14:     0x56281361ab51 - core::panicking::panic_fmt::hca6330e3e14086b4
[INFO] [stdout]                                at /rustc/a178d0322ce20e33eac124758e837cbd80a6f633/library/core/src/panicking.rs:92:14
[INFO] [stdout]   15:     0x56281361ac43 - core::result::unwrap_failed::h6160d2b4bfbb0e87
[INFO] [stdout]                                at /rustc/a178d0322ce20e33eac124758e837cbd80a6f633/library/core/src/result.rs:1355:5
[INFO] [stdout]   16:     0x56281361f565 - core::result::Result<T,E>::expect::h06100a1d2c949999
[INFO] [stdout]                                at /rustc/a178d0322ce20e33eac124758e837cbd80a6f633/library/core/src/result.rs:997:23
[INFO] [stdout]   17:     0x562813621cc2 - git_remote_open::tests::TargetDir::new::h22978cb79ae9a036
[INFO] [stdout]                                at /opt/rustwide/workdir/src/main.rs:291:31
[INFO] [stdout]   18:     0x562813622fe0 - git_remote_open::tests::get_git_init_dir__target_dir::h18957e64a42fe125
[INFO] [stdout]                                at /opt/rustwide/workdir/src/main.rs:408:26
[INFO] [stdout]   19:     0x562813622f9a - git_remote_open::tests::get_git_init_dir__target_dir::{{closure}}::h767fae7fed6b5541
[INFO] [stdout]                                at /opt/rustwide/workdir/src/main.rs:406:5
[INFO] [stdout]   20:     0x5628136200be - core::ops::function::FnOnce::call_once::h802bb0c323c66ace
[INFO] [stdout]                                at /rustc/a178d0322ce20e33eac124758e837cbd80a6f633/library/core/src/ops/function.rs:227:5
[INFO] [stdout]   21:     0x56281364e133 - core::ops::function::FnOnce::call_once::h152e7e439ff59e19
[INFO] [stdout]                                at /rustc/a178d0322ce20e33eac124758e837cbd80a6f633/library/core/src/ops/function.rs:227:5
[INFO] [stdout]   22:     0x56281364e133 - test::__rust_begin_short_backtrace::h0908f3b1fdbb72ab
[INFO] [stdout]                                at /rustc/a178d0322ce20e33eac124758e837cbd80a6f633/library/test/src/lib.rs:577:5
[INFO] [stdout]   23:     0x56281364cbf0 - <alloc::boxed::Box<F,A> as core::ops::function::FnOnce<Args>>::call_once::hf6d2a51e5587546c
[INFO] [stdout]                                at /rustc/a178d0322ce20e33eac124758e837cbd80a6f633/library/alloc/src/boxed.rs:1575:9
[INFO] [stdout]   24:     0x56281364cbf0 - <std::panic::AssertUnwindSafe<F> as core::ops::function::FnOnce<()>>::call_once::h8af660f3a89ef593
[INFO] [stdout]                                at /rustc/a178d0322ce20e33eac124758e837cbd80a6f633/library/std/src/panic.rs:347:9
[INFO] [stdout]   25:     0x56281364cbf0 - std::panicking::try::do_call::hd36aef60f84b6d36
[INFO] [stdout]                                at /rustc/a178d0322ce20e33eac124758e837cbd80a6f633/library/std/src/panicking.rs:401:40
[INFO] [stdout]   26:     0x56281364cbf0 - std::panicking::try::h9932b4480e69817c
[INFO] [stdout]                                at /rustc/a178d0322ce20e33eac124758e837cbd80a6f633/library/std/src/panicking.rs:365:19
[INFO] [stdout]   27:     0x56281364cbf0 - std::panic::catch_unwind::h6aa177099cfff5f8
[INFO] [stdout]                                at /rustc/a178d0322ce20e33eac124758e837cbd80a6f633/library/std/src/panic.rs:434:14
[INFO] [stdout]   28:     0x56281364cbf0 - test::run_test_in_process::h5884d6f2d99e20c3
[INFO] [stdout]                                at /rustc/a178d0322ce20e33eac124758e837cbd80a6f633/library/test/src/lib.rs:600:18
[INFO] [stdout]   29:     0x56281364cbf0 - test::run_test::run_test_inner::{{closure}}::h6fdc58c6d5f5b6e3
[INFO] [stdout]                                at /rustc/a178d0322ce20e33eac124758e837cbd80a6f633/library/test/src/lib.rs:492:39
[INFO] [stdout]   30:     0x5628136262a2 - test::run_test::run_test_inner::{{closure}}::h408365d67a78ade8
[INFO] [stdout]                                at /rustc/a178d0322ce20e33eac124758e837cbd80a6f633/library/test/src/lib.rs:519:37
[INFO] [stdout]   31:     0x5628136262a2 - std::sys_common::backtrace::__rust_begin_short_backtrace::hb560b77c4f701523
[INFO] [stdout]                                at /rustc/a178d0322ce20e33eac124758e837cbd80a6f633/library/std/src/sys_common/backtrace.rs:125:18
[INFO] [stdout]   32:     0x562813629e58 - std::thread::Builder::spawn_unchecked::{{closure}}::{{closure}}::hf2e7831dad93c597
[INFO] [stdout]                                at /rustc/a178d0322ce20e33eac124758e837cbd80a6f633/library/std/src/thread/mod.rs:481:17
[INFO] [stdout]   33:     0x562813629e58 - <std::panic::AssertUnwindSafe<F> as core::ops::function::FnOnce<()>>::call_once::hd2e08783d8be4d02
[INFO] [stdout]                                at /rustc/a178d0322ce20e33eac124758e837cbd80a6f633/library/std/src/panic.rs:347:9
[INFO] [stdout]   34:     0x562813629e58 - std::panicking::try::do_call::h062597b7acfd6b82
[INFO] [stdout]                                at /rustc/a178d0322ce20e33eac124758e837cbd80a6f633/library/std/src/panicking.rs:401:40
[INFO] [stdout]   35:     0x562813629e58 - std::panicking::try::h0d7b79db04c14552
[INFO] [stdout]                                at /rustc/a178d0322ce20e33eac124758e837cbd80a6f633/library/std/src/panicking.rs:365:19
[INFO] [stdout]   36:     0x562813629e58 - std::panic::catch_unwind::hb01a0b5e7c8cd43b
[INFO] [stdout]                                at /rustc/a178d0322ce20e33eac124758e837cbd80a6f633/library/std/src/panic.rs:434:14
[INFO] [stdout]   37:     0x562813629e58 - std::thread::Builder::spawn_unchecked::{{closure}}::h5bde48cc887e0d1e
[INFO] [stdout]                                at /rustc/a178d0322ce20e33eac124758e837cbd80a6f633/library/std/src/thread/mod.rs:480:30
[INFO] [stdout]   38:     0x562813629e58 - core::ops::function::FnOnce::call_once{{vtable.shim}}::h745ea30807a29e55
[INFO] [stdout]                                at /rustc/a178d0322ce20e33eac124758e837cbd80a6f633/library/core/src/ops/function.rs:227:5
[INFO] [stdout]   39:     0x5628137e6907 - <alloc::boxed::Box<F,A> as core::ops::function::FnOnce<Args>>::call_once::h7ece6cfefaff1005
[INFO] [stdout]                                at /rustc/a178d0322ce20e33eac124758e837cbd80a6f633/library/alloc/src/boxed.rs:1575:9
[INFO] [stdout]   40:     0x5628137e6907 - <alloc::boxed::Box<F,A> as core::ops::function::FnOnce<Args>>::call_once::hb8b48e55c21f193e
[INFO] [stdout]                                at /rustc/a178d0322ce20e33eac124758e837cbd80a6f633/library/alloc/src/boxed.rs:1575:9
[INFO] [stdout]   41:     0x5628137e6907 - std::sys::unix::thread::Thread::new::thread_start::h8c7c4450dba62914
[INFO] [stdout]                                at /rustc/a178d0322ce20e33eac124758e837cbd80a6f633/library/std/src/sys/unix/thread.rs:71:17
[INFO] [stdout]   42:     0x7fc3e3c25609 - start_thread
[INFO] [stdout]   43:     0x7fc3e39f7293 - clone
[INFO] [stdout]   44:                0x0 - <unknown>
[INFO] [stdout] 
[INFO] [stdout] ---- tests::get_git_init_dir__target_file stdout ----
[INFO] [stdout] thread 'tests::get_git_init_dir__target_file' panicked at 'failed to git init: Os { code: 2, kind: NotFound, message: "No such file or directory" }', src/main.rs:295:18
[INFO] [stdout] stack backtrace:
[INFO] [stdout]    0:     0x5628137de290 - std::backtrace_rs::backtrace::libunwind::trace::h34055254b57d8e79
[INFO] [stdout]                                at /rustc/a178d0322ce20e33eac124758e837cbd80a6f633/library/std/src/../../backtrace/src/backtrace/libunwind.rs:90:5
[INFO] [stdout]    1:     0x5628137de290 - std::backtrace_rs::backtrace::trace_unsynchronized::h8f1e3fbd9afff6ec
[INFO] [stdout]                                at /rustc/a178d0322ce20e33eac124758e837cbd80a6f633/library/std/src/../../backtrace/src/backtrace/mod.rs:66:5
[INFO] [stdout]    2:     0x5628137de290 - std::sys_common::backtrace::_print_fmt::h3a99a796b770c360
[INFO] [stdout]                                at /rustc/a178d0322ce20e33eac124758e837cbd80a6f633/library/std/src/sys_common/backtrace.rs:67:5
[INFO] [stdout]    3:     0x5628137de290 - <std::sys_common::backtrace::_print::DisplayBacktrace as core::fmt::Display>::fmt::h32d1f94a80615d18
[INFO] [stdout]                                at /rustc/a178d0322ce20e33eac124758e837cbd80a6f633/library/std/src/sys_common/backtrace.rs:46:22
[INFO] [stdout]    4:     0x562813801fcc - core::fmt::write::h306731c068f7162c
[INFO] [stdout]                                at /rustc/a178d0322ce20e33eac124758e837cbd80a6f633/library/core/src/fmt/mod.rs:1110:17
[INFO] [stdout]    5:     0x5628137dac75 - std::io::Write::write_fmt::h87f19b0a2cd190bc
[INFO] [stdout]                                at /rustc/a178d0322ce20e33eac124758e837cbd80a6f633/library/std/src/io/mod.rs:1588:15
[INFO] [stdout]    6:     0x5628137e082b - std::sys_common::backtrace::_print::h5abaa2601a852287
[INFO] [stdout]                                at /rustc/a178d0322ce20e33eac124758e837cbd80a6f633/library/std/src/sys_common/backtrace.rs:49:5
[INFO] [stdout]    7:     0x5628137e082b - std::sys_common::backtrace::print::h8d81445442bb638f
[INFO] [stdout]                                at /rustc/a178d0322ce20e33eac124758e837cbd80a6f633/library/std/src/sys_common/backtrace.rs:36:9
[INFO] [stdout]    8:     0x5628137e082b - std::panicking::default_hook::{{closure}}::hcfe804496a9fa747
[INFO] [stdout]                                at /rustc/a178d0322ce20e33eac124758e837cbd80a6f633/library/std/src/panicking.rs:208:50
[INFO] [stdout]    9:     0x5628137e033c - std::panicking::default_hook::hbea8e3ccf2ba8901
[INFO] [stdout]                                at /rustc/a178d0322ce20e33eac124758e837cbd80a6f633/library/std/src/panicking.rs:222:9
[INFO] [stdout]   10:     0x5628137e0ef4 - std::panicking::rust_panic_with_hook::h7ee9e1a2d0f8975a
[INFO] [stdout]                                at /rustc/a178d0322ce20e33eac124758e837cbd80a6f633/library/std/src/panicking.rs:622:17
[INFO] [stdout]   11:     0x5628137e09d7 - std::panicking::begin_panic_handler::{{closure}}::h8ab3b4491718b2c7
[INFO] [stdout]                                at /rustc/a178d0322ce20e33eac124758e837cbd80a6f633/library/std/src/panicking.rs:519:13
[INFO] [stdout]   12:     0x5628137de78c - std::sys_common::backtrace::__rust_end_short_backtrace::hd489062ffa586a9f
[INFO] [stdout]                                at /rustc/a178d0322ce20e33eac124758e837cbd80a6f633/library/std/src/sys_common/backtrace.rs:141:18
[INFO] [stdout]   13:     0x5628137e0939 - rust_begin_unwind
[INFO] [stdout]                                at /rustc/a178d0322ce20e33eac124758e837cbd80a6f633/library/std/src/panicking.rs:515:5
[INFO] [stdout]   14:     0x56281361ab51 - core::panicking::panic_fmt::hca6330e3e14086b4
[INFO] [stdout]                                at /rustc/a178d0322ce20e33eac124758e837cbd80a6f633/library/core/src/panicking.rs:92:14
[INFO] [stdout]   15:     0x56281361ac43 - core::result::unwrap_failed::h6160d2b4bfbb0e87
[INFO] [stdout]                                at /rustc/a178d0322ce20e33eac124758e837cbd80a6f633/library/core/src/result.rs:1355:5
[INFO] [stdout]   16:     0x56281361f565 - core::result::Result<T,E>::expect::h06100a1d2c949999
[INFO] [stdout]                                at /rustc/a178d0322ce20e33eac124758e837cbd80a6f633/library/core/src/result.rs:997:23
[INFO] [stdout]   17:     0x562813621cc2 - git_remote_open::tests::TargetDir::new::h22978cb79ae9a036
[INFO] [stdout]                                at /opt/rustwide/workdir/src/main.rs:291:31
[INFO] [stdout]   18:     0x562813622c90 - git_remote_open::tests::get_git_init_dir__target_file::h2f335d66c34877c9
[INFO] [stdout]                                at /opt/rustwide/workdir/src/main.rs:395:26
[INFO] [stdout]   19:     0x562813622c4a - git_remote_open::tests::get_git_init_dir__target_file::{{closure}}::h4492e4cca8b8d301
[INFO] [stdout]                                at /opt/rustwide/workdir/src/main.rs:393:5
[INFO] [stdout]   20:     0x56281362014e - core::ops::function::FnOnce::call_once::haeb9258f02709631
[INFO] [stdout]                                at /rustc/a178d0322ce20e33eac124758e837cbd80a6f633/library/core/src/ops/function.rs:227:5
[INFO] [stdout]   21:     0x56281364e133 - core::ops::function::FnOnce::call_once::h152e7e439ff59e19
[INFO] [stdout]                                at /rustc/a178d0322ce20e33eac124758e837cbd80a6f633/library/core/src/ops/function.rs:227:5
[INFO] [stdout]   22:     0x56281364e133 - test::__rust_begin_short_backtrace::h0908f3b1fdbb72ab
[INFO] [stdout]                                at /rustc/a178d0322ce20e33eac124758e837cbd80a6f633/library/test/src/lib.rs:577:5
[INFO] [stdout]   23:     0x56281364cbf0 - <alloc::boxed::Box<F,A> as core::ops::function::FnOnce<Args>>::call_once::hf6d2a51e5587546c
[INFO] [stdout]                                at /rustc/a178d0322ce20e33eac124758e837cbd80a6f633/library/alloc/src/boxed.rs:1575:9
[INFO] [stdout]   24:     0x56281364cbf0 - <std::panic::AssertUnwindSafe<F> as core::ops::function::FnOnce<()>>::call_once::h8af660f3a89ef593
[INFO] [stdout]                                at /rustc/a178d0322ce20e33eac124758e837cbd80a6f633/library/std/src/panic.rs:347:9
[INFO] [stdout]   25:     0x56281364cbf0 - std::panicking::try::do_call::hd36aef60f84b6d36
[INFO] [stdout]                                at /rustc/a178d0322ce20e33eac124758e837cbd80a6f633/library/std/src/panicking.rs:401:40
[INFO] [stdout]   26:     0x56281364cbf0 - std::panicking::try::h9932b4480e69817c
[INFO] [stdout]                                at /rustc/a178d0322ce20e33eac124758e837cbd80a6f633/library/std/src/panicking.rs:365:19
[INFO] [stdout]   27:     0x56281364cbf0 - std::panic::catch_unwind::h6aa177099cfff5f8
[INFO] [stdout]                                at /rustc/a178d0322ce20e33eac124758e837cbd80a6f633/library/std/src/panic.rs:434:14
[INFO] [stdout]   28:     0x56281364cbf0 - test::run_test_in_process::h5884d6f2d99e20c3
[INFO] [stdout]                                at /rustc/a178d0322ce20e33eac124758e837cbd80a6f633/library/test/src/lib.rs:600:18
[INFO] [stdout]   29:     0x56281364cbf0 - test::run_test::run_test_inner::{{closure}}::h6fdc58c6d5f5b6e3
[INFO] [stdout]                                at /rustc/a178d0322ce20e33eac124758e837cbd80a6f633/library/test/src/lib.rs:492:39
[INFO] [stdout]   30:     0x5628136262a2 - test::run_test::run_test_inner::{{closure}}::h408365d67a78ade8
[INFO] [stdout]                                at /rustc/a178d0322ce20e33eac124758e837cbd80a6f633/library/test/src/lib.rs:519:37
[INFO] [stdout]   31:     0x5628136262a2 - std::sys_common::backtrace::__rust_begin_short_backtrace::hb560b77c4f701523
[INFO] [stdout]                                at /rustc/a178d0322ce20e33eac124758e837cbd80a6f633/library/std/src/sys_common/backtrace.rs:125:18
[INFO] [stdout]   32:     0x562813629e58 - std::thread::Builder::spawn_unchecked::{{closure}}::{{closure}}::hf2e7831dad93c597
[INFO] [stdout]                                at /rustc/a178d0322ce20e33eac124758e837cbd80a6f633/library/std/src/thread/mod.rs:481:17
[INFO] [stdout]   33:     0x562813629e58 - <std::panic::AssertUnwindSafe<F> as core::ops::function::FnOnce<()>>::call_once::hd2e08783d8be4d02
[INFO] [stdout]                                at /rustc/a178d0322ce20e33eac124758e837cbd80a6f633/library/std/src/panic.rs:347:9
[INFO] [stdout]   34:     0x562813629e58 - std::panicking::try::do_call::h062597b7acfd6b82
[INFO] [stdout]                                at /rustc/a178d0322ce20e33eac124758e837cbd80a6f633/library/std/src/panicking.rs:401:40
[INFO] [stdout]   35:     0x562813629e58 - std::panicking::try::h0d7b79db04c14552
[INFO] [stdout]                                at /rustc/a178d0322ce20e33eac124758e837cbd80a6f633/library/std/src/panicking.rs:365:19
[INFO] [stdout]   36:     0x562813629e58 - std::panic::catch_unwind::hb01a0b5e7c8cd43b
[INFO] [stdout]                                at /rustc/a178d0322ce20e33eac124758e837cbd80a6f633/library/std/src/panic.rs:434:14
[INFO] [stdout]   37:     0x562813629e58 - std::thread::Builder::spawn_unchecked::{{closure}}::h5bde48cc887e0d1e
[INFO] [stdout]                                at /rustc/a178d0322ce20e33eac124758e837cbd80a6f633/library/std/src/thread/mod.rs:480:30
[INFO] [stdout]   38:     0x562813629e58 - core::ops::function::FnOnce::call_once{{vtable.shim}}::h745ea30807a29e55
[INFO] [stdout]                                at /rustc/a178d0322ce20e33eac124758e837cbd80a6f633/library/core/src/ops/function.rs:227:5
[INFO] [stdout]   39:     0x5628137e6907 - <alloc::boxed::Box<F,A> as core::ops::function::FnOnce<Args>>::call_once::h7ece6cfefaff1005
[INFO] [stdout]                                at /rustc/a178d0322ce20e33eac124758e837cbd80a6f633/library/alloc/src/boxed.rs:1575:9
[INFO] [stdout]   40:     0x5628137e6907 - <alloc::boxed::Box<F,A> as core::ops::function::FnOnce<Args>>::call_once::hb8b48e55c21f193e
[INFO] [stdout]                                at /rustc/a178d0322ce20e33eac124758e837cbd80a6f633/library/alloc/src/boxed.rs:1575:9
[INFO] [stdout]   41:     0x5628137e6907 - std::sys::unix::thread::Thread::new::thread_start::h8c7c4450dba62914
[INFO] [stdout]                                at /rustc/a178d0322ce20e33eac124758e837cbd80a6f633/library/std/src/sys/unix/thread.rs:71:17
[INFO] [stdout]   42:     0x7fc3e3c25609 - start_thread
[INFO] [stdout]   43:     0x7fc3e39f7293 - clone
[INFO] [stdout]   44:                0x0 - <unknown>
[INFO] [stdout] 
[INFO] [stdout] ---- tests::github__html__get_remote_url stdout ----
[INFO] [stdout] thread 'tests::github__html__get_remote_url' panicked at 'failed to git init: Os { code: 2, kind: NotFound, message: "No such file or directory" }', src/main.rs:295:18
[INFO] [stdout] stack backtrace:
[INFO] [stdout]    0:     0x5628137de290 - std::backtrace_rs::backtrace::libunwind::trace::h34055254b57d8e79
[INFO] [stdout]                                at /rustc/a178d0322ce20e33eac124758e837cbd80a6f633/library/std/src/../../backtrace/src/backtrace/libunwind.rs:90:5
[INFO] [stdout]    1:     0x5628137de290 - std::backtrace_rs::backtrace::trace_unsynchronized::h8f1e3fbd9afff6ec
[INFO] [stdout]                                at /rustc/a178d0322ce20e33eac124758e837cbd80a6f633/library/std/src/../../backtrace/src/backtrace/mod.rs:66:5
[INFO] [stdout]    2:     0x5628137de290 - std::sys_common::backtrace::_print_fmt::h3a99a796b770c360
[INFO] [stdout]                                at /rustc/a178d0322ce20e33eac124758e837cbd80a6f633/library/std/src/sys_common/backtrace.rs:67:5
[INFO] [stdout]    3:     0x5628137de290 - <std::sys_common::backtrace::_print::DisplayBacktrace as core::fmt::Display>::fmt::h32d1f94a80615d18
[INFO] [stdout]                                at /rustc/a178d0322ce20e33eac124758e837cbd80a6f633/library/std/src/sys_common/backtrace.rs:46:22
[INFO] [stdout]    4:     0x562813801fcc - core::fmt::write::h306731c068f7162c
[INFO] [stdout]                                at /rustc/a178d0322ce20e33eac124758e837cbd80a6f633/library/core/src/fmt/mod.rs:1110:17
[INFO] [stdout]    5:     0x5628137dac75 - std::io::Write::write_fmt::h87f19b0a2cd190bc
[INFO] [stdout]                                at /rustc/a178d0322ce20e33eac124758e837cbd80a6f633/library/std/src/io/mod.rs:1588:15
[INFO] [stdout]    6:     0x5628137e082b - std::sys_common::backtrace::_print::h5abaa2601a852287
[INFO] [stdout]                                at /rustc/a178d0322ce20e33eac124758e837cbd80a6f633/library/std/src/sys_common/backtrace.rs:49:5
[INFO] [stdout]    7:     0x5628137e082b - std::sys_common::backtrace::print::h8d81445442bb638f
[INFO] [stdout]                                at /rustc/a178d0322ce20e33eac124758e837cbd80a6f633/library/std/src/sys_common/backtrace.rs:36:9
[INFO] [stdout]    8:     0x5628137e082b - std::panicking::default_hook::{{closure}}::hcfe804496a9fa747
[INFO] [stdout]                                at /rustc/a178d0322ce20e33eac124758e837cbd80a6f633/library/std/src/panicking.rs:208:50
[INFO] [stdout]    9:     0x5628137e033c - std::panicking::default_hook::hbea8e3ccf2ba8901
[INFO] [stdout]                                at /rustc/a178d0322ce20e33eac124758e837cbd80a6f633/library/std/src/panicking.rs:222:9
[INFO] [stdout]   10:     0x5628137e0ef4 - std::panicking::rust_panic_with_hook::h7ee9e1a2d0f8975a
[INFO] [stdout]                                at /rustc/a178d0322ce20e33eac124758e837cbd80a6f633/library/std/src/panicking.rs:622:17
[INFO] [stdout]   11:     0x5628137e09d7 - std::panicking::begin_panic_handler::{{closure}}::h8ab3b4491718b2c7
[INFO] [stdout]                                at /rustc/a178d0322ce20e33eac124758e837cbd80a6f633/library/std/src/panicking.rs:519:13
[INFO] [stdout]   12:     0x5628137de78c - std::sys_common::backtrace::__rust_end_short_backtrace::hd489062ffa586a9f
[INFO] [stdout]                                at /rustc/a178d0322ce20e33eac124758e837cbd80a6f633/library/std/src/sys_common/backtrace.rs:141:18
[INFO] [stdout]   13:     0x5628137e0939 - rust_begin_unwind
[INFO] [stdout]                                at /rustc/a178d0322ce20e33eac124758e837cbd80a6f633/library/std/src/panicking.rs:515:5
[INFO] [stdout]   14:     0x56281361ab51 - core::panicking::panic_fmt::hca6330e3e14086b4
[INFO] [stdout]                                at /rustc/a178d0322ce20e33eac124758e837cbd80a6f633/library/core/src/panicking.rs:92:14
[INFO] [stdout]   15:     0x56281361ac43 - core::result::unwrap_failed::h6160d2b4bfbb0e87
[INFO] [stdout]                                at /rustc/a178d0322ce20e33eac124758e837cbd80a6f633/library/core/src/result.rs:1355:5
[INFO] [stdout]   16:     0x56281361f565 - core::result::Result<T,E>::expect::h06100a1d2c949999
[INFO] [stdout]                                at /rustc/a178d0322ce20e33eac124758e837cbd80a6f633/library/core/src/result.rs:997:23
[INFO] [stdout]   17:     0x562813621cc2 - git_remote_open::tests::TargetDir::new::h22978cb79ae9a036
[INFO] [stdout]                                at /opt/rustwide/workdir/src/main.rs:291:31
[INFO] [stdout]   18:     0x562813622ae0 - git_remote_open::tests::github__html__get_remote_url::he76b28edbc24bb01
[INFO] [stdout]                                at /opt/rustwide/workdir/src/main.rs:388:26
[INFO] [stdout]   19:     0x562813622a9a - git_remote_open::tests::github__html__get_remote_url::{{closure}}::h9506aa8bf63c12c4
[INFO] [stdout]                                at /opt/rustwide/workdir/src/main.rs:386:5
[INFO] [stdout]   20:     0x56281362007e - core::ops::function::FnOnce::call_once::h741c4eac29566744
[INFO] [stdout]                                at /rustc/a178d0322ce20e33eac124758e837cbd80a6f633/library/core/src/ops/function.rs:227:5
[INFO] [stdout]   21:     0x56281364e133 - core::ops::function::FnOnce::call_once::h152e7e439ff59e19
[INFO] [stdout]                                at /rustc/a178d0322ce20e33eac124758e837cbd80a6f633/library/core/src/ops/function.rs:227:5
[INFO] [stdout]   22:     0x56281364e133 - test::__rust_begin_short_backtrace::h0908f3b1fdbb72ab
[INFO] [stdout]                                at /rustc/a178d0322ce20e33eac124758e837cbd80a6f633/library/test/src/lib.rs:577:5
[INFO] [stdout]   23:     0x56281364cbf0 - <alloc::boxed::Box<F,A> as core::ops::function::FnOnce<Args>>::call_once::hf6d2a51e5587546c
[INFO] [stdout]                                at /rustc/a178d0322ce20e33eac124758e837cbd80a6f633/library/alloc/src/boxed.rs:1575:9
[INFO] [stdout]   24:     0x56281364cbf0 - <std::panic::AssertUnwindSafe<F> as core::ops::function::FnOnce<()>>::call_once::h8af660f3a89ef593
[INFO] [stdout]                                at /rustc/a178d0322ce20e33eac124758e837cbd80a6f633/library/std/src/panic.rs:347:9
[INFO] [stdout]   25:     0x56281364cbf0 - std::panicking::try::do_call::hd36aef60f84b6d36
[INFO] [stdout]                                at /rustc/a178d0322ce20e33eac124758e837cbd80a6f633/library/std/src/panicking.rs:401:40
[INFO] [stdout]   26:     0x56281364cbf0 - std::panicking::try::h9932b4480e69817c
[INFO] [stdout]                                at /rustc/a178d0322ce20e33eac124758e837cbd80a6f633/library/std/src/panicking.rs:365:19
[INFO] [stdout]   27:     0x56281364cbf0 - std::panic::catch_unwind::h6aa177099cfff5f8
[INFO] [stdout]                                at /rustc/a178d0322ce20e33eac124758e837cbd80a6f633/library/std/src/panic.rs:434:14
[INFO] [stdout]   28:     0x56281364cbf0 - test::run_test_in_process::h5884d6f2d99e20c3
[INFO] [stdout]                                at /rustc/a178d0322ce20e33eac124758e837cbd80a6f633/library/test/src/lib.rs:600:18
[INFO] [stdout]   29:     0x56281364cbf0 - test::run_test::run_test_inner::{{closure}}::h6fdc58c6d5f5b6e3
[INFO] [stdout]                                at /rustc/a178d0322ce20e33eac124758e837cbd80a6f633/library/test/src/lib.rs:492:39
[INFO] [stdout]   30:     0x5628136262a2 - test::run_test::run_test_inner::{{closure}}::h408365d67a78ade8
[INFO] [stdout]                                at /rustc/a178d0322ce20e33eac124758e837cbd80a6f633/library/test/src/lib.rs:519:37
[INFO] [stdout]   31:     0x5628136262a2 - std::sys_common::backtrace::__rust_begin_short_backtrace::hb560b77c4f701523
[INFO] [stdout]                                at /rustc/a178d0322ce20e33eac124758e837cbd80a6f633/library/std/src/sys_common/backtrace.rs:125:18
[INFO] [stdout]   32:     0x562813629e58 - std::thread::Builder::spawn_unchecked::{{closure}}::{{closure}}::hf2e7831dad93c597
[INFO] [stdout]                                at /rustc/a178d0322ce20e33eac124758e837cbd80a6f633/library/std/src/thread/mod.rs:481:17
[INFO] [stdout]   33:     0x562813629e58 - <std::panic::AssertUnwindSafe<F> as core::ops::function::FnOnce<()>>::call_once::hd2e08783d8be4d02
[INFO] [stdout]                                at /rustc/a178d0322ce20e33eac124758e837cbd80a6f633/library/std/src/panic.rs:347:9
[INFO] [stdout]   34:     0x562813629e58 - std::panicking::try::do_call::h062597b7acfd6b82
[INFO] [stdout]                                at /rustc/a178d0322ce20e33eac124758e837cbd80a6f633/library/std/src/panicking.rs:401:40
[INFO] [stdout]   35:     0x562813629e58 - std::panicking::try::h0d7b79db04c14552
[INFO] [stdout]                                at /rustc/a178d0322ce20e33eac124758e837cbd80a6f633/library/std/src/panicking.rs:365:19
[INFO] [stdout]   36:     0x562813629e58 - std::panic::catch_unwind::hb01a0b5e7c8cd43b
[INFO] [stdout]                                at /rustc/a178d0322ce20e33eac124758e837cbd80a6f633/library/std/src/panic.rs:434:14
[INFO] [stdout]   37:     0x562813629e58 - std::thread::Builder::spawn_unchecked::{{closure}}::h5bde48cc887e0d1e
[INFO] [stdout]                                at /rustc/a178d0322ce20e33eac124758e837cbd80a6f633/library/std/src/thread/mod.rs:480:30
[INFO] [stdout]   38:     0x562813629e58 - core::ops::function::FnOnce::call_once{{vtable.shim}}::h745ea30807a29e55
[INFO] [stdout]                                at /rustc/a178d0322ce20e33eac124758e837cbd80a6f633/library/core/src/ops/function.rs:227:5
[INFO] [stdout]   39:     0x5628137e6907 - <alloc::boxed::Box<F,A> as core::ops::function::FnOnce<Args>>::call_once::h7ece6cfefaff1005
[INFO] [stdout]                                at /rustc/a178d0322ce20e33eac124758e837cbd80a6f633/library/alloc/src/boxed.rs:1575:9
[INFO] [stdout]   40:     0x5628137e6907 - <alloc::boxed::Box<F,A> as core::ops::function::FnOnce<Args>>::call_once::hb8b48e55c21f193e
[INFO] [stdout]                                at /rustc/a178d0322ce20e33eac124758e837cbd80a6f633/library/alloc/src/boxed.rs:1575:9
[INFO] [stdout]   41:     0x5628137e6907 - std::sys::unix::thread::Thread::new::thread_start::h8c7c4450dba62914
[INFO] [stdout]                                at /rustc/a178d0322ce20e33eac124758e837cbd80a6f633/library/std/src/sys/unix/thread.rs:71:17
[INFO] [stdout]   42:     0x7fc3e3c25609 - start_thread
[INFO] [stdout]   43:     0x7fc3e39f7293 - clone
[INFO] [stdout]   44:                0x0 - <unknown>
[INFO] [stdout] 
[INFO] [stdout] ---- tests::current_branch_name__new_branch stdout ----
[INFO] [stdout] thread 'tests::current_branch_name__new_branch' panicked at 'failed to git init: Os { code: 2, kind: NotFound, message: "No such file or directory" }', src/main.rs:295:18
[INFO] [stdout] stack backtrace:
[INFO] [stdout]    0:     0x5628137de290 - std::backtrace_rs::backtrace::libunwind::trace::h34055254b57d8e79
[INFO] [stdout]                                at /rustc/a178d0322ce20e33eac124758e837cbd80a6f633/library/std/src/../../backtrace/src/backtrace/libunwind.rs:90:5
[INFO] [stdout]    1:     0x5628137de290 - std::backtrace_rs::backtrace::trace_unsynchronized::h8f1e3fbd9afff6ec
[INFO] [stdout]                                at /rustc/a178d0322ce20e33eac124758e837cbd80a6f633/library/std/src/../../backtrace/src/backtrace/mod.rs:66:5
[INFO] [stdout]    2:     0x5628137de290 - std::sys_common::backtrace::_print_fmt::h3a99a796b770c360
[INFO] [stdout]                                at /rustc/a178d0322ce20e33eac124758e837cbd80a6f633/library/std/src/sys_common/backtrace.rs:67:5
[INFO] [stdout]    3:     0x5628137de290 - <std::sys_common::backtrace::_print::DisplayBacktrace as core::fmt::Display>::fmt::h32d1f94a80615d18
[INFO] [stdout]                                at /rustc/a178d0322ce20e33eac124758e837cbd80a6f633/library/std/src/sys_common/backtrace.rs:46:22
[INFO] [stdout]    4:     0x562813801fcc - core::fmt::write::h306731c068f7162c
[INFO] [stdout]                                at /rustc/a178d0322ce20e33eac124758e837cbd80a6f633/library/core/src/fmt/mod.rs:1110:17
[INFO] [stdout]    5:     0x5628137dac75 - std::io::Write::write_fmt::h87f19b0a2cd190bc
[INFO] [stdout]                                at /rustc/a178d0322ce20e33eac124758e837cbd80a6f633/library/std/src/io/mod.rs:1588:15
[INFO] [stdout]    6:     0x5628137e082b - std::sys_common::backtrace::_print::h5abaa2601a852287
[INFO] [stdout]                                at /rustc/a178d0322ce20e33eac124758e837cbd80a6f633/library/std/src/sys_common/backtrace.rs:49:5
[INFO] [stdout]    7:     0x5628137e082b - std::sys_common::backtrace::print::h8d81445442bb638f
[INFO] [stdout]                                at /rustc/a178d0322ce20e33eac124758e837cbd80a6f633/library/std/src/sys_common/backtrace.rs:36:9
[INFO] [stdout]    8:     0x5628137e082b - std::panicking::default_hook::{{closure}}::hcfe804496a9fa747
[INFO] [stdout]                                at /rustc/a178d0322ce20e33eac124758e837cbd80a6f633/library/std/src/panicking.rs:208:50
[INFO] [stdout]    9:     0x5628137e033c - std::panicking::default_hook::hbea8e3ccf2ba8901
[INFO] [stdout]                                at /rustc/a178d0322ce20e33eac124758e837cbd80a6f633/library/std/src/panicking.rs:222:9
[INFO] [stdout]   10:     0x5628137e0ef4 - std::panicking::rust_panic_with_hook::h7ee9e1a2d0f8975a
[INFO] [stdout]                                at /rustc/a178d0322ce20e33eac124758e837cbd80a6f633/library/std/src/panicking.rs:622:17
[INFO] [stdout]   11:     0x5628137e09d7 - std::panicking::begin_panic_handler::{{closure}}::h8ab3b4491718b2c7
[INFO] [stdout]                                at /rustc/a178d0322ce20e33eac124758e837cbd80a6f633/library/std/src/panicking.rs:519:13
[INFO] [stdout]   12:     0x5628137de78c - std::sys_common::backtrace::__rust_end_short_backtrace::hd489062ffa586a9f
[INFO] [stdout]                                at /rustc/a178d0322ce20e33eac124758e837cbd80a6f633/library/std/src/sys_common/backtrace.rs:141:18
[INFO] [stdout]   13:     0x5628137e0939 - rust_begin_unwind
[INFO] [stdout]                                at /rustc/a178d0322ce20e33eac124758e837cbd80a6f633/library/std/src/panicking.rs:515:5
[INFO] [stdout]   14:     0x56281361ab51 - core::panicking::panic_fmt::hca6330e3e14086b4
[INFO] [stdout]                                at /rustc/a178d0322ce20e33eac124758e837cbd80a6f633/library/core/src/panicking.rs:92:14
[INFO] [stdout]   15:     0x56281361ac43 - core::result::unwrap_failed::h6160d2b4bfbb0e87
[INFO] [stdout]                                at /rustc/a178d0322ce20e33eac124758e837cbd80a6f633/library/core/src/result.rs:1355:5
[INFO] [stdout]   16:     0x56281361f565 - core::result::Result<T,E>::expect::h06100a1d2c949999
[INFO] [stdout]                                at /rustc/a178d0322ce20e33eac124758e837cbd80a6f633/library/core/src/result.rs:997:23
[INFO] [stdout]   17:     0x562813621cc2 - git_remote_open::tests::TargetDir::new::h22978cb79ae9a036
[INFO] [stdout]                                at /opt/rustwide/workdir/src/main.rs:291:31
[INFO] [stdout]   18:     0x562813623760 - git_remote_open::tests::current_branch_name__new_branch::hc9afc5f8cc8aed31
[INFO] [stdout]                                at /opt/rustwide/workdir/src/main.rs:448:26
[INFO] [stdout]   19:     0x56281362371a - git_remote_open::tests::current_branch_name__new_branch::{{closure}}::h3f9debcb729a0aff
[INFO] [stdout]                                at /opt/rustwide/workdir/src/main.rs:446:5
[INFO] [stdout]   20:     0x56281362018e - core::ops::function::FnOnce::call_once::hb2f57b4f1cd1825a
[INFO] [stdout]                                at /rustc/a178d0322ce20e33eac124758e837cbd80a6f633/library/core/src/ops/function.rs:227:5
[INFO] [stdout]   21:     0x56281364e133 - core::ops::function::FnOnce::call_once::h152e7e439ff59e19
[INFO] [stdout]                                at /rustc/a178d0322ce20e33eac124758e837cbd80a6f633/library/core/src/ops/function.rs:227:5
[INFO] [stdout]   22:     0x56281364e133 - test::__rust_begin_short_backtrace::h0908f3b1fdbb72ab
[INFO] [stdout]                                at /rustc/a178d0322ce20e33eac124758e837cbd80a6f633/library/test/src/lib.rs:577:5
[INFO] [stdout]   23:     0x56281364cbf0 - <alloc::boxed::Box<F,A> as core::ops::function::FnOnce<Args>>::call_once::hf6d2a51e5587546c
[INFO] [stdout]                                at /rustc/a178d0322ce20e33eac124758e837cbd80a6f633/library/alloc/src/boxed.rs:1575:9
[INFO] [stdout]   24:     0x56281364cbf0 - <std::panic::AssertUnwindSafe<F> as core::ops::function::FnOnce<()>>::call_once::h8af660f3a89ef593
[INFO] [stdout]                                at /rustc/a178d0322ce20e33eac124758e837cbd80a6f633/library/std/src/panic.rs:347:9
[INFO] [stdout]   25:     0x56281364cbf0 - std::panicking::try::do_call::hd36aef60f84b6d36
[INFO] [stdout]                                at /rustc/a178d0322ce20e33eac124758e837cbd80a6f633/library/std/src/panicking.rs:401:40
[INFO] [stdout]   26:     0x56281364cbf0 - std::panicking::try::h9932b4480e69817c
[INFO] [stdout]                                at /rustc/a178d0322ce20e33eac124758e837cbd80a6f633/library/std/src/panicking.rs:365:19
[INFO] [stdout]   27:     0x56281364cbf0 - std::panic::catch_unwind::h6aa177099cfff5f8
[INFO] [stdout]                                at /rustc/a178d0322ce20e33eac124758e837cbd80a6f633/library/std/src/panic.rs:434:14
[INFO] [stdout]   28:     0x56281364cbf0 - test::run_test_in_process::h5884d6f2d99e20c3
[INFO] [stdout]                                at /rustc/a178d0322ce20e33eac124758e837cbd80a6f633/library/test/src/lib.rs:600:18
[INFO] [stdout]   29:     0x56281364cbf0 - test::run_test::run_test_inner::{{closure}}::h6fdc58c6d5f5b6e3
[INFO] [stdout]                                at /rustc/a178d0322ce20e33eac124758e837cbd80a6f633/library/test/src/lib.rs:492:39
[INFO] [stdout]   30:     0x5628136262a2 - test::run_test::run_test_inner::{{closure}}::h408365d67a78ade8
[INFO] [stdout]                                at /rustc/a178d0322ce20e33eac124758e837cbd80a6f633/library/test/src/lib.rs:519:37
[INFO] [stdout]   31:     0x5628136262a2 - std::sys_common::backtrace::__rust_begin_short_backtrace::hb560b77c4f701523
[INFO] [stdout]                                at /rustc/a178d0322ce20e33eac124758e837cbd80a6f633/library/std/src/sys_common/backtrace.rs:125:18
[INFO] [stdout]   32:     0x562813629e58 - std::thread::Builder::spawn_unchecked::{{closure}}::{{closure}}::hf2e7831dad93c597
[INFO] [stdout]                                at /rustc/a178d0322ce20e33eac124758e837cbd80a6f633/library/std/src/thread/mod.rs:481:17
[INFO] [stdout]   33:     0x562813629e58 - <std::panic::AssertUnwindSafe<F> as core::ops::function::FnOnce<()>>::call_once::hd2e08783d8be4d02
[INFO] [stdout]                                at /rustc/a178d0322ce20e33eac124758e837cbd80a6f633/library/std/src/panic.rs:347:9
[INFO] [stdout]   34:     0x562813629e58 - std::panicking::try::do_call::h062597b7acfd6b82
[INFO] [stdout]                                at /rustc/a178d0322ce20e33eac124758e837cbd80a6f633/library/std/src/panicking.rs:401:40
[INFO] [stdout]   35:     0x562813629e58 - std::panicking::try::h0d7b79db04c14552
[INFO] [stdout]                                at /rustc/a178d0322ce20e33eac124758e837cbd80a6f633/library/std/src/panicking.rs:365:19
[INFO] [stdout]   36:     0x562813629e58 - std::panic::catch_unwind::hb01a0b5e7c8cd43b
[INFO] [stdout]                                at /rustc/a178d0322ce20e33eac124758e837cbd80a6f633/library/std/src/panic.rs:434:14
[INFO] [stdout]   37:     0x562813629e58 - std::thread::Builder::spawn_unchecked::{{closure}}::h5bde48cc887e0d1e
[INFO] [stdout]                                at /rustc/a178d0322ce20e33eac124758e837cbd80a6f633/library/std/src/thread/mod.rs:480:30
[INFO] [stdout]   38:     0x562813629e58 - core::ops::function::FnOnce::call_once{{vtable.shim}}::h745ea30807a29e55
[INFO] [stdout]                                at /rustc/a178d0322ce20e33eac124758e837cbd80a6f633/library/core/src/ops/function.rs:227:5
[INFO] [stdout]   39:     0x5628137e6907 - <alloc::boxed::Box<F,A> as core::ops::function::FnOnce<Args>>::call_once::h7ece6cfefaff1005
[INFO] [stdout]                                at /rustc/a178d0322ce20e33eac124758e837cbd80a6f633/library/alloc/src/boxed.rs:1575:9
[INFO] [stdout]   40:     0x5628137e6907 - <alloc::boxed::Box<F,A> as core::ops::function::FnOnce<Args>>::call_once::hb8b48e55c21f193e
[INFO] [stdout]                                at /rustc/a178d0322ce20e33eac124758e837cbd80a6f633/library/alloc/src/boxed.rs:1575:9
[INFO] [stdout]   41:     0x5628137e6907 - std::sys::unix::thread::Thread::new::thread_start::h8c7c4450dba62914
[INFO] [stdout]                                at /rustc/a178d0322ce20e33eac124758e837cbd80a6f633/library/std/src/sys/unix/thread.rs:71:17
[INFO] [stdout]   42:     0x7fc3e3c25609 - start_thread
[INFO] [stdout]   43:     0x7fc3e39f7293 - clone
[INFO] [stdout]   44:                0x0 - <unknown>
[INFO] [stdout] 
[INFO] [stdout] 
[INFO] [stdout] failures:
[INFO] [stdout]     tests::current_branch_name__master
[INFO] [stdout]     tests::current_branch_name__new_branch
[INFO] [stdout]     tests::get_git_init_dir__target_dir
[INFO] [stdout]     tests::get_git_init_dir__target_file
[INFO] [stdout]     tests::github__html__get_remote_url
[INFO] [stdout]     tests::github__ssh__get_remote_url
[INFO] [stdout] 
[INFO] [stdout] test result: FAILED. 2 passed; 6 failed; 0 ignored; 0 measured; 0 filtered out; finished in 0.11s
[INFO] [stdout] 
[INFO] [stderr] error: test failed, to rerun pass '--bin git-remote-open'
[INFO] running `Command { std: "docker" "inspect" "180e6bab417ff5d004bd78b5af56416f2c2a25833751b59d342b2c74a686e7a8", kill_on_drop: false }`
[INFO] running `Command { std: "docker" "rm" "-f" "180e6bab417ff5d004bd78b5af56416f2c2a25833751b59d342b2c74a686e7a8", kill_on_drop: false }`
[INFO] [stdout] 180e6bab417ff5d004bd78b5af56416f2c2a25833751b59d342b2c74a686e7a8
