[INFO] cloning repository https://github.com/ksato9700/aozora-pubserver
[INFO] running `Command { std: "git" "-c" "credential.helper=" "-c" "credential.helper=/workspace/cargo-home/bin/git-credential-null" "clone" "--bare" "https://github.com/ksato9700/aozora-pubserver" "/workspace/cache/git-repos/https%3A%2F%2Fgithub.com%2Fksato9700%2Faozora-pubserver", kill_on_drop: false }`
[INFO] [stderr] Cloning into bare repository '/workspace/cache/git-repos/https%3A%2F%2Fgithub.com%2Fksato9700%2Faozora-pubserver'...
[INFO] running `Command { std: "git" "rev-parse" "HEAD", kill_on_drop: false }`
[INFO] [stdout] 67bb5e27ab9ade025567b338588c42ccea5f7087
[INFO] testing ksato9700/aozora-pubserver against beta-2021-08-01 for beta-1.55-1
[INFO] running `Command { std: "git" "clone" "/workspace/cache/git-repos/https%3A%2F%2Fgithub.com%2Fksato9700%2Faozora-pubserver" "/workspace/builds/worker-4/source", kill_on_drop: false }`
[INFO] [stderr] Cloning into '/workspace/builds/worker-4/source'...
[INFO] [stderr] done.
[INFO] validating manifest of git repo https://github.com/ksato9700/aozora-pubserver on toolchain beta-2021-08-01
[INFO] running `Command { std: "/workspace/cargo-home/bin/cargo" "+beta-2021-08-01" "metadata" "--manifest-path" "Cargo.toml" "--no-deps", kill_on_drop: false }`
[INFO] started tweaking git repo https://github.com/ksato9700/aozora-pubserver
[INFO] finished tweaking git repo https://github.com/ksato9700/aozora-pubserver
[INFO] tweaked toml for git repo https://github.com/ksato9700/aozora-pubserver written to /workspace/builds/worker-4/source/Cargo.toml
[INFO] crate git repo https://github.com/ksato9700/aozora-pubserver already has a lockfile, it will not be regenerated
[INFO] running `Command { std: "/workspace/cargo-home/bin/cargo" "+beta-2021-08-01" "fetch" "--manifest-path" "Cargo.toml", kill_on_drop: false }`
[INFO] [stderr]     Blocking waiting for file lock on package cache
[INFO] [stderr]  Downloading crates ...
[INFO] [stderr]   Downloaded proc-macro-error v0.4.9
[INFO] [stderr]   Downloaded enum-as-inner v0.3.0
[INFO] [stderr]   Downloaded bson v0.14.0
[INFO] [stderr]   Downloaded proc-macro-error-attr v0.4.9
[INFO] [stderr]   Downloaded os_info v1.3.3
[INFO] [stderr]   Downloaded err-derive v0.2.2
[INFO] [stderr]   Downloaded trust-dns-proto v0.8.0
[INFO] [stderr]   Downloaded mongodb v0.9.0
[INFO] [stderr]   Downloaded trust-dns-resolver v0.12.0
[INFO] running `Command { std: "docker" "create" "-v" "/var/lib/crater-agent-workspace/builds/worker-4/target:/opt/rustwide/target:rw,Z" "-v" "/var/lib/crater-agent-workspace/builds/worker-4/source:/opt/rustwide/workdir:ro,Z" "-v" "/var/lib/crater-agent-workspace/cargo-home:/opt/rustwide/cargo-home:ro,Z" "-v" "/var/lib/crater-agent-workspace/rustup-home:/opt/rustwide/rustup-home:ro,Z" "-e" "SOURCE_DIR=/opt/rustwide/workdir" "-e" "CARGO_TARGET_DIR=/opt/rustwide/target" "-e" "CARGO_HOME=/opt/rustwide/cargo-home" "-e" "RUSTUP_HOME=/opt/rustwide/rustup-home" "-w" "/opt/rustwide/workdir" "-m" "1610612736" "--user" "0:0" "--network" "none" "ghcr.io/rust-lang/crates-build-env/linux@sha256:34b6a614d2c27851fe6cbf88fbd1137609cefab8b10d0615aaeb6fd47975d74e" "/opt/rustwide/cargo-home/bin/cargo" "+beta-2021-08-01" "metadata" "--no-deps" "--format-version=1", kill_on_drop: false }`
[INFO] [stdout] 8c870a3112b9cc9b40b39e455a813a4e4dfae956c12cf0cb536662e867463c13
[INFO] [stderr] WARNING: Your kernel does not support swap limit capabilities or the cgroup is not mounted. Memory limited without swap.
[INFO] running `Command { std: "docker" "start" "-a" "8c870a3112b9cc9b40b39e455a813a4e4dfae956c12cf0cb536662e867463c13", kill_on_drop: false }`
[INFO] running `Command { std: "docker" "inspect" "8c870a3112b9cc9b40b39e455a813a4e4dfae956c12cf0cb536662e867463c13", kill_on_drop: false }`
[INFO] running `Command { std: "docker" "rm" "-f" "8c870a3112b9cc9b40b39e455a813a4e4dfae956c12cf0cb536662e867463c13", kill_on_drop: false }`
[INFO] [stdout] 8c870a3112b9cc9b40b39e455a813a4e4dfae956c12cf0cb536662e867463c13
[INFO] running `Command { std: "docker" "create" "-v" "/var/lib/crater-agent-workspace/builds/worker-4/target:/opt/rustwide/target:rw,Z" "-v" "/var/lib/crater-agent-workspace/builds/worker-4/source:/opt/rustwide/workdir:ro,Z" "-v" "/var/lib/crater-agent-workspace/cargo-home:/opt/rustwide/cargo-home:ro,Z" "-v" "/var/lib/crater-agent-workspace/rustup-home:/opt/rustwide/rustup-home:ro,Z" "-e" "SOURCE_DIR=/opt/rustwide/workdir" "-e" "CARGO_TARGET_DIR=/opt/rustwide/target" "-e" "CARGO_INCREMENTAL=0" "-e" "RUST_BACKTRACE=full" "-e" "RUSTFLAGS=--cap-lints=warn" "-e" "CARGO_HOME=/opt/rustwide/cargo-home" "-e" "RUSTUP_HOME=/opt/rustwide/rustup-home" "-w" "/opt/rustwide/workdir" "-m" "1610612736" "--user" "0:0" "--network" "none" "ghcr.io/rust-lang/crates-build-env/linux@sha256:34b6a614d2c27851fe6cbf88fbd1137609cefab8b10d0615aaeb6fd47975d74e" "/opt/rustwide/cargo-home/bin/cargo" "+beta-2021-08-01" "build" "--frozen" "--message-format=json", kill_on_drop: false }`
[INFO] [stdout] 780c9ce57d94d10d3e842b3006b485bbf812522897c20d865a87f547210f88ee
[INFO] [stderr] WARNING: Your kernel does not support swap limit capabilities or the cgroup is not mounted. Memory limited without swap.
[INFO] running `Command { std: "docker" "start" "-a" "780c9ce57d94d10d3e842b3006b485bbf812522897c20d865a87f547210f88ee", kill_on_drop: false }`
[INFO] [stderr]    Compiling syn v1.0.14
[INFO] [stderr]    Compiling memchr v2.3.2
[INFO] [stderr]    Compiling syn v0.15.44
[INFO] [stderr]    Compiling os_info v1.3.3
[INFO] [stderr]    Compiling ring v0.16.11
[INFO] [stderr]    Compiling brotli-sys v0.3.2
[INFO] [stderr]    Compiling tokio-sync v0.1.8
[INFO] [stderr]    Compiling bytestring v0.1.4
[INFO] [stderr]    Compiling stringprep v0.1.2
[INFO] [stderr]    Compiling getrandom v0.1.14
[INFO] [stderr]    Compiling parking_lot_core v0.7.0
[INFO] [stderr]    Compiling socket2 v0.3.11
[INFO] [stderr]    Compiling hostname v0.1.5
[INFO] [stderr]    Compiling rand v0.5.6
[INFO] [stderr]    Compiling flate2 v1.0.13
[INFO] [stderr]    Compiling mio v0.6.21
[INFO] [stderr]    Compiling tokio-executor v0.1.10
[INFO] [stderr]    Compiling bytes v0.4.12
[INFO] [stderr]    Compiling threadpool v1.7.1
[INFO] [stderr]    Compiling backtrace v0.3.44
[INFO] [stderr]    Compiling resolv-conf v0.6.2
[INFO] [stderr]    Compiling rand_core v0.5.1
[INFO] [stderr]    Compiling parking_lot v0.10.0
[INFO] [stderr]    Compiling sha2 v0.8.1
[INFO] [stderr]    Compiling md-5 v0.8.0
[INFO] [stderr]    Compiling tokio-timer v0.2.13
[INFO] [stderr]    Compiling tokio-current-thread v0.1.7
[INFO] [stderr]    Compiling mio-uds v0.6.7
[INFO] [stderr]    Compiling tokio-io v0.1.13
[INFO] [stderr]    Compiling rand_chacha v0.2.1
[INFO] [stderr]    Compiling tokio-threadpool v0.1.18
[INFO] [stderr]    Compiling pbkdf2 v0.3.0
[INFO] [stderr]    Compiling rand v0.7.3
[INFO] [stderr]    Compiling tokio v0.2.11
[INFO] [stderr]    Compiling aho-corasick v0.7.8
[INFO] [stderr]    Compiling tokio-reactor v0.1.12
[INFO] [stderr]    Compiling tokio-codec v0.1.2
[INFO] [stderr]    Compiling tokio-fs v0.1.7
[INFO] [stderr]    Compiling tokio-udp v0.1.6
[INFO] [stderr]    Compiling tokio-tcp v0.1.4
[INFO] [stderr]    Compiling tokio-uds v0.2.6
[INFO] [stderr]    Compiling tokio v0.1.22
[INFO] [stderr]    Compiling regex v1.3.4
[INFO] [stderr]    Compiling tokio-util v0.2.0
[INFO] [stderr]    Compiling env_logger v0.7.1
[INFO] [stderr]    Compiling webpki v0.21.2
[INFO] [stderr]    Compiling sct v0.6.0
[INFO] [stderr]    Compiling actix-codec v0.2.0
[INFO] [stderr]    Compiling rustls v0.16.0
[INFO] [stderr]    Compiling webpki-roots v0.18.0
[INFO] [stderr]    Compiling brotli2 v0.3.2
[INFO] [stderr]    Compiling synstructure v0.12.3
[INFO] [stderr]    Compiling syn-mid v0.5.0
[INFO] [stderr]    Compiling enum-as-inner v0.2.1
[INFO] [stderr]    Compiling typed-builder v0.3.0
[INFO] [stderr]    Compiling derivative v1.0.3
[INFO] [stderr]    Compiling proc-macro-hack v0.5.11
[INFO] [stderr]    Compiling serde_derive v1.0.104
[INFO] [stderr]    Compiling derive_more v0.99.2
[INFO] [stderr]    Compiling failure_derive v0.1.6
[INFO] [stderr]    Compiling pin-project-internal v0.4.8
[INFO] [stderr]    Compiling actix-macros v0.1.1
[INFO] [stderr]    Compiling rustversion v1.0.2
[INFO] [stderr]    Compiling enum-as-inner v0.3.0
[INFO] [stderr]    Compiling async-trait v0.1.24
[INFO] [stderr]    Compiling serde_with_macros v1.1.0
[INFO] [stderr]    Compiling actix-web-codegen v0.2.0
[INFO] [stderr]    Compiling proc-macro-error v0.4.9
[INFO] [stderr]    Compiling proc-macro-error-attr v0.4.9
[INFO] [stderr]    Compiling err-derive v0.2.2
[INFO] [stderr]    Compiling failure v0.1.6
[INFO] [stderr]    Compiling futures-macro v0.3.4
[INFO] [stderr]    Compiling trust-dns-proto v0.8.0
[INFO] [stderr]    Compiling pin-project v0.4.8
[INFO] [stderr]    Compiling futures-util v0.3.4
[INFO] [stderr]    Compiling actix-threadpool v0.3.1
[INFO] [stderr]    Compiling trust-dns-resolver v0.12.0
[INFO] [stderr]    Compiling serde v1.0.104
[INFO] [stderr]    Compiling futures-executor v0.3.4
[INFO] [stderr]    Compiling actix-service v1.0.5
[INFO] [stderr]    Compiling h2 v0.2.1
[INFO] [stderr]    Compiling futures v0.3.4
[INFO] [stderr]    Compiling actix-rt v1.0.0
[INFO] [stderr]    Compiling trust-dns-proto v0.18.0-alpha.2
[INFO] [stderr]    Compiling actix-utils v1.0.6
[INFO] [stderr]    Compiling actix-server v1.0.1
[INFO] [stderr]    Compiling actix-tls v1.0.0
[INFO] [stderr]    Compiling trust-dns-resolver v0.18.0-alpha.2
[INFO] [stderr]    Compiling serde_json v1.0.48
[INFO] [stderr]    Compiling chrono v0.4.10
[INFO] [stderr]    Compiling serde_urlencoded v0.6.1
[INFO] [stderr]    Compiling serde_with v1.4.0
[INFO] [stderr]    Compiling actix-router v0.2.4
[INFO] [stderr]    Compiling actix-testing v1.0.0
[INFO] [stderr]    Compiling bson v0.14.0
[INFO] [stderr]    Compiling actix-connect v1.0.2
[INFO] [stderr]    Compiling actix-http v1.0.1
[INFO] [stderr]    Compiling mongodb v0.9.0
[INFO] [stderr]    Compiling awc v1.0.1
[INFO] [stderr]    Compiling actix-web v2.0.0
[INFO] [stderr]    Compiling aozora-pubserver v0.1.0 (/opt/rustwide/workdir)
[INFO] [stderr]     Finished dev [unoptimized + debuginfo] target(s) in 1m 48s
[INFO] running `Command { std: "docker" "inspect" "780c9ce57d94d10d3e842b3006b485bbf812522897c20d865a87f547210f88ee", kill_on_drop: false }`
[INFO] running `Command { std: "docker" "rm" "-f" "780c9ce57d94d10d3e842b3006b485bbf812522897c20d865a87f547210f88ee", kill_on_drop: false }`
[INFO] [stdout] 780c9ce57d94d10d3e842b3006b485bbf812522897c20d865a87f547210f88ee
[INFO] running `Command { std: "docker" "create" "-v" "/var/lib/crater-agent-workspace/builds/worker-4/target:/opt/rustwide/target:rw,Z" "-v" "/var/lib/crater-agent-workspace/builds/worker-4/source:/opt/rustwide/workdir:ro,Z" "-v" "/var/lib/crater-agent-workspace/cargo-home:/opt/rustwide/cargo-home:ro,Z" "-v" "/var/lib/crater-agent-workspace/rustup-home:/opt/rustwide/rustup-home:ro,Z" "-e" "SOURCE_DIR=/opt/rustwide/workdir" "-e" "CARGO_TARGET_DIR=/opt/rustwide/target" "-e" "CARGO_INCREMENTAL=0" "-e" "RUST_BACKTRACE=full" "-e" "RUSTFLAGS=--cap-lints=warn" "-e" "CARGO_HOME=/opt/rustwide/cargo-home" "-e" "RUSTUP_HOME=/opt/rustwide/rustup-home" "-w" "/opt/rustwide/workdir" "-m" "1610612736" "--user" "0:0" "--network" "none" "ghcr.io/rust-lang/crates-build-env/linux@sha256:34b6a614d2c27851fe6cbf88fbd1137609cefab8b10d0615aaeb6fd47975d74e" "/opt/rustwide/cargo-home/bin/cargo" "+beta-2021-08-01" "test" "--frozen" "--no-run" "--message-format=json", kill_on_drop: false }`
[INFO] [stdout] 511de598632b683bb328ffa7bd55a1ef84b868f5ba4e9528d0715d32efe1523d
[INFO] [stderr] WARNING: Your kernel does not support swap limit capabilities or the cgroup is not mounted. Memory limited without swap.
[INFO] running `Command { std: "docker" "start" "-a" "511de598632b683bb328ffa7bd55a1ef84b868f5ba4e9528d0715d32efe1523d", kill_on_drop: false }`
[INFO] [stderr]    Compiling aozora-pubserver v0.1.0 (/opt/rustwide/workdir)
[INFO] [stderr]     Finished test [unoptimized + debuginfo] target(s) in 12.56s
[INFO] running `Command { std: "docker" "inspect" "511de598632b683bb328ffa7bd55a1ef84b868f5ba4e9528d0715d32efe1523d", kill_on_drop: false }`
[INFO] running `Command { std: "docker" "rm" "-f" "511de598632b683bb328ffa7bd55a1ef84b868f5ba4e9528d0715d32efe1523d", kill_on_drop: false }`
[INFO] [stdout] 511de598632b683bb328ffa7bd55a1ef84b868f5ba4e9528d0715d32efe1523d
[INFO] running `Command { std: "docker" "create" "-v" "/var/lib/crater-agent-workspace/builds/worker-4/target:/opt/rustwide/target:rw,Z" "-v" "/var/lib/crater-agent-workspace/builds/worker-4/source:/opt/rustwide/workdir:ro,Z" "-v" "/var/lib/crater-agent-workspace/cargo-home:/opt/rustwide/cargo-home:ro,Z" "-v" "/var/lib/crater-agent-workspace/rustup-home:/opt/rustwide/rustup-home:ro,Z" "-e" "SOURCE_DIR=/opt/rustwide/workdir" "-e" "CARGO_TARGET_DIR=/opt/rustwide/target" "-e" "CARGO_INCREMENTAL=0" "-e" "RUST_BACKTRACE=full" "-e" "RUSTFLAGS=--cap-lints=warn" "-e" "CARGO_HOME=/opt/rustwide/cargo-home" "-e" "RUSTUP_HOME=/opt/rustwide/rustup-home" "-w" "/opt/rustwide/workdir" "-m" "1610612736" "--user" "0:0" "--network" "none" "ghcr.io/rust-lang/crates-build-env/linux@sha256:34b6a614d2c27851fe6cbf88fbd1137609cefab8b10d0615aaeb6fd47975d74e" "/opt/rustwide/cargo-home/bin/cargo" "+beta-2021-08-01" "test" "--frozen", kill_on_drop: false }`
[INFO] [stderr] WARNING: Your kernel does not support swap limit capabilities or the cgroup is not mounted. Memory limited without swap.
[INFO] [stdout] db38636da6c41c81911e625f8ae36654364eed8f1a729da8fee299644806d122
[INFO] running `Command { std: "docker" "start" "-a" "db38636da6c41c81911e625f8ae36654364eed8f1a729da8fee299644806d122", kill_on_drop: false }`
[INFO] [stderr]     Blocking waiting for file lock on package cache
[INFO] [stderr]     Finished test [unoptimized + debuginfo] target(s) in 0.64s
[INFO] [stdout] 
[INFO] [stderr]      Running unittests (/opt/rustwide/target/debug/deps/aozora_pubserver-636c21ec5b0738ce)
[INFO] [stdout] running 1 test
[INFO] [stdout] test book::tests::test_single_book_ok ... FAILED
[INFO] [stdout] 
[INFO] [stdout] failures:
[INFO] [stdout] 
[INFO] [stdout] ---- book::tests::test_single_book_ok stdout ----
[INFO] [stdout] thread 'book::tests::test_single_book_ok' panicked at 'attempted to leave type `linked_hash_map::Node<std::string::String, bson::Bson>` uninitialized, which is invalid', /rustc/53fd98ca776cb875bc9e5514f56b52eb74f9e7a9/library/core/src/mem/mod.rs:663:9
[INFO] [stdout] stack backtrace:
[INFO] [stdout]    0:     0x56214f094600 - std::backtrace_rs::backtrace::libunwind::trace::hff4d1766e93f64f1
[INFO] [stdout]                                at /rustc/53fd98ca776cb875bc9e5514f56b52eb74f9e7a9/library/std/src/../../backtrace/src/backtrace/libunwind.rs:90:5
[INFO] [stdout]    1:     0x56214f094600 - std::backtrace_rs::backtrace::trace_unsynchronized::h56bbc8eb78770bcb
[INFO] [stdout]                                at /rustc/53fd98ca776cb875bc9e5514f56b52eb74f9e7a9/library/std/src/../../backtrace/src/backtrace/mod.rs:66:5
[INFO] [stdout]    2:     0x56214f094600 - std::sys_common::backtrace::_print_fmt::h5c8e75464faca780
[INFO] [stdout]                                at /rustc/53fd98ca776cb875bc9e5514f56b52eb74f9e7a9/library/std/src/sys_common/backtrace.rs:67:5
[INFO] [stdout]    3:     0x56214f094600 - <std::sys_common::backtrace::_print::DisplayBacktrace as core::fmt::Display>::fmt::h48b88277def8b362
[INFO] [stdout]                                at /rustc/53fd98ca776cb875bc9e5514f56b52eb74f9e7a9/library/std/src/sys_common/backtrace.rs:46:22
[INFO] [stdout]    4:     0x56214f0b8a6c - core::fmt::write::h3381b3176fe2b3d3
[INFO] [stdout]                                at /rustc/53fd98ca776cb875bc9e5514f56b52eb74f9e7a9/library/core/src/fmt/mod.rs:1115:17
[INFO] [stdout]    5:     0x56214f08d5e5 - std::io::Write::write_fmt::h5f34a676f60246b5
[INFO] [stdout]                                at /rustc/53fd98ca776cb875bc9e5514f56b52eb74f9e7a9/library/std/src/io/mod.rs:1665:15
[INFO] [stdout]    6:     0x56214f09681b - std::sys_common::backtrace::_print::ha537687d6c17dd0d
[INFO] [stdout]                                at /rustc/53fd98ca776cb875bc9e5514f56b52eb74f9e7a9/library/std/src/sys_common/backtrace.rs:49:5
[INFO] [stdout]    7:     0x56214f09681b - std::sys_common::backtrace::print::h61376ae57d131d72
[INFO] [stdout]                                at /rustc/53fd98ca776cb875bc9e5514f56b52eb74f9e7a9/library/std/src/sys_common/backtrace.rs:36:9
[INFO] [stdout]    8:     0x56214f09681b - std::panicking::default_hook::{{closure}}::h0f7208c0b9644a54
[INFO] [stdout]                                at /rustc/53fd98ca776cb875bc9e5514f56b52eb74f9e7a9/library/std/src/panicking.rs:208:50
[INFO] [stdout]    9:     0x56214f09632c - std::panicking::default_hook::hdac7fc06578c14ce
[INFO] [stdout]                                at /rustc/53fd98ca776cb875bc9e5514f56b52eb74f9e7a9/library/std/src/panicking.rs:222:9
[INFO] [stdout]   10:     0x56214f096ee4 - std::panicking::rust_panic_with_hook::h72b21c283da3d1ef
[INFO] [stdout]                                at /rustc/53fd98ca776cb875bc9e5514f56b52eb74f9e7a9/library/std/src/panicking.rs:622:17
[INFO] [stdout]   11:     0x56214f096997 - std::panicking::begin_panic_handler::{{closure}}::he5778f1729cff84a
[INFO] [stdout]                                at /rustc/53fd98ca776cb875bc9e5514f56b52eb74f9e7a9/library/std/src/panicking.rs:517:13
[INFO] [stdout]   12:     0x56214f094adc - std::sys_common::backtrace::__rust_end_short_backtrace::h2d11ca8b453b4b1d
[INFO] [stdout]                                at /rustc/53fd98ca776cb875bc9e5514f56b52eb74f9e7a9/library/std/src/sys_common/backtrace.rs:141:18
[INFO] [stdout]   13:     0x56214f096929 - rust_begin_unwind
[INFO] [stdout]                                at /rustc/53fd98ca776cb875bc9e5514f56b52eb74f9e7a9/library/std/src/panicking.rs:515:5
[INFO] [stdout]   14:     0x56214e6f1b81 - core::panicking::panic_fmt::hf9de31d4acbce4db
[INFO] [stdout]                                at /rustc/53fd98ca776cb875bc9e5514f56b52eb74f9e7a9/library/core/src/panicking.rs:92:14
[INFO] [stdout]   15:     0x56214e6f1acd - core::panicking::panic::h8a6bc58a21c6c095
[INFO] [stdout]                                at /rustc/53fd98ca776cb875bc9e5514f56b52eb74f9e7a9/library/core/src/panicking.rs:50:5
[INFO] [stdout]   16:     0x56214ec67d5a - core::mem::uninitialized::hfff8b2bef09861fd
[INFO] [stdout]                                at /rustc/53fd98ca776cb875bc9e5514f56b52eb74f9e7a9/library/core/src/mem/mod.rs:663:9
[INFO] [stdout]   17:     0x56214ec67d5a - linked_hash_map::LinkedHashMap<K,V,S>::ensure_guard_node::h8a1642ba7db257fb
[INFO] [stdout]                                at /opt/rustwide/cargo-home/registry/src/github.com-1ecc6299db9ec823/linked-hash-map-0.5.2/src/lib.rs:174:52
[INFO] [stdout]   18:     0x56214ec6802c - linked_hash_map::LinkedHashMap<K,V,S>::insert::hcb72db5e611ee625
[INFO] [stdout]                                at /opt/rustwide/cargo-home/registry/src/github.com-1ecc6299db9ec823/linked-hash-map-0.5.2/src/lib.rs:304:9
[INFO] [stdout]   19:     0x56214ec61ece - bson::ordered::OrderedDocument::insert_bson::hc8b881b093404281
[INFO] [stdout]                                at /opt/rustwide/cargo-home/registry/src/github.com-1ecc6299db9ec823/bson-0.14.0/src/ordered.rs:475:9
[INFO] [stdout]   20:     0x56214e8c3437 - <mongodb::cmap::establish::handshake::BASE_HANDSHAKE_DOCUMENT as core::ops::deref::Deref>::deref::__static_ref_initialize::h41a49d152c34c529
[INFO] [stdout]                                at /opt/rustwide/cargo-home/registry/src/github.com-1ecc6299db9ec823/mongodb-0.9.0/src/cmap/establish/handshake.rs:16:23
[INFO] [stdout]   21:     0x56214e8c3437 - core::ops::function::FnOnce::call_once::h3b1b33f541501b45
[INFO] [stdout]                                at /rustc/53fd98ca776cb875bc9e5514f56b52eb74f9e7a9/library/core/src/ops/function.rs:227:5
[INFO] [stdout]   22:     0x56214e8bca11 - lazy_static::lazy::Lazy<T>::get::{{closure}}::he38be0d0d5eeb185
[INFO] [stdout]                                at /opt/rustwide/cargo-home/registry/src/github.com-1ecc6299db9ec823/lazy_static-1.4.0/src/inline_lazy.rs:31:29
[INFO] [stdout]   23:     0x56214e8c11de - std::sync::once::Once::call_once::{{closure}}::h918e221bf4d6acc6
[INFO] [stdout]                                at /rustc/53fd98ca776cb875bc9e5514f56b52eb74f9e7a9/library/std/src/sync/once.rs:261:41
[INFO] [stdout]   24:     0x56214e6f0c4c - std::sync::once::Once::call_inner::h35a51d54c8f07530
[INFO] [stdout]                                at /rustc/53fd98ca776cb875bc9e5514f56b52eb74f9e7a9/library/std/src/sync/once.rs:418:21
[INFO] [stdout]   25:     0x56214e8c0b58 - std::sync::once::Once::call_once::h17f722d211007d21
[INFO] [stdout]                                at /rustc/53fd98ca776cb875bc9e5514f56b52eb74f9e7a9/library/std/src/sync/once.rs:261:9
[INFO] [stdout]   26:     0x56214e870b26 - lazy_static::lazy::Lazy<T>::get::h4f9d291c52343252
[INFO] [stdout]                                at /opt/rustwide/cargo-home/registry/src/github.com-1ecc6299db9ec823/lazy_static-1.4.0/src/inline_lazy.rs:30:9
[INFO] [stdout]   27:     0x56214e870b26 - <mongodb::cmap::establish::handshake::BASE_HANDSHAKE_DOCUMENT as core::ops::deref::Deref>::deref::__stability::h140e0b70818102e2
[INFO] [stdout]                                at /opt/rustwide/cargo-home/registry/src/github.com-1ecc6299db9ec823/lazy_static-1.4.0/src/lib.rs:142:21
[INFO] [stdout]   28:     0x56214e870b26 - <mongodb::cmap::establish::handshake::BASE_HANDSHAKE_DOCUMENT as core::ops::deref::Deref>::deref::hdb1f57c4d569ed79
[INFO] [stdout]                                at /opt/rustwide/cargo-home/registry/src/github.com-1ecc6299db9ec823/lazy_static-1.4.0/src/lib.rs:144:17
[INFO] [stdout]   29:     0x56214e86fab3 - mongodb::cmap::establish::handshake::Handshaker::new::h86eeda5b2646cd44
[INFO] [stdout]                                at /opt/rustwide/cargo-home/registry/src/github.com-1ecc6299db9ec823/mongodb-0.9.0/src/cmap/establish/handshake.rs:61:28
[INFO] [stdout]   30:     0x56214e8035b2 - mongodb::cmap::establish::ConnectionEstablisher::new::h96ae7493d75a5d14
[INFO] [stdout]                                at /opt/rustwide/cargo-home/registry/src/github.com-1ecc6299db9ec823/mongodb-0.9.0/src/cmap/establish/mod.rs:18:26
[INFO] [stdout]   31:     0x56214e8ccad8 - mongodb::cmap::ConnectionPool::new::h27169f6b4cec08ed
[INFO] [stdout]                                at /opt/rustwide/cargo-home/registry/src/github.com-1ecc6299db9ec823/mongodb-0.9.0/src/cmap/mod.rs:134:27
[INFO] [stdout]   32:     0x56214e7c8303 - mongodb::sdam::state::server::Server::new::hf10eefa24d64ee95
[INFO] [stdout]                                at /opt/rustwide/cargo-home/registry/src/github.com-1ecc6299db9ec823/mongodb-0.9.0/src/sdam/state/server.rs:38:19
[INFO] [stdout]   33:     0x56214e804f73 - mongodb::sdam::state::Topology::add_new_server::h993c0794df782281
[INFO] [stdout]                                at /opt/rustwide/cargo-home/registry/src/github.com-1ecc6299db9ec823/mongodb-0.9.0/src/sdam/state/mod.rs:131:31
[INFO] [stdout]   34:     0x56214e8049d8 - mongodb::sdam::state::Topology::new::hf572027c9369926b
[INFO] [stdout]                                at /opt/rustwide/cargo-home/registry/src/github.com-1ecc6299db9ec823/mongodb-0.9.0/src/sdam/state/mod.rs:87:17
[INFO] [stdout]   35:     0x56214e8010da - mongodb::client::Client::with_options::he5f67518f33798ff
[INFO] [stdout]                                at /opt/rustwide/cargo-home/registry/src/github.com-1ecc6299db9ec823/mongodb-0.9.0/src/client/mod.rs:93:23
[INFO] [stdout]   36:     0x56214e800ef3 - mongodb::client::Client::with_uri_str::h162ae6dfaa6402d8
[INFO] [stdout]                                at /opt/rustwide/cargo-home/registry/src/github.com-1ecc6299db9ec823/mongodb-0.9.0/src/client/mod.rs:85:9
[INFO] [stdout]   37:     0x56214e73abcd - aozora_pubserver::db_mongo::DbClient::new::hffbcee30dfa19cd5
[INFO] [stdout]                                at /opt/rustwide/workdir/src/db_mongo.rs:24:21
[INFO] [stdout]   38:     0x56214e6f414e - aozora_pubserver::book::get_book_by_id::{{closure}}::hcf14244dc365ff7e
[INFO] [stdout]                                at /opt/rustwide/workdir/src/book.rs:93:12
[INFO] [stdout]   39:     0x56214e7774b9 - <core::future::from_generator::GenFuture<T> as core::future::future::Future>::poll::h03211817e1664432
[INFO] [stdout]                                at /rustc/53fd98ca776cb875bc9e5514f56b52eb74f9e7a9/library/core/src/future/mod.rs:80:19
[INFO] [stdout]   40:     0x56214e76b61a - <actix_web::handler::HandlerServiceResponse<T,R> as core::future::future::Future>::poll::h94ed7b2a4675f5f9
[INFO] [stdout]                                at /opt/rustwide/cargo-home/registry/src/github.com-1ecc6299db9ec823/actix-web-2.0.0/src/handler.rs:138:15
[INFO] [stdout]   41:     0x56214e76edf3 - <actix_web::handler::ExtractResponse<T,S> as core::future::future::Future>::poll::hb1eb260cd871597b
[INFO] [stdout]                                at /opt/rustwide/cargo-home/registry/src/github.com-1ecc6299db9ec823/actix-web-2.0.0/src/handler.rs:247:20
[INFO] [stdout]   42:     0x56214e76f3d4 - <actix_web::handler::ExtractResponse<T,S> as core::future::future::Future>::poll::hb1eb260cd871597b
[INFO] [stdout]                                at /opt/rustwide/cargo-home/registry/src/github.com-1ecc6299db9ec823/actix-web-2.0.0/src/handler.rs:258:17
[INFO] [stdout]   43:     0x56214e753c8a - <futures_util::future::future::map::Map<Fut,F> as core::future::future::Future>::poll::ha22200ff309db22a
[INFO] [stdout]                                at /opt/rustwide/cargo-home/registry/src/github.com-1ecc6299db9ec823/futures-util-0.3.4/src/future/future/map.rs:40:9
[INFO] [stdout]   44:     0x56214eca7da9 - <core::pin::Pin<P> as core::future::future::Future>::poll::h6b43d98e2d99156d
[INFO] [stdout]                                at /rustc/53fd98ca776cb875bc9e5514f56b52eb74f9e7a9/library/core/src/future/future.rs:119:9
[INFO] [stdout]   45:     0x56214eca7da9 - <core::pin::Pin<P> as core::future::future::Future>::poll::h6b43d98e2d99156d
[INFO] [stdout]                                at /rustc/53fd98ca776cb875bc9e5514f56b52eb74f9e7a9/library/core/src/future/future.rs:119:9
[INFO] [stdout]   46:     0x56214ec88bc3 - <futures_util::future::either::Either<A,B> as core::future::future::Future>::poll::h46bcf3b0fc566ffc
[INFO] [stdout]                                at /opt/rustwide/cargo-home/registry/src/github.com-1ecc6299db9ec823/futures-util-0.3.4/src/future/either.rs:63:37
[INFO] [stdout]   47:     0x56214eca7da9 - <core::pin::Pin<P> as core::future::future::Future>::poll::h6b43d98e2d99156d
[INFO] [stdout]                                at /rustc/53fd98ca776cb875bc9e5514f56b52eb74f9e7a9/library/core/src/future/future.rs:119:9
[INFO] [stdout]   48:     0x56214e74eee0 - actix_web::test::call_service::{{closure}}::hc1072cf349adb8c4
[INFO] [stdout]                                at /opt/rustwide/cargo-home/registry/src/github.com-1ecc6299db9ec823/actix-web-2.0.0/src/test.rs:123:5
[INFO] [stdout]   49:     0x56214e777657 - <core::future::from_generator::GenFuture<T> as core::future::future::Future>::poll::h79f3597f3a15a390
[INFO] [stdout]                                at /rustc/53fd98ca776cb875bc9e5514f56b52eb74f9e7a9/library/core/src/future/mod.rs:80:19
[INFO] [stdout]   50:     0x56214e76fd16 - aozora_pubserver::book::tests::test_single_book_ok::{{closure}}::h9efc7756e676390b
[INFO] [stdout]                                at /opt/rustwide/workdir/src/book.rs:134:15
[INFO] [stdout]   51:     0x56214e77759b - <core::future::from_generator::GenFuture<T> as core::future::future::Future>::poll::h38e4ffb214d7436d
[INFO] [stdout]                                at /rustc/53fd98ca776cb875bc9e5514f56b52eb74f9e7a9/library/core/src/future/mod.rs:80:19
[INFO] [stdout]   52:     0x56214e75e040 - <tokio::task::local::LocalFuture<F> as core::future::future::Future>::poll::{{closure}}::h001a8884b27c8841
[INFO] [stdout]                                at /opt/rustwide/cargo-home/registry/src/github.com-1ecc6299db9ec823/tokio-0.2.11/src/task/local.rs:403:42
[INFO] [stdout]   53:     0x56214e75da67 - tokio::task::local::Scheduler::with::{{closure}}::hfa8e2ee592fdc069
[INFO] [stdout]                                at /opt/rustwide/cargo-home/registry/src/github.com-1ecc6299db9ec823/tokio-0.2.11/src/task/local.rs:478:13
[INFO] [stdout]   54:     0x56214e73e414 - std::thread::local::LocalKey<T>::try_with::hb3bf3d6beb409690
[INFO] [stdout]                                at /rustc/53fd98ca776cb875bc9e5514f56b52eb74f9e7a9/library/std/src/thread/local.rs:399:16
[INFO] [stdout]   55:     0x56214e73df76 - std::thread::local::LocalKey<T>::with::h8c72afc397b19b86
[INFO] [stdout]                                at /rustc/53fd98ca776cb875bc9e5514f56b52eb74f9e7a9/library/std/src/thread/local.rs:375:9
[INFO] [stdout]   56:     0x56214e75d97e - tokio::task::local::Scheduler::with::h1e2c1ad93876e504
[INFO] [stdout]                                at /opt/rustwide/cargo-home/registry/src/github.com-1ecc6299db9ec823/tokio-0.2.11/src/task/local.rs:474:9
[INFO] [stdout]   57:     0x56214e75dfe3 - <tokio::task::local::LocalFuture<F> as core::future::future::Future>::poll::h558372b0404e2a37
[INFO] [stdout]                                at /opt/rustwide/cargo-home/registry/src/github.com-1ecc6299db9ec823/tokio-0.2.11/src/task/local.rs:402:9
[INFO] [stdout]   58:     0x56214e75d886 - tokio::task::local::LocalSet::run_until::{{closure}}::h1fa1e4f18750d85a
[INFO] [stdout]                                at /opt/rustwide/cargo-home/registry/src/github.com-1ecc6299db9ec823/tokio-0.2.11/src/task/local.rs:358:9
[INFO] [stdout]   59:     0x56214e77784b - <core::future::from_generator::GenFuture<T> as core::future::future::Future>::poll::hf480aade2696ea88
[INFO] [stdout]                                at /rustc/53fd98ca776cb875bc9e5514f56b52eb74f9e7a9/library/core/src/future/mod.rs:80:19
[INFO] [stdout]   60:     0x56214e7760b1 - tokio::runtime::basic_scheduler::BasicScheduler<P>::block_on::h8e40ee9bcf8384bd
[INFO] [stdout]                                at /opt/rustwide/cargo-home/registry/src/github.com-1ecc6299db9ec823/tokio-0.2.11/src/runtime/basic_scheduler.rs:138:31
[INFO] [stdout]   61:     0x56214e755138 - tokio::runtime::Runtime::block_on::{{closure}}::hd3cfa8e953320c2b
[INFO] [stdout]                                at /opt/rustwide/cargo-home/registry/src/github.com-1ecc6299db9ec823/tokio-0.2.11/src/runtime/mod.rs:411:34
[INFO] [stdout]   62:     0x56214e7551b2 - tokio::runtime::context::enter::hb503b739cd9000c9
[INFO] [stdout]                                at /opt/rustwide/cargo-home/registry/src/github.com-1ecc6299db9ec823/tokio-0.2.11/src/runtime/context.rs:72:5
[INFO] [stdout]   63:     0x56214e754fe8 - tokio::runtime::handle::Handle::enter::h341991fcbbea79af
[INFO] [stdout]                                at /opt/rustwide/cargo-home/registry/src/github.com-1ecc6299db9ec823/tokio-0.2.11/src/runtime/handle.rs:34:9
[INFO] [stdout]   64:     0x56214e75507a - tokio::runtime::Runtime::block_on::hf6f3a6505ea35c80
[INFO] [stdout]                                at /opt/rustwide/cargo-home/registry/src/github.com-1ecc6299db9ec823/tokio-0.2.11/src/runtime/mod.rs:408:9
[INFO] [stdout]   65:     0x56214e75d5f6 - tokio::task::local::LocalSet::block_on::h5e0a9d053c1491bf
[INFO] [stdout]                                at /opt/rustwide/cargo-home/registry/src/github.com-1ecc6299db9ec823/tokio-0.2.11/src/task/local.rs:321:9
[INFO] [stdout]   66:     0x56214e74e3d3 - actix_rt::runtime::Runtime::block_on::h1cdd1fbf69dba4a5
[INFO] [stdout]                                at /opt/rustwide/cargo-home/registry/src/github.com-1ecc6299db9ec823/actix-rt-1.0.0/src/runtime.rs:89:19
[INFO] [stdout]   67:     0x56214e73a500 - actix_rt::builder::SystemRunner::block_on::hc2294accb7cf48a1
[INFO] [stdout]                                at /opt/rustwide/cargo-home/registry/src/github.com-1ecc6299db9ec823/actix-rt-1.0.0/src/builder.rs:187:19
[INFO] [stdout]   68:     0x56214e76f72e - aozora_pubserver::book::tests::test_single_book_ok::h3196961b9a7ea33f
[INFO] [stdout]                                at /opt/rustwide/workdir/src/book.rs:127:3
[INFO] [stdout]   69:     0x56214e76f6ca - aozora_pubserver::book::tests::test_single_book_ok::{{closure}}::h071a311a1f6dc6f1
[INFO] [stdout]                                at /opt/rustwide/workdir/src/book.rs:127:3
[INFO] [stdout]   70:     0x56214e73e6ae - core::ops::function::FnOnce::call_once::hd4bf9b1227116248
[INFO] [stdout]                                at /rustc/53fd98ca776cb875bc9e5514f56b52eb74f9e7a9/library/core/src/ops/function.rs:227:5
[INFO] [stdout]   71:     0x56214e7b7c83 - core::ops::function::FnOnce::call_once::hbb52c4519d3137b0
[INFO] [stdout]                                at /rustc/53fd98ca776cb875bc9e5514f56b52eb74f9e7a9/library/core/src/ops/function.rs:227:5
[INFO] [stdout]   72:     0x56214e7b7c83 - test::__rust_begin_short_backtrace::h86fe3a2a5a5121af
[INFO] [stdout]                                at /rustc/53fd98ca776cb875bc9e5514f56b52eb74f9e7a9/library/test/src/lib.rs:578:5
[INFO] [stdout]   73:     0x56214e7b6738 - <alloc::boxed::Box<F,A> as core::ops::function::FnOnce<Args>>::call_once::hfd956bc3d57399be
[INFO] [stdout]                                at /rustc/53fd98ca776cb875bc9e5514f56b52eb74f9e7a9/library/alloc/src/boxed.rs:1572:9
[INFO] [stdout]   74:     0x56214e7b6738 - <std::panic::AssertUnwindSafe<F> as core::ops::function::FnOnce<()>>::call_once::h40dc93e0ddb5938a
[INFO] [stdout]                                at /rustc/53fd98ca776cb875bc9e5514f56b52eb74f9e7a9/library/std/src/panic.rs:347:9
[INFO] [stdout]   75:     0x56214e7b6738 - std::panicking::try::do_call::h90d07750cb47c562
[INFO] [stdout]                                at /rustc/53fd98ca776cb875bc9e5514f56b52eb74f9e7a9/library/std/src/panicking.rs:401:40
[INFO] [stdout]   76:     0x56214e7b6738 - std::panicking::try::h063c84733ad2a629
[INFO] [stdout]                                at /rustc/53fd98ca776cb875bc9e5514f56b52eb74f9e7a9/library/std/src/panicking.rs:365:19
[INFO] [stdout]   77:     0x56214e7b6738 - std::panic::catch_unwind::h0c464836a84e7c08
[INFO] [stdout]                                at /rustc/53fd98ca776cb875bc9e5514f56b52eb74f9e7a9/library/std/src/panic.rs:434:14
[INFO] [stdout]   78:     0x56214e7b6738 - test::run_test_in_process::h5cb06ef620b157fc
[INFO] [stdout]                                at /rustc/53fd98ca776cb875bc9e5514f56b52eb74f9e7a9/library/test/src/lib.rs:601:18
[INFO] [stdout]   79:     0x56214e7b6738 - test::run_test::run_test_inner::{{closure}}::h76f677f4b93f9828
[INFO] [stdout]                                at /rustc/53fd98ca776cb875bc9e5514f56b52eb74f9e7a9/library/test/src/lib.rs:493:39
[INFO] [stdout]   80:     0x56214e784ecd - test::run_test::run_test_inner::{{closure}}::h366d01fe04f4d67a
[INFO] [stdout]                                at /rustc/53fd98ca776cb875bc9e5514f56b52eb74f9e7a9/library/test/src/lib.rs:520:37
[INFO] [stdout]   81:     0x56214e784ecd - std::sys_common::backtrace::__rust_begin_short_backtrace::h7dfa0de4eb395af2
[INFO] [stdout]                                at /rustc/53fd98ca776cb875bc9e5514f56b52eb74f9e7a9/library/std/src/sys_common/backtrace.rs:125:18
[INFO] [stdout]   82:     0x56214e789698 - std::thread::Builder::spawn_unchecked::{{closure}}::{{closure}}::hf0a74bb58798037f
[INFO] [stdout]                                at /rustc/53fd98ca776cb875bc9e5514f56b52eb74f9e7a9/library/std/src/thread/mod.rs:476:17
[INFO] [stdout]   83:     0x56214e789698 - <std::panic::AssertUnwindSafe<F> as core::ops::function::FnOnce<()>>::call_once::hb024e854818586ac
[INFO] [stdout]                                at /rustc/53fd98ca776cb875bc9e5514f56b52eb74f9e7a9/library/std/src/panic.rs:347:9
[INFO] [stdout]   84:     0x56214e789698 - std::panicking::try::do_call::hb2dd9f1d0d48e41d
[INFO] [stdout]                                at /rustc/53fd98ca776cb875bc9e5514f56b52eb74f9e7a9/library/std/src/panicking.rs:401:40
[INFO] [stdout]   85:     0x56214e789698 - std::panicking::try::h4717ae7bac8b2bf3
[INFO] [stdout]                                at /rustc/53fd98ca776cb875bc9e5514f56b52eb74f9e7a9/library/std/src/panicking.rs:365:19
[INFO] [stdout]   86:     0x56214e789698 - std::panic::catch_unwind::h0dc8a061326ce8d8
[INFO] [stdout]                                at /rustc/53fd98ca776cb875bc9e5514f56b52eb74f9e7a9/library/std/src/panic.rs:434:14
[INFO] [stdout]   87:     0x56214e789698 - std::thread::Builder::spawn_unchecked::{{closure}}::haa369e2d6fd00aa1
[INFO] [stdout]                                at /rustc/53fd98ca776cb875bc9e5514f56b52eb74f9e7a9/library/std/src/thread/mod.rs:475:30
[INFO] [stdout]   88:     0x56214e789698 - core::ops::function::FnOnce::call_once{{vtable.shim}}::h36dcf3de8b056f17
[INFO] [stdout]                                at /rustc/53fd98ca776cb875bc9e5514f56b52eb74f9e7a9/library/core/src/ops/function.rs:227:5
[INFO] [stdout]   89:     0x56214f09c667 - <alloc::boxed::Box<F,A> as core::ops::function::FnOnce<Args>>::call_once::h65c29e4642be2358
[INFO] [stdout]                                at /rustc/53fd98ca776cb875bc9e5514f56b52eb74f9e7a9/library/alloc/src/boxed.rs:1572:9
[INFO] [stdout]   90:     0x56214f09c667 - <alloc::boxed::Box<F,A> as core::ops::function::FnOnce<Args>>::call_once::hd0f8f7fbbd9fffbf
[INFO] [stdout]                                at /rustc/53fd98ca776cb875bc9e5514f56b52eb74f9e7a9/library/alloc/src/boxed.rs:1572:9
[INFO] [stdout]   91:     0x56214f09c667 - std::sys::unix::thread::Thread::new::thread_start::h2fd22fee3ca77b65
[INFO] [stdout]                                at /rustc/53fd98ca776cb875bc9e5514f56b52eb74f9e7a9/library/std/src/sys/unix/thread.rs:74:17
[INFO] [stdout]   92:     0x7fbe670c6609 - start_thread
[INFO] [stdout]   93:     0x7fbe66e98293 - clone
[INFO] [stdout]   94:                0x0 - <unknown>
[INFO] [stdout] Panic in Arbiter thread.
[INFO] [stdout] 
[INFO] [stdout] 
[INFO] [stdout] failures:
[INFO] [stdout]     book::tests::test_single_book_ok
[INFO] [stdout] 
[INFO] [stdout] test result: FAILED. 0 passed; 1 failed; 0 ignored; 0 measured; 0 filtered out; finished in 0.11s
[INFO] [stdout] 
[INFO] [stderr] error: test failed, to rerun pass '--bin aozora-pubserver'
[INFO] running `Command { std: "docker" "inspect" "db38636da6c41c81911e625f8ae36654364eed8f1a729da8fee299644806d122", kill_on_drop: false }`
[INFO] running `Command { std: "docker" "rm" "-f" "db38636da6c41c81911e625f8ae36654364eed8f1a729da8fee299644806d122", kill_on_drop: false }`
[INFO] [stdout] db38636da6c41c81911e625f8ae36654364eed8f1a729da8fee299644806d122
