[INFO] cloning repository https://github.com/krsmanian1972/mail_monit
[INFO] running `Command { std: "git" "-c" "credential.helper=" "-c" "credential.helper=/workspace/cargo-home/bin/git-credential-null" "clone" "--bare" "https://github.com/krsmanian1972/mail_monit" "/workspace/cache/git-repos/https%3A%2F%2Fgithub.com%2Fkrsmanian1972%2Fmail_monit", kill_on_drop: false }`
[INFO] [stderr] Cloning into bare repository '/workspace/cache/git-repos/https%3A%2F%2Fgithub.com%2Fkrsmanian1972%2Fmail_monit'...
[INFO] running `Command { std: "git" "rev-parse" "HEAD", kill_on_drop: false }`
[INFO] [stdout] bb48b71322317a49b43d1e04ff5e430b733792a8
[INFO] testing krsmanian1972/mail_monit against 1.54.0 for beta-1.55-1
[INFO] running `Command { std: "git" "clone" "/workspace/cache/git-repos/https%3A%2F%2Fgithub.com%2Fkrsmanian1972%2Fmail_monit" "/workspace/builds/worker-6/source", kill_on_drop: false }`
[INFO] [stderr] Cloning into '/workspace/builds/worker-6/source'...
[INFO] [stderr] done.
[INFO] validating manifest of git repo https://github.com/krsmanian1972/mail_monit on toolchain 1.54.0
[INFO] running `Command { std: "/workspace/cargo-home/bin/cargo" "+1.54.0" "metadata" "--manifest-path" "Cargo.toml" "--no-deps", kill_on_drop: false }`
[INFO] started tweaking git repo https://github.com/krsmanian1972/mail_monit
[INFO] finished tweaking git repo https://github.com/krsmanian1972/mail_monit
[INFO] tweaked toml for git repo https://github.com/krsmanian1972/mail_monit written to /workspace/builds/worker-6/source/Cargo.toml
[INFO] crate git repo https://github.com/krsmanian1972/mail_monit already has a lockfile, it will not be regenerated
[INFO] running `Command { std: "/workspace/cargo-home/bin/cargo" "+1.54.0" "fetch" "--manifest-path" "Cargo.toml", kill_on_drop: false }`
[INFO] running `Command { std: "docker" "create" "-v" "/var/lib/crater-agent-workspace/builds/worker-6/target:/opt/rustwide/target:rw,Z" "-v" "/var/lib/crater-agent-workspace/builds/worker-6/source:/opt/rustwide/workdir:ro,Z" "-v" "/var/lib/crater-agent-workspace/cargo-home:/opt/rustwide/cargo-home:ro,Z" "-v" "/var/lib/crater-agent-workspace/rustup-home:/opt/rustwide/rustup-home:ro,Z" "-e" "SOURCE_DIR=/opt/rustwide/workdir" "-e" "CARGO_TARGET_DIR=/opt/rustwide/target" "-e" "CARGO_HOME=/opt/rustwide/cargo-home" "-e" "RUSTUP_HOME=/opt/rustwide/rustup-home" "-w" "/opt/rustwide/workdir" "-m" "1610612736" "--user" "0:0" "--network" "none" "ghcr.io/rust-lang/crates-build-env/linux@sha256:34b6a614d2c27851fe6cbf88fbd1137609cefab8b10d0615aaeb6fd47975d74e" "/opt/rustwide/cargo-home/bin/cargo" "+1.54.0" "metadata" "--no-deps" "--format-version=1", kill_on_drop: false }`
[INFO] [stderr] WARNING: Your kernel does not support swap limit capabilities or the cgroup is not mounted. Memory limited without swap.
[INFO] [stdout] 58ddc202ab1e0b7746cf43d9bdb94972f11db7db8a99053fd456a423bc96ed34
[INFO] running `Command { std: "docker" "start" "-a" "58ddc202ab1e0b7746cf43d9bdb94972f11db7db8a99053fd456a423bc96ed34", kill_on_drop: false }`
[INFO] running `Command { std: "docker" "inspect" "58ddc202ab1e0b7746cf43d9bdb94972f11db7db8a99053fd456a423bc96ed34", kill_on_drop: false }`
[INFO] running `Command { std: "docker" "rm" "-f" "58ddc202ab1e0b7746cf43d9bdb94972f11db7db8a99053fd456a423bc96ed34", kill_on_drop: false }`
[INFO] [stdout] 58ddc202ab1e0b7746cf43d9bdb94972f11db7db8a99053fd456a423bc96ed34
[INFO] running `Command { std: "docker" "create" "-v" "/var/lib/crater-agent-workspace/builds/worker-6/target:/opt/rustwide/target:rw,Z" "-v" "/var/lib/crater-agent-workspace/builds/worker-6/source:/opt/rustwide/workdir:ro,Z" "-v" "/var/lib/crater-agent-workspace/cargo-home:/opt/rustwide/cargo-home:ro,Z" "-v" "/var/lib/crater-agent-workspace/rustup-home:/opt/rustwide/rustup-home:ro,Z" "-e" "SOURCE_DIR=/opt/rustwide/workdir" "-e" "CARGO_TARGET_DIR=/opt/rustwide/target" "-e" "CARGO_INCREMENTAL=0" "-e" "RUST_BACKTRACE=full" "-e" "RUSTFLAGS=--cap-lints=warn" "-e" "CARGO_HOME=/opt/rustwide/cargo-home" "-e" "RUSTUP_HOME=/opt/rustwide/rustup-home" "-w" "/opt/rustwide/workdir" "-m" "1610612736" "--user" "0:0" "--network" "none" "ghcr.io/rust-lang/crates-build-env/linux@sha256:34b6a614d2c27851fe6cbf88fbd1137609cefab8b10d0615aaeb6fd47975d74e" "/opt/rustwide/cargo-home/bin/cargo" "+1.54.0" "build" "--frozen" "--message-format=json", kill_on_drop: false }`
[INFO] [stderr] WARNING: Your kernel does not support swap limit capabilities or the cgroup is not mounted. Memory limited without swap.
[INFO] [stdout] d76986699a1e0281469e774ce0a84cc35c9cdf13bb122e966ccd567a86374df3
[INFO] running `Command { std: "docker" "start" "-a" "d76986699a1e0281469e774ce0a84cc35c9cdf13bb122e966ccd567a86374df3", kill_on_drop: false }`
[INFO] [stderr]     Blocking waiting for file lock on package cache
[INFO] [stderr]    Compiling syn v1.0.44
[INFO] [stderr]    Compiling futures-core v0.3.6
[INFO] [stderr]    Compiling futures-sink v0.3.6
[INFO] [stderr]    Compiling futures-io v0.3.6
[INFO] [stderr]    Compiling object v0.21.1
[INFO] [stderr]    Compiling rustc-demangle v0.1.17
[INFO] [stderr]    Compiling v_htmlescape v0.4.5
[INFO] [stderr]    Compiling ics v0.4.2
[INFO] [stderr]    Compiling futures-task v0.3.6
[INFO] [stderr]    Compiling openssl-sys v0.9.58
[INFO] [stderr]    Compiling net2 v0.2.35
[INFO] [stderr]    Compiling iovec v0.1.4
[INFO] [stderr]    Compiling signal-hook-registry v1.2.1
[INFO] [stderr]    Compiling parking_lot_core v0.8.0
[INFO] [stderr]    Compiling socket2 v0.3.15
[INFO] [stderr]    Compiling hostname v0.3.1
[INFO] [stderr]    Compiling aho-corasick v0.7.14
[INFO] [stderr]    Compiling tracing v0.1.21
[INFO] [stderr]    Compiling twoway v0.2.1
[INFO] [stderr]    Compiling brotli-sys v0.3.2
[INFO] [stderr]    Compiling threadpool v1.8.1
[INFO] [stderr]    Compiling flate2 v1.0.18
[INFO] [stderr]    Compiling futures-channel v0.3.6
[INFO] [stderr]    Compiling resolv-conf v0.6.3
[INFO] [stderr]    Compiling regex v0.2.11
[INFO] [stderr]    Compiling parking_lot v0.11.0
[INFO] [stderr]    Compiling mio v0.6.22
[INFO] [stderr]    Compiling brotli2 v0.3.2
[INFO] [stderr]    Compiling openssl v0.10.30
[INFO] [stderr]    Compiling mio-uds v0.6.8
[INFO] [stderr]    Compiling regex v1.4.1
[INFO] [stderr]    Compiling tokio v0.2.22
[INFO] [stderr]    Compiling dotenv v0.9.0
[INFO] [stderr]    Compiling backtrace v0.3.53
[INFO] [stderr]    Compiling sanitize-filename v0.2.1
[INFO] [stderr]    Compiling env_logger v0.6.2
[INFO] [stderr]    Compiling synstructure v0.12.4
[INFO] [stderr]    Compiling tokio-util v0.3.1
[INFO] [stderr]    Compiling tokio-util v0.2.0
[INFO] [stderr]    Compiling tokio-openssl v0.4.0
[INFO] [stderr]    Compiling actix-codec v0.2.0
[INFO] [stderr]    Compiling pin-project-internal v0.4.27
[INFO] [stderr]    Compiling futures-macro v0.3.6
[INFO] [stderr]    Compiling derive_more v0.99.11
[INFO] [stderr]    Compiling actix-macros v0.1.2
[INFO] [stderr]    Compiling async-trait v0.1.41
[INFO] [stderr]    Compiling enum-as-inner v0.3.3
[INFO] [stderr]    Compiling serde_derive v1.0.116
[INFO] [stderr]    Compiling failure_derive v0.1.8
[INFO] [stderr]    Compiling thiserror-impl v1.0.21
[INFO] [stderr]    Compiling actix-web-codegen v0.2.2
[INFO] [stderr]    Compiling v_escape_derive v0.5.6
[INFO] [stderr]    Compiling actix_derive v0.5.0
[INFO] [stderr]    Compiling failure v0.1.8
[INFO] [stderr]    Compiling v_escape v0.7.4
[INFO] [stderr]    Compiling thiserror v1.0.21
[INFO] [stderr]    Compiling pin-project v0.4.27
[INFO] [stderr]    Compiling futures-util v0.3.6
[INFO] [stderr]    Compiling actix-codec v0.3.0
[INFO] [stderr]    Compiling actix-threadpool v0.3.3
[INFO] [stderr]    Compiling serde v1.0.116
[INFO] [stderr]    Compiling futures-executor v0.3.6
[INFO] [stderr]    Compiling actix-rt v1.1.1
[INFO] [stderr]    Compiling actix-service v1.0.6
[INFO] [stderr]    Compiling h2 v0.2.6
[INFO] [stderr]    Compiling futures v0.3.6
[INFO] [stderr]    Compiling trust-dns-proto v0.18.0-alpha.2
[INFO] [stderr]    Compiling trust-dns-proto v0.19.5
[INFO] [stderr]    Compiling actix-utils v1.0.6
[INFO] [stderr]    Compiling actix-utils v2.0.0
[INFO] [stderr]    Compiling actix-tls v1.0.0
[INFO] [stderr]    Compiling actix-server v1.0.4
[INFO] [stderr]    Compiling serde_json v1.0.59
[INFO] [stderr]    Compiling serde_urlencoded v0.6.1
[INFO] [stderr]    Compiling actix-router v0.2.5
[INFO] [stderr]    Compiling uuid v0.8.1
[INFO] [stderr]    Compiling actix-testing v1.0.1
[INFO] [stderr]    Compiling trust-dns-resolver v0.18.0-alpha.2
[INFO] [stderr]    Compiling trust-dns-resolver v0.19.5
[INFO] [stderr]    Compiling actix-connect v1.0.2
[INFO] [stderr]    Compiling actix v0.10.0
[INFO] [stderr]    Compiling actix-http v1.0.1
[INFO] [stderr]    Compiling awc v1.0.1
[INFO] [stderr]    Compiling actix-web v2.0.0
[INFO] [stderr]    Compiling actix-multipart v0.2.0
[INFO] [stderr]    Compiling actix-files v0.2.2
[INFO] [stderr]    Compiling actix-cors v0.2.0
[INFO] [stderr]    Compiling mail_monit v0.1.0 (/opt/rustwide/workdir)
[INFO] [stderr]     Finished dev [unoptimized + debuginfo] target(s) in 2m 07s
[INFO] running `Command { std: "docker" "inspect" "d76986699a1e0281469e774ce0a84cc35c9cdf13bb122e966ccd567a86374df3", kill_on_drop: false }`
[INFO] running `Command { std: "docker" "rm" "-f" "d76986699a1e0281469e774ce0a84cc35c9cdf13bb122e966ccd567a86374df3", kill_on_drop: false }`
[INFO] [stdout] d76986699a1e0281469e774ce0a84cc35c9cdf13bb122e966ccd567a86374df3
[INFO] running `Command { std: "docker" "create" "-v" "/var/lib/crater-agent-workspace/builds/worker-6/target:/opt/rustwide/target:rw,Z" "-v" "/var/lib/crater-agent-workspace/builds/worker-6/source:/opt/rustwide/workdir:ro,Z" "-v" "/var/lib/crater-agent-workspace/cargo-home:/opt/rustwide/cargo-home:ro,Z" "-v" "/var/lib/crater-agent-workspace/rustup-home:/opt/rustwide/rustup-home:ro,Z" "-e" "SOURCE_DIR=/opt/rustwide/workdir" "-e" "CARGO_TARGET_DIR=/opt/rustwide/target" "-e" "CARGO_INCREMENTAL=0" "-e" "RUST_BACKTRACE=full" "-e" "RUSTFLAGS=--cap-lints=warn" "-e" "CARGO_HOME=/opt/rustwide/cargo-home" "-e" "RUSTUP_HOME=/opt/rustwide/rustup-home" "-w" "/opt/rustwide/workdir" "-m" "1610612736" "--user" "0:0" "--network" "none" "ghcr.io/rust-lang/crates-build-env/linux@sha256:34b6a614d2c27851fe6cbf88fbd1137609cefab8b10d0615aaeb6fd47975d74e" "/opt/rustwide/cargo-home/bin/cargo" "+1.54.0" "test" "--frozen" "--no-run" "--message-format=json", kill_on_drop: false }`
[INFO] [stdout] 60b73ef181d0679c80bb7da7276c584c56940ec933f9ae9bcf090b2ac565a995
[INFO] [stderr] WARNING: Your kernel does not support swap limit capabilities or the cgroup is not mounted. Memory limited without swap.
[INFO] running `Command { std: "docker" "start" "-a" "60b73ef181d0679c80bb7da7276c584c56940ec933f9ae9bcf090b2ac565a995", kill_on_drop: false }`
[INFO] [stderr]    Compiling mail_monit v0.1.0 (/opt/rustwide/workdir)
[INFO] [stderr]     Finished test [unoptimized + debuginfo] target(s) in 9.26s
[INFO] running `Command { std: "docker" "inspect" "60b73ef181d0679c80bb7da7276c584c56940ec933f9ae9bcf090b2ac565a995", kill_on_drop: false }`
[INFO] running `Command { std: "docker" "rm" "-f" "60b73ef181d0679c80bb7da7276c584c56940ec933f9ae9bcf090b2ac565a995", kill_on_drop: false }`
[INFO] [stdout] 60b73ef181d0679c80bb7da7276c584c56940ec933f9ae9bcf090b2ac565a995
[INFO] running `Command { std: "docker" "create" "-v" "/var/lib/crater-agent-workspace/builds/worker-6/target:/opt/rustwide/target:rw,Z" "-v" "/var/lib/crater-agent-workspace/builds/worker-6/source:/opt/rustwide/workdir:ro,Z" "-v" "/var/lib/crater-agent-workspace/cargo-home:/opt/rustwide/cargo-home:ro,Z" "-v" "/var/lib/crater-agent-workspace/rustup-home:/opt/rustwide/rustup-home:ro,Z" "-e" "SOURCE_DIR=/opt/rustwide/workdir" "-e" "CARGO_TARGET_DIR=/opt/rustwide/target" "-e" "CARGO_INCREMENTAL=0" "-e" "RUST_BACKTRACE=full" "-e" "RUSTFLAGS=--cap-lints=warn" "-e" "CARGO_HOME=/opt/rustwide/cargo-home" "-e" "RUSTUP_HOME=/opt/rustwide/rustup-home" "-w" "/opt/rustwide/workdir" "-m" "1610612736" "--user" "0:0" "--network" "none" "ghcr.io/rust-lang/crates-build-env/linux@sha256:34b6a614d2c27851fe6cbf88fbd1137609cefab8b10d0615aaeb6fd47975d74e" "/opt/rustwide/cargo-home/bin/cargo" "+1.54.0" "test" "--frozen", kill_on_drop: false }`
[INFO] [stdout] 1757ae084ae0494e73951962e13e6646638dc9c0953908214d4305beef429678
[INFO] [stderr] WARNING: Your kernel does not support swap limit capabilities or the cgroup is not mounted. Memory limited without swap.
[INFO] running `Command { std: "docker" "start" "-a" "1757ae084ae0494e73951962e13e6646638dc9c0953908214d4305beef429678", kill_on_drop: false }`
[INFO] [stderr]     Finished test [unoptimized + debuginfo] target(s) in 0.16s
[INFO] [stderr]      Running unittests (/opt/rustwide/target/debug/deps/mail_monit-be91ae92697187de)
[INFO] [stdout] 
[INFO] [stdout] running 4 tests
[INFO] [stdout] test ferris_mail::tests::should_parse_event_with_missing_organizer ... ok
[INFO] [stdout] test ferris_mail::tests::should_parse_event ... ok
[INFO] [stdout] test ferris_event::tests::should_create_attachment_map ... FAILED
[INFO] [stdout] test service::tests::test_should_send_mail ... FAILED
[INFO] [stdout] 
[INFO] [stdout] failures:
[INFO] [stdout] 
[INFO] [stdout] ---- ferris_event::tests::should_create_attachment_map stdout ----
[INFO] [stdout] thread 'ferris_event::tests::should_create_attachment_map' panicked at 'called `Result::unwrap()` on an `Err` value: Os { code: 2, kind: NotFound, message: "No such file or directory" }', src/ferris_event.rs:116:94
[INFO] [stdout] stack backtrace:
[INFO] [stdout]    0:     0x56397d53bcd0 - std::backtrace_rs::backtrace::libunwind::trace::h34055254b57d8e79
[INFO] [stdout]                                at /rustc/a178d0322ce20e33eac124758e837cbd80a6f633/library/std/src/../../backtrace/src/backtrace/libunwind.rs:90:5
[INFO] [stdout]    1:     0x56397d53bcd0 - std::backtrace_rs::backtrace::trace_unsynchronized::h8f1e3fbd9afff6ec
[INFO] [stdout]                                at /rustc/a178d0322ce20e33eac124758e837cbd80a6f633/library/std/src/../../backtrace/src/backtrace/mod.rs:66:5
[INFO] [stdout]    2:     0x56397d53bcd0 - std::sys_common::backtrace::_print_fmt::h3a99a796b770c360
[INFO] [stdout]                                at /rustc/a178d0322ce20e33eac124758e837cbd80a6f633/library/std/src/sys_common/backtrace.rs:67:5
[INFO] [stdout]    3:     0x56397d53bcd0 - <std::sys_common::backtrace::_print::DisplayBacktrace as core::fmt::Display>::fmt::h32d1f94a80615d18
[INFO] [stdout]                                at /rustc/a178d0322ce20e33eac124758e837cbd80a6f633/library/std/src/sys_common/backtrace.rs:46:22
[INFO] [stdout]    4:     0x56397d55fcac - core::fmt::write::h306731c068f7162c
[INFO] [stdout]                                at /rustc/a178d0322ce20e33eac124758e837cbd80a6f633/library/core/src/fmt/mod.rs:1110:17
[INFO] [stdout]    5:     0x56397d535d55 - std::io::Write::write_fmt::h87f19b0a2cd190bc
[INFO] [stdout]                                at /rustc/a178d0322ce20e33eac124758e837cbd80a6f633/library/std/src/io/mod.rs:1588:15
[INFO] [stdout]    6:     0x56397d53e03b - std::sys_common::backtrace::_print::h5abaa2601a852287
[INFO] [stdout]                                at /rustc/a178d0322ce20e33eac124758e837cbd80a6f633/library/std/src/sys_common/backtrace.rs:49:5
[INFO] [stdout]    7:     0x56397d53e03b - std::sys_common::backtrace::print::h8d81445442bb638f
[INFO] [stdout]                                at /rustc/a178d0322ce20e33eac124758e837cbd80a6f633/library/std/src/sys_common/backtrace.rs:36:9
[INFO] [stdout]    8:     0x56397d53e03b - std::panicking::default_hook::{{closure}}::hcfe804496a9fa747
[INFO] [stdout]                                at /rustc/a178d0322ce20e33eac124758e837cbd80a6f633/library/std/src/panicking.rs:208:50
[INFO] [stdout]    9:     0x56397d53db4c - std::panicking::default_hook::hbea8e3ccf2ba8901
[INFO] [stdout]                                at /rustc/a178d0322ce20e33eac124758e837cbd80a6f633/library/std/src/panicking.rs:222:9
[INFO] [stdout]   10:     0x56397d53e704 - std::panicking::rust_panic_with_hook::h7ee9e1a2d0f8975a
[INFO] [stdout]                                at /rustc/a178d0322ce20e33eac124758e837cbd80a6f633/library/std/src/panicking.rs:622:17
[INFO] [stdout]   11:     0x56397d53e1e7 - std::panicking::begin_panic_handler::{{closure}}::h8ab3b4491718b2c7
[INFO] [stdout]                                at /rustc/a178d0322ce20e33eac124758e837cbd80a6f633/library/std/src/panicking.rs:519:13
[INFO] [stdout]   12:     0x56397d53c1cc - std::sys_common::backtrace::__rust_end_short_backtrace::hd489062ffa586a9f
[INFO] [stdout]                                at /rustc/a178d0322ce20e33eac124758e837cbd80a6f633/library/std/src/sys_common/backtrace.rs:141:18
[INFO] [stdout]   13:     0x56397d53e149 - rust_begin_unwind
[INFO] [stdout]                                at /rustc/a178d0322ce20e33eac124758e837cbd80a6f633/library/std/src/panicking.rs:515:5
[INFO] [stdout]   14:     0x56397ce52c61 - core::panicking::panic_fmt::hca6330e3e14086b4
[INFO] [stdout]                                at /rustc/a178d0322ce20e33eac124758e837cbd80a6f633/library/core/src/panicking.rs:92:14
[INFO] [stdout]   15:     0x56397ce52d53 - core::result::unwrap_failed::h6160d2b4bfbb0e87
[INFO] [stdout]                                at /rustc/a178d0322ce20e33eac124758e837cbd80a6f633/library/core/src/result.rs:1355:5
[INFO] [stdout]   16:     0x56397ce6064b - core::result::Result<T,E>::unwrap::h72a7f34da860a783
[INFO] [stdout]                                at /rustc/a178d0322ce20e33eac124758e837cbd80a6f633/library/core/src/result.rs:1037:23
[INFO] [stdout]   17:     0x56397ce6cb5c - mail_monit::ferris_event::tests::should_create_attachment_map::hf6bab242501c436f
[INFO] [stdout]                                at /opt/rustwide/workdir/src/ferris_event.rs:116:50
[INFO] [stdout]   18:     0x56397ce6c8aa - mail_monit::ferris_event::tests::should_create_attachment_map::{{closure}}::hc824f5751f12a180
[INFO] [stdout]                                at /opt/rustwide/workdir/src/ferris_event.rs:101:5
[INFO] [stdout]   19:     0x56397ce6f12e - core::ops::function::FnOnce::call_once::hca4dbc6f723341f8
[INFO] [stdout]                                at /rustc/a178d0322ce20e33eac124758e837cbd80a6f633/library/core/src/ops/function.rs:227:5
[INFO] [stdout]   20:     0x56397cea7b23 - core::ops::function::FnOnce::call_once::h152e7e439ff59e19
[INFO] [stdout]                                at /rustc/a178d0322ce20e33eac124758e837cbd80a6f633/library/core/src/ops/function.rs:227:5
[INFO] [stdout]   21:     0x56397cea7b23 - test::__rust_begin_short_backtrace::h0908f3b1fdbb72ab
[INFO] [stdout]                                at /rustc/a178d0322ce20e33eac124758e837cbd80a6f633/library/test/src/lib.rs:577:5
[INFO] [stdout]   22:     0x56397cea65e0 - <alloc::boxed::Box<F,A> as core::ops::function::FnOnce<Args>>::call_once::hf6d2a51e5587546c
[INFO] [stdout]                                at /rustc/a178d0322ce20e33eac124758e837cbd80a6f633/library/alloc/src/boxed.rs:1575:9
[INFO] [stdout]   23:     0x56397cea65e0 - <std::panic::AssertUnwindSafe<F> as core::ops::function::FnOnce<()>>::call_once::h8af660f3a89ef593
[INFO] [stdout]                                at /rustc/a178d0322ce20e33eac124758e837cbd80a6f633/library/std/src/panic.rs:347:9
[INFO] [stdout]   24:     0x56397cea65e0 - std::panicking::try::do_call::hd36aef60f84b6d36
[INFO] [stdout]                                at /rustc/a178d0322ce20e33eac124758e837cbd80a6f633/library/std/src/panicking.rs:401:40
[INFO] [stdout]   25:     0x56397cea65e0 - std::panicking::try::h9932b4480e69817c
[INFO] [stdout]                                at /rustc/a178d0322ce20e33eac124758e837cbd80a6f633/library/std/src/panicking.rs:365:19
[INFO] [stdout]   26:     0x56397cea65e0 - std::panic::catch_unwind::h6aa177099cfff5f8
[INFO] [stdout]                                at /rustc/a178d0322ce20e33eac124758e837cbd80a6f633/library/std/src/panic.rs:434:14
[INFO] [stdout]   27:     0x56397cea65e0 - test::run_test_in_process::h5884d6f2d99e20c3
[INFO] [stdout]                                at /rustc/a178d0322ce20e33eac124758e837cbd80a6f633/library/test/src/lib.rs:600:18
[INFO] [stdout]   28:     0x56397cea65e0 - test::run_test::run_test_inner::{{closure}}::h6fdc58c6d5f5b6e3
[INFO] [stdout]                                at /rustc/a178d0322ce20e33eac124758e837cbd80a6f633/library/test/src/lib.rs:492:39
[INFO] [stdout]   29:     0x56397ce7fc92 - test::run_test::run_test_inner::{{closure}}::h408365d67a78ade8
[INFO] [stdout]                                at /rustc/a178d0322ce20e33eac124758e837cbd80a6f633/library/test/src/lib.rs:519:37
[INFO] [stdout]   30:     0x56397ce7fc92 - std::sys_common::backtrace::__rust_begin_short_backtrace::hb560b77c4f701523
[INFO] [stdout]                                at /rustc/a178d0322ce20e33eac124758e837cbd80a6f633/library/std/src/sys_common/backtrace.rs:125:18
[INFO] [stdout]   31:     0x56397ce83848 - std::thread::Builder::spawn_unchecked::{{closure}}::{{closure}}::hf2e7831dad93c597
[INFO] [stdout]                                at /rustc/a178d0322ce20e33eac124758e837cbd80a6f633/library/std/src/thread/mod.rs:481:17
[INFO] [stdout]   32:     0x56397ce83848 - <std::panic::AssertUnwindSafe<F> as core::ops::function::FnOnce<()>>::call_once::hd2e08783d8be4d02
[INFO] [stdout]                                at /rustc/a178d0322ce20e33eac124758e837cbd80a6f633/library/std/src/panic.rs:347:9
[INFO] [stdout]   33:     0x56397ce83848 - std::panicking::try::do_call::h062597b7acfd6b82
[INFO] [stdout]                                at /rustc/a178d0322ce20e33eac124758e837cbd80a6f633/library/std/src/panicking.rs:401:40
[INFO] [stdout]   34:     0x56397ce83848 - std::panicking::try::h0d7b79db04c14552
[INFO] [stdout]                                at /rustc/a178d0322ce20e33eac124758e837cbd80a6f633/library/std/src/panicking.rs:365:19
[INFO] [stdout]   35:     0x56397ce83848 - std::panic::catch_unwind::hb01a0b5e7c8cd43b
[INFO] [stdout]                                at /rustc/a178d0322ce20e33eac124758e837cbd80a6f633/library/std/src/panic.rs:434:14
[INFO] [stdout]   36:     0x56397ce83848 - std::thread::Builder::spawn_unchecked::{{closure}}::h5bde48cc887e0d1e
[INFO] [stdout]                                at /rustc/a178d0322ce20e33eac124758e837cbd80a6f633/library/std/src/thread/mod.rs:480:30
[INFO] [stdout]   37:     0x56397ce83848 - core::ops::function::FnOnce::call_once{{vtable.shim}}::h745ea30807a29e55
[INFO] [stdout]                                at /rustc/a178d0322ce20e33eac124758e837cbd80a6f633/library/core/src/ops/function.rs:227:5
[INFO] [stdout]   38:     0x56397d543d07 - <alloc::boxed::Box<F,A> as core::ops::function::FnOnce<Args>>::call_once::h7ece6cfefaff1005
[INFO] [stdout]                                at /rustc/a178d0322ce20e33eac124758e837cbd80a6f633/library/alloc/src/boxed.rs:1575:9
[INFO] [stdout]   39:     0x56397d543d07 - <alloc::boxed::Box<F,A> as core::ops::function::FnOnce<Args>>::call_once::hb8b48e55c21f193e
[INFO] [stdout]                                at /rustc/a178d0322ce20e33eac124758e837cbd80a6f633/library/alloc/src/boxed.rs:1575:9
[INFO] [stdout]   40:     0x56397d543d07 - std::sys::unix::thread::Thread::new::thread_start::h8c7c4450dba62914
[INFO] [stdout]                                at /rustc/a178d0322ce20e33eac124758e837cbd80a6f633/library/std/src/sys/unix/thread.rs:71:17
[INFO] [stdout]   41:     0x7f6d59f2c609 - start_thread
[INFO] [stdout]   42:     0x7f6d59cfc293 - clone
[INFO] [stdout]   43:                0x0 - <unknown>
[INFO] [stdout] 
[INFO] [stdout] ---- service::tests::test_should_send_mail stdout ----
[INFO] [stdout] Calling Test Mail Dispatch Method
[INFO] [stdout] thread 'service::tests::test_should_send_mail' panicked at 'The Sendgrid API Key should be set: NotPresent', src/service.rs:91:48
[INFO] [stdout] stack backtrace:
[INFO] [stdout]    0:     0x56397d53bcd0 - std::backtrace_rs::backtrace::libunwind::trace::h34055254b57d8e79
[INFO] [stdout]                                at /rustc/a178d0322ce20e33eac124758e837cbd80a6f633/library/std/src/../../backtrace/src/backtrace/libunwind.rs:90:5
[INFO] [stdout]    1:     0x56397d53bcd0 - std::backtrace_rs::backtrace::trace_unsynchronized::h8f1e3fbd9afff6ec
[INFO] [stdout]                                at /rustc/a178d0322ce20e33eac124758e837cbd80a6f633/library/std/src/../../backtrace/src/backtrace/mod.rs:66:5
[INFO] [stdout]    2:     0x56397d53bcd0 - std::sys_common::backtrace::_print_fmt::h3a99a796b770c360
[INFO] [stdout]                                at /rustc/a178d0322ce20e33eac124758e837cbd80a6f633/library/std/src/sys_common/backtrace.rs:67:5
[INFO] [stdout]    3:     0x56397d53bcd0 - <std::sys_common::backtrace::_print::DisplayBacktrace as core::fmt::Display>::fmt::h32d1f94a80615d18
[INFO] [stdout]                                at /rustc/a178d0322ce20e33eac124758e837cbd80a6f633/library/std/src/sys_common/backtrace.rs:46:22
[INFO] [stdout]    4:     0x56397d55fcac - core::fmt::write::h306731c068f7162c
[INFO] [stdout]                                at /rustc/a178d0322ce20e33eac124758e837cbd80a6f633/library/core/src/fmt/mod.rs:1110:17
[INFO] [stdout]    5:     0x56397d535d55 - std::io::Write::write_fmt::h87f19b0a2cd190bc
[INFO] [stdout]                                at /rustc/a178d0322ce20e33eac124758e837cbd80a6f633/library/std/src/io/mod.rs:1588:15
[INFO] [stdout]    6:     0x56397d53e03b - std::sys_common::backtrace::_print::h5abaa2601a852287
[INFO] [stdout]                                at /rustc/a178d0322ce20e33eac124758e837cbd80a6f633/library/std/src/sys_common/backtrace.rs:49:5
[INFO] [stdout]    7:     0x56397d53e03b - std::sys_common::backtrace::print::h8d81445442bb638f
[INFO] [stdout]                                at /rustc/a178d0322ce20e33eac124758e837cbd80a6f633/library/std/src/sys_common/backtrace.rs:36:9
[INFO] [stdout]    8:     0x56397d53e03b - std::panicking::default_hook::{{closure}}::hcfe804496a9fa747
[INFO] [stdout]                                at /rustc/a178d0322ce20e33eac124758e837cbd80a6f633/library/std/src/panicking.rs:208:50
[INFO] [stdout]    9:     0x56397d53db4c - std::panicking::default_hook::hbea8e3ccf2ba8901
[INFO] [stdout]                                at /rustc/a178d0322ce20e33eac124758e837cbd80a6f633/library/std/src/panicking.rs:222:9
[INFO] [stdout]   10:     0x56397d53e704 - std::panicking::rust_panic_with_hook::h7ee9e1a2d0f8975a
[INFO] [stdout]                                at /rustc/a178d0322ce20e33eac124758e837cbd80a6f633/library/std/src/panicking.rs:622:17
[INFO] [stdout]   11:     0x56397d53e1e7 - std::panicking::begin_panic_handler::{{closure}}::h8ab3b4491718b2c7
[INFO] [stdout]                                at /rustc/a178d0322ce20e33eac124758e837cbd80a6f633/library/std/src/panicking.rs:519:13
[INFO] [stdout]   12:     0x56397d53c1cc - std::sys_common::backtrace::__rust_end_short_backtrace::hd489062ffa586a9f
[INFO] [stdout]                                at /rustc/a178d0322ce20e33eac124758e837cbd80a6f633/library/std/src/sys_common/backtrace.rs:141:18
[INFO] [stdout]   13:     0x56397d53e149 - rust_begin_unwind
[INFO] [stdout]                                at /rustc/a178d0322ce20e33eac124758e837cbd80a6f633/library/std/src/panicking.rs:515:5
[INFO] [stdout]   14:     0x56397ce52c61 - core::panicking::panic_fmt::hca6330e3e14086b4
[INFO] [stdout]                                at /rustc/a178d0322ce20e33eac124758e837cbd80a6f633/library/core/src/panicking.rs:92:14
[INFO] [stdout]   15:     0x56397ce52d53 - core::result::unwrap_failed::h6160d2b4bfbb0e87
[INFO] [stdout]                                at /rustc/a178d0322ce20e33eac124758e837cbd80a6f633/library/core/src/result.rs:1355:5
[INFO] [stdout]   16:     0x56397ce604ef - core::result::Result<T,E>::expect::h333406ace592afc9
[INFO] [stdout]                                at /rustc/a178d0322ce20e33eac124758e837cbd80a6f633/library/core/src/result.rs:997:23
[INFO] [stdout]   17:     0x56397ce75361 - mail_monit::service::dispatch_mail::{{closure}}::h1fa300f4eecdc1c6
[INFO] [stdout]                                at /opt/rustwide/workdir/src/service.rs:91:19
[INFO] [stdout]   18:     0x56397ce72151 - <core::future::from_generator::GenFuture<T> as core::future::future::Future>::poll::h1538b1264fa3bfc0
[INFO] [stdout]                                at /rustc/a178d0322ce20e33eac124758e837cbd80a6f633/library/core/src/future/mod.rs:80:19
[INFO] [stdout]   19:     0x56397ce76669 - mail_monit::service::tests::test_should_send_mail::{{closure}}::ha781866177c4c710
[INFO] [stdout]                                at /opt/rustwide/workdir/src/service.rs:133:22
[INFO] [stdout]   20:     0x56397ce7227b - <core::future::from_generator::GenFuture<T> as core::future::future::Future>::poll::h189bfd9182669c1a
[INFO] [stdout]                                at /rustc/a178d0322ce20e33eac124758e837cbd80a6f633/library/core/src/future/mod.rs:80:19
[INFO] [stdout]   21:     0x56397ce74516 - <tokio::task::local::RunUntil<T> as core::future::future::Future>::poll::{{closure}}::{{closure}}::h1259524e00c0b810
[INFO] [stdout]                                at /opt/rustwide/cargo-home/registry/src/github.com-1ecc6299db9ec823/tokio-0.2.22/src/task/local.rs:528:65
[INFO] [stdout]   22:     0x56397ce60e1c - tokio::coop::with_budget::{{closure}}::h9df3089ebcd8195f
[INFO] [stdout]                                at /opt/rustwide/cargo-home/registry/src/github.com-1ecc6299db9ec823/tokio-0.2.22/src/coop.rs:127:9
[INFO] [stdout]   23:     0x56397ce5c961 - std::thread::local::LocalKey<T>::try_with::h3c02ffdf96e30695
[INFO] [stdout]                                at /rustc/a178d0322ce20e33eac124758e837cbd80a6f633/library/std/src/thread/local.rs:400:16
[INFO] [stdout]   24:     0x56397ce5c24d - std::thread::local::LocalKey<T>::with::h24198481439405ee
[INFO] [stdout]                                at /rustc/a178d0322ce20e33eac124758e837cbd80a6f633/library/std/src/thread/local.rs:376:9
[INFO] [stdout]   25:     0x56397ce743cb - tokio::coop::with_budget::hf5641897bb034b90
[INFO] [stdout]                                at /opt/rustwide/cargo-home/registry/src/github.com-1ecc6299db9ec823/tokio-0.2.22/src/coop.rs:120:5
[INFO] [stdout]   26:     0x56397ce743cb - tokio::coop::budget::h01971e0f96749b48
[INFO] [stdout]                                at /opt/rustwide/cargo-home/registry/src/github.com-1ecc6299db9ec823/tokio-0.2.22/src/coop.rs:96:5
[INFO] [stdout]   27:     0x56397ce743cb - <tokio::task::local::RunUntil<T> as core::future::future::Future>::poll::{{closure}}::h849cc056fb5fd002
[INFO] [stdout]                                at /opt/rustwide/cargo-home/registry/src/github.com-1ecc6299db9ec823/tokio-0.2.22/src/task/local.rs:528:42
[INFO] [stdout]   28:     0x56397ce5a0cd - tokio::macros::scoped_tls::ScopedKey<T>::set::he9f469dd2cc310ab
[INFO] [stdout]                                at /opt/rustwide/cargo-home/registry/src/github.com-1ecc6299db9ec823/tokio-0.2.22/src/macros/scoped_tls.rs:63:9
[INFO] [stdout]   29:     0x56397ce73eda - tokio::task::local::LocalSet::with::h692e505f7ce9878b
[INFO] [stdout]                                at /opt/rustwide/cargo-home/registry/src/github.com-1ecc6299db9ec823/tokio-0.2.22/src/task/local.rs:442:9
[INFO] [stdout]   30:     0x56397ce74272 - <tokio::task::local::RunUntil<T> as core::future::future::Future>::poll::hb45e1452d3a35d64
[INFO] [stdout]                                at /opt/rustwide/cargo-home/registry/src/github.com-1ecc6299db9ec823/tokio-0.2.22/src/task/local.rs:518:9
[INFO] [stdout]   31:     0x56397ce7416d - tokio::task::local::LocalSet::run_until::{{closure}}::h6aa7220f162aba26
[INFO] [stdout]                                at /opt/rustwide/cargo-home/registry/src/github.com-1ecc6299db9ec823/tokio-0.2.22/src/task/local.rs:392:9
[INFO] [stdout]   32:     0x56397ce7230b - <core::future::from_generator::GenFuture<T> as core::future::future::Future>::poll::h91de295f689edd17
[INFO] [stdout]                                at /rustc/a178d0322ce20e33eac124758e837cbd80a6f633/library/core/src/future/mod.rs:80:19
[INFO] [stdout]   33:     0x56397ce5db00 - tokio::runtime::basic_scheduler::BasicScheduler<P>::block_on::{{closure}}::{{closure}}::hbc7c70d20dddbe0f
[INFO] [stdout]                                at /opt/rustwide/cargo-home/registry/src/github.com-1ecc6299db9ec823/tokio-0.2.22/src/runtime/basic_scheduler.rs:131:58
[INFO] [stdout]   34:     0x56397ce60bbc - tokio::coop::with_budget::{{closure}}::h4ff2827e31b99400
[INFO] [stdout]                                at /opt/rustwide/cargo-home/registry/src/github.com-1ecc6299db9ec823/tokio-0.2.22/src/coop.rs:127:9
[INFO] [stdout]   35:     0x56397ce5c581 - std::thread::local::LocalKey<T>::try_with::h256388de89905a6d
[INFO] [stdout]                                at /rustc/a178d0322ce20e33eac124758e837cbd80a6f633/library/std/src/thread/local.rs:400:16
[INFO] [stdout]   36:     0x56397ce5c32d - std::thread::local::LocalKey<T>::with::h4a74b5c6ad0afc8f
[INFO] [stdout]                                at /rustc/a178d0322ce20e33eac124758e837cbd80a6f633/library/std/src/thread/local.rs:376:9
[INFO] [stdout]   37:     0x56397ce5d44b - tokio::coop::with_budget::hba2f80d525dfda35
[INFO] [stdout]                                at /opt/rustwide/cargo-home/registry/src/github.com-1ecc6299db9ec823/tokio-0.2.22/src/coop.rs:120:5
[INFO] [stdout]   38:     0x56397ce5d44b - tokio::coop::budget::h09ecb797eebbac2f
[INFO] [stdout]                                at /opt/rustwide/cargo-home/registry/src/github.com-1ecc6299db9ec823/tokio-0.2.22/src/coop.rs:96:5
[INFO] [stdout]   39:     0x56397ce5d44b - tokio::runtime::basic_scheduler::BasicScheduler<P>::block_on::{{closure}}::h5ff4a538117d4109
[INFO] [stdout]                                at /opt/rustwide/cargo-home/registry/src/github.com-1ecc6299db9ec823/tokio-0.2.22/src/runtime/basic_scheduler.rs:131:35
[INFO] [stdout]   40:     0x56397ce5df01 - tokio::runtime::basic_scheduler::enter::{{closure}}::h8fca8c5333799d09
[INFO] [stdout]                                at /opt/rustwide/cargo-home/registry/src/github.com-1ecc6299db9ec823/tokio-0.2.22/src/runtime/basic_scheduler.rs:213:29
[INFO] [stdout]   41:     0x56397ce59fc0 - tokio::macros::scoped_tls::ScopedKey<T>::set::h580f9705c1ba87ed
[INFO] [stdout]                                at /opt/rustwide/cargo-home/registry/src/github.com-1ecc6299db9ec823/tokio-0.2.22/src/macros/scoped_tls.rs:63:9
[INFO] [stdout]   42:     0x56397ce5de4e - tokio::runtime::basic_scheduler::enter::h77c03d217a4c5b1b
[INFO] [stdout]                                at /opt/rustwide/cargo-home/registry/src/github.com-1ecc6299db9ec823/tokio-0.2.22/src/runtime/basic_scheduler.rs:213:5
[INFO] [stdout]   43:     0x56397ce5d170 - tokio::runtime::basic_scheduler::BasicScheduler<P>::block_on::hf5859cabbae7c9ae
[INFO] [stdout]                                at /opt/rustwide/cargo-home/registry/src/github.com-1ecc6299db9ec823/tokio-0.2.22/src/runtime/basic_scheduler.rs:123:9
[INFO] [stdout]   44:     0x56397ce5e0c4 - tokio::runtime::Runtime::block_on::{{closure}}::hd0631e85993935a5
[INFO] [stdout]                                at /opt/rustwide/cargo-home/registry/src/github.com-1ecc6299db9ec823/tokio-0.2.22/src/runtime/mod.rs:444:34
[INFO] [stdout]   45:     0x56397ce719b2 - tokio::runtime::context::enter::he8d304686a15977c
[INFO] [stdout]                                at /opt/rustwide/cargo-home/registry/src/github.com-1ecc6299db9ec823/tokio-0.2.22/src/runtime/context.rs:72:5
[INFO] [stdout]   46:     0x56397ce5df78 - tokio::runtime::handle::Handle::enter::h631fbbf6928c7ee9
[INFO] [stdout]                                at /opt/rustwide/cargo-home/registry/src/github.com-1ecc6299db9ec823/tokio-0.2.22/src/runtime/handle.rs:76:9
[INFO] [stdout]   47:     0x56397ce5e00d - tokio::runtime::Runtime::block_on::h35c283908a36820d
[INFO] [stdout]                                at /opt/rustwide/cargo-home/registry/src/github.com-1ecc6299db9ec823/tokio-0.2.22/src/runtime/mod.rs:441:9
[INFO] [stdout]   48:     0x56397ce73f54 - tokio::task::local::LocalSet::block_on::h0356c8d6aaca7209
[INFO] [stdout]                                at /opt/rustwide/cargo-home/registry/src/github.com-1ecc6299db9ec823/tokio-0.2.22/src/task/local.rs:353:9
[INFO] [stdout]   49:     0x56397ce5baa3 - actix_rt::runtime::Runtime::block_on::h0c10597bf3304eb1
[INFO] [stdout]                                at /opt/rustwide/cargo-home/registry/src/github.com-1ecc6299db9ec823/actix-rt-1.1.1/src/runtime.rs:89:9
[INFO] [stdout]   50:     0x56397ce5b8c2 - actix_rt::builder::SystemRunner::block_on::h9f45a6bd43fc6b31
[INFO] [stdout]                                at /opt/rustwide/cargo-home/registry/src/github.com-1ecc6299db9ec823/actix-rt-1.1.1/src/builder.rs:187:19
[INFO] [stdout]   51:     0x56397ce760be - mail_monit::service::tests::test_should_send_mail::hd6e0851c759a4da5
[INFO] [stdout]                                at /opt/rustwide/workdir/src/service.rs:117:5
[INFO] [stdout]   52:     0x56397ce7605a - mail_monit::service::tests::test_should_send_mail::{{closure}}::h9edb6a765c2ce074
[INFO] [stdout]                                at /opt/rustwide/workdir/src/service.rs:117:5
[INFO] [stdout]   53:     0x56397ce6f16e - core::ops::function::FnOnce::call_once::hdc8a8016c85af70a
[INFO] [stdout]                                at /rustc/a178d0322ce20e33eac124758e837cbd80a6f633/library/core/src/ops/function.rs:227:5
[INFO] [stdout]   54:     0x56397cea7b23 - core::ops::function::FnOnce::call_once::h152e7e439ff59e19
[INFO] [stdout]                                at /rustc/a178d0322ce20e33eac124758e837cbd80a6f633/library/core/src/ops/function.rs:227:5
[INFO] [stdout]   55:     0x56397cea7b23 - test::__rust_begin_short_backtrace::h0908f3b1fdbb72ab
[INFO] [stdout]                                at /rustc/a178d0322ce20e33eac124758e837cbd80a6f633/library/test/src/lib.rs:577:5
[INFO] [stdout]   56:     0x56397cea65e0 - <alloc::boxed::Box<F,A> as core::ops::function::FnOnce<Args>>::call_once::hf6d2a51e5587546c
[INFO] [stdout]                                at /rustc/a178d0322ce20e33eac124758e837cbd80a6f633/library/alloc/src/boxed.rs:1575:9
[INFO] [stdout]   57:     0x56397cea65e0 - <std::panic::AssertUnwindSafe<F> as core::ops::function::FnOnce<()>>::call_once::h8af660f3a89ef593
[INFO] [stdout]                                at /rustc/a178d0322ce20e33eac124758e837cbd80a6f633/library/std/src/panic.rs:347:9
[INFO] [stdout]   58:     0x56397cea65e0 - std::panicking::try::do_call::hd36aef60f84b6d36
[INFO] [stdout]                                at /rustc/a178d0322ce20e33eac124758e837cbd80a6f633/library/std/src/panicking.rs:401:40
[INFO] [stdout]   59:     0x56397cea65e0 - std::panicking::try::h9932b4480e69817c
[INFO] [stdout]                                at /rustc/a178d0322ce20e33eac124758e837cbd80a6f633/library/std/src/panicking.rs:365:19
[INFO] [stdout]   60:     0x56397cea65e0 - std::panic::catch_unwind::h6aa177099cfff5f8
[INFO] [stdout]                                at /rustc/a178d0322ce20e33eac124758e837cbd80a6f633/library/std/src/panic.rs:434:14
[INFO] [stdout]   61:     0x56397cea65e0 - test::run_test_in_process::h5884d6f2d99e20c3
[INFO] [stdout]                                at /rustc/a178d0322ce20e33eac124758e837cbd80a6f633/library/test/src/lib.rs:600:18
[INFO] [stdout]   62:     0x56397cea65e0 - test::run_test::run_test_inner::{{closure}}::h6fdc58c6d5f5b6e3
[INFO] [stdout]                                at /rustc/a178d0322ce20e33eac124758e837cbd80a6f633/library/test/src/lib.rs:492:39
[INFO] [stdout]   63:     0x56397ce7fc92 - test::run_test::run_test_inner::{{closure}}::h408365d67a78ade8
[INFO] [stdout]                                at /rustc/a178d0322ce20e33eac124758e837cbd80a6f633/library/test/src/lib.rs:519:37
[INFO] [stdout]   64:     0x56397ce7fc92 - std::sys_common::backtrace::__rust_begin_short_backtrace::hb560b77c4f701523
[INFO] [stdout]                                at /rustc/a178d0322ce20e33eac124758e837cbd80a6f633/library/std/src/sys_common/backtrace.rs:125:18
[INFO] [stdout]   65:     0x56397ce83848 - std::thread::Builder::spawn_unchecked::{{closure}}::{{closure}}::hf2e7831dad93c597
[INFO] [stdout]                                at /rustc/a178d0322ce20e33eac124758e837cbd80a6f633/library/std/src/thread/mod.rs:481:17
[INFO] [stdout]   66:     0x56397ce83848 - <std::panic::AssertUnwindSafe<F> as core::ops::function::FnOnce<()>>::call_once::hd2e08783d8be4d02
[INFO] [stdout]                                at /rustc/a178d0322ce20e33eac124758e837cbd80a6f633/library/std/src/panic.rs:347:9
[INFO] [stdout]   67:     0x56397ce83848 - std::panicking::try::do_call::h062597b7acfd6b82
[INFO] [stdout]                                at /rustc/a178d0322ce20e33eac124758e837cbd80a6f633/library/std/src/panicking.rs:401:40
[INFO] [stdout]   68:     0x56397ce83848 - std::panicking::try::h0d7b79db04c14552
[INFO] [stdout]                                at /rustc/a178d0322ce20e33eac124758e837cbd80a6f633/library/std/src/panicking.rs:365:19
[INFO] [stdout]   69:     0x56397ce83848 - std::panic::catch_unwind::hb01a0b5e7c8cd43b
[INFO] [stdout]                                at /rustc/a178d0322ce20e33eac124758e837cbd80a6f633/library/std/src/panic.rs:434:14
[INFO] [stdout]   70:     0x56397ce83848 - std::thread::Builder::spawn_unchecked::{{closure}}::h5bde48cc887e0d1e
[INFO] [stdout]                                at /rustc/a178d0322ce20e33eac124758e837cbd80a6f633/library/std/src/thread/mod.rs:480:30
[INFO] [stdout]   71:     0x56397ce83848 - core::ops::function::FnOnce::call_once{{vtable.shim}}::h745ea30807a29e55
[INFO] [stdout]                                at /rustc/a178d0322ce20e33eac124758e837cbd80a6f633/library/core/src/ops/function.rs:227:5
[INFO] [stdout]   72:     0x56397d543d07 - <alloc::boxed::Box<F,A> as core::ops::function::FnOnce<Args>>::call_once::h7ece6cfefaff1005
[INFO] [stdout]                                at /rustc/a178d0322ce20e33eac124758e837cbd80a6f633/library/alloc/src/boxed.rs:1575:9
[INFO] [stdout]   73:     0x56397d543d07 - <alloc::boxed::Box<F,A> as core::ops::function::FnOnce<Args>>::call_once::hb8b48e55c21f193e
[INFO] [stdout]                                at /rustc/a178d0322ce20e33eac124758e837cbd80a6f633/library/alloc/src/boxed.rs:1575:9
[INFO] [stdout]   74:     0x56397d543d07 - std::sys::unix::thread::Thread::new::thread_start::h8c7c4450dba62914
[INFO] [stdout]                                at /rustc/a178d0322ce20e33eac124758e837cbd80a6f633/library/std/src/sys/unix/thread.rs:71:17
[INFO] [stdout]   75:     0x7f6d59f2c609 - start_thread
[INFO] [stdout]   76:     0x7f6d59cfc293 - clone
[INFO] [stdout]   77:                0x0 - <unknown>
[INFO] [stdout] Panic in Arbiter thread.
[INFO] [stdout] 
[INFO] [stdout] 
[INFO] [stdout] failures:
[INFO] [stdout]     ferris_event::tests::should_create_attachment_map
[INFO] [stdout]     service::tests::test_should_send_mail
[INFO] [stdout] 
[INFO] [stdout] test result: FAILED. 2 passed; 2 failed; 0 ignored; 0 measured; 0 filtered out; finished in 0.07s
[INFO] [stdout] 
[INFO] [stderr] error: test failed, to rerun pass '--bin mail_monit'
[INFO] running `Command { std: "docker" "inspect" "1757ae084ae0494e73951962e13e6646638dc9c0953908214d4305beef429678", kill_on_drop: false }`
[INFO] running `Command { std: "docker" "rm" "-f" "1757ae084ae0494e73951962e13e6646638dc9c0953908214d4305beef429678", kill_on_drop: false }`
[INFO] [stdout] 1757ae084ae0494e73951962e13e6646638dc9c0953908214d4305beef429678
