[INFO] cloning repository https://github.com/kris-nova/krust
[INFO] running `Command { std: "git" "-c" "credential.helper=" "-c" "credential.helper=/workspace/cargo-home/bin/git-credential-null" "clone" "--bare" "https://github.com/kris-nova/krust" "/workspace/cache/git-repos/https%3A%2F%2Fgithub.com%2Fkris-nova%2Fkrust", kill_on_drop: false }`
[INFO] [stderr] Cloning into bare repository '/workspace/cache/git-repos/https%3A%2F%2Fgithub.com%2Fkris-nova%2Fkrust'...
[INFO] running `Command { std: "git" "rev-parse" "HEAD", kill_on_drop: false }`
[INFO] [stdout] 6f82dfe94dd0a6469a3a2a0ffbb41431a6f4ecfd
[INFO] testing kris-nova/krust against beta-2021-08-01 for beta-1.55-1
[INFO] running `Command { std: "git" "clone" "/workspace/cache/git-repos/https%3A%2F%2Fgithub.com%2Fkris-nova%2Fkrust" "/workspace/builds/worker-3/source", kill_on_drop: false }`
[INFO] [stderr] Cloning into '/workspace/builds/worker-3/source'...
[INFO] [stderr] done.
[INFO] validating manifest of git repo https://github.com/kris-nova/krust on toolchain beta-2021-08-01
[INFO] running `Command { std: "/workspace/cargo-home/bin/cargo" "+beta-2021-08-01" "metadata" "--manifest-path" "Cargo.toml" "--no-deps", kill_on_drop: false }`
[INFO] started tweaking git repo https://github.com/kris-nova/krust
[INFO] finished tweaking git repo https://github.com/kris-nova/krust
[INFO] tweaked toml for git repo https://github.com/kris-nova/krust written to /workspace/builds/worker-3/source/Cargo.toml
[INFO] crate git repo https://github.com/kris-nova/krust already has a lockfile, it will not be regenerated
[INFO] running `Command { std: "/workspace/cargo-home/bin/cargo" "+beta-2021-08-01" "fetch" "--manifest-path" "Cargo.toml", kill_on_drop: false }`
[INFO] [stderr]     Updating crates.io index
[INFO] [stderr]     Blocking waiting for file lock on package cache
[INFO] running `Command { std: "docker" "create" "-v" "/var/lib/crater-agent-workspace/builds/worker-3/target:/opt/rustwide/target:rw,Z" "-v" "/var/lib/crater-agent-workspace/builds/worker-3/source:/opt/rustwide/workdir:ro,Z" "-v" "/var/lib/crater-agent-workspace/cargo-home:/opt/rustwide/cargo-home:ro,Z" "-v" "/var/lib/crater-agent-workspace/rustup-home:/opt/rustwide/rustup-home:ro,Z" "-e" "SOURCE_DIR=/opt/rustwide/workdir" "-e" "CARGO_TARGET_DIR=/opt/rustwide/target" "-e" "CARGO_HOME=/opt/rustwide/cargo-home" "-e" "RUSTUP_HOME=/opt/rustwide/rustup-home" "-w" "/opt/rustwide/workdir" "-m" "1610612736" "--user" "0:0" "--network" "none" "ghcr.io/rust-lang/crates-build-env/linux@sha256:34b6a614d2c27851fe6cbf88fbd1137609cefab8b10d0615aaeb6fd47975d74e" "/opt/rustwide/cargo-home/bin/cargo" "+beta-2021-08-01" "metadata" "--no-deps" "--format-version=1", kill_on_drop: false }`
[INFO] [stderr] WARNING: Your kernel does not support swap limit capabilities or the cgroup is not mounted. Memory limited without swap.
[INFO] [stdout] 7cb175922413864194cde412431db25001c0927347b83606ab357e1099dba0aa
[INFO] running `Command { std: "docker" "start" "-a" "7cb175922413864194cde412431db25001c0927347b83606ab357e1099dba0aa", kill_on_drop: false }`
[INFO] running `Command { std: "docker" "inspect" "7cb175922413864194cde412431db25001c0927347b83606ab357e1099dba0aa", kill_on_drop: false }`
[INFO] running `Command { std: "docker" "rm" "-f" "7cb175922413864194cde412431db25001c0927347b83606ab357e1099dba0aa", kill_on_drop: false }`
[INFO] [stdout] 7cb175922413864194cde412431db25001c0927347b83606ab357e1099dba0aa
[INFO] running `Command { std: "docker" "create" "-v" "/var/lib/crater-agent-workspace/builds/worker-3/target:/opt/rustwide/target:rw,Z" "-v" "/var/lib/crater-agent-workspace/builds/worker-3/source:/opt/rustwide/workdir:ro,Z" "-v" "/var/lib/crater-agent-workspace/cargo-home:/opt/rustwide/cargo-home:ro,Z" "-v" "/var/lib/crater-agent-workspace/rustup-home:/opt/rustwide/rustup-home:ro,Z" "-e" "SOURCE_DIR=/opt/rustwide/workdir" "-e" "CARGO_TARGET_DIR=/opt/rustwide/target" "-e" "CARGO_INCREMENTAL=0" "-e" "RUST_BACKTRACE=full" "-e" "RUSTFLAGS=--cap-lints=warn" "-e" "CARGO_HOME=/opt/rustwide/cargo-home" "-e" "RUSTUP_HOME=/opt/rustwide/rustup-home" "-w" "/opt/rustwide/workdir" "-m" "1610612736" "--user" "0:0" "--network" "none" "ghcr.io/rust-lang/crates-build-env/linux@sha256:34b6a614d2c27851fe6cbf88fbd1137609cefab8b10d0615aaeb6fd47975d74e" "/opt/rustwide/cargo-home/bin/cargo" "+beta-2021-08-01" "build" "--frozen" "--message-format=json", kill_on_drop: false }`
[INFO] [stdout] cae6f0fe7a427db374cc78c7842b92af4c1724b26dc2211f2aae6c6cc14806eb
[INFO] [stderr] WARNING: Your kernel does not support swap limit capabilities or the cgroup is not mounted. Memory limited without swap.
[INFO] running `Command { std: "docker" "start" "-a" "cae6f0fe7a427db374cc78c7842b92af4c1724b26dc2211f2aae6c6cc14806eb", kill_on_drop: false }`
[INFO] [stderr]     Blocking waiting for file lock on package cache
[INFO] [stderr]     Blocking waiting for file lock on package cache
[INFO] [stderr]    Compiling k8s-openapi v0.3.0 (/opt/rustwide/workdir)
[INFO] [stderr]    Compiling idna v0.1.5
[INFO] [stderr]    Compiling serde_json v1.0.66
[INFO] [stderr]    Compiling http v0.1.21
[INFO] [stderr]    Compiling chrono v0.4.19
[INFO] [stdout] warning: trait objects without an explicit `dyn` are deprecated
[INFO] [stdout]  --> build.rs:4:29
[INFO] [stdout]   |
[INFO] [stdout] 4 | fn main() -> Result<(), Box<std::error::Error>> {
[INFO] [stdout]   |                             ^^^^^^^^^^^^^^^^^ help: use `dyn`: `dyn std::error::Error`
[INFO] [stdout]   |
[INFO] [stdout]   = note: `#[warn(bare_trait_objects)]` on by default
[INFO] [stdout]   = warning: this is accepted in the current edition (Rust 2015) but is a hard error in Rust 2021!
[INFO] [stdout]   = note: for more information, see issue #80165 <https://github.com/rust-lang/rust/issues/80165>
[INFO] [stdout] 
[INFO] [stdout] 
[INFO] [stdout] warning: 1 warning emitted
[INFO] [stdout] 
[INFO] [stdout] 
[INFO] [stderr]    Compiling url v1.7.2
[INFO] [stdout] warning: trait objects without an explicit `dyn` are deprecated
[INFO] [stdout]    --> src/lib.rs:291:32
[INFO] [stdout]     |
[INFO] [stdout] 291 |     fn cause(&self) -> Option<&std::error::Error> {
[INFO] [stdout]     |                                ^^^^^^^^^^^^^^^^^ help: use `dyn`: `dyn std::error::Error`
[INFO] [stdout]     |
[INFO] [stdout]     = note: `#[warn(bare_trait_objects)]` on by default
[INFO] [stdout]     = warning: this is accepted in the current edition (Rust 2015) but is a hard error in Rust 2021!
[INFO] [stdout]     = note: for more information, see issue #80165 <https://github.com/rust-lang/rust/issues/80165>
[INFO] [stdout] 
[INFO] [stdout] 
[INFO] [stdout] warning: trait objects without an explicit `dyn` are deprecated
[INFO] [stdout]    --> src/lib.rs:382:32
[INFO] [stdout]     |
[INFO] [stdout] 382 |     fn cause(&self) -> Option<&std::error::Error> {
[INFO] [stdout]     |                                ^^^^^^^^^^^^^^^^^ help: use `dyn`: `dyn std::error::Error`
[INFO] [stdout]     |
[INFO] [stdout]     = warning: this is accepted in the current edition (Rust 2015) but is a hard error in Rust 2021!
[INFO] [stdout]     = note: for more information, see issue #80165 <https://github.com/rust-lang/rust/issues/80165>
[INFO] [stdout] 
[INFO] [stdout] 
[INFO] [stdout] warning: use of deprecated associated function `std::error::Error::description`: use the Display impl or to_string()
[INFO] [stdout]    --> src/lib.rs:286:44
[INFO] [stdout]     |
[INFO] [stdout] 286 |             RequestError::Http(err) => err.description(),
[INFO] [stdout]     |                                            ^^^^^^^^^^^
[INFO] [stdout]     |
[INFO] [stdout]     = note: `#[warn(deprecated)]` on by default
[INFO] [stdout] 
[INFO] [stdout] 
[INFO] [stdout] warning: use of deprecated associated function `std::error::Error::description`: use the Display impl or to_string()
[INFO] [stdout]    --> src/lib.rs:287:44
[INFO] [stdout]     |
[INFO] [stdout] 287 |             RequestError::Json(err) => err.description(),
[INFO] [stdout]     |                                            ^^^^^^^^^^^
[INFO] [stdout] 
[INFO] [stdout] 
[INFO] [stdout] warning: use of deprecated associated function `std::error::Error::description`: use the Display impl or to_string()
[INFO] [stdout]    --> src/lib.rs:377:45
[INFO] [stdout]     |
[INFO] [stdout] 377 |             ResponseError::Json(err) => err.description(),
[INFO] [stdout]     |                                             ^^^^^^^^^^^
[INFO] [stdout] 
[INFO] [stdout] 
[INFO] [stdout] warning: use of deprecated associated function `std::error::Error::description`: use the Display impl or to_string()
[INFO] [stdout]    --> src/lib.rs:378:45
[INFO] [stdout]     |
[INFO] [stdout] 378 |             ResponseError::Utf8(err) => err.description(),
[INFO] [stdout]     |                                             ^^^^^^^^^^^
[INFO] [stdout] 
[INFO] [stdout] 
[INFO] [stdout] warning: 6 warnings emitted
[INFO] [stdout] 
[INFO] [stdout] 
[INFO] [stderr]     Finished dev [unoptimized + debuginfo] target(s) in 6.22s
[INFO] running `Command { std: "docker" "inspect" "cae6f0fe7a427db374cc78c7842b92af4c1724b26dc2211f2aae6c6cc14806eb", kill_on_drop: false }`
[INFO] running `Command { std: "docker" "rm" "-f" "cae6f0fe7a427db374cc78c7842b92af4c1724b26dc2211f2aae6c6cc14806eb", kill_on_drop: false }`
[INFO] [stdout] cae6f0fe7a427db374cc78c7842b92af4c1724b26dc2211f2aae6c6cc14806eb
[INFO] running `Command { std: "docker" "create" "-v" "/var/lib/crater-agent-workspace/builds/worker-3/target:/opt/rustwide/target:rw,Z" "-v" "/var/lib/crater-agent-workspace/builds/worker-3/source:/opt/rustwide/workdir:ro,Z" "-v" "/var/lib/crater-agent-workspace/cargo-home:/opt/rustwide/cargo-home:ro,Z" "-v" "/var/lib/crater-agent-workspace/rustup-home:/opt/rustwide/rustup-home:ro,Z" "-e" "SOURCE_DIR=/opt/rustwide/workdir" "-e" "CARGO_TARGET_DIR=/opt/rustwide/target" "-e" "CARGO_INCREMENTAL=0" "-e" "RUST_BACKTRACE=full" "-e" "RUSTFLAGS=--cap-lints=warn" "-e" "CARGO_HOME=/opt/rustwide/cargo-home" "-e" "RUSTUP_HOME=/opt/rustwide/rustup-home" "-w" "/opt/rustwide/workdir" "-m" "1610612736" "--user" "0:0" "--network" "none" "ghcr.io/rust-lang/crates-build-env/linux@sha256:34b6a614d2c27851fe6cbf88fbd1137609cefab8b10d0615aaeb6fd47975d74e" "/opt/rustwide/cargo-home/bin/cargo" "+beta-2021-08-01" "test" "--frozen" "--no-run" "--message-format=json", kill_on_drop: false }`
[INFO] [stdout] 35ab0d5e2c778ae6fa71c96921eba0828e6e1cfda1def11981f2fc50404922eb
[INFO] [stderr] WARNING: Your kernel does not support swap limit capabilities or the cgroup is not mounted. Memory limited without swap.
[INFO] running `Command { std: "docker" "start" "-a" "35ab0d5e2c778ae6fa71c96921eba0828e6e1cfda1def11981f2fc50404922eb", kill_on_drop: false }`
[INFO] [stderr]    Compiling k8s-openapi v0.3.0 (/opt/rustwide/workdir)
[INFO] [stdout] warning: trait objects without an explicit `dyn` are deprecated
[INFO] [stdout]  --> build.rs:4:29
[INFO] [stdout]   |
[INFO] [stdout] 4 | fn main() -> Result<(), Box<std::error::Error>> {
[INFO] [stdout]   |                             ^^^^^^^^^^^^^^^^^ help: use `dyn`: `dyn std::error::Error`
[INFO] [stdout]   |
[INFO] [stdout]   = note: `#[warn(bare_trait_objects)]` on by default
[INFO] [stdout]   = warning: this is accepted in the current edition (Rust 2015) but is a hard error in Rust 2021!
[INFO] [stdout]   = note: for more information, see issue #80165 <https://github.com/rust-lang/rust/issues/80165>
[INFO] [stdout] 
[INFO] [stdout] 
[INFO] [stdout] warning: 1 warning emitted
[INFO] [stdout] 
[INFO] [stdout] 
[INFO] [stdout] warning: trait objects without an explicit `dyn` are deprecated
[INFO] [stdout]    --> src/lib.rs:291:32
[INFO] [stdout]     |
[INFO] [stdout] 291 |     fn cause(&self) -> Option<&std::error::Error> {
[INFO] [stdout]     |                                ^^^^^^^^^^^^^^^^^ help: use `dyn`: `dyn std::error::Error`
[INFO] [stdout]     |
[INFO] [stdout]     = note: `#[warn(bare_trait_objects)]` on by default
[INFO] [stdout]     = warning: this is accepted in the current edition (Rust 2015) but is a hard error in Rust 2021!
[INFO] [stdout]     = note: for more information, see issue #80165 <https://github.com/rust-lang/rust/issues/80165>
[INFO] [stdout] 
[INFO] [stdout] 
[INFO] [stdout] warning: trait objects without an explicit `dyn` are deprecated
[INFO] [stdout]    --> src/lib.rs:382:32
[INFO] [stdout]     |
[INFO] [stdout] 382 |     fn cause(&self) -> Option<&std::error::Error> {
[INFO] [stdout]     |                                ^^^^^^^^^^^^^^^^^ help: use `dyn`: `dyn std::error::Error`
[INFO] [stdout]     |
[INFO] [stdout]     = warning: this is accepted in the current edition (Rust 2015) but is a hard error in Rust 2021!
[INFO] [stdout]     = note: for more information, see issue #80165 <https://github.com/rust-lang/rust/issues/80165>
[INFO] [stdout] 
[INFO] [stdout] 
[INFO] [stdout] warning: use of deprecated associated function `std::error::Error::description`: use the Display impl or to_string()
[INFO] [stdout]    --> src/lib.rs:286:44
[INFO] [stdout]     |
[INFO] [stdout] 286 |             RequestError::Http(err) => err.description(),
[INFO] [stdout]     |                                            ^^^^^^^^^^^
[INFO] [stdout]     |
[INFO] [stdout]     = note: `#[warn(deprecated)]` on by default
[INFO] [stdout] 
[INFO] [stdout] 
[INFO] [stdout] warning: use of deprecated associated function `std::error::Error::description`: use the Display impl or to_string()
[INFO] [stdout]    --> src/lib.rs:287:44
[INFO] [stdout]     |
[INFO] [stdout] 287 |             RequestError::Json(err) => err.description(),
[INFO] [stdout]     |                                            ^^^^^^^^^^^
[INFO] [stdout] 
[INFO] [stdout] 
[INFO] [stdout] warning: use of deprecated associated function `std::error::Error::description`: use the Display impl or to_string()
[INFO] [stdout]    --> src/lib.rs:377:45
[INFO] [stdout]     |
[INFO] [stdout] 377 |             ResponseError::Json(err) => err.description(),
[INFO] [stdout]     |                                             ^^^^^^^^^^^
[INFO] [stdout] 
[INFO] [stdout] 
[INFO] [stdout] warning: use of deprecated associated function `std::error::Error::description`: use the Display impl or to_string()
[INFO] [stdout]    --> src/lib.rs:378:45
[INFO] [stdout]     |
[INFO] [stdout] 378 |             ResponseError::Utf8(err) => err.description(),
[INFO] [stdout]     |                                             ^^^^^^^^^^^
[INFO] [stdout] 
[INFO] [stdout] 
[INFO] [stdout] warning: 6 warnings emitted
[INFO] [stdout] 
[INFO] [stdout] 
[INFO] [stdout] warning: trait objects without an explicit `dyn` are deprecated
[INFO] [stdout]    --> src/lib.rs:291:32
[INFO] [stdout]     |
[INFO] [stdout] 291 |     fn cause(&self) -> Option<&std::error::Error> {
[INFO] [stdout]     |                                ^^^^^^^^^^^^^^^^^ help: use `dyn`: `dyn std::error::Error`
[INFO] [stdout]     |
[INFO] [stdout]     = note: `#[warn(bare_trait_objects)]` on by default
[INFO] [stdout]     = warning: this is accepted in the current edition (Rust 2015) but is a hard error in Rust 2021!
[INFO] [stdout]     = note: for more information, see issue #80165 <https://github.com/rust-lang/rust/issues/80165>
[INFO] [stdout] 
[INFO] [stdout] 
[INFO] [stdout] warning: trait objects without an explicit `dyn` are deprecated
[INFO] [stdout]    --> src/lib.rs:382:32
[INFO] [stdout]     |
[INFO] [stdout] 382 |     fn cause(&self) -> Option<&std::error::Error> {
[INFO] [stdout]     |                                ^^^^^^^^^^^^^^^^^ help: use `dyn`: `dyn std::error::Error`
[INFO] [stdout]     |
[INFO] [stdout]     = warning: this is accepted in the current edition (Rust 2015) but is a hard error in Rust 2021!
[INFO] [stdout]     = note: for more information, see issue #80165 <https://github.com/rust-lang/rust/issues/80165>
[INFO] [stdout] 
[INFO] [stdout] 
[INFO] [stdout] warning: use of deprecated associated function `std::error::Error::description`: use the Display impl or to_string()
[INFO] [stdout]    --> src/lib.rs:286:44
[INFO] [stdout]     |
[INFO] [stdout] 286 |             RequestError::Http(err) => err.description(),
[INFO] [stdout]     |                                            ^^^^^^^^^^^
[INFO] [stdout]     |
[INFO] [stdout]     = note: `#[warn(deprecated)]` on by default
[INFO] [stdout] 
[INFO] [stdout] 
[INFO] [stdout] warning: use of deprecated associated function `std::error::Error::description`: use the Display impl or to_string()
[INFO] [stdout]    --> src/lib.rs:287:44
[INFO] [stdout]     |
[INFO] [stdout] 287 |             RequestError::Json(err) => err.description(),
[INFO] [stdout]     |                                            ^^^^^^^^^^^
[INFO] [stdout] 
[INFO] [stdout] 
[INFO] [stdout] warning: use of deprecated associated function `std::error::Error::description`: use the Display impl or to_string()
[INFO] [stdout]    --> src/lib.rs:377:45
[INFO] [stdout]     |
[INFO] [stdout] 377 |             ResponseError::Json(err) => err.description(),
[INFO] [stdout]     |                                             ^^^^^^^^^^^
[INFO] [stdout] 
[INFO] [stdout] 
[INFO] [stdout] warning: use of deprecated associated function `std::error::Error::description`: use the Display impl or to_string()
[INFO] [stdout]    --> src/lib.rs:378:45
[INFO] [stdout]     |
[INFO] [stdout] 378 |             ResponseError::Utf8(err) => err.description(),
[INFO] [stdout]     |                                             ^^^^^^^^^^^
[INFO] [stdout] 
[INFO] [stdout] 
[INFO] [stdout] warning: 6 warnings emitted
[INFO] [stdout] 
[INFO] [stdout] 
[INFO] [stderr]     Finished test [unoptimized + debuginfo] target(s) in 1.54s
[INFO] running `Command { std: "docker" "inspect" "35ab0d5e2c778ae6fa71c96921eba0828e6e1cfda1def11981f2fc50404922eb", kill_on_drop: false }`
[INFO] running `Command { std: "docker" "rm" "-f" "35ab0d5e2c778ae6fa71c96921eba0828e6e1cfda1def11981f2fc50404922eb", kill_on_drop: false }`
[INFO] [stdout] 35ab0d5e2c778ae6fa71c96921eba0828e6e1cfda1def11981f2fc50404922eb
[INFO] running `Command { std: "docker" "create" "-v" "/var/lib/crater-agent-workspace/builds/worker-3/target:/opt/rustwide/target:rw,Z" "-v" "/var/lib/crater-agent-workspace/builds/worker-3/source:/opt/rustwide/workdir:ro,Z" "-v" "/var/lib/crater-agent-workspace/cargo-home:/opt/rustwide/cargo-home:ro,Z" "-v" "/var/lib/crater-agent-workspace/rustup-home:/opt/rustwide/rustup-home:ro,Z" "-e" "SOURCE_DIR=/opt/rustwide/workdir" "-e" "CARGO_TARGET_DIR=/opt/rustwide/target" "-e" "CARGO_INCREMENTAL=0" "-e" "RUST_BACKTRACE=full" "-e" "RUSTFLAGS=--cap-lints=warn" "-e" "CARGO_HOME=/opt/rustwide/cargo-home" "-e" "RUSTUP_HOME=/opt/rustwide/rustup-home" "-w" "/opt/rustwide/workdir" "-m" "1610612736" "--user" "0:0" "--network" "none" "ghcr.io/rust-lang/crates-build-env/linux@sha256:34b6a614d2c27851fe6cbf88fbd1137609cefab8b10d0615aaeb6fd47975d74e" "/opt/rustwide/cargo-home/bin/cargo" "+beta-2021-08-01" "test" "--frozen", kill_on_drop: false }`
[INFO] [stdout] 46acbeabfaa0c3c5c7c852495ebfa277f0fe32a23198e546b8dbf99031beb4b6
[INFO] [stderr] WARNING: Your kernel does not support swap limit capabilities or the cgroup is not mounted. Memory limited without swap.
[INFO] running `Command { std: "docker" "start" "-a" "46acbeabfaa0c3c5c7c852495ebfa277f0fe32a23198e546b8dbf99031beb4b6", kill_on_drop: false }`
[INFO] [stderr] warning: trait objects without an explicit `dyn` are deprecated
[INFO] [stderr]  --> build.rs:4:29
[INFO] [stderr]   |
[INFO] [stderr] 4 | fn main() -> Result<(), Box<std::error::Error>> {
[INFO] [stderr]   |                             ^^^^^^^^^^^^^^^^^ help: use `dyn`: `dyn std::error::Error`
[INFO] [stderr]   |
[INFO] [stderr]   = note: `#[warn(bare_trait_objects)]` on by default
[INFO] [stderr]   = warning: this is accepted in the current edition (Rust 2015) but is a hard error in Rust 2021!
[INFO] [stderr]   = note: for more information, see issue #80165 <https://github.com/rust-lang/rust/issues/80165>
[INFO] [stderr] 
[INFO] [stderr] warning: `k8s-openapi` (build script) generated 1 warning
[INFO] [stderr] warning: trait objects without an explicit `dyn` are deprecated
[INFO] [stderr]    --> src/lib.rs:291:32
[INFO] [stderr]     |
[INFO] [stderr] 291 |     fn cause(&self) -> Option<&std::error::Error> {
[INFO] [stderr]     |                                ^^^^^^^^^^^^^^^^^ help: use `dyn`: `dyn std::error::Error`
[INFO] [stderr]     |
[INFO] [stderr]     = note: `#[warn(bare_trait_objects)]` on by default
[INFO] [stderr]     = warning: this is accepted in the current edition (Rust 2015) but is a hard error in Rust 2021!
[INFO] [stderr]     = note: for more information, see issue #80165 <https://github.com/rust-lang/rust/issues/80165>
[INFO] [stderr] 
[INFO] [stderr] warning: trait objects without an explicit `dyn` are deprecated
[INFO] [stderr]    --> src/lib.rs:382:32
[INFO] [stderr]     |
[INFO] [stderr] 382 |     fn cause(&self) -> Option<&std::error::Error> {
[INFO] [stderr]     |                                ^^^^^^^^^^^^^^^^^ help: use `dyn`: `dyn std::error::Error`
[INFO] [stderr]     |
[INFO] [stderr]     = warning: this is accepted in the current edition (Rust 2015) but is a hard error in Rust 2021!
[INFO] [stderr]     = note: for more information, see issue #80165 <https://github.com/rust-lang/rust/issues/80165>
[INFO] [stderr] 
[INFO] [stderr] warning: use of deprecated associated function `std::error::Error::description`: use the Display impl or to_string()
[INFO] [stderr]    --> src/lib.rs:286:44
[INFO] [stderr]     |
[INFO] [stderr] 286 |             RequestError::Http(err) => err.description(),
[INFO] [stderr]     |                                            ^^^^^^^^^^^
[INFO] [stderr]     |
[INFO] [stderr]     = note: `#[warn(deprecated)]` on by default
[INFO] [stderr] 
[INFO] [stderr] warning: use of deprecated associated function `std::error::Error::description`: use the Display impl or to_string()
[INFO] [stderr]    --> src/lib.rs:287:44
[INFO] [stderr]     |
[INFO] [stderr] 287 |             RequestError::Json(err) => err.description(),
[INFO] [stderr]     |                                            ^^^^^^^^^^^
[INFO] [stderr] 
[INFO] [stderr] warning: use of deprecated associated function `std::error::Error::description`: use the Display impl or to_string()
[INFO] [stderr]    --> src/lib.rs:377:45
[INFO] [stderr]     |
[INFO] [stderr] 377 |             ResponseError::Json(err) => err.description(),
[INFO] [stderr]     |                                             ^^^^^^^^^^^
[INFO] [stderr] 
[INFO] [stderr] warning: use of deprecated associated function `std::error::Error::description`: use the Display impl or to_string()
[INFO] [stderr]    --> src/lib.rs:378:45
[INFO] [stderr]     |
[INFO] [stderr] 378 |             ResponseError::Utf8(err) => err.description(),
[INFO] [stderr]     |                                             ^^^^^^^^^^^
[INFO] [stderr] 
[INFO] [stderr] warning: `k8s-openapi` (lib) generated 6 warnings
[INFO] [stderr] warning: `k8s-openapi` (lib test) generated 6 warnings (6 duplicates)
[INFO] [stderr]     Finished test [unoptimized + debuginfo] target(s) in 0.04s
[INFO] [stderr]      Running unittests (/opt/rustwide/target/debug/deps/k8s_openapi-27227551e78063d2)
[INFO] [stdout] 
[INFO] [stderr]    Doc-tests k8s-openapi
[INFO] [stdout] running 0 tests
[INFO] [stdout] 
[INFO] [stdout] test result: ok. 0 passed; 0 failed; 0 ignored; 0 measured; 0 filtered out; finished in 0.00s
[INFO] [stdout] 
[INFO] [stdout] 
[INFO] [stdout] running 9 tests
[INFO] [stdout] test src/lib.rs - (line 40) - compile ... FAILED
[INFO] [stdout] test /opt/rustwide/target/debug/build/k8s-openapi-a0357898f08fc162/out/conditional_compilation_macros.rs - k8s_match (line 130) - compile ... ok
[INFO] [stdout] test /opt/rustwide/target/debug/build/k8s-openapi-a0357898f08fc162/out/conditional_compilation_macros.rs - k8s_if_1_10 (line 62) ... ok
[INFO] [stdout] test src/lib.rs - (line 10) ... FAILED
[INFO] [stdout] test /opt/rustwide/target/debug/build/k8s-openapi-a0357898f08fc162/out/conditional_compilation_macros.rs - k8s_if_1_12 (line 100) ... ok
[INFO] [stdout] test /opt/rustwide/target/debug/build/k8s-openapi-a0357898f08fc162/out/conditional_compilation_macros.rs - k8s_if_1_11 (line 81) ... ok
[INFO] [stdout] test /opt/rustwide/target/debug/build/k8s-openapi-a0357898f08fc162/out/conditional_compilation_macros.rs - k8s_if_1_9 (line 43) ... ok
[INFO] [stdout] test /opt/rustwide/target/debug/build/k8s-openapi-a0357898f08fc162/out/conditional_compilation_macros.rs - k8s_if_1_8 (line 24) ... ok
[INFO] [stdout] test /opt/rustwide/target/debug/build/k8s-openapi-a0357898f08fc162/out/conditional_compilation_macros.rs - k8s_if_1_7 (line 5) ... ok
[INFO] [stdout] 
[INFO] [stdout] failures:
[INFO] [stdout] 
[INFO] [stdout] ---- src/lib.rs - (line 40) stdout ----
[INFO] [stdout] error[E0433]: failed to resolve: use of undeclared crate or module `api`
[INFO] [stdout]   --> src/lib.rs:136:16
[INFO] [stdout]    |
[INFO] [stdout] 97 |             Ok(api::ListCoreV1NamespacedPodResponse::Ok(pod_list)) =>
[INFO] [stdout]    |                ^^^ use of undeclared crate or module `api`
[INFO] [stdout] 
[INFO] [stdout] error[E0425]: cannot find value `request` in this scope
[INFO] [stdout]   --> src/lib.rs:98:28
[INFO] [stdout]    |
[INFO] [stdout] 59 |     let response = execute(request);
[INFO] [stdout]    |                            ^^^^^^^ not found in this scope
[INFO] [stdout] 
[INFO] [stdout] warning: trait objects without an explicit `dyn` are deprecated
[INFO] [stdout]   --> src/lib.rs:81:29
[INFO] [stdout]    |
[INFO] [stdout] 42 | fn main() -> Result<(), Box<std::error::Error>> {
[INFO] [stdout]    |                             ^^^^^^^^^^^^^^^^^ help: use `dyn`: `dyn std::error::Error`
[INFO] [stdout]    |
[INFO] [stdout]    = note: `#[warn(bare_trait_objects)]` on by default
[INFO] [stdout]    = warning: this is accepted in the current edition (Rust 2015) but is a hard error in Rust 2021!
[INFO] [stdout]    = note: for more information, see issue #80165 <https://github.com/rust-lang/rust/issues/80165>
[INFO] [stdout] 
[INFO] [stdout] error: aborting due to 2 previous errors; 1 warning emitted
[INFO] [stdout] 
[INFO] [stdout] Some errors have detailed explanations: E0425, E0433.
[INFO] [stdout] For more information about an error, try `rustc --explain E0425`.
[INFO] [stdout] Couldn't compile the test.
[INFO] [stdout] ---- src/lib.rs - (line 10) stdout ----
[INFO] [stdout] error[E0433]: failed to resolve: use of undeclared crate or module `api`
[INFO] [stdout]   --> src/lib.rs:33:19
[INFO] [stdout]    |
[INFO] [stdout] 24 |     let pod_spec: api::PodSpec = Default::default();
[INFO] [stdout]    |                   ^^^ use of undeclared crate or module `api`
[INFO] [stdout] 
[INFO] [stdout] error: aborting due to previous error
[INFO] [stdout] 
[INFO] [stdout] For more information about this error, try `rustc --explain E0433`.
[INFO] [stdout] Couldn't compile the test.
[INFO] [stdout] 
[INFO] [stdout] failures:
[INFO] [stdout]     src/lib.rs - (line 10)
[INFO] [stdout]     src/lib.rs - (line 40)
[INFO] [stdout] 
[INFO] [stdout] test result: FAILED. 7 passed; 2 failed; 0 ignored; 0 measured; 0 filtered out; finished in 1.67s
[INFO] [stdout] 
[INFO] [stderr] error: test failed, to rerun pass '--doc'
[INFO] running `Command { std: "docker" "inspect" "46acbeabfaa0c3c5c7c852495ebfa277f0fe32a23198e546b8dbf99031beb4b6", kill_on_drop: false }`
[INFO] running `Command { std: "docker" "rm" "-f" "46acbeabfaa0c3c5c7c852495ebfa277f0fe32a23198e546b8dbf99031beb4b6", kill_on_drop: false }`
[INFO] [stdout] 46acbeabfaa0c3c5c7c852495ebfa277f0fe32a23198e546b8dbf99031beb4b6
