[INFO] cloning repository https://github.com/kprav33n/aoc18.rs
[INFO] running `Command { std: "git" "-c" "credential.helper=" "-c" "credential.helper=/workspace/cargo-home/bin/git-credential-null" "clone" "--bare" "https://github.com/kprav33n/aoc18.rs" "/workspace/cache/git-repos/https%3A%2F%2Fgithub.com%2Fkprav33n%2Faoc18.rs", kill_on_drop: false }`
[INFO] [stderr] Cloning into bare repository '/workspace/cache/git-repos/https%3A%2F%2Fgithub.com%2Fkprav33n%2Faoc18.rs'...
[INFO] running `Command { std: "git" "rev-parse" "HEAD", kill_on_drop: false }`
[INFO] [stdout] 392c1051fac97dccdb8faa897a64eaf5891ac5af
[INFO] testing kprav33n/aoc18.rs against 1.54.0 for beta-1.55-1
[INFO] running `Command { std: "git" "clone" "/workspace/cache/git-repos/https%3A%2F%2Fgithub.com%2Fkprav33n%2Faoc18.rs" "/workspace/builds/worker-59/source", kill_on_drop: false }`
[INFO] [stderr] Cloning into '/workspace/builds/worker-59/source'...
[INFO] [stderr] done.
[INFO] validating manifest of git repo https://github.com/kprav33n/aoc18.rs on toolchain 1.54.0
[INFO] running `Command { std: "/workspace/cargo-home/bin/cargo" "+1.54.0" "metadata" "--manifest-path" "Cargo.toml" "--no-deps", kill_on_drop: false }`
[INFO] started tweaking git repo https://github.com/kprav33n/aoc18.rs
[INFO] finished tweaking git repo https://github.com/kprav33n/aoc18.rs
[INFO] tweaked toml for git repo https://github.com/kprav33n/aoc18.rs written to /workspace/builds/worker-59/source/Cargo.toml
[INFO] crate git repo https://github.com/kprav33n/aoc18.rs already has a lockfile, it will not be regenerated
[INFO] running `Command { std: "/workspace/cargo-home/bin/cargo" "+1.54.0" "fetch" "--manifest-path" "Cargo.toml", kill_on_drop: false }`
[INFO] [stderr]     Blocking waiting for file lock on package cache
[INFO] [stderr]     Blocking waiting for file lock on package cache
[INFO] running `Command { std: "docker" "create" "-v" "/var/lib/crater-agent-workspace/builds/worker-59/target:/opt/rustwide/target:rw,Z" "-v" "/var/lib/crater-agent-workspace/builds/worker-59/source:/opt/rustwide/workdir:ro,Z" "-v" "/var/lib/crater-agent-workspace/cargo-home:/opt/rustwide/cargo-home:ro,Z" "-v" "/var/lib/crater-agent-workspace/rustup-home:/opt/rustwide/rustup-home:ro,Z" "-e" "SOURCE_DIR=/opt/rustwide/workdir" "-e" "CARGO_TARGET_DIR=/opt/rustwide/target" "-e" "CARGO_HOME=/opt/rustwide/cargo-home" "-e" "RUSTUP_HOME=/opt/rustwide/rustup-home" "-w" "/opt/rustwide/workdir" "-m" "1610612736" "--user" "0:0" "--network" "none" "ghcr.io/rust-lang/crates-build-env/linux@sha256:34b6a614d2c27851fe6cbf88fbd1137609cefab8b10d0615aaeb6fd47975d74e" "/opt/rustwide/cargo-home/bin/cargo" "+1.54.0" "metadata" "--no-deps" "--format-version=1", kill_on_drop: false }`
[INFO] [stdout] 181609d14e106edc6107e1fb6fd3f4b7203a360dd3c4ed6d1c986034f4d42d25
[INFO] running `Command { std: "docker" "start" "-a" "181609d14e106edc6107e1fb6fd3f4b7203a360dd3c4ed6d1c986034f4d42d25", kill_on_drop: false }`
[INFO] running `Command { std: "docker" "inspect" "181609d14e106edc6107e1fb6fd3f4b7203a360dd3c4ed6d1c986034f4d42d25", kill_on_drop: false }`
[INFO] running `Command { std: "docker" "rm" "-f" "181609d14e106edc6107e1fb6fd3f4b7203a360dd3c4ed6d1c986034f4d42d25", kill_on_drop: false }`
[INFO] [stdout] 181609d14e106edc6107e1fb6fd3f4b7203a360dd3c4ed6d1c986034f4d42d25
[INFO] running `Command { std: "docker" "create" "-v" "/var/lib/crater-agent-workspace/builds/worker-59/target:/opt/rustwide/target:rw,Z" "-v" "/var/lib/crater-agent-workspace/builds/worker-59/source:/opt/rustwide/workdir:ro,Z" "-v" "/var/lib/crater-agent-workspace/cargo-home:/opt/rustwide/cargo-home:ro,Z" "-v" "/var/lib/crater-agent-workspace/rustup-home:/opt/rustwide/rustup-home:ro,Z" "-e" "SOURCE_DIR=/opt/rustwide/workdir" "-e" "CARGO_TARGET_DIR=/opt/rustwide/target" "-e" "CARGO_INCREMENTAL=0" "-e" "RUST_BACKTRACE=full" "-e" "RUSTFLAGS=--cap-lints=warn" "-e" "CARGO_HOME=/opt/rustwide/cargo-home" "-e" "RUSTUP_HOME=/opt/rustwide/rustup-home" "-w" "/opt/rustwide/workdir" "-m" "1610612736" "--user" "0:0" "--network" "none" "ghcr.io/rust-lang/crates-build-env/linux@sha256:34b6a614d2c27851fe6cbf88fbd1137609cefab8b10d0615aaeb6fd47975d74e" "/opt/rustwide/cargo-home/bin/cargo" "+1.54.0" "build" "--frozen" "--message-format=json", kill_on_drop: false }`
[INFO] [stdout] 054f0e280d9c21ef996d57506c3f3706b82b270cffe9e0347d9a8128bc72c20a
[INFO] running `Command { std: "docker" "start" "-a" "054f0e280d9c21ef996d57506c3f3706b82b270cffe9e0347d9a8128bc72c20a", kill_on_drop: false }`
[INFO] [stderr]     Blocking waiting for file lock on package cache
[INFO] [stderr]    Compiling libc v0.2.44
[INFO] [stderr]    Compiling num-traits v0.2.6
[INFO] [stderr]    Compiling either v1.5.0
[INFO] [stderr]    Compiling fixedbitset v0.1.9
[INFO] [stderr]    Compiling ordermap v0.3.5
[INFO] [stderr]    Compiling indexmap v1.0.2
[INFO] [stderr]    Compiling memchr v2.1.1
[INFO] [stderr]    Compiling itertools v0.8.0
[INFO] [stderr]    Compiling petgraph v0.4.13
[INFO] [stderr]    Compiling time v0.1.40
[INFO] [stderr]    Compiling num-integer v0.1.39
[INFO] [stderr]    Compiling pathfinding v1.1.10
[INFO] [stderr]    Compiling aho-corasick v0.6.9
[INFO] [stderr]    Compiling nom v4.1.1
[INFO] [stderr]    Compiling chrono v0.4.6
[INFO] [stderr]    Compiling regex v1.1.0
[INFO] [stderr]    Compiling aoc18 v0.1.0 (/opt/rustwide/workdir)
[INFO] [stderr]     Finished dev [unoptimized + debuginfo] target(s) in 17.63s
[INFO] running `Command { std: "docker" "inspect" "054f0e280d9c21ef996d57506c3f3706b82b270cffe9e0347d9a8128bc72c20a", kill_on_drop: false }`
[INFO] running `Command { std: "docker" "rm" "-f" "054f0e280d9c21ef996d57506c3f3706b82b270cffe9e0347d9a8128bc72c20a", kill_on_drop: false }`
[INFO] [stdout] 054f0e280d9c21ef996d57506c3f3706b82b270cffe9e0347d9a8128bc72c20a
[INFO] running `Command { std: "docker" "create" "-v" "/var/lib/crater-agent-workspace/builds/worker-59/target:/opt/rustwide/target:rw,Z" "-v" "/var/lib/crater-agent-workspace/builds/worker-59/source:/opt/rustwide/workdir:ro,Z" "-v" "/var/lib/crater-agent-workspace/cargo-home:/opt/rustwide/cargo-home:ro,Z" "-v" "/var/lib/crater-agent-workspace/rustup-home:/opt/rustwide/rustup-home:ro,Z" "-e" "SOURCE_DIR=/opt/rustwide/workdir" "-e" "CARGO_TARGET_DIR=/opt/rustwide/target" "-e" "CARGO_INCREMENTAL=0" "-e" "RUST_BACKTRACE=full" "-e" "RUSTFLAGS=--cap-lints=warn" "-e" "CARGO_HOME=/opt/rustwide/cargo-home" "-e" "RUSTUP_HOME=/opt/rustwide/rustup-home" "-w" "/opt/rustwide/workdir" "-m" "1610612736" "--user" "0:0" "--network" "none" "ghcr.io/rust-lang/crates-build-env/linux@sha256:34b6a614d2c27851fe6cbf88fbd1137609cefab8b10d0615aaeb6fd47975d74e" "/opt/rustwide/cargo-home/bin/cargo" "+1.54.0" "test" "--frozen" "--no-run" "--message-format=json", kill_on_drop: false }`
[INFO] [stdout] d73d8eed497299bb53f2619623f2c91330acfeb66b5814fdf2e8812596dec3c1
[INFO] running `Command { std: "docker" "start" "-a" "d73d8eed497299bb53f2619623f2c91330acfeb66b5814fdf2e8812596dec3c1", kill_on_drop: false }`
[INFO] [stderr]     Blocking waiting for file lock on package cache
[INFO] [stderr]    Compiling aoc18 v0.1.0 (/opt/rustwide/workdir)
[INFO] [stderr]     Finished test [unoptimized + debuginfo] target(s) in 3.83s
[INFO] running `Command { std: "docker" "inspect" "d73d8eed497299bb53f2619623f2c91330acfeb66b5814fdf2e8812596dec3c1", kill_on_drop: false }`
[INFO] running `Command { std: "docker" "rm" "-f" "d73d8eed497299bb53f2619623f2c91330acfeb66b5814fdf2e8812596dec3c1", kill_on_drop: false }`
[INFO] [stdout] d73d8eed497299bb53f2619623f2c91330acfeb66b5814fdf2e8812596dec3c1
[INFO] running `Command { std: "docker" "create" "-v" "/var/lib/crater-agent-workspace/builds/worker-59/target:/opt/rustwide/target:rw,Z" "-v" "/var/lib/crater-agent-workspace/builds/worker-59/source:/opt/rustwide/workdir:ro,Z" "-v" "/var/lib/crater-agent-workspace/cargo-home:/opt/rustwide/cargo-home:ro,Z" "-v" "/var/lib/crater-agent-workspace/rustup-home:/opt/rustwide/rustup-home:ro,Z" "-e" "SOURCE_DIR=/opt/rustwide/workdir" "-e" "CARGO_TARGET_DIR=/opt/rustwide/target" "-e" "CARGO_INCREMENTAL=0" "-e" "RUST_BACKTRACE=full" "-e" "RUSTFLAGS=--cap-lints=warn" "-e" "CARGO_HOME=/opt/rustwide/cargo-home" "-e" "RUSTUP_HOME=/opt/rustwide/rustup-home" "-w" "/opt/rustwide/workdir" "-m" "1610612736" "--user" "0:0" "--network" "none" "ghcr.io/rust-lang/crates-build-env/linux@sha256:34b6a614d2c27851fe6cbf88fbd1137609cefab8b10d0615aaeb6fd47975d74e" "/opt/rustwide/cargo-home/bin/cargo" "+1.54.0" "test" "--frozen", kill_on_drop: false }`
[INFO] [stdout] 1b8a3fbdb5740612395261475247dc20cbfc1a7fc97fe72ef848da6d22b5c9bf
[INFO] running `Command { std: "docker" "start" "-a" "1b8a3fbdb5740612395261475247dc20cbfc1a7fc97fe72ef848da6d22b5c9bf", kill_on_drop: false }`
[INFO] [stderr]     Blocking waiting for file lock on package cache
[INFO] [stderr]     Finished test [unoptimized + debuginfo] target(s) in 0.46s
[INFO] [stderr]      Running unittests (/opt/rustwide/target/debug/deps/aoc18-313bf7abb6e41b7f)
[INFO] [stdout] 
[INFO] [stdout] running 16 tests
[INFO] [stdout] test day03::parse_claim ... ok
[INFO] [stdout] test day04::parse_entry ... ok
[INFO] [stdout] test day04::parse_time ... ok
[INFO] [stdout] test day04::parse_sleep ... ok
[INFO] [stdout] test day04::parse_wake ... ok
[INFO] [stdout] test day13::test_first_crash ... ok
[INFO] [stdout] test day25::test_num_constellations2 ... ok
[INFO] [stdout] test day13::test_last_cart_location ... ok
[INFO] [stdout] test day13::test_last_cart_location_corner ... ok
[INFO] [stdout] test day25::test_num_constellations3 ... ok
[INFO] [stdout] test day12::test_sum_pots_after ... ok
[INFO] [stderr]      Running unittests (/opt/rustwide/target/debug/deps/aoc18-9181b30ab6247599)
[INFO] [stdout] test day05::test_should_burn ... ok
[INFO] [stdout] test day04::parse_begin ... ok
[INFO] [stdout] test day25::test_num_constellations1 ... ok
[INFO] [stdout] test day25::test_num_constellations4 ... ok
[INFO] [stdout] test day10::test_entry_from_str ... ok
[INFO] [stdout] 
[INFO] [stdout] test result: ok. 16 passed; 0 failed; 0 ignored; 0 measured; 0 filtered out; finished in 0.03s
[INFO] [stdout] 
[INFO] [stdout] 
[INFO] [stdout] running 0 tests
[INFO] [stdout] 
[INFO] [stdout] test result: ok. 0 passed; 0 failed; 0 ignored; 0 measured; 0 filtered out; finished in 0.00s
[INFO] [stdout] 
[INFO] [stderr]    Doc-tests aoc18
[INFO] [stdout] 
[INFO] [stdout] running 29 tests
[INFO] [stdout] test src/day14.rs - day14::score_after (line 7) ... ok
[INFO] [stdout] test src/day09.rs - day09::winning_score (line 9) ... ok
[INFO] [stdout] test src/day02.rs - day02::checksum (line 7) ... FAILED
[INFO] [stdout] test src/day06.rs - day06::safe_area (line 70) ... FAILED
[INFO] [stdout] test src/day04.rs - day04::slacker_id_min2 (line 92) ... FAILED
[INFO] [stdout] test src/day07.rs - day07::steps (line 12) ... FAILED
[INFO] [stdout] test src/day04.rs - day04::slacker_id_min (line 12) ... FAILED
[INFO] [stdout] test src/day02.rs - day02::common_letters (line 41) ... FAILED
[INFO] [stdout] test src/day03.rs - day03::intact_claim (line 50) ... FAILED
[INFO] [stdout] test src/day10.rs - day10::message (line 8) ... FAILED
[INFO] [stdout] test src/day08.rs - day08::root_value (line 30) ... FAILED
[INFO] [stdout] test src/day16.rs - day16::num_samples (line 10) ... FAILED
[INFO] [stdout] test src/day08.rs - day08::meta_sum (line 7) ... FAILED
[INFO] [stdout] test src/day07.rs - day07::completion_time (line 79) ... FAILED
[INFO] [stdout] test src/day15.rs - day15::combat_outcome (line 10) ... FAILED
[INFO] [stdout] test src/day05.rs - day05::smallest_num_remaining_units (line 42) ... FAILED
[INFO] [stdout] test src/day05.rs - day05::num_remaining_units (line 6) ... ok
[INFO] [stdout] test src/day01.rs - day01::resulting_frequency (line 8) ... FAILED
[INFO] [stdout] test src/day01.rs - day01::resulting_frequency_twice (line 31) ... FAILED
[INFO] [stdout] test src/day09.rs - day09::winning_score2 (line 31) ... FAILED
[INFO] [stdout] test src/day03.rs - day03::overlapping_area (line 7) ... ok
[INFO] [stdout] test src/day11.rs - day11::largest_powered_cell (line 7) ... ok
[INFO] [stdout] test src/day11.rs - day11::largest_powered_cell2 (line 53) ... ok
[INFO] [stdout] test src/day17.rs - day17::reservoir_reach (line 6) ... ok
[INFO] [stdout] test src/day14.rs - day14::num_recipes_before (line 46) ... ok
[INFO] [stdout] test src/day18.rs - day18::resource_value (line 3) ... ok
[INFO] [stdout] test src/day17.rs - day17::reservoir_capacity (line 28) ... ok
[INFO] [stdout] test src/day15.rs - day15::combat_outcome2 (line 74) ... ok
[INFO] [stdout] test src/day06.rs - day06::largest_area (line 9) ... ok
[INFO] [stdout] 
[INFO] [stdout] failures:
[INFO] [stdout] 
[INFO] [stdout] ---- src/day02.rs - day02::checksum (line 7) stdout ----
[INFO] [stdout] Couldn't compile the test.
[INFO] [stdout] ---- src/day06.rs - day06::safe_area (line 70) stdout ----
[INFO] [stdout] error: linking with `cc` failed: exit status: 1
[INFO] [stdout]   |
[INFO] [stdout]   = note: "cc" "-m64" "/tmp/rustdoctests6YV7h/rust_out.rust_out.7rcbfp3g-cgu.0.rcgu.o" "/tmp/rustdoctests6YV7h/rust_out.33dyzt1ekirinwy8.rcgu.o" "-Wl,--as-needed" "-L" "/opt/rustwide/target/debug/deps" "-L" "/opt/rustwide/target/debug/deps" "-L" "/opt/rustwide/rustup-home/toolchains/1.54.0-x86_64-unknown-linux-gnu/lib/rustlib/x86_64-unknown-linux-gnu/lib" "-Wl,-Bstatic" "/opt/rustwide/target/debug/deps/libaoc18-17daa58027f6fa91.rlib" "/opt/rustwide/target/debug/deps/libpathfinding-30af5681941b4912.rlib" "/opt/rustwide/target/debug/deps/libitertools-e195eb34080ecbe4.rlib" "/opt/rustwide/target/debug/deps/libeither-db496612baa4811a.rlib" "/opt/rustwide/target/debug/deps/libindexmap-b9d829f3be775c03.rlib" "/opt/rustwide/target/debug/deps/libregex-19baae7e49992605.rlib" "/opt/rustwide/target/debug/deps/libutf8_ranges-731d99d2c9a38d17.rlib" "/opt/rustwide/target/debug/deps/libregex_syntax-886206c0ccfdd18f.rlib" "/opt/rustwide/target/debug/deps/libucd_util-ee0f14a2fe919c8a.rlib" "/opt/rustwide/target/debug/deps/libthread_local-534289705a5aa59f.rlib" "/opt/rustwide/target/debug/deps/liblazy_static-fe06c7e6da52f139.rlib" "/opt/rustwide/target/debug/deps/libaho_corasick-7cee291ffbe272e2.rlib" "/opt/rustwide/target/debug/deps/libpetgraph-ec25fab623745818.rlib" "/opt/rustwide/target/debug/deps/libordermap-b4bf3fac0b68b667.rlib" "/opt/rustwide/target/debug/deps/libfixedbitset-adaf67e1f18fd0a2.rlib" "/opt/rustwide/target/debug/deps/libchrono-252c10c69c8e8b01.rlib" "/opt/rustwide/target/debug/deps/libnum_integer-82f93c84fe7c8966.rlib" "/opt/rustwide/target/debug/deps/libnum_traits-41b0918ec22bd961.rlib" "/opt/rustwide/target/debug/deps/libtime-075a1ca5836ead9b.rlib" "/opt/rustwide/target/debug/deps/libnom-72c6c2c73916339b.rlib" "/opt/rustwide/target/debug/deps/libmemchr-132bce138e1fbd49.rlib" "/opt/rustwide/target/debug/deps/liblibc-cccd5c1db59116a1.rlib" "/opt/rustwide/target/debug/deps/libcfg_if-a595498796837d50.rlib" "-Wl,--start-group" "/opt/rustwide/rustup-home/toolchains/1.54.0-x86_64-unknown-linux-gnu/lib/rustlib/x86_64-unknown-linux-gnu/lib/libstd-2420485b9e5ef5e1.rlib" "/opt/rustwide/rustup-home/toolchains/1.54.0-x86_64-unknown-linux-gnu/lib/rustlib/x86_64-unknown-linux-gnu/lib/libpanic_unwind-785e3cb61c4b1960.rlib" "/opt/rustwide/rustup-home/toolchains/1.54.0-x86_64-unknown-linux-gnu/lib/rustlib/x86_64-unknown-linux-gnu/lib/libminiz_oxide-087191a88bdaa22d.rlib" "/opt/rustwide/rustup-home/toolchains/1.54.0-x86_64-unknown-linux-gnu/lib/rustlib/x86_64-unknown-linux-gnu/lib/libadler-9981842c02975178.rlib" "/opt/rustwide/rustup-home/toolchains/1.54.0-x86_64-unknown-linux-gnu/lib/rustlib/x86_64-unknown-linux-gnu/lib/libobject-6fb405869b015fde.rlib" "/opt/rustwide/rustup-home/toolchains/1.54.0-x86_64-unknown-linux-gnu/lib/rustlib/x86_64-unknown-linux-gnu/lib/libaddr2line-d05c5c3c56004b7b.rlib" "/opt/rustwide/rustup-home/toolchains/1.54.0-x86_64-unknown-linux-gnu/lib/rustlib/x86_64-unknown-linux-gnu/lib/libgimli-42d74d2097528b38.rlib" "/opt/rustwide/rustup-home/toolchains/1.54.0-x86_64-unknown-linux-gnu/lib/rustlib/x86_64-unknown-linux-gnu/lib/libstd_detect-fb36534c113d2209.rlib" "/opt/rustwide/rustup-home/toolchains/1.54.0-x86_64-unknown-linux-gnu/lib/rustlib/x86_64-unknown-linux-gnu/lib/librustc_demangle-b56b9042c12b6535.rlib" "/opt/rustwide/rustup-home/toolchains/1.54.0-x86_64-unknown-linux-gnu/lib/rustlib/x86_64-unknown-linux-gnu/lib/libhashbrown-491902d6cb3e76df.rlib" "/opt/rustwide/rustup-home/toolchains/1.54.0-x86_64-unknown-linux-gnu/lib/rustlib/x86_64-unknown-linux-gnu/lib/librustc_std_workspace_alloc-61834e0981b8c367.rlib" "/opt/rustwide/rustup-home/toolchains/1.54.0-x86_64-unknown-linux-gnu/lib/rustlib/x86_64-unknown-linux-gnu/lib/libunwind-f78aa99d613a55bc.rlib" "/opt/rustwide/rustup-home/toolchains/1.54.0-x86_64-unknown-linux-gnu/lib/rustlib/x86_64-unknown-linux-gnu/lib/libcfg_if-53ee54cd7fed2c57.rlib" "/opt/rustwide/rustup-home/toolchains/1.54.0-x86_64-unknown-linux-gnu/lib/rustlib/x86_64-unknown-linux-gnu/lib/liblibc-544ecdbd6cda3c58.rlib" "/opt/rustwide/rustup-home/toolchains/1.54.0-x86_64-unknown-linux-gnu/lib/rustlib/x86_64-unknown-linux-gnu/lib/liballoc-379cc252b6943a79.rlib" "/opt/rustwide/rustup-home/toolchains/1.54.0-x86_64-unknown-linux-gnu/lib/rustlib/x86_64-unknown-linux-gnu/lib/librustc_std_workspace_core-8063eea38dcc5e62.rlib" "/opt/rustwide/rustup-home/toolchains/1.54.0-x86_64-unknown-linux-gnu/lib/rustlib/x86_64-unknown-linux-gnu/lib/libcore-5b228734afae15ee.rlib" "-Wl,--end-group" "/opt/rustwide/rustup-home/toolchains/1.54.0-x86_64-unknown-linux-gnu/lib/rustlib/x86_64-unknown-linux-gnu/lib/libcompiler_builtins-d6c7a399d95d173f.rlib" "-Wl,-Bdynamic" "-lutil" "-lgcc_s" "-lutil" "-lrt" "-lpthread" "-lm" "-ldl" "-lc" "-Wl,--eh-frame-hdr" "-Wl,-znoexecstack" "-L" "/opt/rustwide/rustup-home/toolchains/1.54.0-x86_64-unknown-linux-gnu/lib/rustlib/x86_64-unknown-linux-gnu/lib" "-o" "/tmp/rustdoctests6YV7h/rust_out" "-Wl,--gc-sections" "-pie" "-Wl,-zrelro" "-Wl,-znow" "-nodefaultlibs"
[INFO] [stdout]   = note: collect2: fatal error: ld terminated with signal 9 [Killed]
[INFO] [stdout]           compilation terminated.
[INFO] [stdout]           
[INFO] [stdout] 
[INFO] [stdout] error: aborting due to previous error
[INFO] [stdout] 
[INFO] [stdout] Couldn't compile the test.
[INFO] [stdout] ---- src/day04.rs - day04::slacker_id_min2 (line 92) stdout ----
[INFO] [stdout] Couldn't compile the test.
[INFO] [stdout] ---- src/day07.rs - day07::steps (line 12) stdout ----
[INFO] [stdout] Couldn't compile the test.
[INFO] [stdout] ---- src/day04.rs - day04::slacker_id_min (line 12) stdout ----
[INFO] [stdout] Couldn't compile the test.
[INFO] [stdout] ---- src/day02.rs - day02::common_letters (line 41) stdout ----
[INFO] [stdout] Couldn't compile the test.
[INFO] [stdout] ---- src/day03.rs - day03::intact_claim (line 50) stdout ----
[INFO] [stdout] Couldn't compile the test.
[INFO] [stdout] ---- src/day10.rs - day10::message (line 8) stdout ----
[INFO] [stdout] Couldn't compile the test.
[INFO] [stdout] ---- src/day08.rs - day08::root_value (line 30) stdout ----
[INFO] [stdout] Couldn't compile the test.
[INFO] [stdout] ---- src/day16.rs - day16::num_samples (line 10) stdout ----
[INFO] [stdout] Couldn't compile the test.
[INFO] [stdout] ---- src/day08.rs - day08::meta_sum (line 7) stdout ----
[INFO] [stdout] Couldn't compile the test.
[INFO] [stdout] ---- src/day07.rs - day07::completion_time (line 79) stdout ----
[INFO] [stdout] error: linking with `cc` failed: exit status: 1
[INFO] [stdout]   |
[INFO] [stdout]   = note: "cc" "-m64" "/tmp/rustdoctestTTGC2a/rust_out.rust_out.7rcbfp3g-cgu.0.rcgu.o" "/tmp/rustdoctestTTGC2a/rust_out.33dyzt1ekirinwy8.rcgu.o" "-Wl,--as-needed" "-L" "/opt/rustwide/target/debug/deps" "-L" "/opt/rustwide/target/debug/deps" "-L" "/opt/rustwide/rustup-home/toolchains/1.54.0-x86_64-unknown-linux-gnu/lib/rustlib/x86_64-unknown-linux-gnu/lib" "-Wl,-Bstatic" "/opt/rustwide/target/debug/deps/libaoc18-17daa58027f6fa91.rlib" "/opt/rustwide/target/debug/deps/libpathfinding-30af5681941b4912.rlib" "/opt/rustwide/target/debug/deps/libitertools-e195eb34080ecbe4.rlib" "/opt/rustwide/target/debug/deps/libeither-db496612baa4811a.rlib" "/opt/rustwide/target/debug/deps/libindexmap-b9d829f3be775c03.rlib" "/opt/rustwide/target/debug/deps/libregex-19baae7e49992605.rlib" "/opt/rustwide/target/debug/deps/libutf8_ranges-731d99d2c9a38d17.rlib" "/opt/rustwide/target/debug/deps/libregex_syntax-886206c0ccfdd18f.rlib" "/opt/rustwide/target/debug/deps/libucd_util-ee0f14a2fe919c8a.rlib" "/opt/rustwide/target/debug/deps/libthread_local-534289705a5aa59f.rlib" "/opt/rustwide/target/debug/deps/liblazy_static-fe06c7e6da52f139.rlib" "/opt/rustwide/target/debug/deps/libaho_corasick-7cee291ffbe272e2.rlib" "/opt/rustwide/target/debug/deps/libpetgraph-ec25fab623745818.rlib" "/opt/rustwide/target/debug/deps/libordermap-b4bf3fac0b68b667.rlib" "/opt/rustwide/target/debug/deps/libfixedbitset-adaf67e1f18fd0a2.rlib" "/opt/rustwide/target/debug/deps/libchrono-252c10c69c8e8b01.rlib" "/opt/rustwide/target/debug/deps/libnum_integer-82f93c84fe7c8966.rlib" "/opt/rustwide/target/debug/deps/libnum_traits-41b0918ec22bd961.rlib" "/opt/rustwide/target/debug/deps/libtime-075a1ca5836ead9b.rlib" "/opt/rustwide/target/debug/deps/libnom-72c6c2c73916339b.rlib" "/opt/rustwide/target/debug/deps/libmemchr-132bce138e1fbd49.rlib" "/opt/rustwide/target/debug/deps/liblibc-cccd5c1db59116a1.rlib" "/opt/rustwide/target/debug/deps/libcfg_if-a595498796837d50.rlib" "-Wl,--start-group" "/opt/rustwide/rustup-home/toolchains/1.54.0-x86_64-unknown-linux-gnu/lib/rustlib/x86_64-unknown-linux-gnu/lib/libstd-2420485b9e5ef5e1.rlib" "/opt/rustwide/rustup-home/toolchains/1.54.0-x86_64-unknown-linux-gnu/lib/rustlib/x86_64-unknown-linux-gnu/lib/libpanic_unwind-785e3cb61c4b1960.rlib" "/opt/rustwide/rustup-home/toolchains/1.54.0-x86_64-unknown-linux-gnu/lib/rustlib/x86_64-unknown-linux-gnu/lib/libminiz_oxide-087191a88bdaa22d.rlib" "/opt/rustwide/rustup-home/toolchains/1.54.0-x86_64-unknown-linux-gnu/lib/rustlib/x86_64-unknown-linux-gnu/lib/libadler-9981842c02975178.rlib" "/opt/rustwide/rustup-home/toolchains/1.54.0-x86_64-unknown-linux-gnu/lib/rustlib/x86_64-unknown-linux-gnu/lib/libobject-6fb405869b015fde.rlib" "/opt/rustwide/rustup-home/toolchains/1.54.0-x86_64-unknown-linux-gnu/lib/rustlib/x86_64-unknown-linux-gnu/lib/libaddr2line-d05c5c3c56004b7b.rlib" "/opt/rustwide/rustup-home/toolchains/1.54.0-x86_64-unknown-linux-gnu/lib/rustlib/x86_64-unknown-linux-gnu/lib/libgimli-42d74d2097528b38.rlib" "/opt/rustwide/rustup-home/toolchains/1.54.0-x86_64-unknown-linux-gnu/lib/rustlib/x86_64-unknown-linux-gnu/lib/libstd_detect-fb36534c113d2209.rlib" "/opt/rustwide/rustup-home/toolchains/1.54.0-x86_64-unknown-linux-gnu/lib/rustlib/x86_64-unknown-linux-gnu/lib/librustc_demangle-b56b9042c12b6535.rlib" "/opt/rustwide/rustup-home/toolchains/1.54.0-x86_64-unknown-linux-gnu/lib/rustlib/x86_64-unknown-linux-gnu/lib/libhashbrown-491902d6cb3e76df.rlib" "/opt/rustwide/rustup-home/toolchains/1.54.0-x86_64-unknown-linux-gnu/lib/rustlib/x86_64-unknown-linux-gnu/lib/librustc_std_workspace_alloc-61834e0981b8c367.rlib" "/opt/rustwide/rustup-home/toolchains/1.54.0-x86_64-unknown-linux-gnu/lib/rustlib/x86_64-unknown-linux-gnu/lib/libunwind-f78aa99d613a55bc.rlib" "/opt/rustwide/rustup-home/toolchains/1.54.0-x86_64-unknown-linux-gnu/lib/rustlib/x86_64-unknown-linux-gnu/lib/libcfg_if-53ee54cd7fed2c57.rlib" "/opt/rustwide/rustup-home/toolchains/1.54.0-x86_64-unknown-linux-gnu/lib/rustlib/x86_64-unknown-linux-gnu/lib/liblibc-544ecdbd6cda3c58.rlib" "/opt/rustwide/rustup-home/toolchains/1.54.0-x86_64-unknown-linux-gnu/lib/rustlib/x86_64-unknown-linux-gnu/lib/liballoc-379cc252b6943a79.rlib" "/opt/rustwide/rustup-home/toolchains/1.54.0-x86_64-unknown-linux-gnu/lib/rustlib/x86_64-unknown-linux-gnu/lib/librustc_std_workspace_core-8063eea38dcc5e62.rlib" "/opt/rustwide/rustup-home/toolchains/1.54.0-x86_64-unknown-linux-gnu/lib/rustlib/x86_64-unknown-linux-gnu/lib/libcore-5b228734afae15ee.rlib" "-Wl,--end-group" "/opt/rustwide/rustup-home/toolchains/1.54.0-x86_64-unknown-linux-gnu/lib/rustlib/x86_64-unknown-linux-gnu/lib/libcompiler_builtins-d6c7a399d95d173f.rlib" "-Wl,-Bdynamic" "-lutil" "-lgcc_s" "-lutil" "-lrt" "-lpthread" "-lm" "-ldl" "-lc" "-Wl,--eh-frame-hdr" "-Wl,-znoexecstack" "-L" "/opt/rustwide/rustup-home/toolchains/1.54.0-x86_64-unknown-linux-gnu/lib/rustlib/x86_64-unknown-linux-gnu/lib" "-o" "/tmp/rustdoctestTTGC2a/rust_out" "-Wl,--gc-sections" "-pie" "-Wl,-zrelro" "-Wl,-znow" "-nodefaultlibs"
[INFO] [stdout]   = note: collect2: fatal error: ld terminated with signal 9 [Killed]
[INFO] [stdout]           compilation terminated.
[INFO] [stdout]           
[INFO] [stdout] 
[INFO] [stdout] Couldn't compile the test.
[INFO] [stdout] ---- src/day15.rs - day15::combat_outcome (line 10) stdout ----
[INFO] [stdout] Couldn't compile the test.
[INFO] [stdout] ---- src/day05.rs - day05::smallest_num_remaining_units (line 42) stdout ----
[INFO] [stdout] Couldn't compile the test.
[INFO] [stdout] ---- src/day01.rs - day01::resulting_frequency (line 8) stdout ----
[INFO] [stdout] Couldn't compile the test.
[INFO] [stdout] ---- src/day01.rs - day01::resulting_frequency_twice (line 31) stdout ----
[INFO] [stdout] error: linking with `cc` failed: exit status: 1
[INFO] [stdout]   |
[INFO] [stdout]   = note: "cc" "-m64" "/tmp/rustdoctest3TZIKe/rust_out.rust_out.7rcbfp3g-cgu.0.rcgu.o" "/tmp/rustdoctest3TZIKe/rust_out.33dyzt1ekirinwy8.rcgu.o" "-Wl,--as-needed" "-L" "/opt/rustwide/target/debug/deps" "-L" "/opt/rustwide/target/debug/deps" "-L" "/opt/rustwide/rustup-home/toolchains/1.54.0-x86_64-unknown-linux-gnu/lib/rustlib/x86_64-unknown-linux-gnu/lib" "-Wl,-Bstatic" "/opt/rustwide/target/debug/deps/libaoc18-17daa58027f6fa91.rlib" "/opt/rustwide/target/debug/deps/libpathfinding-30af5681941b4912.rlib" "/opt/rustwide/target/debug/deps/libitertools-e195eb34080ecbe4.rlib" "/opt/rustwide/target/debug/deps/libeither-db496612baa4811a.rlib" "/opt/rustwide/target/debug/deps/libindexmap-b9d829f3be775c03.rlib" "/opt/rustwide/target/debug/deps/libregex-19baae7e49992605.rlib" "/opt/rustwide/target/debug/deps/libutf8_ranges-731d99d2c9a38d17.rlib" "/opt/rustwide/target/debug/deps/libregex_syntax-886206c0ccfdd18f.rlib" "/opt/rustwide/target/debug/deps/libucd_util-ee0f14a2fe919c8a.rlib" "/opt/rustwide/target/debug/deps/libthread_local-534289705a5aa59f.rlib" "/opt/rustwide/target/debug/deps/liblazy_static-fe06c7e6da52f139.rlib" "/opt/rustwide/target/debug/deps/libaho_corasick-7cee291ffbe272e2.rlib" "/opt/rustwide/target/debug/deps/libpetgraph-ec25fab623745818.rlib" "/opt/rustwide/target/debug/deps/libordermap-b4bf3fac0b68b667.rlib" "/opt/rustwide/target/debug/deps/libfixedbitset-adaf67e1f18fd0a2.rlib" "/opt/rustwide/target/debug/deps/libchrono-252c10c69c8e8b01.rlib" "/opt/rustwide/target/debug/deps/libnum_integer-82f93c84fe7c8966.rlib" "/opt/rustwide/target/debug/deps/libnum_traits-41b0918ec22bd961.rlib" "/opt/rustwide/target/debug/deps/libtime-075a1ca5836ead9b.rlib" "/opt/rustwide/target/debug/deps/libnom-72c6c2c73916339b.rlib" "/opt/rustwide/target/debug/deps/libmemchr-132bce138e1fbd49.rlib" "/opt/rustwide/target/debug/deps/liblibc-cccd5c1db59116a1.rlib" "/opt/rustwide/target/debug/deps/libcfg_if-a595498796837d50.rlib" "-Wl,--start-group" "/opt/rustwide/rustup-home/toolchains/1.54.0-x86_64-unknown-linux-gnu/lib/rustlib/x86_64-unknown-linux-gnu/lib/libstd-2420485b9e5ef5e1.rlib" "/opt/rustwide/rustup-home/toolchains/1.54.0-x86_64-unknown-linux-gnu/lib/rustlib/x86_64-unknown-linux-gnu/lib/libpanic_unwind-785e3cb61c4b1960.rlib" "/opt/rustwide/rustup-home/toolchains/1.54.0-x86_64-unknown-linux-gnu/lib/rustlib/x86_64-unknown-linux-gnu/lib/libminiz_oxide-087191a88bdaa22d.rlib" "/opt/rustwide/rustup-home/toolchains/1.54.0-x86_64-unknown-linux-gnu/lib/rustlib/x86_64-unknown-linux-gnu/lib/libadler-9981842c02975178.rlib" "/opt/rustwide/rustup-home/toolchains/1.54.0-x86_64-unknown-linux-gnu/lib/rustlib/x86_64-unknown-linux-gnu/lib/libobject-6fb405869b015fde.rlib" "/opt/rustwide/rustup-home/toolchains/1.54.0-x86_64-unknown-linux-gnu/lib/rustlib/x86_64-unknown-linux-gnu/lib/libaddr2line-d05c5c3c56004b7b.rlib" "/opt/rustwide/rustup-home/toolchains/1.54.0-x86_64-unknown-linux-gnu/lib/rustlib/x86_64-unknown-linux-gnu/lib/libgimli-42d74d2097528b38.rlib" "/opt/rustwide/rustup-home/toolchains/1.54.0-x86_64-unknown-linux-gnu/lib/rustlib/x86_64-unknown-linux-gnu/lib/libstd_detect-fb36534c113d2209.rlib" "/opt/rustwide/rustup-home/toolchains/1.54.0-x86_64-unknown-linux-gnu/lib/rustlib/x86_64-unknown-linux-gnu/lib/librustc_demangle-b56b9042c12b6535.rlib" "/opt/rustwide/rustup-home/toolchains/1.54.0-x86_64-unknown-linux-gnu/lib/rustlib/x86_64-unknown-linux-gnu/lib/libhashbrown-491902d6cb3e76df.rlib" "/opt/rustwide/rustup-home/toolchains/1.54.0-x86_64-unknown-linux-gnu/lib/rustlib/x86_64-unknown-linux-gnu/lib/librustc_std_workspace_alloc-61834e0981b8c367.rlib" "/opt/rustwide/rustup-home/toolchains/1.54.0-x86_64-unknown-linux-gnu/lib/rustlib/x86_64-unknown-linux-gnu/lib/libunwind-f78aa99d613a55bc.rlib" "/opt/rustwide/rustup-home/toolchains/1.54.0-x86_64-unknown-linux-gnu/lib/rustlib/x86_64-unknown-linux-gnu/lib/libcfg_if-53ee54cd7fed2c57.rlib" "/opt/rustwide/rustup-home/toolchains/1.54.0-x86_64-unknown-linux-gnu/lib/rustlib/x86_64-unknown-linux-gnu/lib/liblibc-544ecdbd6cda3c58.rlib" "/opt/rustwide/rustup-home/toolchains/1.54.0-x86_64-unknown-linux-gnu/lib/rustlib/x86_64-unknown-linux-gnu/lib/liballoc-379cc252b6943a79.rlib" "/opt/rustwide/rustup-home/toolchains/1.54.0-x86_64-unknown-linux-gnu/lib/rustlib/x86_64-unknown-linux-gnu/lib/librustc_std_workspace_core-8063eea38dcc5e62.rlib" "/opt/rustwide/rustup-home/toolchains/1.54.0-x86_64-unknown-linux-gnu/lib/rustlib/x86_64-unknown-linux-gnu/lib/libcore-5b228734afae15ee.rlib" "-Wl,--end-group" "/opt/rustwide/rustup-home/toolchains/1.54.0-x86_64-unknown-linux-gnu/lib/rustlib/x86_64-unknown-linux-gnu/lib/libcompiler_builtins-d6c7a399d95d173f.rlib" "-Wl,-Bdynamic" "-lutil" "-lgcc_s" "-lutil" "-lrt" "-lpthread" "-lm" "-ldl" "-lc" "-Wl,--eh-frame-hdr" "-Wl,-znoexecstack" "-L" "/opt/rustwide/rustup-home/toolchains/1.54.0-x86_64-unknown-linux-gnu/lib/rustlib/x86_64-unknown-linux-gnu/lib" "-o" "/tmp/rustdoctest3TZIKe/rust_out" "-Wl,--gc-sections" "-pie" "-Wl,-zrelro" "-Wl,-znow" "-nodefaultlibs"
[INFO] [stdout]   = note: collect2: fatal error: ld terminated with signal 9 [Killed]
[INFO] [stdout]           compilation terminated.
[INFO] [stdout]           
[INFO] [stdout] 
[INFO] [stdout] error: aborting due to previous error
[INFO] [stdout] 
[INFO] [stdout] Couldn't compile the test.
[INFO] [stdout] ---- src/day09.rs - day09::winning_score2 (line 31) stdout ----
[INFO] [stdout] error: linking with `cc` failed: exit status: 1
[INFO] [stdout]   |
[INFO] [stdout]   = note: "cc" "-m64" "/tmp/rustdoctestAXMj6n/rust_out.rust_out.7rcbfp3g-cgu.0.rcgu.o" "/tmp/rustdoctestAXMj6n/rust_out.33dyzt1ekirinwy8.rcgu.o" "-Wl,--as-needed" "-L" "/opt/rustwide/target/debug/deps" "-L" "/opt/rustwide/target/debug/deps" "-L" "/opt/rustwide/rustup-home/toolchains/1.54.0-x86_64-unknown-linux-gnu/lib/rustlib/x86_64-unknown-linux-gnu/lib" "-Wl,-Bstatic" "/opt/rustwide/target/debug/deps/libaoc18-17daa58027f6fa91.rlib" "/opt/rustwide/target/debug/deps/libpathfinding-30af5681941b4912.rlib" "/opt/rustwide/target/debug/deps/libitertools-e195eb34080ecbe4.rlib" "/opt/rustwide/target/debug/deps/libeither-db496612baa4811a.rlib" "/opt/rustwide/target/debug/deps/libindexmap-b9d829f3be775c03.rlib" "/opt/rustwide/target/debug/deps/libregex-19baae7e49992605.rlib" "/opt/rustwide/target/debug/deps/libutf8_ranges-731d99d2c9a38d17.rlib" "/opt/rustwide/target/debug/deps/libregex_syntax-886206c0ccfdd18f.rlib" "/opt/rustwide/target/debug/deps/libucd_util-ee0f14a2fe919c8a.rlib" "/opt/rustwide/target/debug/deps/libthread_local-534289705a5aa59f.rlib" "/opt/rustwide/target/debug/deps/liblazy_static-fe06c7e6da52f139.rlib" "/opt/rustwide/target/debug/deps/libaho_corasick-7cee291ffbe272e2.rlib" "/opt/rustwide/target/debug/deps/libpetgraph-ec25fab623745818.rlib" "/opt/rustwide/target/debug/deps/libordermap-b4bf3fac0b68b667.rlib" "/opt/rustwide/target/debug/deps/libfixedbitset-adaf67e1f18fd0a2.rlib" "/opt/rustwide/target/debug/deps/libchrono-252c10c69c8e8b01.rlib" "/opt/rustwide/target/debug/deps/libnum_integer-82f93c84fe7c8966.rlib" "/opt/rustwide/target/debug/deps/libnum_traits-41b0918ec22bd961.rlib" "/opt/rustwide/target/debug/deps/libtime-075a1ca5836ead9b.rlib" "/opt/rustwide/target/debug/deps/libnom-72c6c2c73916339b.rlib" "/opt/rustwide/target/debug/deps/libmemchr-132bce138e1fbd49.rlib" "/opt/rustwide/target/debug/deps/liblibc-cccd5c1db59116a1.rlib" "/opt/rustwide/target/debug/deps/libcfg_if-a595498796837d50.rlib" "-Wl,--start-group" "/opt/rustwide/rustup-home/toolchains/1.54.0-x86_64-unknown-linux-gnu/lib/rustlib/x86_64-unknown-linux-gnu/lib/libstd-2420485b9e5ef5e1.rlib" "/opt/rustwide/rustup-home/toolchains/1.54.0-x86_64-unknown-linux-gnu/lib/rustlib/x86_64-unknown-linux-gnu/lib/libpanic_unwind-785e3cb61c4b1960.rlib" "/opt/rustwide/rustup-home/toolchains/1.54.0-x86_64-unknown-linux-gnu/lib/rustlib/x86_64-unknown-linux-gnu/lib/libminiz_oxide-087191a88bdaa22d.rlib" "/opt/rustwide/rustup-home/toolchains/1.54.0-x86_64-unknown-linux-gnu/lib/rustlib/x86_64-unknown-linux-gnu/lib/libadler-9981842c02975178.rlib" "/opt/rustwide/rustup-home/toolchains/1.54.0-x86_64-unknown-linux-gnu/lib/rustlib/x86_64-unknown-linux-gnu/lib/libobject-6fb405869b015fde.rlib" "/opt/rustwide/rustup-home/toolchains/1.54.0-x86_64-unknown-linux-gnu/lib/rustlib/x86_64-unknown-linux-gnu/lib/libaddr2line-d05c5c3c56004b7b.rlib" "/opt/rustwide/rustup-home/toolchains/1.54.0-x86_64-unknown-linux-gnu/lib/rustlib/x86_64-unknown-linux-gnu/lib/libgimli-42d74d2097528b38.rlib" "/opt/rustwide/rustup-home/toolchains/1.54.0-x86_64-unknown-linux-gnu/lib/rustlib/x86_64-unknown-linux-gnu/lib/libstd_detect-fb36534c113d2209.rlib" "/opt/rustwide/rustup-home/toolchains/1.54.0-x86_64-unknown-linux-gnu/lib/rustlib/x86_64-unknown-linux-gnu/lib/librustc_demangle-b56b9042c12b6535.rlib" "/opt/rustwide/rustup-home/toolchains/1.54.0-x86_64-unknown-linux-gnu/lib/rustlib/x86_64-unknown-linux-gnu/lib/libhashbrown-491902d6cb3e76df.rlib" "/opt/rustwide/rustup-home/toolchains/1.54.0-x86_64-unknown-linux-gnu/lib/rustlib/x86_64-unknown-linux-gnu/lib/librustc_std_workspace_alloc-61834e0981b8c367.rlib" "/opt/rustwide/rustup-home/toolchains/1.54.0-x86_64-unknown-linux-gnu/lib/rustlib/x86_64-unknown-linux-gnu/lib/libunwind-f78aa99d613a55bc.rlib" "/opt/rustwide/rustup-home/toolchains/1.54.0-x86_64-unknown-linux-gnu/lib/rustlib/x86_64-unknown-linux-gnu/lib/libcfg_if-53ee54cd7fed2c57.rlib" "/opt/rustwide/rustup-home/toolchains/1.54.0-x86_64-unknown-linux-gnu/lib/rustlib/x86_64-unknown-linux-gnu/lib/liblibc-544ecdbd6cda3c58.rlib" "/opt/rustwide/rustup-home/toolchains/1.54.0-x86_64-unknown-linux-gnu/lib/rustlib/x86_64-unknown-linux-gnu/lib/liballoc-379cc252b6943a79.rlib" "/opt/rustwide/rustup-home/toolchains/1.54.0-x86_64-unknown-linux-gnu/lib/rustlib/x86_64-unknown-linux-gnu/lib/librustc_std_workspace_core-8063eea38dcc5e62.rlib" "/opt/rustwide/rustup-home/toolchains/1.54.0-x86_64-unknown-linux-gnu/lib/rustlib/x86_64-unknown-linux-gnu/lib/libcore-5b228734afae15ee.rlib" "-Wl,--end-group" "/opt/rustwide/rustup-home/toolchains/1.54.0-x86_64-unknown-linux-gnu/lib/rustlib/x86_64-unknown-linux-gnu/lib/libcompiler_builtins-d6c7a399d95d173f.rlib" "-Wl,-Bdynamic" "-lutil" "-lgcc_s" "-lutil" "-lrt" "-lpthread" "-lm" "-ldl" "-lc" "-Wl,--eh-frame-hdr" "-Wl,-znoexecstack" "-L" "/opt/rustwide/rustup-home/toolchains/1.54.0-x86_64-unknown-linux-gnu/lib/rustlib/x86_64-unknown-linux-gnu/lib" "-o" "/tmp/rustdoctestAXMj6n/rust_out" "-Wl,--gc-sections" "-pie" "-Wl,-zrelro" "-Wl,-znow" "-nodefaultlibs"
[INFO] [stdout]   = note: collect2: fatal error: ld terminated with signal 9 [Killed]
[INFO] [stdout]           compilation terminated.
[INFO] [stdout]           
[INFO] [stdout] 
[INFO] [stdout] error: aborting due to previous error
[INFO] [stdout] 
[INFO] [stdout] Couldn't compile the test.
[INFO] [stdout] 
[INFO] [stdout] failures:
[INFO] [stdout]     src/day01.rs - day01::resulting_frequency (line 8)
[INFO] [stdout]     src/day01.rs - day01::resulting_frequency_twice (line 31)
[INFO] [stdout]     src/day02.rs - day02::checksum (line 7)
[INFO] [stdout]     src/day02.rs - day02::common_letters (line 41)
[INFO] [stdout]     src/day03.rs - day03::intact_claim (line 50)
[INFO] [stdout]     src/day04.rs - day04::slacker_id_min (line 12)
[INFO] [stdout]     src/day04.rs - day04::slacker_id_min2 (line 92)
[INFO] [stdout]     src/day05.rs - day05::smallest_num_remaining_units (line 42)
[INFO] [stdout]     src/day06.rs - day06::safe_area (line 70)
[INFO] [stdout]     src/day07.rs - day07::completion_time (line 79)
[INFO] [stdout]     src/day07.rs - day07::steps (line 12)
[INFO] [stdout]     src/day08.rs - day08::meta_sum (line 7)
[INFO] [stdout]     src/day08.rs - day08::root_value (line 30)
[INFO] [stdout]     src/day09.rs - day09::winning_score2 (line 31)
[INFO] [stdout]     src/day10.rs - day10::message (line 8)
[INFO] [stdout]     src/day15.rs - day15::combat_outcome (line 10)
[INFO] [stdout]     src/day16.rs - day16::num_samples (line 10)
[INFO] [stdout] 
[INFO] [stdout] test result: FAILED. 12 passed; 17 failed; 0 ignored; 0 measured; 0 filtered out; finished in 22.09s
[INFO] [stdout] 
[INFO] [stderr] error: test failed, to rerun pass '--doc'
[INFO] running `Command { std: "docker" "inspect" "1b8a3fbdb5740612395261475247dc20cbfc1a7fc97fe72ef848da6d22b5c9bf", kill_on_drop: false }`
[INFO] running `Command { std: "docker" "rm" "-f" "1b8a3fbdb5740612395261475247dc20cbfc1a7fc97fe72ef848da6d22b5c9bf", kill_on_drop: false }`
[INFO] [stdout] 1b8a3fbdb5740612395261475247dc20cbfc1a7fc97fe72ef848da6d22b5c9bf
