[INFO] cloning repository https://github.com/knusbaum/robby
[INFO] running `Command { std: "git" "-c" "credential.helper=" "-c" "credential.helper=/workspace/cargo-home/bin/git-credential-null" "clone" "--bare" "https://github.com/knusbaum/robby" "/workspace/cache/git-repos/https%3A%2F%2Fgithub.com%2Fknusbaum%2Frobby", kill_on_drop: false }`
[INFO] [stderr] Cloning into bare repository '/workspace/cache/git-repos/https%3A%2F%2Fgithub.com%2Fknusbaum%2Frobby'...
[INFO] running `Command { std: "git" "rev-parse" "HEAD", kill_on_drop: false }`
[INFO] [stdout] a4d75ad7d7c8ac7b333633db206fdedf63c7fc11
[INFO] testing knusbaum/robby against beta-2021-08-01 for beta-1.55-1
[INFO] running `Command { std: "git" "clone" "/workspace/cache/git-repos/https%3A%2F%2Fgithub.com%2Fknusbaum%2Frobby" "/workspace/builds/worker-89/source", kill_on_drop: false }`
[INFO] [stderr] Cloning into '/workspace/builds/worker-89/source'...
[INFO] [stderr] done.
[INFO] validating manifest of git repo https://github.com/knusbaum/robby on toolchain beta-2021-08-01
[INFO] running `Command { std: "/workspace/cargo-home/bin/cargo" "+beta-2021-08-01" "metadata" "--manifest-path" "Cargo.toml" "--no-deps", kill_on_drop: false }`
[INFO] started tweaking git repo https://github.com/knusbaum/robby
[INFO] finished tweaking git repo https://github.com/knusbaum/robby
[INFO] tweaked toml for git repo https://github.com/knusbaum/robby written to /workspace/builds/worker-89/source/Cargo.toml
[INFO] crate git repo https://github.com/knusbaum/robby already has a lockfile, it will not be regenerated
[INFO] running `Command { std: "/workspace/cargo-home/bin/cargo" "+beta-2021-08-01" "fetch" "--manifest-path" "Cargo.toml", kill_on_drop: false }`
[INFO] [stderr]     Blocking waiting for file lock on package cache
[INFO] [stderr]     Blocking waiting for file lock on package cache
[INFO] [stderr]  Downloading crates ...
[INFO] [stderr]   Downloaded buf_redux v0.8.1
[INFO] [stderr]   Downloaded filetime v0.2.6
[INFO] [stderr]   Downloaded h2 v0.1.21
[INFO] [stderr]   Downloaded gzip-header v0.2.0
[INFO] [stderr]   Downloaded knusbaum_consul v0.2.0
[INFO] running `Command { std: "docker" "create" "-v" "/var/lib/crater-agent-workspace/builds/worker-89/target:/opt/rustwide/target:rw,Z" "-v" "/var/lib/crater-agent-workspace/builds/worker-89/source:/opt/rustwide/workdir:ro,Z" "-v" "/var/lib/crater-agent-workspace/cargo-home:/opt/rustwide/cargo-home:ro,Z" "-v" "/var/lib/crater-agent-workspace/rustup-home:/opt/rustwide/rustup-home:ro,Z" "-e" "SOURCE_DIR=/opt/rustwide/workdir" "-e" "CARGO_TARGET_DIR=/opt/rustwide/target" "-e" "CARGO_HOME=/opt/rustwide/cargo-home" "-e" "RUSTUP_HOME=/opt/rustwide/rustup-home" "-w" "/opt/rustwide/workdir" "-m" "1610612736" "--user" "0:0" "--network" "none" "ghcr.io/rust-lang/crates-build-env/linux@sha256:34b6a614d2c27851fe6cbf88fbd1137609cefab8b10d0615aaeb6fd47975d74e" "/opt/rustwide/cargo-home/bin/cargo" "+beta-2021-08-01" "metadata" "--no-deps" "--format-version=1", kill_on_drop: false }`
[INFO] [stdout] c248ffb65d863bcc07485eb83b36d841c686031158e0a799b80eac8f5993eadb
[INFO] running `Command { std: "docker" "start" "-a" "c248ffb65d863bcc07485eb83b36d841c686031158e0a799b80eac8f5993eadb", kill_on_drop: false }`
[INFO] running `Command { std: "docker" "inspect" "c248ffb65d863bcc07485eb83b36d841c686031158e0a799b80eac8f5993eadb", kill_on_drop: false }`
[INFO] running `Command { std: "docker" "rm" "-f" "c248ffb65d863bcc07485eb83b36d841c686031158e0a799b80eac8f5993eadb", kill_on_drop: false }`
[INFO] [stdout] c248ffb65d863bcc07485eb83b36d841c686031158e0a799b80eac8f5993eadb
[INFO] running `Command { std: "docker" "create" "-v" "/var/lib/crater-agent-workspace/builds/worker-89/target:/opt/rustwide/target:rw,Z" "-v" "/var/lib/crater-agent-workspace/builds/worker-89/source:/opt/rustwide/workdir:ro,Z" "-v" "/var/lib/crater-agent-workspace/cargo-home:/opt/rustwide/cargo-home:ro,Z" "-v" "/var/lib/crater-agent-workspace/rustup-home:/opt/rustwide/rustup-home:ro,Z" "-e" "SOURCE_DIR=/opt/rustwide/workdir" "-e" "CARGO_TARGET_DIR=/opt/rustwide/target" "-e" "CARGO_INCREMENTAL=0" "-e" "RUST_BACKTRACE=full" "-e" "RUSTFLAGS=--cap-lints=warn" "-e" "CARGO_HOME=/opt/rustwide/cargo-home" "-e" "RUSTUP_HOME=/opt/rustwide/rustup-home" "-w" "/opt/rustwide/workdir" "-m" "1610612736" "--user" "0:0" "--network" "none" "ghcr.io/rust-lang/crates-build-env/linux@sha256:34b6a614d2c27851fe6cbf88fbd1137609cefab8b10d0615aaeb6fd47975d74e" "/opt/rustwide/cargo-home/bin/cargo" "+beta-2021-08-01" "build" "--frozen" "--message-format=json", kill_on_drop: false }`
[INFO] [stdout] 0118e956980756aa0b9c53570755315797674c43fbc72e46e0a8abe7dee1488d
[INFO] running `Command { std: "docker" "start" "-a" "0118e956980756aa0b9c53570755315797674c43fbc72e46e0a8abe7dee1488d", kill_on_drop: false }`
[INFO] [stderr]     Blocking waiting for file lock on package cache
[INFO] [stderr]     Blocking waiting for file lock on package cache
[INFO] [stderr]    Compiling libc v0.2.55
[INFO] [stderr]    Compiling autocfg v0.1.4
[INFO] [stderr]    Compiling cfg-if v0.1.9
[INFO] [stderr]    Compiling rand_core v0.4.0
[INFO] [stderr]    Compiling lazy_static v1.3.0
[INFO] [stderr]    Compiling version_check v0.1.5
[INFO] [stderr]    Compiling futures v0.1.27
[INFO] [stderr]    Compiling cc v1.0.37
[INFO] [stderr]    Compiling byteorder v1.3.1
[INFO] [stderr]    Compiling smallvec v0.6.9
[INFO] [stderr]    Compiling either v1.5.2
[INFO] [stderr]    Compiling scopeguard v0.3.3
[INFO] [stderr]    Compiling syn v0.15.34
[INFO] [stderr]    Compiling arrayvec v0.4.10
[INFO] [stderr]    Compiling memchr v2.2.0
[INFO] [stderr]    Compiling nodrop v0.1.13
[INFO] [stderr]    Compiling memoffset v0.2.1
[INFO] [stderr]    Compiling pkg-config v0.3.14
[INFO] [stderr]    Compiling serde v1.0.91
[INFO] [stderr]    Compiling regex v1.1.6
[INFO] [stderr]    Compiling ucd-util v0.1.3
[INFO] [stderr]    Compiling ryu v0.2.8
[INFO] [stderr]    Compiling rustc-demangle v0.1.15
[INFO] [stderr]    Compiling utf8-ranges v1.0.2
[INFO] [stderr]    Compiling percent-encoding v1.0.1
[INFO] [stderr]    Compiling build_const v0.2.1
[INFO] [stderr]    Compiling failure_derive v0.1.5
[INFO] [stderr]    Compiling httparse v1.3.3
[INFO] [stderr]    Compiling foreign-types-shared v0.1.1
[INFO] [stderr]    Compiling openssl v0.10.23
[INFO] [stderr]    Compiling adler32 v1.0.3
[INFO] [stderr]    Compiling indexmap v1.0.2
[INFO] [stderr]    Compiling bitflags v1.0.4
[INFO] [stderr]    Compiling string v0.1.3
[INFO] [stderr]    Compiling try-lock v0.2.2
[INFO] [stderr]    Compiling crc32fast v1.2.0
[INFO] [stderr]    Compiling native-tls v0.2.3
[INFO] [stderr]    Compiling serde v0.8.23
[INFO] [stderr]    Compiling encoding_rs v0.8.17
[INFO] [stderr]    Compiling linked-hash-map v0.5.2
[INFO] [stderr]    Compiling lazy_static v0.2.11
[INFO] [stderr]    Compiling scoped-tls v0.1.2
[INFO] [stderr]    Compiling rust-ini v0.13.0
[INFO] [stderr]    Compiling owning_ref v0.4.0
[INFO] [stderr]    Compiling quote v0.6.12
[INFO] [stderr]    Compiling parking_lot_core v0.4.0
[INFO] [stderr]    Compiling log v0.4.6
[INFO] [stderr]    Compiling try_from v0.3.2
[INFO] [stderr]    Compiling crossbeam-utils v0.6.5
[INFO] [stderr]    Compiling thread_local v0.3.6
[INFO] [stderr]    Compiling tokio-trace-core v0.1.0
[INFO] [stderr]    Compiling foreign-types v0.3.2
[INFO] [stderr]    Compiling miniz_oxide v0.2.1
[INFO] [stderr]    Compiling rand_core v0.3.1
[INFO] [stderr]    Compiling rand_jitter v0.1.4
[INFO] [stderr]    Compiling lock_api v0.1.5
[INFO] [stderr]    Compiling crc v1.8.1
[INFO] [stderr]    Compiling unicode-normalization v0.1.8
[INFO] [stderr]    Compiling crossbeam-queue v0.1.2
[INFO] [stderr]    Compiling rand_isaac v0.1.1
[INFO] [stderr]    Compiling rand_xorshift v0.1.1
[INFO] [stderr]    Compiling rand_hc v0.1.0
[INFO] [stderr]    Compiling unicase v1.4.2
[INFO] [stderr]    Compiling error-chain v0.12.1
[INFO] [stderr]    Compiling unicase v2.4.0
[INFO] [stderr]    Compiling nom v4.2.3
[INFO] [stderr]    Compiling yaml-rust v0.4.3
[INFO] [stderr]    Compiling regex-syntax v0.6.6
[INFO] [stderr]    Compiling tokio-executor v0.1.7
[INFO] [stderr]    Compiling tokio-sync v0.1.5
[INFO] [stderr]    Compiling want v0.0.6
[INFO] [stderr]    Compiling rand_chacha v0.1.1
[INFO] [stderr]    Compiling rand_pcg v0.1.2
[INFO] [stderr]    Compiling rand v0.6.5
[INFO] [stderr]    Compiling backtrace v0.3.26
[INFO] [stderr]    Compiling num-traits v0.2.8
[INFO] [stderr]    Compiling base64 v0.10.1
[INFO] [stderr]    Compiling backtrace-sys v0.1.28
[INFO] [stderr]    Compiling openssl-sys v0.9.47
[INFO] [stderr]    Compiling miniz_oxide_c_api v0.2.1
[INFO] [stderr]    Compiling tokio-timer v0.2.11
[INFO] [stderr]    Compiling tokio-current-thread v0.1.6
[INFO] [stderr]    Compiling crossbeam-epoch v0.7.1
[INFO] [stderr]    Compiling aho-corasick v0.7.3
[INFO] [stderr]    Compiling rand_os v0.1.3
[INFO] [stderr]    Compiling iovec v0.1.2
[INFO] [stderr]    Compiling num_cpus v1.10.0
[INFO] [stderr]    Compiling net2 v0.2.33
[INFO] [stderr]    Compiling time v0.1.42
[INFO] [stderr]    Compiling bytes v0.4.12
[INFO] [stderr]    Compiling futures-cpupool v0.1.8
[INFO] [stderr]    Compiling mio v0.6.19
[INFO] [stderr]    Compiling crossbeam-deque v0.7.1
[INFO] [stderr]    Compiling tokio-io v0.1.12
[INFO] [stderr]    Compiling http v0.1.17
[INFO] [stderr]    Compiling tokio-buf v0.1.1
[INFO] [stderr]    Compiling idna v0.1.5
[INFO] [stderr]    Compiling phf_shared v0.7.24
[INFO] [stderr]    Compiling phf v0.7.24
[INFO] [stderr]    Compiling serde_test v0.8.23
[INFO] [stderr]    Compiling flate2 v1.0.7
[INFO] [stderr]    Compiling mime v0.3.13
[INFO] [stderr]    Compiling mio-uds v0.6.7
[INFO] [stderr]    Compiling url v1.7.2
[INFO] [stderr]    Compiling tokio-codec v0.1.1
[INFO] [stderr]    Compiling num-traits v0.1.43
[INFO] [stderr]    Compiling linked-hash-map v0.3.0
[INFO] [stderr]    Compiling cookie v0.12.0
[INFO] [stderr]    Compiling tokio-threadpool v0.1.14
[INFO] [stderr]    Compiling phf_generator v0.7.24
[INFO] [stderr]    Compiling uuid v0.7.4
[INFO] [stderr]    Compiling phf_codegen v0.7.24
[INFO] [stderr]    Compiling parking_lot v0.7.1
[INFO] [stderr]    Compiling synstructure v0.10.2
[INFO] [stderr]    Compiling mime_guess v2.0.0-alpha.6
[INFO] [stderr]    Compiling tokio-fs v0.1.6
[INFO] [stderr]    Compiling tokio-reactor v0.1.9
[INFO] [stderr]    Compiling http-body v0.1.0
[INFO] [stderr]    Compiling h2 v0.1.21
[INFO] [stderr]    Compiling publicsuffix v1.5.2
[INFO] [stderr]    Compiling serde-hjson v0.8.2
[INFO] [stderr]    Compiling tokio-udp v0.1.3
[INFO] [stderr]    Compiling tokio-uds v0.2.5
[INFO] [stderr]    Compiling tokio-tcp v0.1.3
[INFO] [stderr]    Compiling serde_derive v1.0.91
[INFO] [stderr]    Compiling tokio v0.1.20
[INFO] [stderr]    Compiling tokio-core v0.1.17
[INFO] [stderr]    Compiling failure v0.1.5
[INFO] [stderr]    Compiling hyper v0.12.29
[INFO] [stderr]    Compiling hyper-tls v0.3.2
[INFO] [stderr]    Compiling serde_json v1.0.39
[INFO] [stderr]    Compiling serde_urlencoded v0.5.5
[INFO] [stderr]    Compiling toml v0.4.10
[INFO] [stderr]    Compiling cookie_store v0.7.0
[INFO] [stderr]    Compiling config v0.9.3
[INFO] [stderr]    Compiling reqwest v0.9.17
[INFO] [stderr]    Compiling knusbaum_consul v0.2.0
[INFO] [stderr]    Compiling robby v0.1.0 (/opt/rustwide/workdir)
[INFO] [stdout] warning: function is never used: `extract_uri`
[INFO] [stdout]    --> src/main.rs:121:4
[INFO] [stdout]     |
[INFO] [stdout] 121 | fn extract_uri(header: &str) -> Result<&str, ()> {
[INFO] [stdout]     |    ^^^^^^^^^^^
[INFO] [stdout]     |
[INFO] [stdout]     = note: `#[warn(dead_code)]` on by default
[INFO] [stdout] 
[INFO] [stdout] 
[INFO] [stdout] warning: 1 warning emitted
[INFO] [stdout] 
[INFO] [stdout] 
[INFO] [stderr]     Finished dev [unoptimized + debuginfo] target(s) in 37.64s
[INFO] running `Command { std: "docker" "inspect" "0118e956980756aa0b9c53570755315797674c43fbc72e46e0a8abe7dee1488d", kill_on_drop: false }`
[INFO] running `Command { std: "docker" "rm" "-f" "0118e956980756aa0b9c53570755315797674c43fbc72e46e0a8abe7dee1488d", kill_on_drop: false }`
[INFO] [stdout] 0118e956980756aa0b9c53570755315797674c43fbc72e46e0a8abe7dee1488d
[INFO] running `Command { std: "docker" "create" "-v" "/var/lib/crater-agent-workspace/builds/worker-89/target:/opt/rustwide/target:rw,Z" "-v" "/var/lib/crater-agent-workspace/builds/worker-89/source:/opt/rustwide/workdir:ro,Z" "-v" "/var/lib/crater-agent-workspace/cargo-home:/opt/rustwide/cargo-home:ro,Z" "-v" "/var/lib/crater-agent-workspace/rustup-home:/opt/rustwide/rustup-home:ro,Z" "-e" "SOURCE_DIR=/opt/rustwide/workdir" "-e" "CARGO_TARGET_DIR=/opt/rustwide/target" "-e" "CARGO_INCREMENTAL=0" "-e" "RUST_BACKTRACE=full" "-e" "RUSTFLAGS=--cap-lints=warn" "-e" "CARGO_HOME=/opt/rustwide/cargo-home" "-e" "RUSTUP_HOME=/opt/rustwide/rustup-home" "-w" "/opt/rustwide/workdir" "-m" "1610612736" "--user" "0:0" "--network" "none" "ghcr.io/rust-lang/crates-build-env/linux@sha256:34b6a614d2c27851fe6cbf88fbd1137609cefab8b10d0615aaeb6fd47975d74e" "/opt/rustwide/cargo-home/bin/cargo" "+beta-2021-08-01" "test" "--frozen" "--no-run" "--message-format=json", kill_on_drop: false }`
[INFO] [stdout] 2ff7f602b30124c548e7a704de12947981c15d95ab50d10ab4c4b468aa107d83
[INFO] running `Command { std: "docker" "start" "-a" "2ff7f602b30124c548e7a704de12947981c15d95ab50d10ab4c4b468aa107d83", kill_on_drop: false }`
[INFO] [stderr]     Blocking waiting for file lock on package cache
[INFO] [stderr]    Compiling safemem v0.3.0
[INFO] [stderr]    Compiling safemem v0.2.0
[INFO] [stderr]    Compiling remove_dir_all v0.5.1
[INFO] [stderr]    Compiling chunked_transfer v0.3.1
[INFO] [stderr]    Compiling ascii v0.8.7
[INFO] [stderr]    Compiling quick-error v1.2.2
[INFO] [stderr]    Compiling sha1 v0.6.0
[INFO] [stderr]    Compiling num-integer v0.1.41
[INFO] [stderr]    Compiling brotli-sys v0.3.2
[INFO] [stderr]    Compiling log v0.3.9
[INFO] [stderr]    Compiling rand v0.4.6
[INFO] [stderr]    Compiling dirs v1.0.5
[INFO] [stderr]    Compiling twoway v0.1.8
[INFO] [stderr]    Compiling filetime v0.2.6
[INFO] [stderr]    Compiling rand v0.5.6
[INFO] [stderr]    Compiling gzip-header v0.2.0
[INFO] [stderr]    Compiling threadpool v1.7.1
[INFO] [stderr]    Compiling mime_guess v1.8.7
[INFO] [stderr]    Compiling base64 v0.9.3
[INFO] [stderr]    Compiling buf_redux v0.8.1
[INFO] [stderr]    Compiling mime v0.2.6
[INFO] [stderr]    Compiling term v0.5.2
[INFO] [stderr]    Compiling deflate v0.7.19
[INFO] [stderr]    Compiling tempdir v0.3.7
[INFO] [stderr]    Compiling chrono v0.4.6
[INFO] [stderr]    Compiling multipart v0.15.4
[INFO] [stderr]    Compiling tiny_http v0.6.2
[INFO] [stderr]    Compiling brotli2 v0.3.2
[INFO] [stderr]    Compiling rouille v3.0.0
[INFO] [stderr]    Compiling robby v0.1.0 (/opt/rustwide/workdir)
[INFO] [stderr]     Finished test [unoptimized + debuginfo] target(s) in 20.69s
[INFO] running `Command { std: "docker" "inspect" "2ff7f602b30124c548e7a704de12947981c15d95ab50d10ab4c4b468aa107d83", kill_on_drop: false }`
[INFO] running `Command { std: "docker" "rm" "-f" "2ff7f602b30124c548e7a704de12947981c15d95ab50d10ab4c4b468aa107d83", kill_on_drop: false }`
[INFO] [stdout] 2ff7f602b30124c548e7a704de12947981c15d95ab50d10ab4c4b468aa107d83
[INFO] running `Command { std: "docker" "create" "-v" "/var/lib/crater-agent-workspace/builds/worker-89/target:/opt/rustwide/target:rw,Z" "-v" "/var/lib/crater-agent-workspace/builds/worker-89/source:/opt/rustwide/workdir:ro,Z" "-v" "/var/lib/crater-agent-workspace/cargo-home:/opt/rustwide/cargo-home:ro,Z" "-v" "/var/lib/crater-agent-workspace/rustup-home:/opt/rustwide/rustup-home:ro,Z" "-e" "SOURCE_DIR=/opt/rustwide/workdir" "-e" "CARGO_TARGET_DIR=/opt/rustwide/target" "-e" "CARGO_INCREMENTAL=0" "-e" "RUST_BACKTRACE=full" "-e" "RUSTFLAGS=--cap-lints=warn" "-e" "CARGO_HOME=/opt/rustwide/cargo-home" "-e" "RUSTUP_HOME=/opt/rustwide/rustup-home" "-w" "/opt/rustwide/workdir" "-m" "1610612736" "--user" "0:0" "--network" "none" "ghcr.io/rust-lang/crates-build-env/linux@sha256:34b6a614d2c27851fe6cbf88fbd1137609cefab8b10d0615aaeb6fd47975d74e" "/opt/rustwide/cargo-home/bin/cargo" "+beta-2021-08-01" "test" "--frozen", kill_on_drop: false }`
[INFO] [stdout] 538d02be3fcb28656cee17f87b6f08009de768a6a3e3be6259e18148148a81f4
[INFO] running `Command { std: "docker" "start" "-a" "538d02be3fcb28656cee17f87b6f08009de768a6a3e3be6259e18148148a81f4", kill_on_drop: false }`
[INFO] [stderr]     Finished test [unoptimized + debuginfo] target(s) in 0.22s
[INFO] [stderr]      Running unittests (/opt/rustwide/target/debug/deps/robby-0fc9961999dc196b)
[INFO] [stdout] 
[INFO] [stdout] running 11 tests
[INFO] [stdout] test registry::tests::test_extract_prefix_host_match ... ok
[INFO] [stdout] test registry::tests::test_host_matching ... ok
[INFO] [stdout] test registry::tests::test_pull_consul_routes ... ok
[INFO] [stdout] test registry::tests::test_lookup ... ok
[INFO] [stdout] test tests::extract_uri_bad_header ... ok
[INFO] [stdout] test tests::extract_uri_bad_header2 ... ok
[INFO] [stdout] test tests::extract_uri_good_header ... ok
[INFO] [stdout] test tests::extract_host_bad_header ... ok
[INFO] [stdout] test tests::extract_host_no_host ... ok
[INFO] [stdout] test tests::extract_host_good_header ... ok
[INFO] [stdout] test tests::test_server ... FAILED
[INFO] [stdout] 
[INFO] [stdout] failures:
[INFO] [stdout] 
[INFO] [stdout] ---- tests::test_server stdout ----
[INFO] [stdout] http server listening on 127.0.0.1:6000
[INFO] [stdout] proxy listening on 127.0.0.1:8000
[INFO] [stdout] Robby listening on 127.0.0.1:8000
[INFO] [stdout] thread 'tokio-runtime-worker-0' panicked at 'attempted to leave type `internal::Local` uninitialized, which is invalid', /rustc/53fd98ca776cb875bc9e5514f56b52eb74f9e7a9/library/core/src/mem/mod.rs:663:9
[INFO] [stdout] stack backtrace:
[INFO] [stdout]    0:     0x5646167bb8e0 - std::backtrace_rs::backtrace::libunwind::trace::hff4d1766e93f64f1
[INFO] [stdout]                                at /rustc/53fd98ca776cb875bc9e5514f56b52eb74f9e7a9/library/std/src/../../backtrace/src/backtrace/libunwind.rs:90:5
[INFO] [stdout]    1:     0x5646167bb8e0 - std::backtrace_rs::backtrace::trace_unsynchronized::h56bbc8eb78770bcb
[INFO] [stdout]                                at /rustc/53fd98ca776cb875bc9e5514f56b52eb74f9e7a9/library/std/src/../../backtrace/src/backtrace/mod.rs:66:5
[INFO] [stdout]    2:     0x5646167bb8e0 - std::sys_common::backtrace::_print_fmt::h5c8e75464faca780
[INFO] [stdout]                                at /rustc/53fd98ca776cb875bc9e5514f56b52eb74f9e7a9/library/std/src/sys_common/backtrace.rs:67:5
[INFO] [stdout]    3:     0x5646167bb8e0 - <std::sys_common::backtrace::_print::DisplayBacktrace as core::fmt::Display>::fmt::h48b88277def8b362
[INFO] [stdout]                                at /rustc/53fd98ca776cb875bc9e5514f56b52eb74f9e7a9/library/std/src/sys_common/backtrace.rs:46:22
[INFO] [stdout]    4:     0x5646167e045c - core::fmt::write::h3381b3176fe2b3d3
[INFO] [stdout]                                at /rustc/53fd98ca776cb875bc9e5514f56b52eb74f9e7a9/library/core/src/fmt/mod.rs:1115:17
[INFO] [stdout]    5:     0x5646167b47c5 - std::io::Write::write_fmt::h5f34a676f60246b5
[INFO] [stdout]                                at /rustc/53fd98ca776cb875bc9e5514f56b52eb74f9e7a9/library/std/src/io/mod.rs:1665:15
[INFO] [stdout]    6:     0x5646167bdafb - std::sys_common::backtrace::_print::ha537687d6c17dd0d
[INFO] [stdout]                                at /rustc/53fd98ca776cb875bc9e5514f56b52eb74f9e7a9/library/std/src/sys_common/backtrace.rs:49:5
[INFO] [stdout]    7:     0x5646167bdafb - std::sys_common::backtrace::print::h61376ae57d131d72
[INFO] [stdout]                                at /rustc/53fd98ca776cb875bc9e5514f56b52eb74f9e7a9/library/std/src/sys_common/backtrace.rs:36:9
[INFO] [stdout]    8:     0x5646167bdafb - std::panicking::default_hook::{{closure}}::h0f7208c0b9644a54
[INFO] [stdout]                                at /rustc/53fd98ca776cb875bc9e5514f56b52eb74f9e7a9/library/std/src/panicking.rs:208:50
[INFO] [stdout]    9:     0x5646167bd60c - std::panicking::default_hook::hdac7fc06578c14ce
[INFO] [stdout]                                at /rustc/53fd98ca776cb875bc9e5514f56b52eb74f9e7a9/library/std/src/panicking.rs:222:9
[INFO] [stdout]   10:     0x5646167be1c4 - std::panicking::rust_panic_with_hook::h72b21c283da3d1ef
[INFO] [stdout]                                at /rustc/53fd98ca776cb875bc9e5514f56b52eb74f9e7a9/library/std/src/panicking.rs:622:17
[INFO] [stdout]   11:     0x5646167bdc77 - std::panicking::begin_panic_handler::{{closure}}::he5778f1729cff84a
[INFO] [stdout]                                at /rustc/53fd98ca776cb875bc9e5514f56b52eb74f9e7a9/library/std/src/panicking.rs:517:13
[INFO] [stdout]   12:     0x5646167bbdbc - std::sys_common::backtrace::__rust_end_short_backtrace::h2d11ca8b453b4b1d
[INFO] [stdout]                                at /rustc/53fd98ca776cb875bc9e5514f56b52eb74f9e7a9/library/std/src/sys_common/backtrace.rs:141:18
[INFO] [stdout]   13:     0x5646167bdc09 - rust_begin_unwind
[INFO] [stdout]                                at /rustc/53fd98ca776cb875bc9e5514f56b52eb74f9e7a9/library/std/src/panicking.rs:515:5
[INFO] [stdout]   14:     0x564616006a21 - core::panicking::panic_fmt::hf9de31d4acbce4db
[INFO] [stdout]                                at /rustc/53fd98ca776cb875bc9e5514f56b52eb74f9e7a9/library/core/src/panicking.rs:92:14
[INFO] [stdout]   15:     0x56461600696d - core::panicking::panic::h8a6bc58a21c6c095
[INFO] [stdout]                                at /rustc/53fd98ca776cb875bc9e5514f56b52eb74f9e7a9/library/core/src/panicking.rs:50:5
[INFO] [stdout]   16:     0x564616599d43 - core::mem::uninitialized::he90698bc5e2fa115
[INFO] [stdout]                                at /rustc/53fd98ca776cb875bc9e5514f56b52eb74f9e7a9/library/core/src/mem/mod.rs:663:9
[INFO] [stdout]   17:     0x564616599d43 - <crossbeam_epoch::internal::Local as crossbeam_epoch::sync::list::IsElement<crossbeam_epoch::internal::Local>>::entry_of::h2080ae64c5fc4eee
[INFO] [stdout]                                at /opt/rustwide/cargo-home/registry/src/github.com-1ecc6299db9ec823/crossbeam-epoch-0.7.1/src/internal.rs:493:59
[INFO] [stdout]   18:     0x56461659b800 - crossbeam_epoch::sync::list::List<T,C>::insert::hd18139cc1f83d002
[INFO] [stdout]                                at /opt/rustwide/cargo-home/registry/src/github.com-1ecc6299db9ec823/crossbeam-epoch-0.7.1/src/sync/list.rs:176:29
[INFO] [stdout]   19:     0x5646165991a5 - crossbeam_epoch::internal::Local::register::h40f8500b4009367b
[INFO] [stdout]                                at /opt/rustwide/cargo-home/registry/src/github.com-1ecc6299db9ec823/crossbeam-epoch-0.7.1/src/internal.rs:291:13
[INFO] [stdout]   20:     0x56461659e57e - crossbeam_epoch::collector::Collector::register::hd9cb9393c48b7c6c
[INFO] [stdout]                                at /opt/rustwide/cargo-home/registry/src/github.com-1ecc6299db9ec823/crossbeam-epoch-0.7.1/src/collector.rs:39:9
[INFO] [stdout]   21:     0x5646165a3271 - crossbeam_epoch::default::HANDLE::__init::h120a57a6f68e6ad5
[INFO] [stdout]                                at /opt/rustwide/cargo-home/registry/src/github.com-1ecc6299db9ec823/crossbeam-epoch-0.7.1/src/default.rs:17:34
[INFO] [stdout]   22:     0x5646165a0029 - core::ops::function::FnOnce::call_once::h3c7e3400698b8259
[INFO] [stdout]                                at /rustc/53fd98ca776cb875bc9e5514f56b52eb74f9e7a9/library/core/src/ops/function.rs:227:5
[INFO] [stdout]   23:     0x56461659dcfc - std::thread::local::lazy::LazyKeyInner<T>::initialize::h4827b77e5ac4f8a3
[INFO] [stdout]                                at /rustc/53fd98ca776cb875bc9e5514f56b52eb74f9e7a9/library/std/src/thread/local.rs:431:25
[INFO] [stdout]   24:     0x56461659bda0 - std::thread::local::fast::Key<T>::try_initialize::h1641c215474ec413
[INFO] [stdout]                                at /rustc/53fd98ca776cb875bc9e5514f56b52eb74f9e7a9/library/std/src/thread/local.rs:609:31
[INFO] [stdout]   25:     0x56461659bee7 - std::thread::local::fast::Key<T>::get::h069ca5ba01c901be
[INFO] [stdout]                                at /rustc/53fd98ca776cb875bc9e5514f56b52eb74f9e7a9/library/std/src/thread/local.rs:592:29
[INFO] [stdout]   26:     0x564616554c4d - crossbeam_epoch::default::HANDLE::__getit::h787e746380064f44
[INFO] [stdout]                                at /rustc/53fd98ca776cb875bc9e5514f56b52eb74f9e7a9/library/std/src/thread/local.rs:311:26
[INFO] [stdout]   27:     0x56461655fbb5 - std::thread::local::LocalKey<T>::try_with::h06f68c046b990612
[INFO] [stdout]                                at /rustc/53fd98ca776cb875bc9e5514f56b52eb74f9e7a9/library/std/src/thread/local.rs:398:32
[INFO] [stdout]   28:     0x5646165549e3 - crossbeam_epoch::default::with_handle::hba1d7a99c6106128
[INFO] [stdout]                                at /opt/rustwide/cargo-home/registry/src/github.com-1ecc6299db9ec823/crossbeam-epoch-0.7.1/src/default.rs:42:5
[INFO] [stdout]   29:     0x564616554c67 - crossbeam_epoch::default::is_pinned::ha906180c92ed37f2
[INFO] [stdout]                                at /opt/rustwide/cargo-home/registry/src/github.com-1ecc6299db9ec823/crossbeam-epoch-0.7.1/src/default.rs:29:5
[INFO] [stdout]   30:     0x564616564961 - crossbeam_deque::Stealer<T>::steal_batch_and_pop::ha131efc5af733c49
[INFO] [stdout]                                at /opt/rustwide/cargo-home/registry/src/github.com-1ecc6299db9ec823/crossbeam-deque-0.7.1/src/lib.rs:933:12
[INFO] [stdout]   31:     0x564616561d42 - tokio_threadpool::worker::entry::WorkerEntry::steal_tasks::h989efe7b1d3bb06d
[INFO] [stdout]                                at /opt/rustwide/cargo-home/registry/src/github.com-1ecc6299db9ec823/tokio-threadpool-0.1.14/src/worker/entry.rs:207:9
[INFO] [stdout]   32:     0x564616546eef - tokio_threadpool::worker::Worker::try_steal_task::h62705e000de7a4f4
[INFO] [stdout]                                at /opt/rustwide/cargo-home/registry/src/github.com-1ecc6299db9ec823/tokio-threadpool-0.1.14/src/worker/mod.rs:412:23
[INFO] [stdout]   33:     0x564616546778 - tokio_threadpool::worker::Worker::try_run_task::hfe44b77feee30f2a
[INFO] [stdout]                                at /opt/rustwide/cargo-home/registry/src/github.com-1ecc6299db9ec823/tokio-threadpool-0.1.14/src/worker/mod.rs:301:9
[INFO] [stdout]   34:     0x5646165465b0 - tokio_threadpool::worker::Worker::run::hd5e954c1c4bfe014
[INFO] [stdout]                                at /opt/rustwide/cargo-home/registry/src/github.com-1ecc6299db9ec823/tokio-threadpool-0.1.14/src/worker/mod.rs:241:16
[INFO] [stdout]   35:     0x5646164e98fe - tokio::runtime::threadpool::builder::Builder::build::{{closure}}::{{closure}}::{{closure}}::{{closure}}::{{closure}}::ha1af44594f297483
[INFO] [stdout]                                at /opt/rustwide/cargo-home/registry/src/github.com-1ecc6299db9ec823/tokio-0.1.20/src/runtime/threadpool/builder.rs:381:33
[INFO] [stdout]   36:     0x5646164ed102 - tokio_trace_core::dispatcher::with_default::h1cadc69132c2b577
[INFO] [stdout]                                at /opt/rustwide/cargo-home/registry/src/github.com-1ecc6299db9ec823/tokio-trace-core-0.1.0/src/dispatcher.rs:54:5
[INFO] [stdout]   37:     0x5646164e9923 - tokio::runtime::threadpool::builder::Builder::build::{{closure}}::{{closure}}::{{closure}}::{{closure}}::h9d5a13fc0b93deb7
[INFO] [stdout]                                at /opt/rustwide/cargo-home/registry/src/github.com-1ecc6299db9ec823/tokio-0.1.20/src/runtime/threadpool/builder.rs:380:29
[INFO] [stdout]   38:     0x5646164ecd7f - tokio_timer::timer::handle::with_default::{{closure}}::h908e87cb1a3c0730
[INFO] [stdout]                                at /opt/rustwide/cargo-home/registry/src/github.com-1ecc6299db9ec823/tokio-timer-0.2.11/src/timer/handle.rs:101:9
[INFO] [stdout]   39:     0x5646164e4f58 - std::thread::local::LocalKey<T>::try_with::hc85575bd90c3a78a
[INFO] [stdout]                                at /rustc/53fd98ca776cb875bc9e5514f56b52eb74f9e7a9/library/std/src/thread/local.rs:399:16
[INFO] [stdout]   40:     0x5646164e4717 - std::thread::local::LocalKey<T>::with::hd38bfa66705ca9c0
[INFO] [stdout]                                at /rustc/53fd98ca776cb875bc9e5514f56b52eb74f9e7a9/library/std/src/thread/local.rs:375:9
[INFO] [stdout]   41:     0x5646164ecb06 - tokio_timer::timer::handle::with_default::he7a50cc346bf10ce
[INFO] [stdout]                                at /opt/rustwide/cargo-home/registry/src/github.com-1ecc6299db9ec823/tokio-timer-0.2.11/src/timer/handle.rs:84:5
[INFO] [stdout]   42:     0x5646164e9993 - tokio::runtime::threadpool::builder::Builder::build::{{closure}}::{{closure}}::{{closure}}::h37057fb8ec11f535
[INFO] [stdout]                                at /opt/rustwide/cargo-home/registry/src/github.com-1ecc6299db9ec823/tokio-0.1.20/src/runtime/threadpool/builder.rs:379:25
[INFO] [stdout]   43:     0x5646164dde46 - tokio_timer::clock::clock::with_default::{{closure}}::h60bcf40a2431c91e
[INFO] [stdout]                                at /opt/rustwide/cargo-home/registry/src/github.com-1ecc6299db9ec823/tokio-timer-0.2.11/src/clock/clock.rs:137:9
[INFO] [stdout]   44:     0x5646164e4a70 - std::thread::local::LocalKey<T>::try_with::h13d7d31597e07f05
[INFO] [stdout]                                at /rustc/53fd98ca776cb875bc9e5514f56b52eb74f9e7a9/library/std/src/thread/local.rs:399:16
[INFO] [stdout]   45:     0x5646164e47cb - std::thread::local::LocalKey<T>::with::hf0ed34505ed73cab
[INFO] [stdout]                                at /rustc/53fd98ca776cb875bc9e5514f56b52eb74f9e7a9/library/std/src/thread/local.rs:375:9
[INFO] [stdout]   46:     0x5646164ddcf7 - tokio_timer::clock::clock::with_default::h912ff3b447178bf8
[INFO] [stdout]                                at /opt/rustwide/cargo-home/registry/src/github.com-1ecc6299db9ec823/tokio-timer-0.2.11/src/clock/clock.rs:117:5
[INFO] [stdout]   47:     0x5646164e99db - tokio::runtime::threadpool::builder::Builder::build::{{closure}}::{{closure}}::h8af6ff304cb2f4c8
[INFO] [stdout]                                at /opt/rustwide/cargo-home/registry/src/github.com-1ecc6299db9ec823/tokio-0.1.20/src/runtime/threadpool/builder.rs:378:21
[INFO] [stdout]   48:     0x5646164e8823 - tokio_reactor::with_default::{{closure}}::ha886de3d0bdde4bd
[INFO] [stdout]                                at /opt/rustwide/cargo-home/registry/src/github.com-1ecc6299db9ec823/tokio-reactor-0.1.9/src/lib.rs:237:9
[INFO] [stdout]   49:     0x5646164e4e29 - std::thread::local::LocalKey<T>::try_with::h7882cf25080164e3
[INFO] [stdout]                                at /rustc/53fd98ca776cb875bc9e5514f56b52eb74f9e7a9/library/std/src/thread/local.rs:399:16
[INFO] [stdout]   50:     0x5646164e45bd - std::thread::local::LocalKey<T>::with::h0e051b60e14bf89c
[INFO] [stdout]                                at /rustc/53fd98ca776cb875bc9e5514f56b52eb74f9e7a9/library/std/src/thread/local.rs:375:9
[INFO] [stdout]   51:     0x5646164e8534 - tokio_reactor::with_default::h5260cdc2da901ec4
[INFO] [stdout]                                at /opt/rustwide/cargo-home/registry/src/github.com-1ecc6299db9ec823/tokio-reactor-0.1.9/src/lib.rs:217:5
[INFO] [stdout]   52:     0x5646164e9a86 - tokio::runtime::threadpool::builder::Builder::build::{{closure}}::hf014087429fb2de2
[INFO] [stdout]                                at /opt/rustwide/cargo-home/registry/src/github.com-1ecc6299db9ec823/tokio-0.1.20/src/runtime/threadpool/builder.rs:377:17
[INFO] [stdout]   53:     0x56461656cff9 - tokio_threadpool::callback::Callback::call::he21f6df1322603cf
[INFO] [stdout]                                at /opt/rustwide/cargo-home/registry/src/github.com-1ecc6299db9ec823/tokio-threadpool-0.1.14/src/callback.rs:22:9
[INFO] [stdout]   54:     0x56461654622b - tokio_threadpool::worker::Worker::do_run::{{closure}}::{{closure}}::h1c6d3d8867eb6ad3
[INFO] [stdout]                                at /opt/rustwide/cargo-home/registry/src/github.com-1ecc6299db9ec823/tokio-threadpool-0.1.14/src/worker/mod.rs:127:21
[INFO] [stdout]   55:     0x564616543735 - tokio_executor::global::with_default::{{closure}}::h3500d83a0c28c690
[INFO] [stdout]                                at /opt/rustwide/cargo-home/registry/src/github.com-1ecc6299db9ec823/tokio-executor-0.1.7/src/global.rs:209:9
[INFO] [stdout]   56:     0x564616560255 - std::thread::local::LocalKey<T>::try_with::hb4b1cc29b1672abe
[INFO] [stdout]                                at /rustc/53fd98ca776cb875bc9e5514f56b52eb74f9e7a9/library/std/src/thread/local.rs:399:16
[INFO] [stdout]   57:     0x56461655fa5e - std::thread::local::LocalKey<T>::with::ha97f6a5bc78043ae
[INFO] [stdout]                                at /rustc/53fd98ca776cb875bc9e5514f56b52eb74f9e7a9/library/std/src/thread/local.rs:375:9
[INFO] [stdout]   58:     0x5646165435de - tokio_executor::global::with_default::h011a307f87b6f360
[INFO] [stdout]                                at /opt/rustwide/cargo-home/registry/src/github.com-1ecc6299db9ec823/tokio-executor-0.1.7/src/global.rs:178:5
[INFO] [stdout]   59:     0x564616546312 - tokio_threadpool::worker::Worker::do_run::{{closure}}::h635e761cda34f4a3
[INFO] [stdout]                                at /opt/rustwide/cargo-home/registry/src/github.com-1ecc6299db9ec823/tokio-threadpool-0.1.14/src/worker/mod.rs:125:13
[INFO] [stdout]   60:     0x56461655fd7a - std::thread::local::LocalKey<T>::try_with::h2c0efbf0255bd26f
[INFO] [stdout]                                at /rustc/53fd98ca776cb875bc9e5514f56b52eb74f9e7a9/library/std/src/thread/local.rs:399:16
[INFO] [stdout]   61:     0x56461655faa4 - std::thread::local::LocalKey<T>::with::hd54da4805eb063cc
[INFO] [stdout]                                at /rustc/53fd98ca776cb875bc9e5514f56b52eb74f9e7a9/library/std/src/thread/local.rs:375:9
[INFO] [stdout]   62:     0x564616546125 - tokio_threadpool::worker::Worker::do_run::h0f171204e8d000ed
[INFO] [stdout]                                at /opt/rustwide/cargo-home/registry/src/github.com-1ecc6299db9ec823/tokio-threadpool-0.1.14/src/worker/mod.rs:116:9
[INFO] [stdout]   63:     0x5646165403de - tokio_threadpool::pool::Pool::spawn_thread::{{closure}}::h1de103a0c75cd729
[INFO] [stdout]                                at /opt/rustwide/cargo-home/registry/src/github.com-1ecc6299db9ec823/tokio-threadpool-0.1.14/src/pool/mod.rs:344:21
[INFO] [stdout]   64:     0x56461655f9ae - std::sys_common::backtrace::__rust_begin_short_backtrace::hd85d8e287cf94660
[INFO] [stdout]                                at /rustc/53fd98ca776cb875bc9e5514f56b52eb74f9e7a9/library/std/src/sys_common/backtrace.rs:125:18
[INFO] [stdout]   65:     0x5646165574b2 - std::thread::Builder::spawn_unchecked::{{closure}}::{{closure}}::hc49bead0dcb46d81
[INFO] [stdout]                                at /rustc/53fd98ca776cb875bc9e5514f56b52eb74f9e7a9/library/std/src/thread/mod.rs:476:17
[INFO] [stdout]   66:     0x5646165414b2 - <std::panic::AssertUnwindSafe<F> as core::ops::function::FnOnce<()>>::call_once::hc43f126534afe0ff
[INFO] [stdout]                                at /rustc/53fd98ca776cb875bc9e5514f56b52eb74f9e7a9/library/std/src/panic.rs:347:9
[INFO] [stdout]   67:     0x564616560724 - std::panicking::try::do_call::he616492fc34a8844
[INFO] [stdout]                                at /rustc/53fd98ca776cb875bc9e5514f56b52eb74f9e7a9/library/std/src/panicking.rs:401:40
[INFO] [stdout]   68:     0x564616562e7d - __rust_try
[INFO] [stdout]   69:     0x5646165604a0 - std::panicking::try::h3ddf911e585cc321
[INFO] [stdout]                                at /rustc/53fd98ca776cb875bc9e5514f56b52eb74f9e7a9/library/std/src/panicking.rs:365:19
[INFO] [stdout]   70:     0x564616541532 - std::panic::catch_unwind::h6889f7c9ca5e2a5d
[INFO] [stdout]                                at /rustc/53fd98ca776cb875bc9e5514f56b52eb74f9e7a9/library/std/src/panic.rs:434:14
[INFO] [stdout]   71:     0x5646165572ac - std::thread::Builder::spawn_unchecked::{{closure}}::he63398412694a2f1
[INFO] [stdout]                                at /rustc/53fd98ca776cb875bc9e5514f56b52eb74f9e7a9/library/std/src/thread/mod.rs:475:30
[INFO] [stdout]   72:     0x56461653b74f - core::ops::function::FnOnce::call_once{{vtable.shim}}::h5dcfe12ec10e3a3a
[INFO] [stdout]                                at /rustc/53fd98ca776cb875bc9e5514f56b52eb74f9e7a9/library/core/src/ops/function.rs:227:5
[INFO] [stdout]   73:     0x5646167c39b7 - <alloc::boxed::Box<F,A> as core::ops::function::FnOnce<Args>>::call_once::h65c29e4642be2358
[INFO] [stdout]                                at /rustc/53fd98ca776cb875bc9e5514f56b52eb74f9e7a9/library/alloc/src/boxed.rs:1572:9
[INFO] [stdout]   74:     0x5646167c39b7 - <alloc::boxed::Box<F,A> as core::ops::function::FnOnce<Args>>::call_once::hd0f8f7fbbd9fffbf
[INFO] [stdout]                                at /rustc/53fd98ca776cb875bc9e5514f56b52eb74f9e7a9/library/alloc/src/boxed.rs:1572:9
[INFO] [stdout]   75:     0x5646167c39b7 - std::sys::unix::thread::Thread::new::thread_start::h2fd22fee3ca77b65
[INFO] [stdout]                                at /rustc/53fd98ca776cb875bc9e5514f56b52eb74f9e7a9/library/std/src/sys/unix/thread.rs:74:17
[INFO] [stdout]   76:     0x7fb155ebe609 - start_thread
[INFO] [stdout]   77:     0x7fb155c8e293 - clone
[INFO] [stdout]   78:                0x0 - <unknown>
[INFO] [stdout] thread 'tests::test_server' panicked at 'assertion failed: res.is_ok()', src/tests.rs:149:5
[INFO] [stdout] stack backtrace:
[INFO] [stdout]    0:     0x5646167bb8e0 - std::backtrace_rs::backtrace::libunwind::trace::hff4d1766e93f64f1
[INFO] [stdout]                                at /rustc/53fd98ca776cb875bc9e5514f56b52eb74f9e7a9/library/std/src/../../backtrace/src/backtrace/libunwind.rs:90:5
[INFO] [stdout]    1:     0x5646167bb8e0 - std::backtrace_rs::backtrace::trace_unsynchronized::h56bbc8eb78770bcb
[INFO] [stdout]                                at /rustc/53fd98ca776cb875bc9e5514f56b52eb74f9e7a9/library/std/src/../../backtrace/src/backtrace/mod.rs:66:5
[INFO] [stdout]    2:     0x5646167bb8e0 - std::sys_common::backtrace::_print_fmt::h5c8e75464faca780
[INFO] [stdout]                                at /rustc/53fd98ca776cb875bc9e5514f56b52eb74f9e7a9/library/std/src/sys_common/backtrace.rs:67:5
[INFO] [stdout]    3:     0x5646167bb8e0 - <std::sys_common::backtrace::_print::DisplayBacktrace as core::fmt::Display>::fmt::h48b88277def8b362
[INFO] [stdout]                                at /rustc/53fd98ca776cb875bc9e5514f56b52eb74f9e7a9/library/std/src/sys_common/backtrace.rs:46:22
[INFO] [stdout]    4:     0x5646167e045c - core::fmt::write::h3381b3176fe2b3d3
[INFO] [stdout]                                at /rustc/53fd98ca776cb875bc9e5514f56b52eb74f9e7a9/library/core/src/fmt/mod.rs:1115:17
[INFO] [stdout]    5:     0x5646167b47c5 - std::io::Write::write_fmt::h5f34a676f60246b5
[INFO] [stdout]                                at /rustc/53fd98ca776cb875bc9e5514f56b52eb74f9e7a9/library/std/src/io/mod.rs:1665:15
[INFO] [stdout]    6:     0x5646167bdafb - std::sys_common::backtrace::_print::ha537687d6c17dd0d
[INFO] [stdout]                                at /rustc/53fd98ca776cb875bc9e5514f56b52eb74f9e7a9/library/std/src/sys_common/backtrace.rs:49:5
[INFO] [stdout]    7:     0x5646167bdafb - std::sys_common::backtrace::print::h61376ae57d131d72
[INFO] [stdout]                                at /rustc/53fd98ca776cb875bc9e5514f56b52eb74f9e7a9/library/std/src/sys_common/backtrace.rs:36:9
[INFO] [stdout]    8:     0x5646167bdafb - std::panicking::default_hook::{{closure}}::h0f7208c0b9644a54
[INFO] [stdout]                                at /rustc/53fd98ca776cb875bc9e5514f56b52eb74f9e7a9/library/std/src/panicking.rs:208:50
[INFO] [stdout]    9:     0x5646167bd60c - std::panicking::default_hook::hdac7fc06578c14ce
[INFO] [stdout]                                at /rustc/53fd98ca776cb875bc9e5514f56b52eb74f9e7a9/library/std/src/panicking.rs:222:9
[INFO] [stdout]   10:     0x5646167be1c4 - std::panicking::rust_panic_with_hook::h72b21c283da3d1ef
[INFO] [stdout]                                at /rustc/53fd98ca776cb875bc9e5514f56b52eb74f9e7a9/library/std/src/panicking.rs:622:17
[INFO] [stdout]   11:     0x5646167bdc77 - std::panicking::begin_panic_handler::{{closure}}::he5778f1729cff84a
[INFO] [stdout]                                at /rustc/53fd98ca776cb875bc9e5514f56b52eb74f9e7a9/library/std/src/panicking.rs:517:13
[INFO] [stdout]   12:     0x5646167bbdbc - std::sys_common::backtrace::__rust_end_short_backtrace::h2d11ca8b453b4b1d
[INFO] [stdout]                                at /rustc/53fd98ca776cb875bc9e5514f56b52eb74f9e7a9/library/std/src/sys_common/backtrace.rs:141:18
[INFO] [stdout]   13:     0x5646167bdc09 - rust_begin_unwind
[INFO] [stdout]                                at /rustc/53fd98ca776cb875bc9e5514f56b52eb74f9e7a9/library/std/src/panicking.rs:515:5
[INFO] [stdout]   14:     0x564616006a21 - core::panicking::panic_fmt::hf9de31d4acbce4db
[INFO] [stdout]                                at /rustc/53fd98ca776cb875bc9e5514f56b52eb74f9e7a9/library/core/src/panicking.rs:92:14
[INFO] [stdout]   15:     0x56461600696d - core::panicking::panic::h8a6bc58a21c6c095
[INFO] [stdout]                                at /rustc/53fd98ca776cb875bc9e5514f56b52eb74f9e7a9/library/core/src/panicking.rs:50:5
[INFO] [stdout]   16:     0x56461603637c - robby::tests::test_server::h05bf43e1997cb92a
[INFO] [stdout]                                at /opt/rustwide/workdir/src/tests.rs:149:5
[INFO] [stdout]   17:     0x564616035c4a - robby::tests::test_server::{{closure}}::hb23e75d0354b8af4
[INFO] [stdout]                                at /opt/rustwide/workdir/src/tests.rs:105:1
[INFO] [stdout]   18:     0x56461601daee - core::ops::function::FnOnce::call_once::h448fc5f5edacda06
[INFO] [stdout]                                at /rustc/53fd98ca776cb875bc9e5514f56b52eb74f9e7a9/library/core/src/ops/function.rs:227:5
[INFO] [stdout]   19:     0x56461607d6d3 - core::ops::function::FnOnce::call_once::hbb52c4519d3137b0
[INFO] [stdout]                                at /rustc/53fd98ca776cb875bc9e5514f56b52eb74f9e7a9/library/core/src/ops/function.rs:227:5
[INFO] [stdout]   20:     0x56461607d6d3 - test::__rust_begin_short_backtrace::h86fe3a2a5a5121af
[INFO] [stdout]                                at /rustc/53fd98ca776cb875bc9e5514f56b52eb74f9e7a9/library/test/src/lib.rs:578:5
[INFO] [stdout]   21:     0x56461607c188 - <alloc::boxed::Box<F,A> as core::ops::function::FnOnce<Args>>::call_once::hfd956bc3d57399be
[INFO] [stdout]                                at /rustc/53fd98ca776cb875bc9e5514f56b52eb74f9e7a9/library/alloc/src/boxed.rs:1572:9
[INFO] [stdout]   22:     0x56461607c188 - <std::panic::AssertUnwindSafe<F> as core::ops::function::FnOnce<()>>::call_once::h40dc93e0ddb5938a
[INFO] [stdout]                                at /rustc/53fd98ca776cb875bc9e5514f56b52eb74f9e7a9/library/std/src/panic.rs:347:9
[INFO] [stdout]   23:     0x56461607c188 - std::panicking::try::do_call::h90d07750cb47c562
[INFO] [stdout]                                at /rustc/53fd98ca776cb875bc9e5514f56b52eb74f9e7a9/library/std/src/panicking.rs:401:40
[INFO] [stdout]   24:     0x56461607c188 - std::panicking::try::h063c84733ad2a629
[INFO] [stdout]                                at /rustc/53fd98ca776cb875bc9e5514f56b52eb74f9e7a9/library/std/src/panicking.rs:365:19
[INFO] [stdout]   25:     0x56461607c188 - std::panic::catch_unwind::h0c464836a84e7c08
[INFO] [stdout]                                at /rustc/53fd98ca776cb875bc9e5514f56b52eb74f9e7a9/library/std/src/panic.rs:434:14
[INFO] [stdout]   26:     0x56461607c188 - test::run_test_in_process::h5cb06ef620b157fc
[INFO] [stdout]                                at /rustc/53fd98ca776cb875bc9e5514f56b52eb74f9e7a9/library/test/src/lib.rs:601:18
[INFO] [stdout]   27:     0x56461607c188 - test::run_test::run_test_inner::{{closure}}::h76f677f4b93f9828
[INFO] [stdout]                                at /rustc/53fd98ca776cb875bc9e5514f56b52eb74f9e7a9/library/test/src/lib.rs:493:39
[INFO] [stdout]   28:     0x56461604a91d - test::run_test::run_test_inner::{{closure}}::h366d01fe04f4d67a
[INFO] [stdout]                                at /rustc/53fd98ca776cb875bc9e5514f56b52eb74f9e7a9/library/test/src/lib.rs:520:37
[INFO] [stdout]   29:     0x56461604a91d - std::sys_common::backtrace::__rust_begin_short_backtrace::h7dfa0de4eb395af2
[INFO] [stdout]                                at /rustc/53fd98ca776cb875bc9e5514f56b52eb74f9e7a9/library/std/src/sys_common/backtrace.rs:125:18
[INFO] [stdout]   30:     0x56461604f0e8 - std::thread::Builder::spawn_unchecked::{{closure}}::{{closure}}::hf0a74bb58798037f
[INFO] [stdout]                                at /rustc/53fd98ca776cb875bc9e5514f56b52eb74f9e7a9/library/std/src/thread/mod.rs:476:17
[INFO] [stdout]   31:     0x56461604f0e8 - <std::panic::AssertUnwindSafe<F> as core::ops::function::FnOnce<()>>::call_once::hb024e854818586ac
[INFO] [stdout]                                at /rustc/53fd98ca776cb875bc9e5514f56b52eb74f9e7a9/library/std/src/panic.rs:347:9
[INFO] [stdout]   32:     0x56461604f0e8 - std::panicking::try::do_call::hb2dd9f1d0d48e41d
[INFO] [stdout]                                at /rustc/53fd98ca776cb875bc9e5514f56b52eb74f9e7a9/library/std/src/panicking.rs:401:40
[INFO] [stdout]   33:     0x56461604f0e8 - std::panicking::try::h4717ae7bac8b2bf3
[INFO] [stdout]                                at /rustc/53fd98ca776cb875bc9e5514f56b52eb74f9e7a9/library/std/src/panicking.rs:365:19
[INFO] [stdout]   34:     0x56461604f0e8 - std::panic::catch_unwind::h0dc8a061326ce8d8
[INFO] [stdout]                                at /rustc/53fd98ca776cb875bc9e5514f56b52eb74f9e7a9/library/std/src/panic.rs:434:14
[INFO] [stdout]   35:     0x56461604f0e8 - std::thread::Builder::spawn_unchecked::{{closure}}::haa369e2d6fd00aa1
[INFO] [stdout]                                at /rustc/53fd98ca776cb875bc9e5514f56b52eb74f9e7a9/library/std/src/thread/mod.rs:475:30
[INFO] [stdout]   36:     0x56461604f0e8 - core::ops::function::FnOnce::call_once{{vtable.shim}}::h36dcf3de8b056f17
[INFO] [stdout]                                at /rustc/53fd98ca776cb875bc9e5514f56b52eb74f9e7a9/library/core/src/ops/function.rs:227:5
[INFO] [stdout]   37:     0x5646167c39b7 - <alloc::boxed::Box<F,A> as core::ops::function::FnOnce<Args>>::call_once::h65c29e4642be2358
[INFO] [stdout]                                at /rustc/53fd98ca776cb875bc9e5514f56b52eb74f9e7a9/library/alloc/src/boxed.rs:1572:9
[INFO] [stdout]   38:     0x5646167c39b7 - <alloc::boxed::Box<F,A> as core::ops::function::FnOnce<Args>>::call_once::hd0f8f7fbbd9fffbf
[INFO] [stdout]                                at /rustc/53fd98ca776cb875bc9e5514f56b52eb74f9e7a9/library/alloc/src/boxed.rs:1572:9
[INFO] [stdout]   39:     0x5646167c39b7 - std::sys::unix::thread::Thread::new::thread_start::h2fd22fee3ca77b65
[INFO] [stdout]                                at /rustc/53fd98ca776cb875bc9e5514f56b52eb74f9e7a9/library/std/src/sys/unix/thread.rs:74:17
[INFO] [stdout]   40:     0x7fb155ebe609 - start_thread
[INFO] [stdout]   41:     0x7fb155c8e293 - clone
[INFO] [stdout]   42:                0x0 - <unknown>
[INFO] [stdout] PROXY SERVER RETURNED: Ok(())
[INFO] [stdout] 
[INFO] [stdout] 
[INFO] [stdout] failures:
[INFO] [stdout]     tests::test_server
[INFO] [stdout] 
[INFO] [stdout] test result: FAILED. 10 passed; 1 failed; 0 ignored; 0 measured; 0 filtered out; finished in 0.25s
[INFO] [stdout] 
[INFO] [stderr] error: test failed, to rerun pass '--bin robby'
[INFO] running `Command { std: "docker" "inspect" "538d02be3fcb28656cee17f87b6f08009de768a6a3e3be6259e18148148a81f4", kill_on_drop: false }`
[INFO] running `Command { std: "docker" "rm" "-f" "538d02be3fcb28656cee17f87b6f08009de768a6a3e3be6259e18148148a81f4", kill_on_drop: false }`
[INFO] [stdout] 538d02be3fcb28656cee17f87b6f08009de768a6a3e3be6259e18148148a81f4
