[INFO] cloning repository https://github.com/km19809/Pusher
[INFO] running `Command { std: "git" "-c" "credential.helper=" "-c" "credential.helper=/workspace/cargo-home/bin/git-credential-null" "clone" "--bare" "https://github.com/km19809/Pusher" "/workspace/cache/git-repos/https%3A%2F%2Fgithub.com%2Fkm19809%2FPusher", kill_on_drop: false }`
[INFO] [stderr] Cloning into bare repository '/workspace/cache/git-repos/https%3A%2F%2Fgithub.com%2Fkm19809%2FPusher'...
[INFO] running `Command { std: "git" "rev-parse" "HEAD", kill_on_drop: false }`
[INFO] [stdout] 3fc005838713a2f18f6d3ff59b4b956856ad78cb
[INFO] testing km19809/Pusher against 1.54.0 for beta-1.55-1
[INFO] running `Command { std: "git" "clone" "/workspace/cache/git-repos/https%3A%2F%2Fgithub.com%2Fkm19809%2FPusher" "/workspace/builds/worker-76/source", kill_on_drop: false }`
[INFO] [stderr] Cloning into '/workspace/builds/worker-76/source'...
[INFO] [stderr] done.
[INFO] validating manifest of git repo https://github.com/km19809/Pusher on toolchain 1.54.0
[INFO] running `Command { std: "/workspace/cargo-home/bin/cargo" "+1.54.0" "metadata" "--manifest-path" "Cargo.toml" "--no-deps", kill_on_drop: false }`
[INFO] started tweaking git repo https://github.com/km19809/Pusher
[INFO] finished tweaking git repo https://github.com/km19809/Pusher
[INFO] tweaked toml for git repo https://github.com/km19809/Pusher written to /workspace/builds/worker-76/source/Cargo.toml
[INFO] crate git repo https://github.com/km19809/Pusher already has a lockfile, it will not be regenerated
[INFO] running `Command { std: "/workspace/cargo-home/bin/cargo" "+1.54.0" "fetch" "--manifest-path" "Cargo.toml", kill_on_drop: false }`
[INFO] running `Command { std: "docker" "create" "-v" "/var/lib/crater-agent-workspace/builds/worker-76/target:/opt/rustwide/target:rw,Z" "-v" "/var/lib/crater-agent-workspace/builds/worker-76/source:/opt/rustwide/workdir:ro,Z" "-v" "/var/lib/crater-agent-workspace/cargo-home:/opt/rustwide/cargo-home:ro,Z" "-v" "/var/lib/crater-agent-workspace/rustup-home:/opt/rustwide/rustup-home:ro,Z" "-e" "SOURCE_DIR=/opt/rustwide/workdir" "-e" "CARGO_TARGET_DIR=/opt/rustwide/target" "-e" "CARGO_HOME=/opt/rustwide/cargo-home" "-e" "RUSTUP_HOME=/opt/rustwide/rustup-home" "-w" "/opt/rustwide/workdir" "-m" "1610612736" "--user" "0:0" "--network" "none" "ghcr.io/rust-lang/crates-build-env/linux@sha256:34b6a614d2c27851fe6cbf88fbd1137609cefab8b10d0615aaeb6fd47975d74e" "/opt/rustwide/cargo-home/bin/cargo" "+1.54.0" "metadata" "--no-deps" "--format-version=1", kill_on_drop: false }`
[INFO] [stdout] bf264d1777dd0a123efa8731dd54746160530c5b8f93718bf77682ef6e661194
[INFO] running `Command { std: "docker" "start" "-a" "bf264d1777dd0a123efa8731dd54746160530c5b8f93718bf77682ef6e661194", kill_on_drop: false }`
[INFO] running `Command { std: "docker" "inspect" "bf264d1777dd0a123efa8731dd54746160530c5b8f93718bf77682ef6e661194", kill_on_drop: false }`
[INFO] running `Command { std: "docker" "rm" "-f" "bf264d1777dd0a123efa8731dd54746160530c5b8f93718bf77682ef6e661194", kill_on_drop: false }`
[INFO] [stdout] bf264d1777dd0a123efa8731dd54746160530c5b8f93718bf77682ef6e661194
[INFO] running `Command { std: "docker" "create" "-v" "/var/lib/crater-agent-workspace/builds/worker-76/target:/opt/rustwide/target:rw,Z" "-v" "/var/lib/crater-agent-workspace/builds/worker-76/source:/opt/rustwide/workdir:ro,Z" "-v" "/var/lib/crater-agent-workspace/cargo-home:/opt/rustwide/cargo-home:ro,Z" "-v" "/var/lib/crater-agent-workspace/rustup-home:/opt/rustwide/rustup-home:ro,Z" "-e" "SOURCE_DIR=/opt/rustwide/workdir" "-e" "CARGO_TARGET_DIR=/opt/rustwide/target" "-e" "CARGO_INCREMENTAL=0" "-e" "RUST_BACKTRACE=full" "-e" "RUSTFLAGS=--cap-lints=warn" "-e" "CARGO_HOME=/opt/rustwide/cargo-home" "-e" "RUSTUP_HOME=/opt/rustwide/rustup-home" "-w" "/opt/rustwide/workdir" "-m" "1610612736" "--user" "0:0" "--network" "none" "ghcr.io/rust-lang/crates-build-env/linux@sha256:34b6a614d2c27851fe6cbf88fbd1137609cefab8b10d0615aaeb6fd47975d74e" "/opt/rustwide/cargo-home/bin/cargo" "+1.54.0" "build" "--frozen" "--message-format=json", kill_on_drop: false }`
[INFO] [stdout] e4947aa14f9344346f6f6aacac2c519ddcd500b45536ea1e9659a12fc14011c2
[INFO] running `Command { std: "docker" "start" "-a" "e4947aa14f9344346f6f6aacac2c519ddcd500b45536ea1e9659a12fc14011c2", kill_on_drop: false }`
[INFO] [stderr]    Compiling pusher v0.3.1 (/opt/rustwide/workdir)
[INFO] [stderr]     Finished dev [unoptimized + debuginfo] target(s) in 3.85s
[INFO] running `Command { std: "docker" "inspect" "e4947aa14f9344346f6f6aacac2c519ddcd500b45536ea1e9659a12fc14011c2", kill_on_drop: false }`
[INFO] running `Command { std: "docker" "rm" "-f" "e4947aa14f9344346f6f6aacac2c519ddcd500b45536ea1e9659a12fc14011c2", kill_on_drop: false }`
[INFO] [stdout] e4947aa14f9344346f6f6aacac2c519ddcd500b45536ea1e9659a12fc14011c2
[INFO] running `Command { std: "docker" "create" "-v" "/var/lib/crater-agent-workspace/builds/worker-76/target:/opt/rustwide/target:rw,Z" "-v" "/var/lib/crater-agent-workspace/builds/worker-76/source:/opt/rustwide/workdir:ro,Z" "-v" "/var/lib/crater-agent-workspace/cargo-home:/opt/rustwide/cargo-home:ro,Z" "-v" "/var/lib/crater-agent-workspace/rustup-home:/opt/rustwide/rustup-home:ro,Z" "-e" "SOURCE_DIR=/opt/rustwide/workdir" "-e" "CARGO_TARGET_DIR=/opt/rustwide/target" "-e" "CARGO_INCREMENTAL=0" "-e" "RUST_BACKTRACE=full" "-e" "RUSTFLAGS=--cap-lints=warn" "-e" "CARGO_HOME=/opt/rustwide/cargo-home" "-e" "RUSTUP_HOME=/opt/rustwide/rustup-home" "-w" "/opt/rustwide/workdir" "-m" "1610612736" "--user" "0:0" "--network" "none" "ghcr.io/rust-lang/crates-build-env/linux@sha256:34b6a614d2c27851fe6cbf88fbd1137609cefab8b10d0615aaeb6fd47975d74e" "/opt/rustwide/cargo-home/bin/cargo" "+1.54.0" "test" "--frozen" "--no-run" "--message-format=json", kill_on_drop: false }`
[INFO] [stdout] 25c9a3c491aad361462311b77f83bd0d2fcb4d61d7f2d7685ca1b06015c07315
[INFO] running `Command { std: "docker" "start" "-a" "25c9a3c491aad361462311b77f83bd0d2fcb4d61d7f2d7685ca1b06015c07315", kill_on_drop: false }`
[INFO] [stderr]    Compiling pusher v0.3.1 (/opt/rustwide/workdir)
[INFO] [stderr]     Finished test [unoptimized + debuginfo] target(s) in 0.82s
[INFO] running `Command { std: "docker" "inspect" "25c9a3c491aad361462311b77f83bd0d2fcb4d61d7f2d7685ca1b06015c07315", kill_on_drop: false }`
[INFO] running `Command { std: "docker" "rm" "-f" "25c9a3c491aad361462311b77f83bd0d2fcb4d61d7f2d7685ca1b06015c07315", kill_on_drop: false }`
[INFO] [stdout] 25c9a3c491aad361462311b77f83bd0d2fcb4d61d7f2d7685ca1b06015c07315
[INFO] running `Command { std: "docker" "create" "-v" "/var/lib/crater-agent-workspace/builds/worker-76/target:/opt/rustwide/target:rw,Z" "-v" "/var/lib/crater-agent-workspace/builds/worker-76/source:/opt/rustwide/workdir:ro,Z" "-v" "/var/lib/crater-agent-workspace/cargo-home:/opt/rustwide/cargo-home:ro,Z" "-v" "/var/lib/crater-agent-workspace/rustup-home:/opt/rustwide/rustup-home:ro,Z" "-e" "SOURCE_DIR=/opt/rustwide/workdir" "-e" "CARGO_TARGET_DIR=/opt/rustwide/target" "-e" "CARGO_INCREMENTAL=0" "-e" "RUST_BACKTRACE=full" "-e" "RUSTFLAGS=--cap-lints=warn" "-e" "CARGO_HOME=/opt/rustwide/cargo-home" "-e" "RUSTUP_HOME=/opt/rustwide/rustup-home" "-w" "/opt/rustwide/workdir" "-m" "1610612736" "--user" "0:0" "--network" "none" "ghcr.io/rust-lang/crates-build-env/linux@sha256:34b6a614d2c27851fe6cbf88fbd1137609cefab8b10d0615aaeb6fd47975d74e" "/opt/rustwide/cargo-home/bin/cargo" "+1.54.0" "test" "--frozen", kill_on_drop: false }`
[INFO] [stdout] 37fe35381f0f8061affeaeb558bf69f0167e11be1d06cb17b21892604b038d29
[INFO] running `Command { std: "docker" "start" "-a" "37fe35381f0f8061affeaeb558bf69f0167e11be1d06cb17b21892604b038d29", kill_on_drop: false }`
[INFO] [stderr]     Blocking waiting for file lock on package cache
[INFO] [stdout] 
[INFO] [stderr]     Finished test [unoptimized + debuginfo] target(s) in 0.36s
[INFO] [stdout] running 9 tests
[INFO] [stderr]      Running unittests (/opt/rustwide/target/debug/deps/pusher-daef0c84654fbd16)
[INFO] [stdout] test vector2::test::add ... ok
[INFO] [stderr]      Running unittests (/opt/rustwide/target/debug/deps/pusher-9a2e7d07fbc5c14f)
[INFO] [stdout] test vector2::test::get ... ok
[INFO] [stdout] test vector2::test::inner_product ... ok
[INFO] [stdout] test vector2::test::new ... ok
[INFO] [stdout] test vector2::test::set ... ok
[INFO] [stdout] test vector2::test::display ... ok
[INFO] [stdout] test vector2::test::sub ... ok
[INFO] [stdout] test vector2::test::mul ... ok
[INFO] [stdout] test vector2::test::div ... ok
[INFO] [stdout] 
[INFO] [stdout] test result: ok. 9 passed; 0 failed; 0 ignored; 0 measured; 0 filtered out; finished in 0.01s
[INFO] [stdout] 
[INFO] [stdout] 
[INFO] [stdout] running 0 tests
[INFO] [stdout] 
[INFO] [stdout] test result: ok. 0 passed; 0 failed; 0 ignored; 0 measured; 0 filtered out; finished in 0.00s
[INFO] [stdout] 
[INFO] [stderr]    Doc-tests pusher
[INFO] [stdout] 
[INFO] [stdout] running 1 test
[INFO] [stdout] test src/stage.rs - stage::Stage::new (line 112) ... FAILED
[INFO] [stdout] 
[INFO] [stdout] failures:
[INFO] [stdout] 
[INFO] [stdout] ---- src/stage.rs - stage::Stage::new (line 112) stdout ----
[INFO] [stdout] error[E0603]: module `stage` is private
[INFO] [stdout]   --> src/stage.rs:113:13
[INFO] [stdout]    |
[INFO] [stdout] 4  | use pusher::stage::ObjectType;
[INFO] [stdout]    |             ^^^^^ private module
[INFO] [stdout]    |
[INFO] [stdout] note: the module `stage` is defined here
[INFO] [stdout]   --> /opt/rustwide/workdir/src/lib.rs:18:1
[INFO] [stdout]    |
[INFO] [stdout] 18 | mod stage;
[INFO] [stdout]    | ^^^^^^^^^^
[INFO] [stdout] 
[INFO] [stdout] error[E0603]: module `stage` is private
[INFO] [stdout]   --> src/stage.rs:114:13
[INFO] [stdout]    |
[INFO] [stdout] 5  | use pusher::stage::Tile;
[INFO] [stdout]    |             ^^^^^ private module
[INFO] [stdout]    |
[INFO] [stdout] note: the module `stage` is defined here
[INFO] [stdout]   --> /opt/rustwide/workdir/src/lib.rs:18:1
[INFO] [stdout]    |
[INFO] [stdout] 18 | mod stage;
[INFO] [stdout]    | ^^^^^^^^^^
[INFO] [stdout] 
[INFO] [stdout] error[E0603]: module `stage` is private
[INFO] [stdout]   --> src/stage.rs:115:13
[INFO] [stdout]    |
[INFO] [stdout] 6  | use pusher::stage::Stage;
[INFO] [stdout]    |             ^^^^^ private module
[INFO] [stdout]    |
[INFO] [stdout] note: the module `stage` is defined here
[INFO] [stdout]   --> /opt/rustwide/workdir/src/lib.rs:18:1
[INFO] [stdout]    |
[INFO] [stdout] 18 | mod stage;
[INFO] [stdout]    | ^^^^^^^^^^
[INFO] [stdout] 
[INFO] [stdout] error[E0603]: module `vector2` is private
[INFO] [stdout]   --> src/stage.rs:116:13
[INFO] [stdout]    |
[INFO] [stdout] 7  | use pusher::vector2::Vector2;
[INFO] [stdout]    |             ^^^^^^^ private module
[INFO] [stdout]    |
[INFO] [stdout] note: the module `vector2` is defined here
[INFO] [stdout]   --> /opt/rustwide/workdir/src/lib.rs:19:1
[INFO] [stdout]    |
[INFO] [stdout] 19 | mod vector2;
[INFO] [stdout]    | ^^^^^^^^^^^^
[INFO] [stdout] 
[INFO] [stdout] error: aborting due to 4 previous errors
[INFO] [stdout] 
[INFO] [stdout] For more information about this error, try `rustc --explain E0603`.
[INFO] [stdout] Couldn't compile the test.
[INFO] [stdout] 
[INFO] [stdout] failures:
[INFO] [stdout]     src/stage.rs - stage::Stage::new (line 112)
[INFO] [stdout] 
[INFO] [stdout] test result: FAILED. 0 passed; 1 failed; 0 ignored; 0 measured; 0 filtered out; finished in 0.29s
[INFO] [stdout] 
[INFO] [stderr] error: test failed, to rerun pass '--doc'
[INFO] running `Command { std: "docker" "inspect" "37fe35381f0f8061affeaeb558bf69f0167e11be1d06cb17b21892604b038d29", kill_on_drop: false }`
[INFO] running `Command { std: "docker" "rm" "-f" "37fe35381f0f8061affeaeb558bf69f0167e11be1d06cb17b21892604b038d29", kill_on_drop: false }`
[INFO] [stdout] 37fe35381f0f8061affeaeb558bf69f0167e11be1d06cb17b21892604b038d29
