[INFO] cloning repository https://github.com/kirillt/coins-change
[INFO] running `Command { std: "git" "-c" "credential.helper=" "-c" "credential.helper=/workspace/cargo-home/bin/git-credential-null" "clone" "--bare" "https://github.com/kirillt/coins-change" "/workspace/cache/git-repos/https%3A%2F%2Fgithub.com%2Fkirillt%2Fcoins-change", kill_on_drop: false }`
[INFO] [stderr] Cloning into bare repository '/workspace/cache/git-repos/https%3A%2F%2Fgithub.com%2Fkirillt%2Fcoins-change'...
[INFO] running `Command { std: "git" "rev-parse" "HEAD", kill_on_drop: false }`
[INFO] [stdout] f9eebe8c42c719f037321c1c1ff3856641f1bfa9
[INFO] testing kirillt/coins-change against beta-2021-08-01 for beta-1.55-1
[INFO] running `Command { std: "git" "clone" "/workspace/cache/git-repos/https%3A%2F%2Fgithub.com%2Fkirillt%2Fcoins-change" "/workspace/builds/worker-42/source", kill_on_drop: false }`
[INFO] [stderr] Cloning into '/workspace/builds/worker-42/source'...
[INFO] [stderr] done.
[INFO] validating manifest of git repo https://github.com/kirillt/coins-change on toolchain beta-2021-08-01
[INFO] running `Command { std: "/workspace/cargo-home/bin/cargo" "+beta-2021-08-01" "metadata" "--manifest-path" "Cargo.toml" "--no-deps", kill_on_drop: false }`
[INFO] started tweaking git repo https://github.com/kirillt/coins-change
[INFO] finished tweaking git repo https://github.com/kirillt/coins-change
[INFO] tweaked toml for git repo https://github.com/kirillt/coins-change written to /workspace/builds/worker-42/source/Cargo.toml
[INFO] crate git repo https://github.com/kirillt/coins-change already has a lockfile, it will not be regenerated
[INFO] running `Command { std: "/workspace/cargo-home/bin/cargo" "+beta-2021-08-01" "fetch" "--manifest-path" "Cargo.toml", kill_on_drop: false }`
[INFO] [stderr]     Blocking waiting for file lock on package cache
[INFO] [stderr]     Blocking waiting for file lock on package cache
[INFO] [stderr]  Downloading crates ...
[INFO] [stderr]   Downloaded quote v1.0.7
[INFO] [stderr]   Downloaded proc-macro2 v1.0.19
[INFO] [stderr]   Downloaded half v1.6.0
[INFO] [stderr]   Downloaded serde_cbor v0.11.1
[INFO] [stderr]   Downloaded rayon v1.3.1
[INFO] [stderr]   Downloaded memoffset v0.5.5
[INFO] [stderr]   Downloaded wasm-bindgen-backend v0.2.67
[INFO] [stderr]   Downloaded csv-core v0.1.10
[INFO] [stderr]   Downloaded clap v2.33.2
[INFO] [stderr]   Downloaded criterion-plot v0.4.3
[INFO] [stderr]   Downloaded bumpalo v3.4.0
[INFO] [stderr]   Downloaded cast v0.2.3
[INFO] [stderr]   Downloaded serde v1.0.114
[INFO] [stderr]   Downloaded unicode-width v0.1.8
[INFO] [stderr]   Downloaded itertools v0.9.0
[INFO] [stderr]   Downloaded tinyset v0.4.4
[INFO] [stderr]   Downloaded criterion v0.3.3
[INFO] [stderr]   Downloaded js-sys v0.3.44
[INFO] [stderr]   Downloaded wasm-bindgen-macro v0.2.67
[INFO] [stderr]   Downloaded wasm-bindgen v0.2.67
[INFO] [stderr]   Downloaded walkdir v2.3.1
[INFO] [stderr]   Downloaded oorandom v11.1.2
[INFO] [stderr]   Downloaded num-traits v0.2.12
[INFO] [stderr]   Downloaded rayon-core v1.7.1
[INFO] [stderr]   Downloaded wasm-bindgen-shared v0.2.67
[INFO] [stderr]   Downloaded wasm-bindgen-macro-support v0.2.67
[INFO] [stderr]   Downloaded hermit-abi v0.1.15
[INFO] [stderr]   Downloaded crossbeam-epoch v0.8.2
[INFO] [stderr]   Downloaded crossbeam-utils v0.7.2
[INFO] [stderr]   Downloaded syn v1.0.38
[INFO] [stderr]   Downloaded serde_derive v1.0.114
[INFO] [stderr]   Downloaded itoa v0.4.6
[INFO] [stderr]   Downloaded same-file v1.0.6
[INFO] [stderr]   Downloaded bstr v0.2.13
[INFO] [stderr]   Downloaded serde_json v1.0.57
[INFO] [stderr]   Downloaded crossbeam-queue v0.2.3
[INFO] [stderr]   Downloaded crossbeam-deque v0.7.3
[INFO] [stderr]   Downloaded tinytemplate v1.1.0
[INFO] [stderr]   Downloaded ryu v1.0.5
[INFO] [stderr]   Downloaded web-sys v0.3.44
[INFO] [stderr]   Downloaded libc v0.2.74
[INFO] [stderr]   Downloaded plotters v0.2.15
[INFO] [stderr]   Downloaded unicode-xid v0.2.1
[INFO] [stderr]   Downloaded regex-syntax v0.6.18
[INFO] [stderr]   Downloaded csv v1.1.3
[INFO] [stderr]   Downloaded regex-automata v0.1.9
[INFO] [stderr]   Downloaded regex v1.3.9
[INFO] [stderr]   Downloaded ppv-lite86 v0.2.8
[INFO] running `Command { std: "docker" "create" "-v" "/var/lib/crater-agent-workspace/builds/worker-42/target:/opt/rustwide/target:rw,Z" "-v" "/var/lib/crater-agent-workspace/builds/worker-42/source:/opt/rustwide/workdir:ro,Z" "-v" "/var/lib/crater-agent-workspace/cargo-home:/opt/rustwide/cargo-home:ro,Z" "-v" "/var/lib/crater-agent-workspace/rustup-home:/opt/rustwide/rustup-home:ro,Z" "-e" "SOURCE_DIR=/opt/rustwide/workdir" "-e" "CARGO_TARGET_DIR=/opt/rustwide/target" "-e" "CARGO_HOME=/opt/rustwide/cargo-home" "-e" "RUSTUP_HOME=/opt/rustwide/rustup-home" "-w" "/opt/rustwide/workdir" "-m" "1610612736" "--user" "0:0" "--network" "none" "ghcr.io/rust-lang/crates-build-env/linux@sha256:34b6a614d2c27851fe6cbf88fbd1137609cefab8b10d0615aaeb6fd47975d74e" "/opt/rustwide/cargo-home/bin/cargo" "+beta-2021-08-01" "metadata" "--no-deps" "--format-version=1", kill_on_drop: false }`
[INFO] [stdout] 5b73993e4baf58d24ec30e090cff32cb8796a06353ecf4ca99a7683c8b6b06f2
[INFO] running `Command { std: "docker" "start" "-a" "5b73993e4baf58d24ec30e090cff32cb8796a06353ecf4ca99a7683c8b6b06f2", kill_on_drop: false }`
[INFO] running `Command { std: "docker" "inspect" "5b73993e4baf58d24ec30e090cff32cb8796a06353ecf4ca99a7683c8b6b06f2", kill_on_drop: false }`
[INFO] running `Command { std: "docker" "rm" "-f" "5b73993e4baf58d24ec30e090cff32cb8796a06353ecf4ca99a7683c8b6b06f2", kill_on_drop: false }`
[INFO] [stdout] 5b73993e4baf58d24ec30e090cff32cb8796a06353ecf4ca99a7683c8b6b06f2
[INFO] running `Command { std: "docker" "create" "-v" "/var/lib/crater-agent-workspace/builds/worker-42/target:/opt/rustwide/target:rw,Z" "-v" "/var/lib/crater-agent-workspace/builds/worker-42/source:/opt/rustwide/workdir:ro,Z" "-v" "/var/lib/crater-agent-workspace/cargo-home:/opt/rustwide/cargo-home:ro,Z" "-v" "/var/lib/crater-agent-workspace/rustup-home:/opt/rustwide/rustup-home:ro,Z" "-e" "SOURCE_DIR=/opt/rustwide/workdir" "-e" "CARGO_TARGET_DIR=/opt/rustwide/target" "-e" "CARGO_INCREMENTAL=0" "-e" "RUST_BACKTRACE=full" "-e" "RUSTFLAGS=--cap-lints=warn" "-e" "CARGO_HOME=/opt/rustwide/cargo-home" "-e" "RUSTUP_HOME=/opt/rustwide/rustup-home" "-w" "/opt/rustwide/workdir" "-m" "1610612736" "--user" "0:0" "--network" "none" "ghcr.io/rust-lang/crates-build-env/linux@sha256:34b6a614d2c27851fe6cbf88fbd1137609cefab8b10d0615aaeb6fd47975d74e" "/opt/rustwide/cargo-home/bin/cargo" "+beta-2021-08-01" "build" "--frozen" "--message-format=json", kill_on_drop: false }`
[INFO] [stdout] a8e2b926d97e1781ca950933aadcb8a8a7eee12ff3640e92c93f83673a7399fe
[INFO] running `Command { std: "docker" "start" "-a" "a8e2b926d97e1781ca950933aadcb8a8a7eee12ff3640e92c93f83673a7399fe", kill_on_drop: false }`
[INFO] [stderr]     Blocking waiting for file lock on package cache
[INFO] [stderr]    Compiling libc v0.2.74
[INFO] [stderr]    Compiling getrandom v0.1.14
[INFO] [stderr]    Compiling ppv-lite86 v0.2.8
[INFO] [stderr]    Compiling either v1.5.3
[INFO] [stderr]    Compiling itertools v0.9.0
[INFO] [stderr]    Compiling rand_core v0.5.1
[INFO] [stderr]    Compiling rand_chacha v0.2.2
[INFO] [stderr]    Compiling rand v0.7.3
[INFO] [stderr]    Compiling tinyset v0.4.4
[INFO] [stderr]    Compiling coins-change v0.1.0 (/opt/rustwide/workdir)
[INFO] [stdout] warning: unnecessary trailing semicolon
[INFO] [stdout]   --> src/minimal_number.rs:30:6
[INFO] [stdout]    |
[INFO] [stdout] 30 |     };
[INFO] [stdout]    |      ^ help: remove this semicolon
[INFO] [stdout]    |
[INFO] [stdout]    = note: `#[warn(redundant_semicolons)]` on by default
[INFO] [stdout] 
[INFO] [stdout] 
[INFO] [stdout] warning: unused variable: `amount`
[INFO] [stdout]  --> src/optimal_change.rs:1:18
[INFO] [stdout]   |
[INFO] [stdout] 1 | pub fn calculate(amount: usize, coins: &Vec<usize>) -> Option<Vec<usize>> {
[INFO] [stdout]   |                  ^^^^^^ help: if this is intentional, prefix it with an underscore: `_amount`
[INFO] [stdout]   |
[INFO] [stdout]   = note: `#[warn(unused_variables)]` on by default
[INFO] [stdout] 
[INFO] [stdout] 
[INFO] [stdout] warning: unused variable: `coins`
[INFO] [stdout]  --> src/optimal_change.rs:1:33
[INFO] [stdout]   |
[INFO] [stdout] 1 | pub fn calculate(amount: usize, coins: &Vec<usize>) -> Option<Vec<usize>> {
[INFO] [stdout]   |                                 ^^^^^ help: if this is intentional, prefix it with an underscore: `_coins`
[INFO] [stdout] 
[INFO] [stdout] 
[INFO] [stdout] warning: 3 warnings emitted
[INFO] [stdout] 
[INFO] [stdout] 
[INFO] [stderr]     Finished dev [unoptimized + debuginfo] target(s) in 17.90s
[INFO] running `Command { std: "docker" "inspect" "a8e2b926d97e1781ca950933aadcb8a8a7eee12ff3640e92c93f83673a7399fe", kill_on_drop: false }`
[INFO] running `Command { std: "docker" "rm" "-f" "a8e2b926d97e1781ca950933aadcb8a8a7eee12ff3640e92c93f83673a7399fe", kill_on_drop: false }`
[INFO] [stdout] a8e2b926d97e1781ca950933aadcb8a8a7eee12ff3640e92c93f83673a7399fe
[INFO] running `Command { std: "docker" "create" "-v" "/var/lib/crater-agent-workspace/builds/worker-42/target:/opt/rustwide/target:rw,Z" "-v" "/var/lib/crater-agent-workspace/builds/worker-42/source:/opt/rustwide/workdir:ro,Z" "-v" "/var/lib/crater-agent-workspace/cargo-home:/opt/rustwide/cargo-home:ro,Z" "-v" "/var/lib/crater-agent-workspace/rustup-home:/opt/rustwide/rustup-home:ro,Z" "-e" "SOURCE_DIR=/opt/rustwide/workdir" "-e" "CARGO_TARGET_DIR=/opt/rustwide/target" "-e" "CARGO_INCREMENTAL=0" "-e" "RUST_BACKTRACE=full" "-e" "RUSTFLAGS=--cap-lints=warn" "-e" "CARGO_HOME=/opt/rustwide/cargo-home" "-e" "RUSTUP_HOME=/opt/rustwide/rustup-home" "-w" "/opt/rustwide/workdir" "-m" "1610612736" "--user" "0:0" "--network" "none" "ghcr.io/rust-lang/crates-build-env/linux@sha256:34b6a614d2c27851fe6cbf88fbd1137609cefab8b10d0615aaeb6fd47975d74e" "/opt/rustwide/cargo-home/bin/cargo" "+beta-2021-08-01" "test" "--frozen" "--no-run" "--message-format=json", kill_on_drop: false }`
[INFO] [stdout] d939ab4ac73545cfad1f247fc76a0f2d0bc508388b0e228b4c0fb16a15b4a7ef
[INFO] running `Command { std: "docker" "start" "-a" "d939ab4ac73545cfad1f247fc76a0f2d0bc508388b0e228b4c0fb16a15b4a7ef", kill_on_drop: false }`
[INFO] [stderr]    Compiling serde v1.0.114
[INFO] [stderr]    Compiling memchr v2.3.3
[INFO] [stderr]    Compiling byteorder v1.3.4
[INFO] [stderr]    Compiling proc-macro2 v1.0.19
[INFO] [stderr]    Compiling rayon-core v1.7.1
[INFO] [stderr]    Compiling serde_json v1.0.57
[INFO] [stderr]    Compiling syn v1.0.38
[INFO] [stderr]    Compiling itoa v0.4.6
[INFO] [stderr]    Compiling serde_derive v1.0.114
[INFO] [stderr]    Compiling half v1.6.0
[INFO] [stderr]    Compiling regex-syntax v0.6.18
[INFO] [stderr]    Compiling oorandom v11.1.2
[INFO] [stderr]    Compiling memoffset v0.5.5
[INFO] [stderr]    Compiling num-traits v0.2.12
[INFO] [stderr]    Compiling rayon v1.3.1
[INFO] [stderr]    Compiling textwrap v0.11.0
[INFO] [stderr]    Compiling num_cpus v1.13.0
[INFO] [stderr]    Compiling atty v0.2.14
[INFO] [stderr]    Compiling cast v0.2.3
[INFO] [stderr]    Compiling crossbeam-queue v0.2.3
[INFO] [stdout] warning: unnecessary trailing semicolon
[INFO] [stdout]   --> src/minimal_number.rs:30:6
[INFO] [stdout]    |
[INFO] [stdout] 30 |     };
[INFO] [stdout]    |      ^ help: remove this semicolon
[INFO] [stdout]    |
[INFO] [stdout]    = note: `#[warn(redundant_semicolons)]` on by default
[INFO] [stdout] 
[INFO] [stdout] 
[INFO] [stdout] warning: unused variable: `amount`
[INFO] [stdout]  --> src/optimal_change.rs:1:18
[INFO] [stdout]   |
[INFO] [stdout] 1 | pub fn calculate(amount: usize, coins: &Vec<usize>) -> Option<Vec<usize>> {
[INFO] [stdout]   |                  ^^^^^^ help: if this is intentional, prefix it with an underscore: `_amount`
[INFO] [stdout]   |
[INFO] [stdout]   = note: `#[warn(unused_variables)]` on by default
[INFO] [stdout] 
[INFO] [stdout] 
[INFO] [stdout] warning: unused variable: `coins`
[INFO] [stdout]  --> src/optimal_change.rs:1:33
[INFO] [stdout]   |
[INFO] [stdout] 1 | pub fn calculate(amount: usize, coins: &Vec<usize>) -> Option<Vec<usize>> {
[INFO] [stdout]   |                                 ^^^^^ help: if this is intentional, prefix it with an underscore: `_coins`
[INFO] [stdout] 
[INFO] [stdout] 
[INFO] [stdout] warning: 3 warnings emitted
[INFO] [stdout] 
[INFO] [stdout] 
[INFO] [stderr]    Compiling clap v2.33.2
[INFO] [stderr]    Compiling csv-core v0.1.10
[INFO] [stderr]    Compiling criterion-plot v0.4.3
[INFO] [stderr]    Compiling crossbeam-epoch v0.8.2
[INFO] [stderr]    Compiling regex-automata v0.1.9
[INFO] [stderr]    Compiling quote v1.0.7
[INFO] [stderr]    Compiling regex v1.3.9
[INFO] [stderr]    Compiling plotters v0.2.15
[INFO] [stderr]    Compiling crossbeam-deque v0.7.3
[INFO] [stderr]    Compiling bstr v0.2.13
[INFO] [stderr]    Compiling serde_cbor v0.11.1
[INFO] [stderr]    Compiling csv v1.1.3
[INFO] [stderr]    Compiling tinytemplate v1.1.0
[INFO] [stderr]    Compiling criterion v0.3.3
[INFO] [stderr]    Compiling coins-change v0.1.0 (/opt/rustwide/workdir)
[INFO] [stdout] warning: unnecessary trailing semicolon
[INFO] [stdout]   --> src/minimal_number.rs:30:6
[INFO] [stdout]    |
[INFO] [stdout] 30 |     };
[INFO] [stdout]    |      ^ help: remove this semicolon
[INFO] [stdout]    |
[INFO] [stdout]    = note: `#[warn(redundant_semicolons)]` on by default
[INFO] [stdout] 
[INFO] [stdout] 
[INFO] [stdout] warning: unused variable: `amount`
[INFO] [stdout]  --> src/optimal_change.rs:1:18
[INFO] [stdout]   |
[INFO] [stdout] 1 | pub fn calculate(amount: usize, coins: &Vec<usize>) -> Option<Vec<usize>> {
[INFO] [stdout]   |                  ^^^^^^ help: if this is intentional, prefix it with an underscore: `_amount`
[INFO] [stdout]   |
[INFO] [stdout]   = note: `#[warn(unused_variables)]` on by default
[INFO] [stdout] 
[INFO] [stdout] 
[INFO] [stdout] warning: unused variable: `coins`
[INFO] [stdout]  --> src/optimal_change.rs:1:33
[INFO] [stdout]   |
[INFO] [stdout] 1 | pub fn calculate(amount: usize, coins: &Vec<usize>) -> Option<Vec<usize>> {
[INFO] [stdout]   |                                 ^^^^^ help: if this is intentional, prefix it with an underscore: `_coins`
[INFO] [stdout] 
[INFO] [stdout] 
[INFO] [stdout] warning: 3 warnings emitted
[INFO] [stdout] 
[INFO] [stdout] 
[INFO] [stderr]     Finished test [unoptimized + debuginfo] target(s) in 37.34s
[INFO] running `Command { std: "docker" "inspect" "d939ab4ac73545cfad1f247fc76a0f2d0bc508388b0e228b4c0fb16a15b4a7ef", kill_on_drop: false }`
[INFO] running `Command { std: "docker" "rm" "-f" "d939ab4ac73545cfad1f247fc76a0f2d0bc508388b0e228b4c0fb16a15b4a7ef", kill_on_drop: false }`
[INFO] [stdout] d939ab4ac73545cfad1f247fc76a0f2d0bc508388b0e228b4c0fb16a15b4a7ef
[INFO] running `Command { std: "docker" "create" "-v" "/var/lib/crater-agent-workspace/builds/worker-42/target:/opt/rustwide/target:rw,Z" "-v" "/var/lib/crater-agent-workspace/builds/worker-42/source:/opt/rustwide/workdir:ro,Z" "-v" "/var/lib/crater-agent-workspace/cargo-home:/opt/rustwide/cargo-home:ro,Z" "-v" "/var/lib/crater-agent-workspace/rustup-home:/opt/rustwide/rustup-home:ro,Z" "-e" "SOURCE_DIR=/opt/rustwide/workdir" "-e" "CARGO_TARGET_DIR=/opt/rustwide/target" "-e" "CARGO_INCREMENTAL=0" "-e" "RUST_BACKTRACE=full" "-e" "RUSTFLAGS=--cap-lints=warn" "-e" "CARGO_HOME=/opt/rustwide/cargo-home" "-e" "RUSTUP_HOME=/opt/rustwide/rustup-home" "-w" "/opt/rustwide/workdir" "-m" "1610612736" "--user" "0:0" "--network" "none" "ghcr.io/rust-lang/crates-build-env/linux@sha256:34b6a614d2c27851fe6cbf88fbd1137609cefab8b10d0615aaeb6fd47975d74e" "/opt/rustwide/cargo-home/bin/cargo" "+beta-2021-08-01" "test" "--frozen", kill_on_drop: false }`
[INFO] [stdout] 1a715169cc8f658efb2feabbe82a11ceac81ab676584c08b4da377b0bb76a252
[INFO] running `Command { std: "docker" "start" "-a" "1a715169cc8f658efb2feabbe82a11ceac81ab676584c08b4da377b0bb76a252", kill_on_drop: false }`
[INFO] [stderr] warning: unnecessary trailing semicolon
[INFO] [stderr]   --> src/minimal_number.rs:30:6
[INFO] [stderr]    |
[INFO] [stderr] 30 |     };
[INFO] [stderr]    |      ^ help: remove this semicolon
[INFO] [stderr]    |
[INFO] [stderr]    = note: `#[warn(redundant_semicolons)]` on by default
[INFO] [stderr] 
[INFO] [stderr] warning: unused variable: `amount`
[INFO] [stderr]  --> src/optimal_change.rs:1:18
[INFO] [stderr]   |
[INFO] [stderr] 1 | pub fn calculate(amount: usize, coins: &Vec<usize>) -> Option<Vec<usize>> {
[INFO] [stderr]   |                  ^^^^^^ help: if this is intentional, prefix it with an underscore: `_amount`
[INFO] [stderr]   |
[INFO] [stderr]   = note: `#[warn(unused_variables)]` on by default
[INFO] [stderr] 
[INFO] [stderr] warning: unused variable: `coins`
[INFO] [stderr]  --> src/optimal_change.rs:1:33
[INFO] [stderr]   |
[INFO] [stderr] 1 | pub fn calculate(amount: usize, coins: &Vec<usize>) -> Option<Vec<usize>> {
[INFO] [stderr]   |                                 ^^^^^ help: if this is intentional, prefix it with an underscore: `_coins`
[INFO] [stderr] 
[INFO] [stderr] warning: `coins-change` (lib) generated 3 warnings
[INFO] [stderr] warning: `coins-change` (lib test) generated 3 warnings (3 duplicates)
[INFO] [stderr]     Finished test [unoptimized + debuginfo] target(s) in 0.17s
[INFO] [stderr]      Running unittests (/opt/rustwide/target/debug/deps/coins-821571c2aa0aeabc)
[INFO] [stdout] 
[INFO] [stdout] running 1 test
[INFO] [stdout] test tests::verify ... FAILED
[INFO] [stdout] 
[INFO] [stdout] failures:
[INFO] [stdout] 
[INFO] [stdout] ---- tests::verify stdout ----
[INFO] [stdout] Input: Input { amount: 95, coins: [23, 26, 41, 59, 62, 77, 91] }
[INFO] [stdout] Solution: None
[INFO] [stdout] Number: Some(4)
[INFO] [stdout] 
[INFO] [stdout] thread 'tests::verify' panicked at 'assertion failed: `(left == right)`
[INFO] [stdout]   left: `None`,
[INFO] [stdout]  right: `Some(4)`', src/lib.rs:21:13
[INFO] [stdout] stack backtrace:
[INFO] [stdout]    0:     0x556bb6b78840 - std::backtrace_rs::backtrace::libunwind::trace::hff4d1766e93f64f1
[INFO] [stdout]                                at /rustc/53fd98ca776cb875bc9e5514f56b52eb74f9e7a9/library/std/src/../../backtrace/src/backtrace/libunwind.rs:90:5
[INFO] [stdout]    1:     0x556bb6b78840 - std::backtrace_rs::backtrace::trace_unsynchronized::h56bbc8eb78770bcb
[INFO] [stdout]                                at /rustc/53fd98ca776cb875bc9e5514f56b52eb74f9e7a9/library/std/src/../../backtrace/src/backtrace/mod.rs:66:5
[INFO] [stdout]    2:     0x556bb6b78840 - std::sys_common::backtrace::_print_fmt::h5c8e75464faca780
[INFO] [stdout]                                at /rustc/53fd98ca776cb875bc9e5514f56b52eb74f9e7a9/library/std/src/sys_common/backtrace.rs:67:5
[INFO] [stdout]    3:     0x556bb6b78840 - <std::sys_common::backtrace::_print::DisplayBacktrace as core::fmt::Display>::fmt::h48b88277def8b362
[INFO] [stdout]                                at /rustc/53fd98ca776cb875bc9e5514f56b52eb74f9e7a9/library/std/src/sys_common/backtrace.rs:46:22
[INFO] [stdout]    4:     0x556bb6b9b01c - core::fmt::write::h3381b3176fe2b3d3
[INFO] [stdout]                                at /rustc/53fd98ca776cb875bc9e5514f56b52eb74f9e7a9/library/core/src/fmt/mod.rs:1115:17
[INFO] [stdout]    5:     0x556bb6b757a5 - std::io::Write::write_fmt::h5f34a676f60246b5
[INFO] [stdout]                                at /rustc/53fd98ca776cb875bc9e5514f56b52eb74f9e7a9/library/std/src/io/mod.rs:1665:15
[INFO] [stdout]    6:     0x556bb6b7a9bb - std::sys_common::backtrace::_print::ha537687d6c17dd0d
[INFO] [stdout]                                at /rustc/53fd98ca776cb875bc9e5514f56b52eb74f9e7a9/library/std/src/sys_common/backtrace.rs:49:5
[INFO] [stdout]    7:     0x556bb6b7a9bb - std::sys_common::backtrace::print::h61376ae57d131d72
[INFO] [stdout]                                at /rustc/53fd98ca776cb875bc9e5514f56b52eb74f9e7a9/library/std/src/sys_common/backtrace.rs:36:9
[INFO] [stdout]    8:     0x556bb6b7a9bb - std::panicking::default_hook::{{closure}}::h0f7208c0b9644a54
[INFO] [stdout]                                at /rustc/53fd98ca776cb875bc9e5514f56b52eb74f9e7a9/library/std/src/panicking.rs:208:50
[INFO] [stdout]    9:     0x556bb6b7a4cc - std::panicking::default_hook::hdac7fc06578c14ce
[INFO] [stdout]                                at /rustc/53fd98ca776cb875bc9e5514f56b52eb74f9e7a9/library/std/src/panicking.rs:222:9
[INFO] [stdout]   10:     0x556bb6b7b084 - std::panicking::rust_panic_with_hook::h72b21c283da3d1ef
[INFO] [stdout]                                at /rustc/53fd98ca776cb875bc9e5514f56b52eb74f9e7a9/library/std/src/panicking.rs:622:17
[INFO] [stdout]   11:     0x556bb6b7ab67 - std::panicking::begin_panic_handler::{{closure}}::he5778f1729cff84a
[INFO] [stdout]                                at /rustc/53fd98ca776cb875bc9e5514f56b52eb74f9e7a9/library/std/src/panicking.rs:519:13
[INFO] [stdout]   12:     0x556bb6b78d1c - std::sys_common::backtrace::__rust_end_short_backtrace::h2d11ca8b453b4b1d
[INFO] [stdout]                                at /rustc/53fd98ca776cb875bc9e5514f56b52eb74f9e7a9/library/std/src/sys_common/backtrace.rs:141:18
[INFO] [stdout]   13:     0x556bb6b7aac9 - rust_begin_unwind
[INFO] [stdout]                                at /rustc/53fd98ca776cb875bc9e5514f56b52eb74f9e7a9/library/std/src/panicking.rs:515:5
[INFO] [stdout]   14:     0x556bb6ad57d1 - core::panicking::panic_fmt::hf9de31d4acbce4db
[INFO] [stdout]                                at /rustc/53fd98ca776cb875bc9e5514f56b52eb74f9e7a9/library/core/src/panicking.rs:92:14
[INFO] [stdout]   15:     0x556bb6b99938 - core::panicking::assert_failed_inner::h62e8cb2847a6e7ec
[INFO] [stdout]   16:     0x556bb6b2608a - core::panicking::assert_failed::h985dce63dfb356b2
[INFO] [stdout]                                at /rustc/53fd98ca776cb875bc9e5514f56b52eb74f9e7a9/library/core/src/panicking.rs:117:5
[INFO] [stdout]   17:     0x556bb6ad9273 - coins::tests::verify::{{closure}}::h9a855d7f15495e26
[INFO] [stdout]                                at /opt/rustwide/workdir/src/lib.rs:21:13
[INFO] [stdout]   18:     0x556bb6ad96de - core::iter::traits::iterator::Iterator::for_each::call::{{closure}}::h4bf37f1b08c35fd0
[INFO] [stdout]                                at /rustc/53fd98ca776cb875bc9e5514f56b52eb74f9e7a9/library/core/src/iter/traits/iterator.rs:734:29
[INFO] [stdout]   19:     0x556bb6adaa29 - core::iter::traits::iterator::Iterator::fold::h13b8b645a241cfa5
[INFO] [stdout]                                at /rustc/53fd98ca776cb875bc9e5514f56b52eb74f9e7a9/library/core/src/iter/traits/iterator.rs:2174:21
[INFO] [stdout]   20:     0x556bb6adaad2 - core::iter::traits::iterator::Iterator::for_each::hda068c1bccb7915d
[INFO] [stdout]                                at /rustc/53fd98ca776cb875bc9e5514f56b52eb74f9e7a9/library/core/src/iter/traits/iterator.rs:737:9
[INFO] [stdout]   21:     0x556bb6ad8e16 - coins::tests::verify::h5458838b18d7043c
[INFO] [stdout]                                at /opt/rustwide/workdir/src/lib.rs:13:9
[INFO] [stdout]   22:     0x556bb6ad8d3a - coins::tests::verify::{{closure}}::h5cc5e0374520a55c
[INFO] [stdout]                                at /opt/rustwide/workdir/src/lib.rs:10:5
[INFO] [stdout]   23:     0x556bb6adc8fe - core::ops::function::FnOnce::call_once::h60cde11c13de518d
[INFO] [stdout]                                at /rustc/53fd98ca776cb875bc9e5514f56b52eb74f9e7a9/library/core/src/ops/function.rs:227:5
[INFO] [stdout]   24:     0x556bb6b10613 - core::ops::function::FnOnce::call_once::hbb52c4519d3137b0
[INFO] [stdout]                                at /rustc/53fd98ca776cb875bc9e5514f56b52eb74f9e7a9/library/core/src/ops/function.rs:227:5
[INFO] [stdout]   25:     0x556bb6b10613 - test::__rust_begin_short_backtrace::h86fe3a2a5a5121af
[INFO] [stdout]                                at /rustc/53fd98ca776cb875bc9e5514f56b52eb74f9e7a9/library/test/src/lib.rs:578:5
[INFO] [stdout]   26:     0x556bb6b0f0c8 - <alloc::boxed::Box<F,A> as core::ops::function::FnOnce<Args>>::call_once::hfd956bc3d57399be
[INFO] [stdout]                                at /rustc/53fd98ca776cb875bc9e5514f56b52eb74f9e7a9/library/alloc/src/boxed.rs:1572:9
[INFO] [stdout]   27:     0x556bb6b0f0c8 - <std::panic::AssertUnwindSafe<F> as core::ops::function::FnOnce<()>>::call_once::h40dc93e0ddb5938a
[INFO] [stdout]                                at /rustc/53fd98ca776cb875bc9e5514f56b52eb74f9e7a9/library/std/src/panic.rs:347:9
[INFO] [stdout]   28:     0x556bb6b0f0c8 - std::panicking::try::do_call::h90d07750cb47c562
[INFO] [stdout]                                at /rustc/53fd98ca776cb875bc9e5514f56b52eb74f9e7a9/library/std/src/panicking.rs:401:40
[INFO] [stdout]   29:     0x556bb6b0f0c8 - std::panicking::try::h063c84733ad2a629
[INFO] [stdout]                                at /rustc/53fd98ca776cb875bc9e5514f56b52eb74f9e7a9/library/std/src/panicking.rs:365:19
[INFO] [stdout]   30:     0x556bb6b0f0c8 - std::panic::catch_unwind::h0c464836a84e7c08
[INFO] [stdout]                                at /rustc/53fd98ca776cb875bc9e5514f56b52eb74f9e7a9/library/std/src/panic.rs:434:14
[INFO] [stdout]   31:     0x556bb6b0f0c8 - test::run_test_in_process::h5cb06ef620b157fc
[INFO] [stdout]                                at /rustc/53fd98ca776cb875bc9e5514f56b52eb74f9e7a9/library/test/src/lib.rs:601:18
[INFO] [stdout]   32:     0x556bb6b0f0c8 - test::run_test::run_test_inner::{{closure}}::h76f677f4b93f9828
[INFO] [stdout]                                at /rustc/53fd98ca776cb875bc9e5514f56b52eb74f9e7a9/library/test/src/lib.rs:493:39
[INFO] [stdout]   33:     0x556bb6add85d - test::run_test::run_test_inner::{{closure}}::h366d01fe04f4d67a
[INFO] [stdout]                                at /rustc/53fd98ca776cb875bc9e5514f56b52eb74f9e7a9/library/test/src/lib.rs:520:37
[INFO] [stdout]   34:     0x556bb6add85d - std::sys_common::backtrace::__rust_begin_short_backtrace::h7dfa0de4eb395af2
[INFO] [stdout]                                at /rustc/53fd98ca776cb875bc9e5514f56b52eb74f9e7a9/library/std/src/sys_common/backtrace.rs:125:18
[INFO] [stdout]   35:     0x556bb6ae2028 - std::thread::Builder::spawn_unchecked::{{closure}}::{{closure}}::hf0a74bb58798037f
[INFO] [stdout]                                at /rustc/53fd98ca776cb875bc9e5514f56b52eb74f9e7a9/library/std/src/thread/mod.rs:476:17
[INFO] [stdout]   36:     0x556bb6ae2028 - <std::panic::AssertUnwindSafe<F> as core::ops::function::FnOnce<()>>::call_once::hb024e854818586ac
[INFO] [stdout]                                at /rustc/53fd98ca776cb875bc9e5514f56b52eb74f9e7a9/library/std/src/panic.rs:347:9
[INFO] [stdout]   37:     0x556bb6ae2028 - std::panicking::try::do_call::hb2dd9f1d0d48e41d
[INFO] [stdout]                                at /rustc/53fd98ca776cb875bc9e5514f56b52eb74f9e7a9/library/std/src/panicking.rs:401:40
[INFO] [stdout]   38:     0x556bb6ae2028 - std::panicking::try::h4717ae7bac8b2bf3
[INFO] [stdout]                                at /rustc/53fd98ca776cb875bc9e5514f56b52eb74f9e7a9/library/std/src/panicking.rs:365:19
[INFO] [stdout]   39:     0x556bb6ae2028 - std::panic::catch_unwind::h0dc8a061326ce8d8
[INFO] [stdout]                                at /rustc/53fd98ca776cb875bc9e5514f56b52eb74f9e7a9/library/std/src/panic.rs:434:14
[INFO] [stdout]   40:     0x556bb6ae2028 - std::thread::Builder::spawn_unchecked::{{closure}}::haa369e2d6fd00aa1
[INFO] [stdout]                                at /rustc/53fd98ca776cb875bc9e5514f56b52eb74f9e7a9/library/std/src/thread/mod.rs:475:30
[INFO] [stdout]   41:     0x556bb6ae2028 - core::ops::function::FnOnce::call_once{{vtable.shim}}::h36dcf3de8b056f17
[INFO] [stdout]                                at /rustc/53fd98ca776cb875bc9e5514f56b52eb74f9e7a9/library/core/src/ops/function.rs:227:5
[INFO] [stdout]   42:     0x556bb6b7fbf7 - <alloc::boxed::Box<F,A> as core::ops::function::FnOnce<Args>>::call_once::h65c29e4642be2358
[INFO] [stdout]                                at /rustc/53fd98ca776cb875bc9e5514f56b52eb74f9e7a9/library/alloc/src/boxed.rs:1572:9
[INFO] [stdout]   43:     0x556bb6b7fbf7 - <alloc::boxed::Box<F,A> as core::ops::function::FnOnce<Args>>::call_once::hd0f8f7fbbd9fffbf
[INFO] [stdout]                                at /rustc/53fd98ca776cb875bc9e5514f56b52eb74f9e7a9/library/alloc/src/boxed.rs:1572:9
[INFO] [stdout]   44:     0x556bb6b7fbf7 - std::sys::unix::thread::Thread::new::thread_start::h2fd22fee3ca77b65
[INFO] [stdout]                                at /rustc/53fd98ca776cb875bc9e5514f56b52eb74f9e7a9/library/std/src/sys/unix/thread.rs:74:17
[INFO] [stdout]   45:     0x7fd390d88609 - start_thread
[INFO] [stdout]   46:     0x7fd390b60293 - clone
[INFO] [stdout]   47:                0x0 - <unknown>
[INFO] [stdout] 
[INFO] [stdout] 
[INFO] [stdout] failures:
[INFO] [stdout]     tests::verify
[INFO] [stdout] 
[INFO] [stdout] test result: FAILED. 0 passed; 1 failed; 0 ignored; 0 measured; 0 filtered out; finished in 0.04s
[INFO] [stdout] 
[INFO] [stderr] error: test failed, to rerun pass '--lib'
[INFO] running `Command { std: "docker" "inspect" "1a715169cc8f658efb2feabbe82a11ceac81ab676584c08b4da377b0bb76a252", kill_on_drop: false }`
[INFO] running `Command { std: "docker" "rm" "-f" "1a715169cc8f658efb2feabbe82a11ceac81ab676584c08b4da377b0bb76a252", kill_on_drop: false }`
[INFO] [stdout] 1a715169cc8f658efb2feabbe82a11ceac81ab676584c08b4da377b0bb76a252
