[INFO] cloning repository https://github.com/killercup/cthulhu
[INFO] running `Command { std: "git" "-c" "credential.helper=" "-c" "credential.helper=/workspace/cargo-home/bin/git-credential-null" "clone" "--bare" "https://github.com/killercup/cthulhu" "/workspace/cache/git-repos/https%3A%2F%2Fgithub.com%2Fkillercup%2Fcthulhu", kill_on_drop: false }`
[INFO] [stderr] Cloning into bare repository '/workspace/cache/git-repos/https%3A%2F%2Fgithub.com%2Fkillercup%2Fcthulhu'...
[INFO] running `Command { std: "git" "rev-parse" "HEAD", kill_on_drop: false }`
[INFO] [stdout] ced2c8a79994b12109ebe0db3f3500de2221a70b
[INFO] testing killercup/cthulhu against 1.54.0 for beta-1.55-1
[INFO] running `Command { std: "git" "clone" "/workspace/cache/git-repos/https%3A%2F%2Fgithub.com%2Fkillercup%2Fcthulhu" "/workspace/builds/worker-33/source", kill_on_drop: false }`
[INFO] [stderr] Cloning into '/workspace/builds/worker-33/source'...
[INFO] [stderr] done.
[INFO] validating manifest of git repo https://github.com/killercup/cthulhu on toolchain 1.54.0
[INFO] running `Command { std: "/workspace/cargo-home/bin/cargo" "+1.54.0" "metadata" "--manifest-path" "Cargo.toml" "--no-deps", kill_on_drop: false }`
[INFO] started tweaking git repo https://github.com/killercup/cthulhu
[INFO] finished tweaking git repo https://github.com/killercup/cthulhu
[INFO] tweaked toml for git repo https://github.com/killercup/cthulhu written to /workspace/builds/worker-33/source/Cargo.toml
[INFO] crate git repo https://github.com/killercup/cthulhu already has a lockfile, it will not be regenerated
[INFO] running `Command { std: "/workspace/cargo-home/bin/cargo" "+1.54.0" "fetch" "--manifest-path" "Cargo.toml", kill_on_drop: false }`
[INFO] [stderr]     Blocking waiting for file lock on package cache
[INFO] [stderr]     Blocking waiting for file lock on package cache
[INFO] [stderr]  Downloading crates ...
[INFO] [stderr]   Downloaded ctor v0.1.16
[INFO] [stderr]   Downloaded syn v1.0.53
[INFO] [stderr]   Downloaded snafu-derive v0.4.4
[INFO] [stderr]   Downloaded snafu v0.4.4
[INFO] running `Command { std: "docker" "create" "-v" "/var/lib/crater-agent-workspace/builds/worker-33/target:/opt/rustwide/target:rw,Z" "-v" "/var/lib/crater-agent-workspace/builds/worker-33/source:/opt/rustwide/workdir:ro,Z" "-v" "/var/lib/crater-agent-workspace/cargo-home:/opt/rustwide/cargo-home:ro,Z" "-v" "/var/lib/crater-agent-workspace/rustup-home:/opt/rustwide/rustup-home:ro,Z" "-e" "SOURCE_DIR=/opt/rustwide/workdir" "-e" "CARGO_TARGET_DIR=/opt/rustwide/target" "-e" "CARGO_HOME=/opt/rustwide/cargo-home" "-e" "RUSTUP_HOME=/opt/rustwide/rustup-home" "-w" "/opt/rustwide/workdir" "-m" "1610612736" "--user" "0:0" "--network" "none" "ghcr.io/rust-lang/crates-build-env/linux@sha256:34b6a614d2c27851fe6cbf88fbd1137609cefab8b10d0615aaeb6fd47975d74e" "/opt/rustwide/cargo-home/bin/cargo" "+1.54.0" "metadata" "--no-deps" "--format-version=1", kill_on_drop: false }`
[INFO] [stdout] 0acd52d74c1860bd37b9d5bd6033c000632289bee5516160c8e030e30199209c
[INFO] running `Command { std: "docker" "start" "-a" "0acd52d74c1860bd37b9d5bd6033c000632289bee5516160c8e030e30199209c", kill_on_drop: false }`
[INFO] running `Command { std: "docker" "inspect" "0acd52d74c1860bd37b9d5bd6033c000632289bee5516160c8e030e30199209c", kill_on_drop: false }`
[INFO] running `Command { std: "docker" "rm" "-f" "0acd52d74c1860bd37b9d5bd6033c000632289bee5516160c8e030e30199209c", kill_on_drop: false }`
[INFO] [stdout] 0acd52d74c1860bd37b9d5bd6033c000632289bee5516160c8e030e30199209c
[INFO] running `Command { std: "docker" "create" "-v" "/var/lib/crater-agent-workspace/builds/worker-33/target:/opt/rustwide/target:rw,Z" "-v" "/var/lib/crater-agent-workspace/builds/worker-33/source:/opt/rustwide/workdir:ro,Z" "-v" "/var/lib/crater-agent-workspace/cargo-home:/opt/rustwide/cargo-home:ro,Z" "-v" "/var/lib/crater-agent-workspace/rustup-home:/opt/rustwide/rustup-home:ro,Z" "-e" "SOURCE_DIR=/opt/rustwide/workdir" "-e" "CARGO_TARGET_DIR=/opt/rustwide/target" "-e" "CARGO_INCREMENTAL=0" "-e" "RUST_BACKTRACE=full" "-e" "RUSTFLAGS=--cap-lints=warn" "-e" "CARGO_HOME=/opt/rustwide/cargo-home" "-e" "RUSTUP_HOME=/opt/rustwide/rustup-home" "-w" "/opt/rustwide/workdir" "-m" "1610612736" "--user" "0:0" "--network" "none" "ghcr.io/rust-lang/crates-build-env/linux@sha256:34b6a614d2c27851fe6cbf88fbd1137609cefab8b10d0615aaeb6fd47975d74e" "/opt/rustwide/cargo-home/bin/cargo" "+1.54.0" "build" "--frozen" "--message-format=json", kill_on_drop: false }`
[INFO] [stdout] da322e618e7994f7b6f536d60e8721c9d76410afdd696a249e4f2ef9b452ddb1
[INFO] running `Command { std: "docker" "start" "-a" "da322e618e7994f7b6f536d60e8721c9d76410afdd696a249e4f2ef9b452ddb1", kill_on_drop: false }`
[INFO] [stderr]     Blocking waiting for file lock on package cache
[INFO] [stderr]    Compiling autocfg v0.1.7
[INFO] [stderr]    Compiling rand_core v0.4.2
[INFO] [stderr]    Compiling libc v0.2.81
[INFO] [stderr]    Compiling proc-macro2 v1.0.24
[INFO] [stderr]    Compiling syn v1.0.53
[INFO] [stderr]    Compiling regex-syntax v0.6.21
[INFO] [stderr]    Compiling ident_case v1.0.1
[INFO] [stderr]    Compiling strsim v0.9.3
[INFO] [stderr]    Compiling termcolor v1.1.2
[INFO] [stderr]    Compiling thread_local v1.0.1
[INFO] [stderr]    Compiling log v0.4.11
[INFO] [stderr]    Compiling humantime v1.3.0
[INFO] [stderr]    Compiling heck v0.3.1
[INFO] [stderr]    Compiling rand_core v0.3.1
[INFO] [stderr]    Compiling rand_jitter v0.1.4
[INFO] [stderr]    Compiling rand_xorshift v0.1.1
[INFO] [stderr]    Compiling rand_isaac v0.1.1
[INFO] [stderr]    Compiling rand_hc v0.1.0
[INFO] [stderr]    Compiling rand_pcg v0.1.2
[INFO] [stderr]    Compiling rand_chacha v0.1.1
[INFO] [stderr]    Compiling rand v0.6.5
[INFO] [stderr]    Compiling quote v1.0.7
[INFO] [stderr]    Compiling rand_os v0.1.3
[INFO] [stderr]    Compiling atty v0.2.14
[INFO] [stderr]    Compiling regex v1.4.2
[INFO] [stderr]    Compiling phf_generator v0.7.24
[INFO] [stderr]    Compiling env_logger v0.7.1
[INFO] [stderr]    Compiling phf_codegen v0.7.24
[INFO] [stderr]    Compiling pretty_env_logger v0.4.0
[INFO] [stderr]    Compiling darling_core v0.10.2
[INFO] [stderr]    Compiling cffi-impl v0.1.6 (/opt/rustwide/workdir/impl)
[INFO] [stderr]    Compiling ctor v0.1.16
[INFO] [stderr]    Compiling darling_macro v0.10.2
[INFO] [stderr]    Compiling darling v0.10.2
[INFO] [stderr]    Compiling cffi v0.1.6 (/opt/rustwide/workdir)
[INFO] [stderr]     Finished dev [unoptimized + debuginfo] target(s) in 31.84s
[INFO] running `Command { std: "docker" "inspect" "da322e618e7994f7b6f536d60e8721c9d76410afdd696a249e4f2ef9b452ddb1", kill_on_drop: false }`
[INFO] running `Command { std: "docker" "rm" "-f" "da322e618e7994f7b6f536d60e8721c9d76410afdd696a249e4f2ef9b452ddb1", kill_on_drop: false }`
[INFO] [stdout] da322e618e7994f7b6f536d60e8721c9d76410afdd696a249e4f2ef9b452ddb1
[INFO] running `Command { std: "docker" "create" "-v" "/var/lib/crater-agent-workspace/builds/worker-33/target:/opt/rustwide/target:rw,Z" "-v" "/var/lib/crater-agent-workspace/builds/worker-33/source:/opt/rustwide/workdir:ro,Z" "-v" "/var/lib/crater-agent-workspace/cargo-home:/opt/rustwide/cargo-home:ro,Z" "-v" "/var/lib/crater-agent-workspace/rustup-home:/opt/rustwide/rustup-home:ro,Z" "-e" "SOURCE_DIR=/opt/rustwide/workdir" "-e" "CARGO_TARGET_DIR=/opt/rustwide/target" "-e" "CARGO_INCREMENTAL=0" "-e" "RUST_BACKTRACE=full" "-e" "RUSTFLAGS=--cap-lints=warn" "-e" "CARGO_HOME=/opt/rustwide/cargo-home" "-e" "RUSTUP_HOME=/opt/rustwide/rustup-home" "-w" "/opt/rustwide/workdir" "-m" "1610612736" "--user" "0:0" "--network" "none" "ghcr.io/rust-lang/crates-build-env/linux@sha256:34b6a614d2c27851fe6cbf88fbd1137609cefab8b10d0615aaeb6fd47975d74e" "/opt/rustwide/cargo-home/bin/cargo" "+1.54.0" "test" "--frozen" "--no-run" "--message-format=json", kill_on_drop: false }`
[INFO] [stdout] 826b668cf2e636d62d067109272decc0713aec4efc6fe728a099fa0a16950e49
[INFO] running `Command { std: "docker" "start" "-a" "826b668cf2e636d62d067109272decc0713aec4efc6fe728a099fa0a16950e49", kill_on_drop: false }`
[INFO] [stderr]    Compiling cffi v0.1.6 (/opt/rustwide/workdir)
[INFO] [stderr]     Finished test [unoptimized + debuginfo] target(s) in 0.71s
[INFO] running `Command { std: "docker" "inspect" "826b668cf2e636d62d067109272decc0713aec4efc6fe728a099fa0a16950e49", kill_on_drop: false }`
[INFO] running `Command { std: "docker" "rm" "-f" "826b668cf2e636d62d067109272decc0713aec4efc6fe728a099fa0a16950e49", kill_on_drop: false }`
[INFO] [stdout] 826b668cf2e636d62d067109272decc0713aec4efc6fe728a099fa0a16950e49
[INFO] running `Command { std: "docker" "create" "-v" "/var/lib/crater-agent-workspace/builds/worker-33/target:/opt/rustwide/target:rw,Z" "-v" "/var/lib/crater-agent-workspace/builds/worker-33/source:/opt/rustwide/workdir:ro,Z" "-v" "/var/lib/crater-agent-workspace/cargo-home:/opt/rustwide/cargo-home:ro,Z" "-v" "/var/lib/crater-agent-workspace/rustup-home:/opt/rustwide/rustup-home:ro,Z" "-e" "SOURCE_DIR=/opt/rustwide/workdir" "-e" "CARGO_TARGET_DIR=/opt/rustwide/target" "-e" "CARGO_INCREMENTAL=0" "-e" "RUST_BACKTRACE=full" "-e" "RUSTFLAGS=--cap-lints=warn" "-e" "CARGO_HOME=/opt/rustwide/cargo-home" "-e" "RUSTUP_HOME=/opt/rustwide/rustup-home" "-w" "/opt/rustwide/workdir" "-m" "1610612736" "--user" "0:0" "--network" "none" "ghcr.io/rust-lang/crates-build-env/linux@sha256:34b6a614d2c27851fe6cbf88fbd1137609cefab8b10d0615aaeb6fd47975d74e" "/opt/rustwide/cargo-home/bin/cargo" "+1.54.0" "test" "--frozen", kill_on_drop: false }`
[INFO] [stdout] 626646ad50f5e24b67ef8e8655a1eb3e9fbde572fc09919bd1fd679e9c2c6e66
[INFO] running `Command { std: "docker" "start" "-a" "626646ad50f5e24b67ef8e8655a1eb3e9fbde572fc09919bd1fd679e9c2c6e66", kill_on_drop: false }`
[INFO] [stderr]     Finished test [unoptimized + debuginfo] target(s) in 0.17s
[INFO] [stderr]      Running unittests (/opt/rustwide/target/debug/deps/cffi-91fc440c4c248e80)
[INFO] [stdout] 
[INFO] [stdout] running 1 test
[INFO] [stdout] test tests::test ... ok
[INFO] [stdout] 
[INFO] [stdout] test result: ok. 1 passed; 0 failed; 0 ignored; 0 measured; 0 filtered out; finished in 0.05s
[INFO] [stdout] 
[INFO] [stderr]    Doc-tests cffi
[INFO] [stdout] 
[INFO] [stdout] running 1 test
[INFO] [stdout] test src/boxed.rs - boxed::BoxMarshaler (line 30) ... FAILED
[INFO] [stdout] 
[INFO] [stdout] failures:
[INFO] [stdout] 
[INFO] [stdout] ---- src/boxed.rs - boxed::BoxMarshaler (line 30) stdout ----
[INFO] [stdout] error[E0277]: the trait bound `BoxMarshaler<_>: ToForeign<Something, _>` is not satisfied
[INFO] [stdout]   --> src/boxed.rs:41:33
[INFO] [stdout]    |
[INFO] [stdout] 14 |     let ptr: *const Something = BoxMarshaler::to_foreign(something).unwrap();
[INFO] [stdout]    |                                 ^^^^^^^^^^^^^^^^^^^^^^^^ the trait `ToForeign<Something, _>` is not implemented for `BoxMarshaler<_>`
[INFO] [stdout]    |
[INFO] [stdout]    = help: the following implementations were found:
[INFO] [stdout]              <BoxMarshaler<T> as ToForeign<Box<T>, *const T>>
[INFO] [stdout]              <BoxMarshaler<T> as ToForeign<Result<Box<T>, Box<(dyn std::error::Error + 'static)>>, *const T>>
[INFO] [stdout]    = note: required by `to_foreign`
[INFO] [stdout] 
[INFO] [stdout] error[E0277]: the trait bound `BoxMarshaler<_>: ToForeign<Something, _>` is not satisfied
[INFO] [stdout]   --> src/boxed.rs:41:33
[INFO] [stdout]    |
[INFO] [stdout] 14 |     let ptr: *const Something = BoxMarshaler::to_foreign(something).unwrap();
[INFO] [stdout]    |                                 ^^^^^^^^^^^^^^^^^^^^^^^^^^^^^^^^^^^ the trait `ToForeign<Something, _>` is not implemented for `BoxMarshaler<_>`
[INFO] [stdout]    |
[INFO] [stdout]    = help: the following implementations were found:
[INFO] [stdout]              <BoxMarshaler<T> as ToForeign<Box<T>, *const T>>
[INFO] [stdout]              <BoxMarshaler<T> as ToForeign<Result<Box<T>, Box<(dyn std::error::Error + 'static)>>, *const T>>
[INFO] [stdout] 
[INFO] [stdout] error: aborting due to 2 previous errors
[INFO] [stdout] 
[INFO] [stdout] For more information about this error, try `rustc --explain E0277`.
[INFO] [stdout] Couldn't compile the test.
[INFO] [stdout] 
[INFO] [stdout] failures:
[INFO] [stdout]     src/boxed.rs - boxed::BoxMarshaler (line 30)
[INFO] [stdout] 
[INFO] [stdout] test result: FAILED. 0 passed; 1 failed; 0 ignored; 0 measured; 0 filtered out; finished in 0.50s
[INFO] [stdout] 
[INFO] [stderr] error: test failed, to rerun pass '--doc'
[INFO] running `Command { std: "docker" "inspect" "626646ad50f5e24b67ef8e8655a1eb3e9fbde572fc09919bd1fd679e9c2c6e66", kill_on_drop: false }`
[INFO] running `Command { std: "docker" "rm" "-f" "626646ad50f5e24b67ef8e8655a1eb3e9fbde572fc09919bd1fd679e9c2c6e66", kill_on_drop: false }`
[INFO] [stdout] 626646ad50f5e24b67ef8e8655a1eb3e9fbde572fc09919bd1fd679e9c2c6e66
