[INFO] cloning repository https://github.com/kestred/web-analyzer-wip
[INFO] running `Command { std: "git" "-c" "credential.helper=" "-c" "credential.helper=/workspace/cargo-home/bin/git-credential-null" "clone" "--bare" "https://github.com/kestred/web-analyzer-wip" "/workspace/cache/git-repos/https%3A%2F%2Fgithub.com%2Fkestred%2Fweb-analyzer-wip", kill_on_drop: false }`
[INFO] [stderr] Cloning into bare repository '/workspace/cache/git-repos/https%3A%2F%2Fgithub.com%2Fkestred%2Fweb-analyzer-wip'...
[INFO] running `Command { std: "git" "rev-parse" "HEAD", kill_on_drop: false }`
[INFO] [stdout] 397e11face59795f958c68e598849eab2525fada
[INFO] testing kestred/web-analyzer-wip against 1.54.0 for beta-1.55-1
[INFO] running `Command { std: "git" "clone" "/workspace/cache/git-repos/https%3A%2F%2Fgithub.com%2Fkestred%2Fweb-analyzer-wip" "/workspace/builds/worker-84/source", kill_on_drop: false }`
[INFO] [stderr] Cloning into '/workspace/builds/worker-84/source'...
[INFO] [stderr] done.
[INFO] validating manifest of git repo https://github.com/kestred/web-analyzer-wip on toolchain 1.54.0
[INFO] running `Command { std: "/workspace/cargo-home/bin/cargo" "+1.54.0" "metadata" "--manifest-path" "Cargo.toml" "--no-deps", kill_on_drop: false }`
[INFO] started tweaking git repo https://github.com/kestred/web-analyzer-wip
[INFO] finished tweaking git repo https://github.com/kestred/web-analyzer-wip
[INFO] tweaked toml for git repo https://github.com/kestred/web-analyzer-wip written to /workspace/builds/worker-84/source/Cargo.toml
[INFO] crate git repo https://github.com/kestred/web-analyzer-wip already has a lockfile, it will not be regenerated
[INFO] running `Command { std: "/workspace/cargo-home/bin/cargo" "+1.54.0" "fetch" "--manifest-path" "Cargo.toml", kill_on_drop: false }`
[INFO] [stderr]     Blocking waiting for file lock on package cache
[INFO] [stderr]     Blocking waiting for file lock on package cache
[INFO] running `Command { std: "docker" "create" "-v" "/var/lib/crater-agent-workspace/builds/worker-84/target:/opt/rustwide/target:rw,Z" "-v" "/var/lib/crater-agent-workspace/builds/worker-84/source:/opt/rustwide/workdir:ro,Z" "-v" "/var/lib/crater-agent-workspace/cargo-home:/opt/rustwide/cargo-home:ro,Z" "-v" "/var/lib/crater-agent-workspace/rustup-home:/opt/rustwide/rustup-home:ro,Z" "-e" "SOURCE_DIR=/opt/rustwide/workdir" "-e" "CARGO_TARGET_DIR=/opt/rustwide/target" "-e" "CARGO_HOME=/opt/rustwide/cargo-home" "-e" "RUSTUP_HOME=/opt/rustwide/rustup-home" "-w" "/opt/rustwide/workdir" "-m" "1610612736" "--user" "0:0" "--network" "none" "ghcr.io/rust-lang/crates-build-env/linux@sha256:34b6a614d2c27851fe6cbf88fbd1137609cefab8b10d0615aaeb6fd47975d74e" "/opt/rustwide/cargo-home/bin/cargo" "+1.54.0" "metadata" "--no-deps" "--format-version=1", kill_on_drop: false }`
[INFO] [stdout] df631a40b635503bee9e16286905fea548c3a7bf42b5e20cb798c87de404af7e
[INFO] running `Command { std: "docker" "start" "-a" "df631a40b635503bee9e16286905fea548c3a7bf42b5e20cb798c87de404af7e", kill_on_drop: false }`
[INFO] running `Command { std: "docker" "inspect" "df631a40b635503bee9e16286905fea548c3a7bf42b5e20cb798c87de404af7e", kill_on_drop: false }`
[INFO] running `Command { std: "docker" "rm" "-f" "df631a40b635503bee9e16286905fea548c3a7bf42b5e20cb798c87de404af7e", kill_on_drop: false }`
[INFO] [stdout] df631a40b635503bee9e16286905fea548c3a7bf42b5e20cb798c87de404af7e
[INFO] running `Command { std: "docker" "create" "-v" "/var/lib/crater-agent-workspace/builds/worker-84/target:/opt/rustwide/target:rw,Z" "-v" "/var/lib/crater-agent-workspace/builds/worker-84/source:/opt/rustwide/workdir:ro,Z" "-v" "/var/lib/crater-agent-workspace/cargo-home:/opt/rustwide/cargo-home:ro,Z" "-v" "/var/lib/crater-agent-workspace/rustup-home:/opt/rustwide/rustup-home:ro,Z" "-e" "SOURCE_DIR=/opt/rustwide/workdir" "-e" "CARGO_TARGET_DIR=/opt/rustwide/target" "-e" "CARGO_INCREMENTAL=0" "-e" "RUST_BACKTRACE=full" "-e" "RUSTFLAGS=--cap-lints=warn" "-e" "CARGO_HOME=/opt/rustwide/cargo-home" "-e" "RUSTUP_HOME=/opt/rustwide/rustup-home" "-w" "/opt/rustwide/workdir" "-m" "1610612736" "--user" "0:0" "--network" "none" "ghcr.io/rust-lang/crates-build-env/linux@sha256:34b6a614d2c27851fe6cbf88fbd1137609cefab8b10d0615aaeb6fd47975d74e" "/opt/rustwide/cargo-home/bin/cargo" "+1.54.0" "build" "--frozen" "--message-format=json", kill_on_drop: false }`
[INFO] [stdout] f41ea04ca1f0014d5a4448492430648db394b4d9af6cd6fc16d46eec70c40b7a
[INFO] running `Command { std: "docker" "start" "-a" "f41ea04ca1f0014d5a4448492430648db394b4d9af6cd6fc16d46eec70c40b7a", kill_on_drop: false }`
[INFO] [stderr]     Blocking waiting for file lock on package cache
[INFO] [stderr]    Compiling libc v0.2.54
[INFO] [stderr]    Compiling autocfg v0.1.2
[INFO] [stderr]    Compiling smallvec v0.6.9
[INFO] [stderr]    Compiling cfg-if v0.1.7
[INFO] [stderr]    Compiling proc-macro2 v0.4.29
[INFO] [stderr]    Compiling stable_deref_trait v1.1.1
[INFO] [stderr]    Compiling syn v0.15.33
[INFO] [stderr]    Compiling smol_str v0.1.10
[INFO] [stderr]    Compiling unicode-segmentation v1.2.1
[INFO] [stderr]    Compiling text_unit v0.1.6
[INFO] [stderr]    Compiling colosseum v0.2.2
[INFO] [stderr]    Compiling indexmap v1.0.2
[INFO] [stderr]    Compiling relative-path v0.4.0
[INFO] [stderr]    Compiling bitflags v1.0.5
[INFO] [stderr]    Compiling memchr v2.2.0
[INFO] [stderr]    Compiling difference v2.0.0
[INFO] [stderr]    Compiling superslice v1.0.0
[INFO] [stderr]    Compiling serde v1.0.91
[INFO] [stderr]    Compiling ascii v0.9.1
[INFO] [stderr]    Compiling either v1.5.2
[INFO] [stderr]    Compiling lazycell v1.2.1
[INFO] [stderr]    Compiling ryu v0.2.8
[INFO] [stderr]    Compiling lazy_static v1.3.0
[INFO] [stderr]    Compiling unescape v0.1.0
[INFO] [stderr]    Compiling fixedbitset v0.1.9
[INFO] [stderr]    Compiling ordermap v0.3.5
[INFO] [stderr]    Compiling itoa v0.4.4
[INFO] [stderr]    Compiling rand_jitter v0.1.4
[INFO] [stderr]    Compiling lock_api v0.2.0
[INFO] [stderr]    Compiling textwrap v0.11.0
[INFO] [stderr]    Compiling rand_isaac v0.1.1
[INFO] [stderr]    Compiling rand_xorshift v0.1.1
[INFO] [stderr]    Compiling rand_hc v0.1.0
[INFO] [stderr]    Compiling parking_lot_core v0.4.0
[INFO] [stderr]    Compiling rustc-hash v1.0.1
[INFO] [stderr]    Compiling parking_lot_core v0.5.0
[INFO] [stderr]    Compiling parking_lot v0.8.0
[INFO] [stderr]    Compiling log v0.4.6
[INFO] [stderr]    Compiling crossbeam-utils v0.6.5
[INFO] [stderr]    Compiling owning_ref v0.4.0
[INFO] [stderr]    Compiling rand_os v0.1.3
[INFO] [stderr]    Compiling net2 v0.2.33
[INFO] [stderr]    Compiling iovec v0.1.2
[INFO] [stderr]    Compiling inotify-sys v0.1.3
[INFO] [stderr]    Compiling filetime v0.2.5
[INFO] [stderr]    Compiling atty v0.2.11
[INFO] [stderr]    Compiling lock_api v0.1.5
[INFO] [stderr]    Compiling quote v0.6.12
[INFO] [stderr]    Compiling heck v0.3.1
[INFO] [stderr]    Compiling rand_pcg v0.1.2
[INFO] [stderr]    Compiling rand_chacha v0.1.1
[INFO] [stderr]    Compiling rand v0.6.5
[INFO] [stderr]    Compiling crossbeam-channel v0.3.8
[INFO] [stderr]    Compiling petgraph v0.4.13
[INFO] [stderr]    Compiling combine v3.8.1
[INFO] [stderr]    Compiling inotify v0.6.1
[INFO] [stderr]    Compiling clap v2.33.0
[INFO] [stderr]    Compiling mio v0.6.16
[INFO] [stderr]    Compiling mio-extras v2.0.5
[INFO] [stderr]    Compiling notify v4.0.11
[INFO] [stderr]    Compiling parking_lot v0.7.1
[INFO] [stderr]    Compiling rowan v0.5.0
[INFO] [stderr]    Compiling ra_vfs v0.2.3
[INFO] [stderr]    Compiling antlr_codegen v0.1.0 (/opt/rustwide/workdir/codegen/antlr)
[INFO] [stderr]    Compiling code_grammar v0.1.0 (/opt/rustwide/workdir/utils/grammar)
[INFO] [stdout] warning: `#[inline]` is ignored on function prototypes
[INFO] [stdout]   --> utils/grammar/src/ast.rs:13:5
[INFO] [stdout]    |
[INFO] [stdout] 13 |     #[inline]
[INFO] [stdout]    |     ^^^^^^^^^
[INFO] [stdout]    |
[INFO] [stdout]    = note: `#[warn(unused_attributes)]` on by default
[INFO] [stdout] 
[INFO] [stdout] 
[INFO] [stderr]    Compiling html_grammar v0.1.0 (/opt/rustwide/workdir/grammar/html)
[INFO] [stderr]    Compiling estree_codegen v0.1.0 (/opt/rustwide/workdir/codegen/estree)
[INFO] [stdout] warning: 1 warning emitted
[INFO] [stdout] 
[INFO] [stdout] 
[INFO] [stderr]    Compiling derive-new v0.5.6
[INFO] [stderr]    Compiling salsa-macros v0.12.0
[INFO] [stderr]    Compiling serde_derive v1.0.91
[INFO] [stderr]    Compiling vue_grammar v0.1.0 (/opt/rustwide/workdir/grammar/vue)
[INFO] [stderr]    Compiling salsa v0.12.0
[INFO] [stderr]    Compiling test_utils v0.1.0 (/opt/rustwide/workdir/utils/test)
[INFO] [stderr]    Compiling code_analysis v0.1.0 (/opt/rustwide/workdir/utils/analysis)
[INFO] [stderr]    Compiling javascript_grammar v0.1.0 (/opt/rustwide/workdir/grammar/javascript)
[INFO] [stdout] warning: `...` range patterns are deprecated
[INFO] [stdout]    --> grammar/javascript/src/scan.rs:371:16
[INFO] [stdout]     |
[INFO] [stdout] 371 |             '0'...'9' | '_' | '.' | 'e' | 'E' => {
[INFO] [stdout]     |                ^^^ help: use `..=` for an inclusive range
[INFO] [stdout]     |
[INFO] [stdout]     = note: `#[warn(ellipsis_inclusive_range_patterns)]` on by default
[INFO] [stdout]     = warning: this was previously accepted by the compiler but is being phased out; it will become a hard error in the 2021 edition!
[INFO] [stdout]     = note: for more information, see issue #80165 <https://github.com/rust-lang/rust/issues/80165>
[INFO] [stdout] 
[INFO] [stdout] 
[INFO] [stdout] warning: `...` range patterns are deprecated
[INFO] [stdout]    --> grammar/javascript/src/scan.rs:397:22
[INFO] [stdout]     |
[INFO] [stdout] 397 |             '_' | '0'...'9' => {
[INFO] [stdout]     |                      ^^^ help: use `..=` for an inclusive range
[INFO] [stdout]     |
[INFO] [stdout]     = warning: this was previously accepted by the compiler but is being phased out; it will become a hard error in the 2021 edition!
[INFO] [stdout]     = note: for more information, see issue #80165 <https://github.com/rust-lang/rust/issues/80165>
[INFO] [stdout] 
[INFO] [stdout] 
[INFO] [stdout] warning: `...` range patterns are deprecated
[INFO] [stdout]    --> grammar/javascript/src/scan.rs:400:16
[INFO] [stdout]     |
[INFO] [stdout] 400 |             'a'...'f' | 'A'...'F' if allow_hex => {
[INFO] [stdout]     |                ^^^ help: use `..=` for an inclusive range
[INFO] [stdout]     |
[INFO] [stdout]     = warning: this was previously accepted by the compiler but is being phased out; it will become a hard error in the 2021 edition!
[INFO] [stdout]     = note: for more information, see issue #80165 <https://github.com/rust-lang/rust/issues/80165>
[INFO] [stdout] 
[INFO] [stdout] 
[INFO] [stdout] warning: `...` range patterns are deprecated
[INFO] [stdout]    --> grammar/javascript/src/scan.rs:400:28
[INFO] [stdout]     |
[INFO] [stdout] 400 |             'a'...'f' | 'A'...'F' if allow_hex => {
[INFO] [stdout]     |                            ^^^ help: use `..=` for an inclusive range
[INFO] [stdout]     |
[INFO] [stdout]     = warning: this was previously accepted by the compiler but is being phased out; it will become a hard error in the 2021 edition!
[INFO] [stdout]     = note: for more information, see issue #80165 <https://github.com/rust-lang/rust/issues/80165>
[INFO] [stdout] 
[INFO] [stdout] 
[INFO] [stderr]    Compiling html_analysis v0.1.0 (/opt/rustwide/workdir/analysis/html)
[INFO] [stdout] warning: cannot borrow `*s` as mutable because it is also borrowed as immutable
[INFO] [stdout]   --> grammar/javascript/src/scan.rs:45:25
[INFO] [stdout]    |
[INFO] [stdout] 36 |                         let mut child = Scanner::new(s.remaining_text());
[INFO] [stdout]    |                                                      - immutable borrow occurs here
[INFO] [stdout] ...
[INFO] [stdout] 45 |                         s.advance(child.into_len());
[INFO] [stdout]    |                         ^         ----- immutable borrow later used here
[INFO] [stdout]    |                         |
[INFO] [stdout]    |                         mutable borrow occurs here
[INFO] [stdout]    |
[INFO] [stdout]    = note: `#[warn(mutable_borrow_reservation_conflict)]` on by default
[INFO] [stdout]    = warning: this borrowing pattern was not meant to be accepted, and may become a hard error in the future
[INFO] [stdout]    = note: for more information, see issue #59159 <https://github.com/rust-lang/rust/issues/59159>
[INFO] [stdout] 
[INFO] [stdout] 
[INFO] [stderr]    Compiling typescript_grammar v0.1.0 (/opt/rustwide/workdir/grammar/typescript)
[INFO] [stderr]    Compiling javascript_analysis v0.1.0 (/opt/rustwide/workdir/analysis/javascript)
[INFO] [stdout] warning: 5 warnings emitted
[INFO] [stdout] 
[INFO] [stdout] 
[INFO] [stderr]    Compiling typescript_analysis v0.1.0 (/opt/rustwide/workdir/analysis/typescript)
[INFO] [stderr]    Compiling serde_json v1.0.39
[INFO] [stderr]    Compiling vue_analysis v0.1.0 (/opt/rustwide/workdir/analysis/vue)
[INFO] [stderr]    Compiling toml v0.5.0
[INFO] [stdout] warning: unnecessary parentheses around type
[INFO] [stdout]    --> analysis/vue/src/diagnostics.rs:576:61
[INFO] [stdout]     |
[INFO] [stdout] 576 | fn collect_template_scope(template: &vue::Template) -> (Vec<(TextRange)>, Vec<(TextRange, TextRange)>) {
[INFO] [stdout]     |                                                             ^^^^^^^^^^^ help: remove these parentheses
[INFO] [stdout]     |
[INFO] [stdout]     = note: `#[warn(unused_parens)]` on by default
[INFO] [stdout] 
[INFO] [stdout] 
[INFO] [stdout] warning: 1 warning emitted
[INFO] [stdout] 
[INFO] [stdout] 
[INFO] [stderr]    Compiling vue_analyzer v0.1.0 (/opt/rustwide/workdir/analysis/vue-cli)
[INFO] [stderr]     Finished dev [unoptimized + debuginfo] target(s) in 1m 03s
[INFO] running `Command { std: "docker" "inspect" "f41ea04ca1f0014d5a4448492430648db394b4d9af6cd6fc16d46eec70c40b7a", kill_on_drop: false }`
[INFO] running `Command { std: "docker" "rm" "-f" "f41ea04ca1f0014d5a4448492430648db394b4d9af6cd6fc16d46eec70c40b7a", kill_on_drop: false }`
[INFO] [stdout] f41ea04ca1f0014d5a4448492430648db394b4d9af6cd6fc16d46eec70c40b7a
[INFO] running `Command { std: "docker" "create" "-v" "/var/lib/crater-agent-workspace/builds/worker-84/target:/opt/rustwide/target:rw,Z" "-v" "/var/lib/crater-agent-workspace/builds/worker-84/source:/opt/rustwide/workdir:ro,Z" "-v" "/var/lib/crater-agent-workspace/cargo-home:/opt/rustwide/cargo-home:ro,Z" "-v" "/var/lib/crater-agent-workspace/rustup-home:/opt/rustwide/rustup-home:ro,Z" "-e" "SOURCE_DIR=/opt/rustwide/workdir" "-e" "CARGO_TARGET_DIR=/opt/rustwide/target" "-e" "CARGO_INCREMENTAL=0" "-e" "RUST_BACKTRACE=full" "-e" "RUSTFLAGS=--cap-lints=warn" "-e" "CARGO_HOME=/opt/rustwide/cargo-home" "-e" "RUSTUP_HOME=/opt/rustwide/rustup-home" "-w" "/opt/rustwide/workdir" "-m" "1610612736" "--user" "0:0" "--network" "none" "ghcr.io/rust-lang/crates-build-env/linux@sha256:34b6a614d2c27851fe6cbf88fbd1137609cefab8b10d0615aaeb6fd47975d74e" "/opt/rustwide/cargo-home/bin/cargo" "+1.54.0" "test" "--frozen" "--no-run" "--message-format=json", kill_on_drop: false }`
[INFO] [stdout] 51d689b21772ff95e271040e0437f822de9e214042fe13fc03ccab1ee26f4528
[INFO] running `Command { std: "docker" "start" "-a" "51d689b21772ff95e271040e0437f822de9e214042fe13fc03ccab1ee26f4528", kill_on_drop: false }`
[INFO] [stderr]    Compiling num-traits v0.2.6
[INFO] [stderr]    Compiling remove_dir_all v0.5.1
[INFO] [stderr]    Compiling fnv v1.0.6
[INFO] [stderr]    Compiling ucd-util v0.1.3
[INFO] [stderr]    Compiling bit-vec v0.5.1
[INFO] [stderr]    Compiling quick-error v1.2.2
[INFO] [stderr]    Compiling wait-timeout v0.2.0
[INFO] [stderr]    Compiling antlr_codegen v0.1.0 (/opt/rustwide/workdir/codegen/antlr)
[INFO] [stdout] warning: `#[inline]` is ignored on function prototypes
[INFO] [stdout]   --> utils/grammar/src/ast.rs:13:5
[INFO] [stdout]    |
[INFO] [stdout] 13 |     #[inline]
[INFO] [stdout]    |     ^^^^^^^^^
[INFO] [stdout]    |
[INFO] [stdout]    = note: `#[warn(unused_attributes)]` on by default
[INFO] [stdout] 
[INFO] [stdout] 
[INFO] [stdout] warning: 1 warning emitted
[INFO] [stdout] 
[INFO] [stdout] 
[INFO] [stderr]    Compiling test_utils v0.1.0 (/opt/rustwide/workdir/utils/test)
[INFO] [stderr]    Compiling code_grammar v0.1.0 (/opt/rustwide/workdir/utils/grammar)
[INFO] [stdout] warning: `...` range patterns are deprecated
[INFO] [stdout]    --> grammar/javascript/src/scan.rs:371:16
[INFO] [stdout]     |
[INFO] [stdout] 371 |             '0'...'9' | '_' | '.' | 'e' | 'E' => {
[INFO] [stdout]     |                ^^^ help: use `..=` for an inclusive range
[INFO] [stdout]     |
[INFO] [stdout]     = note: `#[warn(ellipsis_inclusive_range_patterns)]` on by default
[INFO] [stdout]     = warning: this was previously accepted by the compiler but is being phased out; it will become a hard error in the 2021 edition!
[INFO] [stdout]     = note: for more information, see issue #80165 <https://github.com/rust-lang/rust/issues/80165>
[INFO] [stdout] 
[INFO] [stdout] 
[INFO] [stdout] warning: `...` range patterns are deprecated
[INFO] [stdout]    --> grammar/javascript/src/scan.rs:397:22
[INFO] [stdout]     |
[INFO] [stdout] 397 |             '_' | '0'...'9' => {
[INFO] [stdout]     |                      ^^^ help: use `..=` for an inclusive range
[INFO] [stdout]     |
[INFO] [stdout]     = warning: this was previously accepted by the compiler but is being phased out; it will become a hard error in the 2021 edition!
[INFO] [stdout]     = note: for more information, see issue #80165 <https://github.com/rust-lang/rust/issues/80165>
[INFO] [stdout] 
[INFO] [stdout] 
[INFO] [stderr]    Compiling estree_codegen v0.1.0 (/opt/rustwide/workdir/codegen/estree)
[INFO] [stdout] warning: `...` range patterns are deprecated
[INFO] [stdout]    --> grammar/javascript/src/scan.rs:400:16
[INFO] [stdout]     |
[INFO] [stdout] 400 |             'a'...'f' | 'A'...'F' if allow_hex => {
[INFO] [stdout]     |                ^^^ help: use `..=` for an inclusive range
[INFO] [stdout]     |
[INFO] [stdout]     = warning: this was previously accepted by the compiler but is being phased out; it will become a hard error in the 2021 edition!
[INFO] [stdout]     = note: for more information, see issue #80165 <https://github.com/rust-lang/rust/issues/80165>
[INFO] [stdout] 
[INFO] [stdout] 
[INFO] [stdout] warning: `...` range patterns are deprecated
[INFO] [stdout]    --> grammar/javascript/src/scan.rs:400:28
[INFO] [stdout]     |
[INFO] [stdout] 400 |             'a'...'f' | 'A'...'F' if allow_hex => {
[INFO] [stdout]     |                            ^^^ help: use `..=` for an inclusive range
[INFO] [stdout]     |
[INFO] [stdout]     = warning: this was previously accepted by the compiler but is being phased out; it will become a hard error in the 2021 edition!
[INFO] [stdout]     = note: for more information, see issue #80165 <https://github.com/rust-lang/rust/issues/80165>
[INFO] [stdout] 
[INFO] [stdout] 
[INFO] [stdout] warning: cannot borrow `*s` as mutable because it is also borrowed as immutable
[INFO] [stdout]   --> grammar/javascript/src/scan.rs:45:25
[INFO] [stdout]    |
[INFO] [stdout] 36 |                         let mut child = Scanner::new(s.remaining_text());
[INFO] [stdout]    |                                                      - immutable borrow occurs here
[INFO] [stdout] ...
[INFO] [stdout] 45 |                         s.advance(child.into_len());
[INFO] [stdout]    |                         ^         ----- immutable borrow later used here
[INFO] [stdout]    |                         |
[INFO] [stdout]    |                         mutable borrow occurs here
[INFO] [stdout]    |
[INFO] [stdout]    = note: `#[warn(mutable_borrow_reservation_conflict)]` on by default
[INFO] [stdout]    = warning: this borrowing pattern was not meant to be accepted, and may become a hard error in the future
[INFO] [stdout]    = note: for more information, see issue #59159 <https://github.com/rust-lang/rust/issues/59159>
[INFO] [stdout] 
[INFO] [stdout] 
[INFO] [stdout] warning: 5 warnings emitted
[INFO] [stdout] 
[INFO] [stdout] 
[INFO] [stderr]    Compiling javascript_grammar v0.1.0 (/opt/rustwide/workdir/grammar/javascript)
[INFO] [stderr]    Compiling html_grammar v0.1.0 (/opt/rustwide/workdir/grammar/html)
[INFO] [stderr]    Compiling html_analysis v0.1.0 (/opt/rustwide/workdir/analysis/html)
[INFO] [stderr]    Compiling javascript_analysis v0.1.0 (/opt/rustwide/workdir/analysis/javascript)
[INFO] [stderr]    Compiling typescript_grammar v0.1.0 (/opt/rustwide/workdir/grammar/typescript)
[INFO] [stderr]    Compiling vue_grammar v0.1.0 (/opt/rustwide/workdir/grammar/vue)
[INFO] [stderr]    Compiling typescript_analysis v0.1.0 (/opt/rustwide/workdir/analysis/typescript)
[INFO] [stdout] warning: unnecessary parentheses around type
[INFO] [stdout]    --> analysis/vue/src/diagnostics.rs:576:61
[INFO] [stdout]     |
[INFO] [stdout] 576 | fn collect_template_scope(template: &vue::Template) -> (Vec<(TextRange)>, Vec<(TextRange, TextRange)>) {
[INFO] [stdout]     |                                                             ^^^^^^^^^^^ help: remove these parentheses
[INFO] [stdout]     |
[INFO] [stdout]     = note: `#[warn(unused_parens)]` on by default
[INFO] [stdout] 
[INFO] [stdout] 
[INFO] [stderr]    Compiling vue_analysis v0.1.0 (/opt/rustwide/workdir/analysis/vue)
[INFO] [stdout] warning: 1 warning emitted
[INFO] [stdout] 
[INFO] [stdout] 
[INFO] [stderr]    Compiling vue_analyzer v0.1.0 (/opt/rustwide/workdir/analysis/vue-cli)
[INFO] [stderr]    Compiling tempfile v3.0.7
[INFO] [stdout] warning: `#[inline]` is ignored on function prototypes
[INFO] [stdout]   --> utils/grammar/src/ast.rs:13:5
[INFO] [stdout]    |
[INFO] [stdout] 13 |     #[inline]
[INFO] [stdout]    |     ^^^^^^^^^
[INFO] [stdout]    |
[INFO] [stdout]    = note: `#[warn(unused_attributes)]` on by default
[INFO] [stdout] 
[INFO] [stdout] 
[INFO] [stderr]    Compiling regex-syntax v0.6.6
[INFO] [stdout] warning: `...` range patterns are deprecated
[INFO] [stdout]    --> grammar/javascript/src/scan.rs:371:16
[INFO] [stdout]     |
[INFO] [stdout] 371 |             '0'...'9' | '_' | '.' | 'e' | 'E' => {
[INFO] [stdout]     |                ^^^ help: use `..=` for an inclusive range
[INFO] [stdout]     |
[INFO] [stdout]     = note: `#[warn(ellipsis_inclusive_range_patterns)]` on by default
[INFO] [stdout]     = warning: this was previously accepted by the compiler but is being phased out; it will become a hard error in the 2021 edition!
[INFO] [stdout]     = note: for more information, see issue #80165 <https://github.com/rust-lang/rust/issues/80165>
[INFO] [stdout] 
[INFO] [stdout] 
[INFO] [stdout] warning: `...` range patterns are deprecated
[INFO] [stdout]    --> grammar/javascript/src/scan.rs:397:22
[INFO] [stdout]     |
[INFO] [stdout] 397 |             '_' | '0'...'9' => {
[INFO] [stdout]     |                      ^^^ help: use `..=` for an inclusive range
[INFO] [stdout]     |
[INFO] [stdout]     = warning: this was previously accepted by the compiler but is being phased out; it will become a hard error in the 2021 edition!
[INFO] [stdout]     = note: for more information, see issue #80165 <https://github.com/rust-lang/rust/issues/80165>
[INFO] [stdout] 
[INFO] [stdout] 
[INFO] [stdout] warning: `...` range patterns are deprecated
[INFO] [stdout]    --> grammar/javascript/src/scan.rs:400:16
[INFO] [stdout]     |
[INFO] [stdout] 400 |             'a'...'f' | 'A'...'F' if allow_hex => {
[INFO] [stdout]     |                ^^^ help: use `..=` for an inclusive range
[INFO] [stdout]     |
[INFO] [stdout]     = warning: this was previously accepted by the compiler but is being phased out; it will become a hard error in the 2021 edition!
[INFO] [stdout]     = note: for more information, see issue #80165 <https://github.com/rust-lang/rust/issues/80165>
[INFO] [stdout] 
[INFO] [stdout] 
[INFO] [stdout] warning: `...` range patterns are deprecated
[INFO] [stdout]    --> grammar/javascript/src/scan.rs:400:28
[INFO] [stdout]     |
[INFO] [stdout] 400 |             'a'...'f' | 'A'...'F' if allow_hex => {
[INFO] [stdout]     |                            ^^^ help: use `..=` for an inclusive range
[INFO] [stdout]     |
[INFO] [stdout]     = warning: this was previously accepted by the compiler but is being phased out; it will become a hard error in the 2021 edition!
[INFO] [stdout]     = note: for more information, see issue #80165 <https://github.com/rust-lang/rust/issues/80165>
[INFO] [stdout] 
[INFO] [stdout] 
[INFO] [stdout] warning: unnecessary parentheses around type
[INFO] [stdout]    --> analysis/vue/src/diagnostics.rs:576:61
[INFO] [stdout]     |
[INFO] [stdout] 576 | fn collect_template_scope(template: &vue::Template) -> (Vec<(TextRange)>, Vec<(TextRange, TextRange)>) {
[INFO] [stdout]     |                                                             ^^^^^^^^^^^ help: remove these parentheses
[INFO] [stdout]     |
[INFO] [stdout]     = note: `#[warn(unused_parens)]` on by default
[INFO] [stdout] 
[INFO] [stdout] 
[INFO] [stderr]    Compiling bit-set v0.5.1
[INFO] [stderr]    Compiling rusty-fork v0.2.2
[INFO] [stdout] warning: 1 warning emitted
[INFO] [stdout] 
[INFO] [stdout] 
[INFO] [stdout] warning: cannot borrow `*s` as mutable because it is also borrowed as immutable
[INFO] [stdout]   --> grammar/javascript/src/scan.rs:45:25
[INFO] [stdout]    |
[INFO] [stdout] 36 |                         let mut child = Scanner::new(s.remaining_text());
[INFO] [stdout]    |                                                      - immutable borrow occurs here
[INFO] [stdout] ...
[INFO] [stdout] 45 |                         s.advance(child.into_len());
[INFO] [stdout]    |                         ^         ----- immutable borrow later used here
[INFO] [stdout]    |                         |
[INFO] [stdout]    |                         mutable borrow occurs here
[INFO] [stdout]    |
[INFO] [stdout]    = note: `#[warn(mutable_borrow_reservation_conflict)]` on by default
[INFO] [stdout]    = warning: this borrowing pattern was not meant to be accepted, and may become a hard error in the future
[INFO] [stdout]    = note: for more information, see issue #59159 <https://github.com/rust-lang/rust/issues/59159>
[INFO] [stdout] 
[INFO] [stdout] 
[INFO] [stdout] warning: 5 warnings emitted
[INFO] [stdout] 
[INFO] [stdout] 
[INFO] [stderr]    Compiling proptest v0.9.3
[INFO] [stdout] warning: 1 warning emitted
[INFO] [stdout] 
[INFO] [stdout] 
[INFO] [stderr]    Compiling code_analysis v0.1.0 (/opt/rustwide/workdir/utils/analysis)
[INFO] [stderr]     Finished test [unoptimized + debuginfo] target(s) in 10.42s
[INFO] running `Command { std: "docker" "inspect" "51d689b21772ff95e271040e0437f822de9e214042fe13fc03ccab1ee26f4528", kill_on_drop: false }`
[INFO] running `Command { std: "docker" "rm" "-f" "51d689b21772ff95e271040e0437f822de9e214042fe13fc03ccab1ee26f4528", kill_on_drop: false }`
[INFO] [stdout] 51d689b21772ff95e271040e0437f822de9e214042fe13fc03ccab1ee26f4528
[INFO] running `Command { std: "docker" "create" "-v" "/var/lib/crater-agent-workspace/builds/worker-84/target:/opt/rustwide/target:rw,Z" "-v" "/var/lib/crater-agent-workspace/builds/worker-84/source:/opt/rustwide/workdir:ro,Z" "-v" "/var/lib/crater-agent-workspace/cargo-home:/opt/rustwide/cargo-home:ro,Z" "-v" "/var/lib/crater-agent-workspace/rustup-home:/opt/rustwide/rustup-home:ro,Z" "-e" "SOURCE_DIR=/opt/rustwide/workdir" "-e" "CARGO_TARGET_DIR=/opt/rustwide/target" "-e" "CARGO_INCREMENTAL=0" "-e" "RUST_BACKTRACE=full" "-e" "RUSTFLAGS=--cap-lints=warn" "-e" "CARGO_HOME=/opt/rustwide/cargo-home" "-e" "RUSTUP_HOME=/opt/rustwide/rustup-home" "-w" "/opt/rustwide/workdir" "-m" "1610612736" "--user" "0:0" "--network" "none" "ghcr.io/rust-lang/crates-build-env/linux@sha256:34b6a614d2c27851fe6cbf88fbd1137609cefab8b10d0615aaeb6fd47975d74e" "/opt/rustwide/cargo-home/bin/cargo" "+1.54.0" "test" "--frozen", kill_on_drop: false }`
[INFO] [stdout] 70e2c67b9f7e6add3987e46eeda9d5a4d2941934756002156fe83f3c82dce414
[INFO] running `Command { std: "docker" "start" "-a" "70e2c67b9f7e6add3987e46eeda9d5a4d2941934756002156fe83f3c82dce414", kill_on_drop: false }`
[INFO] [stderr] warning: `#[inline]` is ignored on function prototypes
[INFO] [stderr]   --> utils/grammar/src/ast.rs:13:5
[INFO] [stderr]    |
[INFO] [stderr] 13 |     #[inline]
[INFO] [stderr]    |     ^^^^^^^^^
[INFO] [stderr]    |
[INFO] [stderr]    = note: `#[warn(unused_attributes)]` on by default
[INFO] [stderr] 
[INFO] [stderr] warning: 1 warning emitted
[INFO] [stderr] 
[INFO] [stderr] warning: `#[inline]` is ignored on function prototypes
[INFO] [stderr]   --> utils/grammar/src/ast.rs:13:5
[INFO] [stderr]    |
[INFO] [stderr] 13 |     #[inline]
[INFO] [stderr]    |     ^^^^^^^^^
[INFO] [stderr]    |
[INFO] [stderr]    = note: `#[warn(unused_attributes)]` on by default
[INFO] [stderr] 
[INFO] [stderr] warning: 1 warning emitted
[INFO] [stderr] 
[INFO] [stderr] warning: `...` range patterns are deprecated
[INFO] [stderr]    --> grammar/javascript/src/scan.rs:371:16
[INFO] [stderr]     |
[INFO] [stderr] 371 |             '0'...'9' | '_' | '.' | 'e' | 'E' => {
[INFO] [stderr]     |                ^^^ help: use `..=` for an inclusive range
[INFO] [stderr]     |
[INFO] [stderr]     = note: `#[warn(ellipsis_inclusive_range_patterns)]` on by default
[INFO] [stderr]     = warning: this was previously accepted by the compiler but is being phased out; it will become a hard error in the 2021 edition!
[INFO] [stderr]     = note: for more information, see issue #80165 <https://github.com/rust-lang/rust/issues/80165>
[INFO] [stderr] 
[INFO] [stderr] warning: `...` range patterns are deprecated
[INFO] [stderr]    --> grammar/javascript/src/scan.rs:397:22
[INFO] [stderr]     |
[INFO] [stderr] 397 |             '_' | '0'...'9' => {
[INFO] [stderr]     |                      ^^^ help: use `..=` for an inclusive range
[INFO] [stderr]     |
[INFO] [stderr]     = warning: this was previously accepted by the compiler but is being phased out; it will become a hard error in the 2021 edition!
[INFO] [stderr]     = note: for more information, see issue #80165 <https://github.com/rust-lang/rust/issues/80165>
[INFO] [stderr] 
[INFO] [stderr] warning: `...` range patterns are deprecated
[INFO] [stderr]    --> grammar/javascript/src/scan.rs:400:16
[INFO] [stderr]     |
[INFO] [stderr] 400 |             'a'...'f' | 'A'...'F' if allow_hex => {
[INFO] [stderr]     |                ^^^ help: use `..=` for an inclusive range
[INFO] [stderr]     |
[INFO] [stderr]     = warning: this was previously accepted by the compiler but is being phased out; it will become a hard error in the 2021 edition!
[INFO] [stderr]     = note: for more information, see issue #80165 <https://github.com/rust-lang/rust/issues/80165>
[INFO] [stderr] 
[INFO] [stderr] warning: `...` range patterns are deprecated
[INFO] [stderr]    --> grammar/javascript/src/scan.rs:400:28
[INFO] [stderr]     |
[INFO] [stderr] 400 |             'a'...'f' | 'A'...'F' if allow_hex => {
[INFO] [stderr]     |                            ^^^ help: use `..=` for an inclusive range
[INFO] [stderr]     |
[INFO] [stderr]     = warning: this was previously accepted by the compiler but is being phased out; it will become a hard error in the 2021 edition!
[INFO] [stderr]     = note: for more information, see issue #80165 <https://github.com/rust-lang/rust/issues/80165>
[INFO] [stderr] 
[INFO] [stderr] warning: cannot borrow `*s` as mutable because it is also borrowed as immutable
[INFO] [stderr]   --> grammar/javascript/src/scan.rs:45:25
[INFO] [stderr]    |
[INFO] [stderr] 36 |                         let mut child = Scanner::new(s.remaining_text());
[INFO] [stderr]    |                                                      - immutable borrow occurs here
[INFO] [stderr] ...
[INFO] [stderr] 45 |                         s.advance(child.into_len());
[INFO] [stderr]    |                         ^         ----- immutable borrow later used here
[INFO] [stderr]    |                         |
[INFO] [stderr]    |                         mutable borrow occurs here
[INFO] [stderr]    |
[INFO] [stderr]    = note: `#[warn(mutable_borrow_reservation_conflict)]` on by default
[INFO] [stderr]    = warning: this borrowing pattern was not meant to be accepted, and may become a hard error in the future
[INFO] [stderr]    = note: for more information, see issue #59159 <https://github.com/rust-lang/rust/issues/59159>
[INFO] [stderr] 
[INFO] [stderr] warning: 5 warnings emitted
[INFO] [stderr] 
[INFO] [stderr] warning: `...` range patterns are deprecated
[INFO] [stderr]    --> grammar/javascript/src/scan.rs:371:16
[INFO] [stderr]     |
[INFO] [stderr] 371 |             '0'...'9' | '_' | '.' | 'e' | 'E' => {
[INFO] [stderr]     |                ^^^ help: use `..=` for an inclusive range
[INFO] [stderr]     |
[INFO] [stderr]     = note: `#[warn(ellipsis_inclusive_range_patterns)]` on by default
[INFO] [stderr]     = warning: this was previously accepted by the compiler but is being phased out; it will become a hard error in the 2021 edition!
[INFO] [stderr]     = note: for more information, see issue #80165 <https://github.com/rust-lang/rust/issues/80165>
[INFO] [stderr] 
[INFO] [stderr] warning: `...` range patterns are deprecated
[INFO] [stderr]    --> grammar/javascript/src/scan.rs:397:22
[INFO] [stderr]     |
[INFO] [stderr] 397 |             '_' | '0'...'9' => {
[INFO] [stderr]     |                      ^^^ help: use `..=` for an inclusive range
[INFO] [stderr]     |
[INFO] [stderr]     = warning: this was previously accepted by the compiler but is being phased out; it will become a hard error in the 2021 edition!
[INFO] [stderr]     = note: for more information, see issue #80165 <https://github.com/rust-lang/rust/issues/80165>
[INFO] [stderr] 
[INFO] [stderr] warning: `...` range patterns are deprecated
[INFO] [stderr]    --> grammar/javascript/src/scan.rs:400:16
[INFO] [stderr]     |
[INFO] [stderr] 400 |             'a'...'f' | 'A'...'F' if allow_hex => {
[INFO] [stderr]     |                ^^^ help: use `..=` for an inclusive range
[INFO] [stderr]     |
[INFO] [stderr]     = warning: this was previously accepted by the compiler but is being phased out; it will become a hard error in the 2021 edition!
[INFO] [stderr]     = note: for more information, see issue #80165 <https://github.com/rust-lang/rust/issues/80165>
[INFO] [stderr] 
[INFO] [stderr] warning: `...` range patterns are deprecated
[INFO] [stderr]    --> grammar/javascript/src/scan.rs:400:28
[INFO] [stderr]     |
[INFO] [stderr] 400 |             'a'...'f' | 'A'...'F' if allow_hex => {
[INFO] [stderr]     |                            ^^^ help: use `..=` for an inclusive range
[INFO] [stderr]     |
[INFO] [stderr]     = warning: this was previously accepted by the compiler but is being phased out; it will become a hard error in the 2021 edition!
[INFO] [stderr]     = note: for more information, see issue #80165 <https://github.com/rust-lang/rust/issues/80165>
[INFO] [stderr] 
[INFO] [stderr] warning: cannot borrow `*s` as mutable because it is also borrowed as immutable
[INFO] [stderr]   --> grammar/javascript/src/scan.rs:45:25
[INFO] [stderr]    |
[INFO] [stderr] 36 |                         let mut child = Scanner::new(s.remaining_text());
[INFO] [stderr]    |                                                      - immutable borrow occurs here
[INFO] [stderr] ...
[INFO] [stderr] 45 |                         s.advance(child.into_len());
[INFO] [stderr]    |                         ^         ----- immutable borrow later used here
[INFO] [stderr]    |                         |
[INFO] [stderr]    |                         mutable borrow occurs here
[INFO] [stderr]    |
[INFO] [stderr]    = note: `#[warn(mutable_borrow_reservation_conflict)]` on by default
[INFO] [stderr]    = warning: this borrowing pattern was not meant to be accepted, and may become a hard error in the future
[INFO] [stderr]    = note: for more information, see issue #59159 <https://github.com/rust-lang/rust/issues/59159>
[INFO] [stderr] 
[INFO] [stderr] warning: 5 warnings emitted
[INFO] [stderr] 
[INFO] [stderr] warning: unnecessary parentheses around type
[INFO] [stderr]    --> analysis/vue/src/diagnostics.rs:576:61
[INFO] [stderr]     |
[INFO] [stderr] 576 | fn collect_template_scope(template: &vue::Template) -> (Vec<(TextRange)>, Vec<(TextRange, TextRange)>) {
[INFO] [stderr]     |                                                             ^^^^^^^^^^^ help: remove these parentheses
[INFO] [stderr]     |
[INFO] [stderr]     = note: `#[warn(unused_parens)]` on by default
[INFO] [stderr] 
[INFO] [stderr] warning: 1 warning emitted
[INFO] [stderr] 
[INFO] [stderr] warning: unnecessary parentheses around type
[INFO] [stderr]    --> analysis/vue/src/diagnostics.rs:576:61
[INFO] [stderr]     |
[INFO] [stderr] 576 | fn collect_template_scope(template: &vue::Template) -> (Vec<(TextRange)>, Vec<(TextRange, TextRange)>) {
[INFO] [stderr]     |                                                             ^^^^^^^^^^^ help: remove these parentheses
[INFO] [stderr]     |
[INFO] [stderr]     = note: `#[warn(unused_parens)]` on by default
[INFO] [stderr] 
[INFO] [stderr] warning: 1 warning emitted
[INFO] [stderr] 
[INFO] [stderr]     Finished test [unoptimized + debuginfo] target(s) in 0.10s
[INFO] [stderr]      Running unittests (/opt/rustwide/target/debug/deps/antlr_codegen-92fe3e9ea49cde5d)
[INFO] [stdout] 
[INFO] [stdout] running 0 tests
[INFO] [stdout] 
[INFO] [stdout] test result: ok. 0 passed; 0 failed; 0 ignored; 0 measured; 0 filtered out; finished in 0.00s
[INFO] [stdout] 
[INFO] [stderr]      Running unittests (/opt/rustwide/target/debug/deps/antlr_generate-a937d2353f52bc40)
[INFO] [stdout] 
[INFO] [stdout] running 0 tests
[INFO] [stdout] 
[INFO] [stdout] test result: ok. 0 passed; 0 failed; 0 ignored; 0 measured; 0 filtered out; finished in 0.00s
[INFO] [stdout] 
[INFO] [stderr]      Running unittests (/opt/rustwide/target/debug/deps/code_analysis-9a306382b84638fa)
[INFO] [stdout] 
[INFO] [stdout] running 8 tests
[INFO] [stdout] test line_index::test_line_index::test_line_index ... ok
[INFO] [stdout] test line_index::test_utf8_utf16_conv::test_char_len ... ok
[INFO] [stdout] test line_index::test_utf8_utf16_conv::test_empty_index ... ok
[INFO] [stdout] test line_index::test_utf8_utf16_conv::test_string ... ok
[INFO] [stdout] test source::tests::it_should_panic_because_of_cycle_dependencies ... ok
[INFO] [stdout] test line_index::test_utf8_utf16_conv::test_single_char ... ok
[INFO] [stdout] test source::tests::it_works ... ok
[INFO] [stdout] test line_index::test_line_index::test_line_index_proptest ... ok
[INFO] [stdout] 
[INFO] [stdout] test result: ok. 8 passed; 0 failed; 0 ignored; 0 measured; 0 filtered out; finished in 0.33s
[INFO] [stdout] 
[INFO] [stderr]      Running unittests (/opt/rustwide/target/debug/deps/code_grammar-21537f0a4cdd7dff)
[INFO] [stdout] 
[INFO] [stdout] running 10 tests
[INFO] [stdout] test lexer::tests::test_non_empty_str ... ok
[INFO] [stdout] test scanner::tests::test_at ... ok
[INFO] [stdout] test scanner::tests::test_at_p ... ok
[INFO] [stdout] test scanner::tests::test_at_str ... ok
[INFO] [stdout] test scanner::tests::test_bump ... ok
[INFO] [stdout] test scanner::tests::test_bump_while ... ok
[INFO] [stdout] test scanner::tests::test_current ... ok
[INFO] [stdout] test scanner::tests::test_nth ... ok
[INFO] [stdout] test scanner::tests::test_nth_is_p ... ok
[INFO] [stdout] test syntax_kind::language_kind::tests::test_language_kind ... ok
[INFO] [stdout] 
[INFO] [stdout] test result: ok. 10 passed; 0 failed; 0 ignored; 0 measured; 0 filtered out; finished in 0.00s
[INFO] [stdout] 
[INFO] [stderr]      Running unittests (/opt/rustwide/target/debug/deps/estree_codegen-78b014deb7f32e41)
[INFO] [stdout] 
[INFO] [stdout] running 3 tests
[INFO] [stdout] test grammar::test::test_parse_str_literal ... ok
[INFO] [stdout] test scan::test::test_extract_sample ... ok
[INFO] [stdout] test grammar::test::test_parse_interface ... ok
[INFO] [stdout] 
[INFO] [stdout] test result: ok. 3 passed; 0 failed; 0 ignored; 0 measured; 0 filtered out; finished in 0.00s
[INFO] [stdout] 
[INFO] [stderr]      Running unittests (/opt/rustwide/target/debug/deps/estree_generate-175edacddf6240d7)
[INFO] [stdout] 
[INFO] [stdout] running 0 tests
[INFO] [stdout] 
[INFO] [stdout] test result: ok. 0 passed; 0 failed; 0 ignored; 0 measured; 0 filtered out; finished in 0.00s
[INFO] [stdout] 
[INFO] [stderr]      Running unittests (/opt/rustwide/target/debug/deps/html_analysis-0f56dc9f1fcdf19f)
[INFO] [stdout] 
[INFO] [stdout] running 0 tests
[INFO] [stdout] 
[INFO] [stdout] test result: ok. 0 passed; 0 failed; 0 ignored; 0 measured; 0 filtered out; finished in 0.00s
[INFO] [stdout] 
[INFO] [stderr]      Running unittests (/opt/rustwide/target/debug/deps/html_grammar-eb071f8cf0c3fdbd)
[INFO] [stdout] 
[INFO] [stdout] running 1 test
[INFO] [stdout] test lexer::test::test_scan_sample1 ... ok
[INFO] [stdout] 
[INFO] [stdout] test result: ok. 1 passed; 0 failed; 0 ignored; 0 measured; 0 filtered out; finished in 0.00s
[INFO] [stdout] 
[INFO] [stderr]      Running unittests (/opt/rustwide/target/debug/deps/javascript_analysis-2b78c94b7a0986a4)
[INFO] [stdout] 
[INFO] [stdout] running 0 tests
[INFO] [stdout] 
[INFO] [stdout] test result: ok. 0 passed; 0 failed; 0 ignored; 0 measured; 0 filtered out; finished in 0.00s
[INFO] [stdout] 
[INFO] [stderr]      Running unittests (/opt/rustwide/target/debug/deps/javascript_grammar-58c4f42c5d7117c0)
[INFO] [stdout] 
[INFO] [stdout] running 6 tests
[INFO] [stdout] test lexer::test::test_scan_regexp ... ok
[INFO] [stdout] test lexer::test::test_scan_template ... ok
[INFO] [stdout] test lexer::test::test_scan_sample1 ... ok
[INFO] [stdout] test lexer::test::test_scan_sample2 ... ok
[INFO] [stdout] test samples::test_parse_sample1 ... ok
[INFO] [stdout] test samples::test_parse_sample2 ... ok
[INFO] [stdout] 
[INFO] [stdout] test result: ok. 6 passed; 0 failed; 0 ignored; 0 measured; 0 filtered out; finished in 0.00s
[INFO] [stdout] 
[INFO] [stderr]      Running unittests (/opt/rustwide/target/debug/deps/test_utils-8c47d343c5915b54)
[INFO] [stdout] 
[INFO] [stdout] running 0 tests
[INFO] [stdout] 
[INFO] [stdout] test result: ok. 0 passed; 0 failed; 0 ignored; 0 measured; 0 filtered out; finished in 0.00s
[INFO] [stdout] 
[INFO] [stderr]      Running unittests (/opt/rustwide/target/debug/deps/typescript_analysis-b4bd7727b76b1321)
[INFO] [stdout] 
[INFO] [stdout] running 0 tests
[INFO] [stdout] 
[INFO] [stdout] test result: ok. 0 passed; 0 failed; 0 ignored; 0 measured; 0 filtered out; finished in 0.00s
[INFO] [stdout] 
[INFO] [stderr]      Running unittests (/opt/rustwide/target/debug/deps/typescript_grammar-c49abc9c3823ff75)
[INFO] [stdout] 
[INFO] [stdout] running 0 tests
[INFO] [stdout] 
[INFO] [stdout] test result: ok. 0 passed; 0 failed; 0 ignored; 0 measured; 0 filtered out; finished in 0.00s
[INFO] [stdout] 
[INFO] [stderr]      Running unittests (/opt/rustwide/target/debug/deps/vue_analysis-09e232e780a70904)
[INFO] [stdout] 
[INFO] [stdout] running 1 test
[INFO] [stdout] test debug::tests::test_syntax_tree ... FAILED
[INFO] [stdout] 
[INFO] [stdout] failures:
[INFO] [stdout] 
[INFO] [stdout] ---- debug::tests::test_syntax_tree stdout ----
[INFO] [stdout] Left:
[INFO] [stdout] DOCUMENT@[0; 46)
[INFO] [stdout]   ELEMENT@[0; 46)
[INFO] [stdout]     L_ANGLE@[0; 1)  "<"
[INFO] [stdout]     IDENTIFIER@[1; 9)  "template"
[INFO] [stdout]     R_ANGLE@[9; 10)  ">"
[INFO] [stdout]     ELEMENT@[10; 35)
[INFO] [stdout]       L_ANGLE@[10; 11)  "<"
[INFO] [stdout]       IDENTIFIER@[11; 14)  "img"
[INFO] [stdout]       WHITESPACE@[14; 15)
[INFO] [stdout]       ATTRIBUTE@[15; 32)
[INFO] [stdout]         IDENTIFIER@[15; 18)  "alt"
[INFO] [stdout]         EQ@[18; 19)  "="
[INFO] [stdout]         QUOTED@[19; 32)  "'Hello World'"
[INFO] [stdout]       WHITESPACE@[32; 33)
[INFO] [stdout]       SLASH_R_ANGLE@[33; 35)  "/>"
[INFO] [stdout]     L_ANGLE_SLASH@[35; 37)  "</"
[INFO] [stdout]     IDENTIFIER@[37; 45)  "template"
[INFO] [stdout]     R_ANGLE@[45; 46)  ">"
[INFO] [stdout] 
[INFO] [stdout] Right:
[INFO] [stdout] DOCUMENT@[0; 46)
[INFO] [stdout]   ELEMENT@[0; 46)
[INFO] [stdout]     L_ANGLE@[0; 1)  "<"
[INFO] [stdout]     IDENTIFIER@[1; 9)  "template"
[INFO] [stdout]     R_ANGLE@[9; 10)  ">"
[INFO] [stdout]     ELEMENT@[10; 35)
[INFO] [stdout]       L_ANGLE@[10; 11)  "<"
[INFO] [stdout]       IDENTIFIER@[11; 14)  "img"
[INFO] [stdout]       WHITESPACE@[14; 15)
[INFO] [stdout]       ATTRIBUTE@[15; 32)
[INFO] [stdout]         IDENTIFIER@[15; 18)  "alt"
[INFO] [stdout]         EQ@[18; 19)  "="
[INFO] [stdout]         QUOTED@[19; 32)  "\'Hello World\'"
[INFO] [stdout]       WHITESPACE@[32; 33)
[INFO] [stdout]       SLASH_R_ANGLE@[33; 35)  "/>"
[INFO] [stdout]     L_ANGLE_SLASH@[35; 37)  "</"
[INFO] [stdout]     IDENTIFIER@[37; 45)  "template"
[INFO] [stdout]     R_ANGLE@[45; 46)  ">"
[INFO] [stdout] 
[INFO] [stdout] Diff:
[INFO] [stdout] DOCUMENT@[0; 46)
[INFO] [stdout]   ELEMENT@[0; 46)
[INFO] [stdout]     L_ANGLE@[0; 1)  "<"
[INFO] [stdout]     IDENTIFIER@[1; 9)  "template"
[INFO] [stdout]     R_ANGLE@[9; 10)  ">"
[INFO] [stdout]     ELEMENT@[10; 35)
[INFO] [stdout]       L_ANGLE@[10; 11)  "<"
[INFO] [stdout]       IDENTIFIER@[11; 14)  "img"
[INFO] [stdout]       WHITESPACE@[14; 15)
[INFO] [stdout]       ATTRIBUTE@[15; 32)
[INFO] [stdout]         IDENTIFIER@[15; 18)  "alt"
[INFO] [stdout]         EQ@[18; 19)  "="
[INFO] [stdout] [91m        QUOTED@[19; 32)  "\'Hello World\'"[0m
[INFO] [stdout] [92m        QUOTED@[19; 32)  "'Hello World'"[0m
[INFO] [stdout]       WHITESPACE@[32; 33)
[INFO] [stdout]       SLASH_R_ANGLE@[33; 35)  "/>"
[INFO] [stdout]     L_ANGLE_SLASH@[35; 37)  "</"
[INFO] [stdout]     IDENTIFIER@[37; 45)  "template"
[INFO] [stdout]     R_ANGLE@[45; 46)  ">"
[INFO] [stdout] 
[INFO] [stdout] 
[INFO] [stdout] 
[INFO] [stdout] thread 'debug::tests::test_syntax_tree' panicked at ''assertion failed: `(left == right)`', analysis/vue/src/debug.rs:81:9
[INFO] [stdout] stack backtrace:
[INFO] [stdout]    0:     0x562e8cf456e0 - std::backtrace_rs::backtrace::libunwind::trace::h34055254b57d8e79
[INFO] [stdout]                                at /rustc/a178d0322ce20e33eac124758e837cbd80a6f633/library/std/src/../../backtrace/src/backtrace/libunwind.rs:90:5
[INFO] [stdout]    1:     0x562e8cf456e0 - std::backtrace_rs::backtrace::trace_unsynchronized::h8f1e3fbd9afff6ec
[INFO] [stdout]                                at /rustc/a178d0322ce20e33eac124758e837cbd80a6f633/library/std/src/../../backtrace/src/backtrace/mod.rs:66:5
[INFO] [stdout]    2:     0x562e8cf456e0 - std::sys_common::backtrace::_print_fmt::h3a99a796b770c360
[INFO] [stdout]                                at /rustc/a178d0322ce20e33eac124758e837cbd80a6f633/library/std/src/sys_common/backtrace.rs:67:5
[INFO] [stdout]    3:     0x562e8cf456e0 - <std::sys_common::backtrace::_print::DisplayBacktrace as core::fmt::Display>::fmt::h32d1f94a80615d18
[INFO] [stdout]                                at /rustc/a178d0322ce20e33eac124758e837cbd80a6f633/library/std/src/sys_common/backtrace.rs:46:22
[INFO] [stdout]    4:     0x562e8cf6821c - core::fmt::write::h306731c068f7162c
[INFO] [stdout]                                at /rustc/a178d0322ce20e33eac124758e837cbd80a6f633/library/core/src/fmt/mod.rs:1110:17
[INFO] [stdout]    5:     0x562e8cf42525 - std::io::Write::write_fmt::h87f19b0a2cd190bc
[INFO] [stdout]                                at /rustc/a178d0322ce20e33eac124758e837cbd80a6f633/library/std/src/io/mod.rs:1588:15
[INFO] [stdout]    6:     0x562e8cf4784b - std::sys_common::backtrace::_print::h5abaa2601a852287
[INFO] [stdout]                                at /rustc/a178d0322ce20e33eac124758e837cbd80a6f633/library/std/src/sys_common/backtrace.rs:49:5
[INFO] [stdout]    7:     0x562e8cf4784b - std::sys_common::backtrace::print::h8d81445442bb638f
[INFO] [stdout]                                at /rustc/a178d0322ce20e33eac124758e837cbd80a6f633/library/std/src/sys_common/backtrace.rs:36:9
[INFO] [stdout]    8:     0x562e8cf4784b - std::panicking::default_hook::{{closure}}::hcfe804496a9fa747
[INFO] [stdout]                                at /rustc/a178d0322ce20e33eac124758e837cbd80a6f633/library/std/src/panicking.rs:208:50
[INFO] [stdout]    9:     0x562e8cf4735c - std::panicking::default_hook::hbea8e3ccf2ba8901
[INFO] [stdout]                                at /rustc/a178d0322ce20e33eac124758e837cbd80a6f633/library/std/src/panicking.rs:222:9
[INFO] [stdout]   10:     0x562e8cf47f14 - std::panicking::rust_panic_with_hook::h7ee9e1a2d0f8975a
[INFO] [stdout]                                at /rustc/a178d0322ce20e33eac124758e837cbd80a6f633/library/std/src/panicking.rs:622:17
[INFO] [stdout]   11:     0x562e8ce32413 - std::panicking::begin_panic::{{closure}}::h6b8e5458e9aca150
[INFO] [stdout]                                at /rustc/a178d0322ce20e33eac124758e837cbd80a6f633/library/std/src/panicking.rs:542:9
[INFO] [stdout]   12:     0x562e8ce32819 - std::sys_common::backtrace::__rust_end_short_backtrace::h01b4f755c3f7d3f0
[INFO] [stdout]                                at /rustc/a178d0322ce20e33eac124758e837cbd80a6f633/library/std/src/sys_common/backtrace.rs:141:18
[INFO] [stdout]   13:     0x562e8ce32349 - std::panicking::begin_panic::h59a4567d54996146
[INFO] [stdout]                                at /rustc/a178d0322ce20e33eac124758e837cbd80a6f633/library/std/src/panicking.rs:541:12
[INFO] [stdout]   14:     0x562e8ccd27ca - vue_analysis::debug::tests::test_syntax_tree::hcdf3e12173b7dd02
[INFO] [stdout]                                at /opt/rustwide/workdir/analysis/vue/src/debug.rs:81:9
[INFO] [stdout]   15:     0x562e8ccd199a - vue_analysis::debug::tests::test_syntax_tree::{{closure}}::hf799f3fd279142bc
[INFO] [stdout]                                at /opt/rustwide/workdir/analysis/vue/src/debug.rs:53:5
[INFO] [stdout]   16:     0x562e8ccb545e - core::ops::function::FnOnce::call_once::h86fdd8b63577e65d
[INFO] [stdout]                                at /rustc/a178d0322ce20e33eac124758e837cbd80a6f633/library/core/src/ops/function.rs:227:5
[INFO] [stdout]   17:     0x562e8ce1ff93 - core::ops::function::FnOnce::call_once::h152e7e439ff59e19
[INFO] [stdout]                                at /rustc/a178d0322ce20e33eac124758e837cbd80a6f633/library/core/src/ops/function.rs:227:5
[INFO] [stdout]   18:     0x562e8ce1ff93 - test::__rust_begin_short_backtrace::h0908f3b1fdbb72ab
[INFO] [stdout]                                at /rustc/a178d0322ce20e33eac124758e837cbd80a6f633/library/test/src/lib.rs:577:5
[INFO] [stdout]   19:     0x562e8ce1ea50 - <alloc::boxed::Box<F,A> as core::ops::function::FnOnce<Args>>::call_once::hf6d2a51e5587546c
[INFO] [stdout]                                at /rustc/a178d0322ce20e33eac124758e837cbd80a6f633/library/alloc/src/boxed.rs:1575:9
[INFO] [stdout]   20:     0x562e8ce1ea50 - <std::panic::AssertUnwindSafe<F> as core::ops::function::FnOnce<()>>::call_once::h8af660f3a89ef593
[INFO] [stdout]                                at /rustc/a178d0322ce20e33eac124758e837cbd80a6f633/library/std/src/panic.rs:347:9
[INFO] [stdout]   21:     0x562e8ce1ea50 - std::panicking::try::do_call::hd36aef60f84b6d36
[INFO] [stdout]                                at /rustc/a178d0322ce20e33eac124758e837cbd80a6f633/library/std/src/panicking.rs:401:40
[INFO] [stdout]   22:     0x562e8ce1ea50 - std::panicking::try::h9932b4480e69817c
[INFO] [stdout]                                at /rustc/a178d0322ce20e33eac124758e837cbd80a6f633/library/std/src/panicking.rs:365:19
[INFO] [stdout]   23:     0x562e8ce1ea50 - std::panic::catch_unwind::h6aa177099cfff5f8
[INFO] [stdout]                                at /rustc/a178d0322ce20e33eac124758e837cbd80a6f633/library/std/src/panic.rs:434:14
[INFO] [stdout]   24:     0x562e8ce1ea50 - test::run_test_in_process::h5884d6f2d99e20c3
[INFO] [stdout]                                at /rustc/a178d0322ce20e33eac124758e837cbd80a6f633/library/test/src/lib.rs:600:18
[INFO] [stdout]   25:     0x562e8ce1ea50 - test::run_test::run_test_inner::{{closure}}::h6fdc58c6d5f5b6e3
[INFO] [stdout]                                at /rustc/a178d0322ce20e33eac124758e837cbd80a6f633/library/test/src/lib.rs:492:39
[INFO] [stdout]   26:     0x562e8cdf8102 - test::run_test::run_test_inner::{{closure}}::h408365d67a78ade8
[INFO] [stdout]                                at /rustc/a178d0322ce20e33eac124758e837cbd80a6f633/library/test/src/lib.rs:519:37
[INFO] [stdout]   27:     0x562e8cdf8102 - std::sys_common::backtrace::__rust_begin_short_backtrace::hb560b77c4f701523
[INFO] [stdout]                                at /rustc/a178d0322ce20e33eac124758e837cbd80a6f633/library/std/src/sys_common/backtrace.rs:125:18
[INFO] [stdout]   28:     0x562e8cdfbcb8 - std::thread::Builder::spawn_unchecked::{{closure}}::{{closure}}::hf2e7831dad93c597
[INFO] [stdout]                                at /rustc/a178d0322ce20e33eac124758e837cbd80a6f633/library/std/src/thread/mod.rs:481:17
[INFO] [stdout]   29:     0x562e8cdfbcb8 - <std::panic::AssertUnwindSafe<F> as core::ops::function::FnOnce<()>>::call_once::hd2e08783d8be4d02
[INFO] [stdout]                                at /rustc/a178d0322ce20e33eac124758e837cbd80a6f633/library/std/src/panic.rs:347:9
[INFO] [stdout]   30:     0x562e8cdfbcb8 - std::panicking::try::do_call::h062597b7acfd6b82
[INFO] [stdout]                                at /rustc/a178d0322ce20e33eac124758e837cbd80a6f633/library/std/src/panicking.rs:401:40
[INFO] [stdout]   31:     0x562e8cdfbcb8 - std::panicking::try::h0d7b79db04c14552
[INFO] [stdout]                                at /rustc/a178d0322ce20e33eac124758e837cbd80a6f633/library/std/src/panicking.rs:365:19
[INFO] [stdout]   32:     0x562e8cdfbcb8 - std::panic::catch_unwind::hb01a0b5e7c8cd43b
[INFO] [stdout]                                at /rustc/a178d0322ce20e33eac124758e837cbd80a6f633/library/std/src/panic.rs:434:14
[INFO] [stdout]   33:     0x562e8cdfbcb8 - std::thread::Builder::spawn_unchecked::{{closure}}::h5bde48cc887e0d1e
[INFO] [stdout]                                at /rustc/a178d0322ce20e33eac124758e837cbd80a6f633/library/std/src/thread/mod.rs:480:30
[INFO] [stdout]   34:     0x562e8cdfbcb8 - core::ops::function::FnOnce::call_once{{vtable.shim}}::h745ea30807a29e55
[INFO] [stdout]                                at /rustc/a178d0322ce20e33eac124758e837cbd80a6f633/library/core/src/ops/function.rs:227:5
[INFO] [stdout]   35:     0x562e8cf4ca37 - <alloc::boxed::Box<F,A> as core::ops::function::FnOnce<Args>>::call_once::h7ece6cfefaff1005
[INFO] [stdout]                                at /rustc/a178d0322ce20e33eac124758e837cbd80a6f633/library/alloc/src/boxed.rs:1575:9
[INFO] [stdout]   36:     0x562e8cf4ca37 - <alloc::boxed::Box<F,A> as core::ops::function::FnOnce<Args>>::call_once::hb8b48e55c21f193e
[INFO] [stdout]                                at /rustc/a178d0322ce20e33eac124758e837cbd80a6f633/library/alloc/src/boxed.rs:1575:9
[INFO] [stdout]   37:     0x562e8cf4ca37 - std::sys::unix::thread::Thread::new::thread_start::h8c7c4450dba62914
[INFO] [stdout]                                at /rustc/a178d0322ce20e33eac124758e837cbd80a6f633/library/std/src/sys/unix/thread.rs:71:17
[INFO] [stdout]   38:     0x7fadbb1c5609 - start_thread
[INFO] [stdout]   39:     0x7fadbaf97293 - clone
[INFO] [stdout]   40:                0x0 - <unknown>
[INFO] [stdout] 
[INFO] [stdout] 
[INFO] [stdout] failures:
[INFO] [stdout]     debug::tests::test_syntax_tree
[INFO] [stdout] 
[INFO] [stdout] test result: FAILED. 0 passed; 1 failed; 0 ignored; 0 measured; 0 filtered out; finished in 0.02s
[INFO] [stdout] 
[INFO] [stderr] error: test failed, to rerun pass '-p vue_analysis --lib'
[INFO] running `Command { std: "docker" "inspect" "70e2c67b9f7e6add3987e46eeda9d5a4d2941934756002156fe83f3c82dce414", kill_on_drop: false }`
[INFO] running `Command { std: "docker" "rm" "-f" "70e2c67b9f7e6add3987e46eeda9d5a4d2941934756002156fe83f3c82dce414", kill_on_drop: false }`
[INFO] [stdout] 70e2c67b9f7e6add3987e46eeda9d5a4d2941934756002156fe83f3c82dce414
