[INFO] cloning repository https://github.com/kenkoooo/cargo-concat
[INFO] running `Command { std: "git" "-c" "credential.helper=" "-c" "credential.helper=/workspace/cargo-home/bin/git-credential-null" "clone" "--bare" "https://github.com/kenkoooo/cargo-concat" "/workspace/cache/git-repos/https%3A%2F%2Fgithub.com%2Fkenkoooo%2Fcargo-concat", kill_on_drop: false }`
[INFO] [stderr] Cloning into bare repository '/workspace/cache/git-repos/https%3A%2F%2Fgithub.com%2Fkenkoooo%2Fcargo-concat'...
[INFO] running `Command { std: "git" "rev-parse" "HEAD", kill_on_drop: false }`
[INFO] [stdout] ff93e08915258a10d9c6df550a94d5b27613a923
[INFO] testing kenkoooo/cargo-concat against 1.54.0 for beta-1.55-1
[INFO] running `Command { std: "git" "clone" "/workspace/cache/git-repos/https%3A%2F%2Fgithub.com%2Fkenkoooo%2Fcargo-concat" "/workspace/builds/worker-19/source", kill_on_drop: false }`
[INFO] [stderr] Cloning into '/workspace/builds/worker-19/source'...
[INFO] [stderr] done.
[INFO] validating manifest of git repo https://github.com/kenkoooo/cargo-concat on toolchain 1.54.0
[INFO] running `Command { std: "/workspace/cargo-home/bin/cargo" "+1.54.0" "metadata" "--manifest-path" "Cargo.toml" "--no-deps", kill_on_drop: false }`
[INFO] started tweaking git repo https://github.com/kenkoooo/cargo-concat
[INFO] finished tweaking git repo https://github.com/kenkoooo/cargo-concat
[INFO] tweaked toml for git repo https://github.com/kenkoooo/cargo-concat written to /workspace/builds/worker-19/source/Cargo.toml
[INFO] crate git repo https://github.com/kenkoooo/cargo-concat already has a lockfile, it will not be regenerated
[INFO] running `Command { std: "/workspace/cargo-home/bin/cargo" "+1.54.0" "fetch" "--manifest-path" "Cargo.toml", kill_on_drop: false }`
[INFO] [stderr]     Blocking waiting for file lock on package cache
[INFO] [stderr]     Blocking waiting for file lock on package cache
[INFO] running `Command { std: "docker" "create" "-v" "/var/lib/crater-agent-workspace/builds/worker-19/target:/opt/rustwide/target:rw,Z" "-v" "/var/lib/crater-agent-workspace/builds/worker-19/source:/opt/rustwide/workdir:ro,Z" "-v" "/var/lib/crater-agent-workspace/cargo-home:/opt/rustwide/cargo-home:ro,Z" "-v" "/var/lib/crater-agent-workspace/rustup-home:/opt/rustwide/rustup-home:ro,Z" "-e" "SOURCE_DIR=/opt/rustwide/workdir" "-e" "CARGO_TARGET_DIR=/opt/rustwide/target" "-e" "CARGO_HOME=/opt/rustwide/cargo-home" "-e" "RUSTUP_HOME=/opt/rustwide/rustup-home" "-w" "/opt/rustwide/workdir" "-m" "1610612736" "--user" "0:0" "--network" "none" "ghcr.io/rust-lang/crates-build-env/linux@sha256:34b6a614d2c27851fe6cbf88fbd1137609cefab8b10d0615aaeb6fd47975d74e" "/opt/rustwide/cargo-home/bin/cargo" "+1.54.0" "metadata" "--no-deps" "--format-version=1", kill_on_drop: false }`
[INFO] [stdout] c18c4616ec0aaaa4132393ab5717a5bf2784fed27c2060dd7625429212c1af6d
[INFO] running `Command { std: "docker" "start" "-a" "c18c4616ec0aaaa4132393ab5717a5bf2784fed27c2060dd7625429212c1af6d", kill_on_drop: false }`
[INFO] running `Command { std: "docker" "inspect" "c18c4616ec0aaaa4132393ab5717a5bf2784fed27c2060dd7625429212c1af6d", kill_on_drop: false }`
[INFO] running `Command { std: "docker" "rm" "-f" "c18c4616ec0aaaa4132393ab5717a5bf2784fed27c2060dd7625429212c1af6d", kill_on_drop: false }`
[INFO] [stdout] c18c4616ec0aaaa4132393ab5717a5bf2784fed27c2060dd7625429212c1af6d
[INFO] running `Command { std: "docker" "create" "-v" "/var/lib/crater-agent-workspace/builds/worker-19/target:/opt/rustwide/target:rw,Z" "-v" "/var/lib/crater-agent-workspace/builds/worker-19/source:/opt/rustwide/workdir:ro,Z" "-v" "/var/lib/crater-agent-workspace/cargo-home:/opt/rustwide/cargo-home:ro,Z" "-v" "/var/lib/crater-agent-workspace/rustup-home:/opt/rustwide/rustup-home:ro,Z" "-e" "SOURCE_DIR=/opt/rustwide/workdir" "-e" "CARGO_TARGET_DIR=/opt/rustwide/target" "-e" "CARGO_INCREMENTAL=0" "-e" "RUST_BACKTRACE=full" "-e" "RUSTFLAGS=--cap-lints=warn" "-e" "CARGO_HOME=/opt/rustwide/cargo-home" "-e" "RUSTUP_HOME=/opt/rustwide/rustup-home" "-w" "/opt/rustwide/workdir" "-m" "1610612736" "--user" "0:0" "--network" "none" "ghcr.io/rust-lang/crates-build-env/linux@sha256:34b6a614d2c27851fe6cbf88fbd1137609cefab8b10d0615aaeb6fd47975d74e" "/opt/rustwide/cargo-home/bin/cargo" "+1.54.0" "build" "--frozen" "--message-format=json", kill_on_drop: false }`
[INFO] [stdout] 2c98c782e429416e19e80ee6c1b49fec26d84a1ce4913ae750dc59211f567d17
[INFO] running `Command { std: "docker" "start" "-a" "2c98c782e429416e19e80ee6c1b49fec26d84a1ce4913ae750dc59211f567d17", kill_on_drop: false }`
[INFO] [stderr]     Blocking waiting for file lock on package cache
[INFO] [stderr]    Compiling proc-macro2 v1.0.21
[INFO] [stderr]    Compiling unicode-xid v0.2.1
[INFO] [stderr]    Compiling syn v1.0.41
[INFO] [stderr]    Compiling version_check v0.9.2
[INFO] [stderr]    Compiling serde_derive v1.0.116
[INFO] [stderr]    Compiling serde v1.0.116
[INFO] [stderr]    Compiling memchr v2.3.3
[INFO] [stderr]    Compiling libc v0.2.77
[INFO] [stderr]    Compiling autocfg v1.0.1
[INFO] [stderr]    Compiling lazy_static v1.4.0
[INFO] [stderr]    Compiling ryu v1.0.5
[INFO] [stderr]    Compiling serde_json v1.0.57
[INFO] [stderr]    Compiling log v0.4.11
[INFO] [stderr]    Compiling unicode-segmentation v1.6.0
[INFO] [stderr]    Compiling bitflags v1.2.1
[INFO] [stderr]    Compiling termcolor v1.1.0
[INFO] [stderr]    Compiling unicode-width v0.1.8
[INFO] [stderr]    Compiling hashbrown v0.9.0
[INFO] [stderr]    Compiling cfg-if v0.1.10
[INFO] [stderr]    Compiling regex-syntax v0.6.18
[INFO] [stderr]    Compiling anyhow v1.0.32
[INFO] [stderr]    Compiling itoa v0.4.6
[INFO] [stderr]    Compiling quick-error v1.2.3
[INFO] [stderr]    Compiling semver-parser v0.7.0
[INFO] [stderr]    Compiling strsim v0.10.0
[INFO] [stderr]    Compiling vec_map v0.8.2
[INFO] [stderr]    Compiling os_str_bytes v2.3.2
[INFO] [stderr]    Compiling textwrap v0.12.1
[INFO] [stderr]    Compiling humantime v1.3.0
[INFO] [stderr]    Compiling thread_local v1.0.1
[INFO] [stderr]    Compiling indexmap v1.6.0
[INFO] [stderr]    Compiling heck v0.3.1
[INFO] [stderr]    Compiling proc-macro-error-attr v1.0.4
[INFO] [stderr]    Compiling proc-macro-error v1.0.4
[INFO] [stderr]    Compiling aho-corasick v0.7.13
[INFO] [stderr]    Compiling atty v0.2.14
[INFO] [stderr]    Compiling quote v1.0.7
[INFO] [stderr]    Compiling regex v1.3.9
[INFO] [stderr]    Compiling env_logger v0.7.1
[INFO] [stderr]    Compiling clap_derive v3.0.0-beta.2
[INFO] [stderr]    Compiling clap v3.0.0-beta.2
[INFO] [stderr]    Compiling semver v0.10.0
[INFO] [stderr]    Compiling cargo_metadata v0.11.2
[INFO] [stderr]    Compiling cargo-concat v0.4.2 (/opt/rustwide/workdir)
[INFO] [stderr]     Finished dev [unoptimized + debuginfo] target(s) in 1m 05s
[INFO] running `Command { std: "docker" "inspect" "2c98c782e429416e19e80ee6c1b49fec26d84a1ce4913ae750dc59211f567d17", kill_on_drop: false }`
[INFO] running `Command { std: "docker" "rm" "-f" "2c98c782e429416e19e80ee6c1b49fec26d84a1ce4913ae750dc59211f567d17", kill_on_drop: false }`
[INFO] [stdout] 2c98c782e429416e19e80ee6c1b49fec26d84a1ce4913ae750dc59211f567d17
[INFO] running `Command { std: "docker" "create" "-v" "/var/lib/crater-agent-workspace/builds/worker-19/target:/opt/rustwide/target:rw,Z" "-v" "/var/lib/crater-agent-workspace/builds/worker-19/source:/opt/rustwide/workdir:ro,Z" "-v" "/var/lib/crater-agent-workspace/cargo-home:/opt/rustwide/cargo-home:ro,Z" "-v" "/var/lib/crater-agent-workspace/rustup-home:/opt/rustwide/rustup-home:ro,Z" "-e" "SOURCE_DIR=/opt/rustwide/workdir" "-e" "CARGO_TARGET_DIR=/opt/rustwide/target" "-e" "CARGO_INCREMENTAL=0" "-e" "RUST_BACKTRACE=full" "-e" "RUSTFLAGS=--cap-lints=warn" "-e" "CARGO_HOME=/opt/rustwide/cargo-home" "-e" "RUSTUP_HOME=/opt/rustwide/rustup-home" "-w" "/opt/rustwide/workdir" "-m" "1610612736" "--user" "0:0" "--network" "none" "ghcr.io/rust-lang/crates-build-env/linux@sha256:34b6a614d2c27851fe6cbf88fbd1137609cefab8b10d0615aaeb6fd47975d74e" "/opt/rustwide/cargo-home/bin/cargo" "+1.54.0" "test" "--frozen" "--no-run" "--message-format=json", kill_on_drop: false }`
[INFO] [stdout] ef0362717be9345ba79a6b59e37b58ea522c7788168e95f9aa29bc3aa0f0ccbc
[INFO] running `Command { std: "docker" "start" "-a" "ef0362717be9345ba79a6b59e37b58ea522c7788168e95f9aa29bc3aa0f0ccbc", kill_on_drop: false }`
[INFO] [stderr]     Blocking waiting for file lock on package cache
[INFO] [stderr]    Compiling cargo-concat v0.4.2 (/opt/rustwide/workdir)
[INFO] [stderr]     Finished test [unoptimized + debuginfo] target(s) in 24.53s
[INFO] running `Command { std: "docker" "inspect" "ef0362717be9345ba79a6b59e37b58ea522c7788168e95f9aa29bc3aa0f0ccbc", kill_on_drop: false }`
[INFO] running `Command { std: "docker" "rm" "-f" "ef0362717be9345ba79a6b59e37b58ea522c7788168e95f9aa29bc3aa0f0ccbc", kill_on_drop: false }`
[INFO] [stdout] ef0362717be9345ba79a6b59e37b58ea522c7788168e95f9aa29bc3aa0f0ccbc
[INFO] running `Command { std: "docker" "create" "-v" "/var/lib/crater-agent-workspace/builds/worker-19/target:/opt/rustwide/target:rw,Z" "-v" "/var/lib/crater-agent-workspace/builds/worker-19/source:/opt/rustwide/workdir:ro,Z" "-v" "/var/lib/crater-agent-workspace/cargo-home:/opt/rustwide/cargo-home:ro,Z" "-v" "/var/lib/crater-agent-workspace/rustup-home:/opt/rustwide/rustup-home:ro,Z" "-e" "SOURCE_DIR=/opt/rustwide/workdir" "-e" "CARGO_TARGET_DIR=/opt/rustwide/target" "-e" "CARGO_INCREMENTAL=0" "-e" "RUST_BACKTRACE=full" "-e" "RUSTFLAGS=--cap-lints=warn" "-e" "CARGO_HOME=/opt/rustwide/cargo-home" "-e" "RUSTUP_HOME=/opt/rustwide/rustup-home" "-w" "/opt/rustwide/workdir" "-m" "1610612736" "--user" "0:0" "--network" "none" "ghcr.io/rust-lang/crates-build-env/linux@sha256:34b6a614d2c27851fe6cbf88fbd1137609cefab8b10d0615aaeb6fd47975d74e" "/opt/rustwide/cargo-home/bin/cargo" "+1.54.0" "test" "--frozen", kill_on_drop: false }`
[INFO] [stdout] 0c638a0a0dcdb5411d125500638fc70266a0e5ef00ae83b94e2c061c7b0d1315
[INFO] running `Command { std: "docker" "start" "-a" "0c638a0a0dcdb5411d125500638fc70266a0e5ef00ae83b94e2c061c7b0d1315", kill_on_drop: false }`
[INFO] [stderr]     Finished test [unoptimized + debuginfo] target(s) in 0.20s
[INFO] [stderr]      Running unittests (/opt/rustwide/target/debug/deps/cargo_concat-f6599d690a215604)
[INFO] [stdout] 
[INFO] [stdout] running 1 test
[INFO] [stdout] test extract::tests::test_extract_modules ... ok
[INFO] [stdout] 
[INFO] [stdout] test result: ok. 1 passed; 0 failed; 0 ignored; 0 measured; 0 filtered out; finished in 0.00s
[INFO] [stdout] 
[INFO] [stderr]      Running unittests (/opt/rustwide/target/debug/deps/cargo_concat-df517cf864500a61)
[INFO] [stdout] 
[INFO] [stdout] running 0 tests
[INFO] [stdout] 
[INFO] [stdout] test result: ok. 0 passed; 0 failed; 0 ignored; 0 measured; 0 filtered out; finished in 0.00s
[INFO] [stdout] 
[INFO] [stderr]      Running tests/test_concat_module.rs (/opt/rustwide/target/debug/deps/test_concat_module-133f527d6011b206)
[INFO] [stdout] 
[INFO] [stdout] running 1 test
[INFO] [stdout] test test_concat_module ... ok
[INFO] [stdout] 
[INFO] [stdout] test result: ok. 1 passed; 0 failed; 0 ignored; 0 measured; 0 filtered out; finished in 0.00s
[INFO] [stdout] 
[INFO] [stderr]      Running tests/test_concat_source.rs (/opt/rustwide/target/debug/deps/test_concat_source-21a24aaea414e144)
[INFO] [stdout] 
[INFO] [stdout] running 1 test
[INFO] [stdout] test test_concat_source ... FAILED
[INFO] [stdout] 
[INFO] [stdout] failures:
[INFO] [stdout] 
[INFO] [stdout] ---- test_concat_source stdout ----
[INFO] [stdout] thread 'test_concat_source' panicked at 'assertion failed: `(left == right)`
[INFO] [stdout]   left: `File { shebang: None, attrs: [], items: [Use(ItemUse { attrs: [], vis: Inherited, use_token: Use, leading_colon: None, tree: Path(UsePath { ident: Ident(a), colon2_token: Colon2, tree: Name(UseName { ident: Ident(b) }) }), semi_token: Semi }), Use(ItemUse { attrs: [], vis: Inherited, use_token: Use, leading_colon: None, tree: Name(UseName { ident: Ident(std) }), semi_token: Semi }), Use(ItemUse { attrs: [], vis: Inherited, use_token: Use, leading_colon: None, tree: Path(UsePath { ident: Ident(std), colon2_token: Colon2, tree: Name(UseName { ident: Ident(env) }) }), semi_token: Semi }), Use(ItemUse { attrs: [], vis: Inherited, use_token: Use, leading_colon: None, tree: Path(UsePath { ident: Ident(test_project), colon2_token: Colon2, tree: Name(UseName { ident: Ident(mod1) }) }), semi_token: Semi }), Mod(ItemMod { attrs: [], vis: Inherited, mod_token: Mod, ident: Ident(a), content: Some((Brace, [Mod(ItemMod { attrs: [], vis: Public(VisPublic { pub_token: Pub }), mod_token: Mod, ident: Ident(b), content: Some((Brace, [])), semi: None })])), semi: None }), Fn(ItemFn { attrs: [], vis: Inherited, sig: Signature { constness: None, asyncness: None, unsafety: None, abi: None, fn_token: Fn, ident: Ident(main), generics: Generics { lt_token: None, params: [], gt_token: None, where_clause: None }, paren_token: Paren, inputs: [], variadic: None, output: Default }, block: Block { brace_token: Brace, stmts: [Semi(Macro(ExprMacro { attrs: [], mac: Macro { path: Path { leading_colon: None, segments: [PathSegment { ident: Ident(println), arguments: None }] }, bang_token: Bang, delimiter: Paren(Paren), tokens: TokenStream [Literal { lit: "Hello, world!" }] } }), Semi)] } }), Mod(ItemMod { attrs: [], vis: Inherited, mod_token: Mod, ident: Ident(test_project), content: Some((Brace, [Mod(ItemMod { attrs: [], vis: Public(VisPublic { pub_token: Pub }), mod_token: Mod, ident: Ident(mod1), content: Some((Brace, [Mod(ItemMod { attrs: [], vis: Public(VisPublic { pub_token: Pub }), mod_token: Mod, ident: Ident(func1), content: Some((Brace, [Fn(ItemFn { attrs: [], vis: Public(VisPublic { pub_token: Pub }), sig: Signature { constness: None, asyncness: None, unsafety: None, abi: None, fn_token: Fn, ident: Ident(func1), generics: Generics { lt_token: None, params: [], gt_token: None, where_clause: None }, paren_token: Paren, inputs: [], variadic: None, output: Default }, block: Block { brace_token: Brace, stmts: [] } })])), semi: None })])), semi: None }), Mod(ItemMod { attrs: [], vis: Public(VisPublic { pub_token: Pub }), mod_token: Mod, ident: Ident(mod2), content: Some((Brace, [Mod(ItemMod { attrs: [], vis: Public(VisPublic { pub_token: Pub }), mod_token: Mod, ident: Ident(func1), content: Some((Brace, [Fn(ItemFn { attrs: [], vis: Public(VisPublic { pub_token: Pub }), sig: Signature { constness: None, asyncness: None, unsafety: None, abi: None, fn_token: Fn, ident: Ident(func1), generics: Generics { lt_token: None, params: [], gt_token: None, where_clause: None }, paren_token: Paren, inputs: [], variadic: None, output: Default }, block: Block { brace_token: Brace, stmts: [] } })])), semi: None })])), semi: None }), Mod(ItemMod { attrs: [], vis: Public(VisPublic { pub_token: Pub }), mod_token: Mod, ident: Ident(mod3), content: Some((Brace, [Mod(ItemMod { attrs: [], vis: Public(VisPublic { pub_token: Pub }), mod_token: Mod, ident: Ident(func1), content: Some((Brace, [Fn(ItemFn { attrs: [], vis: Public(VisPublic { pub_token: Pub }), sig: Signature { constness: None, asyncness: None, unsafety: None, abi: None, fn_token: Fn, ident: Ident(func1), generics: Generics { lt_token: None, params: [], gt_token: None, where_clause: None }, paren_token: Paren, inputs: [], variadic: None, output: Default }, block: Block { brace_token: Brace, stmts: [] } })])), semi: None }), Mod(ItemMod { attrs: [], vis: Public(VisPublic { pub_token: Pub }), mod_token: Mod, ident: Ident(mod4), content: Some((Brace, [Mod(ItemMod { attrs: [], vis: Public(VisPublic { pub_token: Pub }), mod_token: Mod, ident: Ident(func1), content: Some((Brace, [Fn(ItemFn { attrs: [], vis: Public(VisPublic { pub_token: Pub }), sig: Signature { constness: None, asyncness: None, unsafety: None, abi: None, fn_token: Fn, ident: Ident(func1), generics: Generics { lt_token: None, params: [], gt_token: None, where_clause: None }, paren_token: Paren, inputs: [], variadic: None, output: Default }, block: Block { brace_token: Brace, stmts: [] } })])), semi: None })])), semi: None })])), semi: None }), Mod(ItemMod { attrs: [], vis: Public(VisPublic { pub_token: Pub }), mod_token: Mod, ident: Ident(inner), content: Some((Brace, [Fn(ItemFn { attrs: [], vis: Public(VisPublic { pub_token: Pub }), sig: Signature { constness: None, asyncness: None, unsafety: None, abi: None, fn_token: Fn, ident: Ident(a), generics: Generics { lt_token: None, params: [], gt_token: None, where_clause: None }, paren_token: Paren, inputs: [], variadic: None, output: Default }, block: Block { brace_token: Brace, stmts: [] } }), Fn(ItemFn { attrs: [], vis: Public(VisPublic { pub_token: Pub }), sig: Signature { constness: None, asyncness: None, unsafety: None, abi: None, fn_token: Fn, ident: Ident(b), generics: Generics { lt_token: None, params: [], gt_token: None, where_clause: None }, paren_token: Paren, inputs: [], variadic: None, output: Default }, block: Block { brace_token: Brace, stmts: [] } })])), semi: None })])), semi: None })] }`,
[INFO] [stdout]  right: `File { shebang: None, attrs: [], items: [Use(ItemUse { attrs: [], vis: Inherited, use_token: Use, leading_colon: Some(Colon2), tree: Path(UsePath { ident: Ident(std), colon2_token: Colon2, tree: Name(UseName { ident: Ident(env) }) }), semi_token: Semi }), Use(ItemUse { attrs: [], vis: Inherited, use_token: Use, leading_colon: None, tree: Path(UsePath { ident: Ident(a), colon2_token: Colon2, tree: Name(UseName { ident: Ident(b) }) }), semi_token: Semi }), Use(ItemUse { attrs: [], vis: Inherited, use_token: Use, leading_colon: None, tree: Name(UseName { ident: Ident(std) }), semi_token: Semi }), Use(ItemUse { attrs: [], vis: Inherited, use_token: Use, leading_colon: None, tree: Path(UsePath { ident: Ident(test_project), colon2_token: Colon2, tree: Name(UseName { ident: Ident(mod1) }) }), semi_token: Semi }), Mod(ItemMod { attrs: [], vis: Inherited, mod_token: Mod, ident: Ident(a), content: Some((Brace, [Mod(ItemMod { attrs: [], vis: Public(VisPublic { pub_token: Pub }), mod_token: Mod, ident: Ident(b), content: Some((Brace, [])), semi: None })])), semi: None }), Fn(ItemFn { attrs: [], vis: Inherited, sig: Signature { constness: None, asyncness: None, unsafety: None, abi: None, fn_token: Fn, ident: Ident(main), generics: Generics { lt_token: None, params: [], gt_token: None, where_clause: None }, paren_token: Paren, inputs: [], variadic: None, output: Default }, block: Block { brace_token: Brace, stmts: [Semi(Macro(ExprMacro { attrs: [], mac: Macro { path: Path { leading_colon: None, segments: [PathSegment { ident: Ident(println), arguments: None }] }, bang_token: Bang, delimiter: Paren(Paren), tokens: TokenStream [Literal { lit: "Hello, world!" }] } }), Semi)] } }), Mod(ItemMod { attrs: [], vis: Inherited, mod_token: Mod, ident: Ident(test_project), content: Some((Brace, [Mod(ItemMod { attrs: [], vis: Public(VisPublic { pub_token: Pub }), mod_token: Mod, ident: Ident(mod1), content: Some((Brace, [Mod(ItemMod { attrs: [], vis: Public(VisPublic { pub_token: Pub }), mod_token: Mod, ident: Ident(func1), content: Some((Brace, [Fn(ItemFn { attrs: [], vis: Public(VisPublic { pub_token: Pub }), sig: Signature { constness: None, asyncness: None, unsafety: None, abi: None, fn_token: Fn, ident: Ident(func1), generics: Generics { lt_token: None, params: [], gt_token: None, where_clause: None }, paren_token: Paren, inputs: [], variadic: None, output: Default }, block: Block { brace_token: Brace, stmts: [] } })])), semi: None })])), semi: None }), Mod(ItemMod { attrs: [], vis: Public(VisPublic { pub_token: Pub }), mod_token: Mod, ident: Ident(mod2), content: Some((Brace, [Mod(ItemMod { attrs: [], vis: Public(VisPublic { pub_token: Pub }), mod_token: Mod, ident: Ident(func1), content: Some((Brace, [Fn(ItemFn { attrs: [], vis: Public(VisPublic { pub_token: Pub }), sig: Signature { constness: None, asyncness: None, unsafety: None, abi: None, fn_token: Fn, ident: Ident(func1), generics: Generics { lt_token: None, params: [], gt_token: None, where_clause: None }, paren_token: Paren, inputs: [], variadic: None, output: Default }, block: Block { brace_token: Brace, stmts: [] } })])), semi: None })])), semi: None }), Mod(ItemMod { attrs: [], vis: Public(VisPublic { pub_token: Pub }), mod_token: Mod, ident: Ident(mod3), content: Some((Brace, [Mod(ItemMod { attrs: [], vis: Public(VisPublic { pub_token: Pub }), mod_token: Mod, ident: Ident(func1), content: Some((Brace, [Fn(ItemFn { attrs: [], vis: Public(VisPublic { pub_token: Pub }), sig: Signature { constness: None, asyncness: None, unsafety: None, abi: None, fn_token: Fn, ident: Ident(func1), generics: Generics { lt_token: None, params: [], gt_token: None, where_clause: None }, paren_token: Paren, inputs: [], variadic: None, output: Default }, block: Block { brace_token: Brace, stmts: [] } })])), semi: None }), Mod(ItemMod { attrs: [], vis: Public(VisPublic { pub_token: Pub }), mod_token: Mod, ident: Ident(mod4), content: Some((Brace, [Mod(ItemMod { attrs: [], vis: Public(VisPublic { pub_token: Pub }), mod_token: Mod, ident: Ident(func1), content: Some((Brace, [Fn(ItemFn { attrs: [], vis: Public(VisPublic { pub_token: Pub }), sig: Signature { constness: None, asyncness: None, unsafety: None, abi: None, fn_token: Fn, ident: Ident(func1), generics: Generics { lt_token: None, params: [], gt_token: None, where_clause: None }, paren_token: Paren, inputs: [], variadic: None, output: Default }, block: Block { brace_token: Brace, stmts: [] } })])), semi: None })])), semi: None })])), semi: None }), Mod(ItemMod { attrs: [], vis: Public(VisPublic { pub_token: Pub }), mod_token: Mod, ident: Ident(inner), content: Some((Brace, [Fn(ItemFn { attrs: [], vis: Public(VisPublic { pub_token: Pub }), sig: Signature { constness: None, asyncness: None, unsafety: None, abi: None, fn_token: Fn, ident: Ident(a), generics: Generics { lt_token: None, params: [], gt_token: None, where_clause: None }, paren_token: Paren, inputs: [], variadic: None, output: Default }, block: Block { brace_token: Brace, stmts: [] } }), Fn(ItemFn { attrs: [], vis: Public(VisPublic { pub_token: Pub }), sig: Signature { constness: None, asyncness: None, unsafety: None, abi: None, fn_token: Fn, ident: Ident(b), generics: Generics { lt_token: None, params: [], gt_token: None, where_clause: None }, paren_token: Paren, inputs: [], variadic: None, output: Default }, block: Block { brace_token: Brace, stmts: [] } })])), semi: None })])), semi: None })] }`: use :: std :: env ; use a :: b ; use std ; use test_project :: mod1 ; mod a { pub mod b { } } fn main () { println ! ("Hello, world!") ; } mod test_project { pub mod mod1 { pub mod func1 { pub fn func1 () { } } } pub mod mod2 { pub mod func1 { pub fn func1 () { } } } pub mod mod3 { pub mod func1 { pub fn func1 () { } } pub mod mod4 { pub mod func1 { pub fn func1 () { } } } } pub mod inner { pub fn a () { } pub fn b () { } } }', tests/test_concat_source.rs:11:5
[INFO] [stdout] stack backtrace:
[INFO] [stdout]    0:     0x55a00b757170 - std::backtrace_rs::backtrace::libunwind::trace::h34055254b57d8e79
[INFO] [stdout]                                at /rustc/a178d0322ce20e33eac124758e837cbd80a6f633/library/std/src/../../backtrace/src/backtrace/libunwind.rs:90:5
[INFO] [stdout]    1:     0x55a00b757170 - std::backtrace_rs::backtrace::trace_unsynchronized::h8f1e3fbd9afff6ec
[INFO] [stdout]                                at /rustc/a178d0322ce20e33eac124758e837cbd80a6f633/library/std/src/../../backtrace/src/backtrace/mod.rs:66:5
[INFO] [stdout]    2:     0x55a00b757170 - std::sys_common::backtrace::_print_fmt::h3a99a796b770c360
[INFO] [stdout]                                at /rustc/a178d0322ce20e33eac124758e837cbd80a6f633/library/std/src/sys_common/backtrace.rs:67:5
[INFO] [stdout]    3:     0x55a00b757170 - <std::sys_common::backtrace::_print::DisplayBacktrace as core::fmt::Display>::fmt::h32d1f94a80615d18
[INFO] [stdout]                                at /rustc/a178d0322ce20e33eac124758e837cbd80a6f633/library/std/src/sys_common/backtrace.rs:46:22
[INFO] [stdout]    4:     0x55a00b77be6c - core::fmt::write::h306731c068f7162c
[INFO] [stdout]                                at /rustc/a178d0322ce20e33eac124758e837cbd80a6f633/library/core/src/fmt/mod.rs:1110:17
[INFO] [stdout]    5:     0x55a00b753cd5 - std::io::Write::write_fmt::h87f19b0a2cd190bc
[INFO] [stdout]                                at /rustc/a178d0322ce20e33eac124758e837cbd80a6f633/library/std/src/io/mod.rs:1588:15
[INFO] [stdout]    6:     0x55a00b75954b - std::sys_common::backtrace::_print::h5abaa2601a852287
[INFO] [stdout]                                at /rustc/a178d0322ce20e33eac124758e837cbd80a6f633/library/std/src/sys_common/backtrace.rs:49:5
[INFO] [stdout]    7:     0x55a00b75954b - std::sys_common::backtrace::print::h8d81445442bb638f
[INFO] [stdout]                                at /rustc/a178d0322ce20e33eac124758e837cbd80a6f633/library/std/src/sys_common/backtrace.rs:36:9
[INFO] [stdout]    8:     0x55a00b75954b - std::panicking::default_hook::{{closure}}::hcfe804496a9fa747
[INFO] [stdout]                                at /rustc/a178d0322ce20e33eac124758e837cbd80a6f633/library/std/src/panicking.rs:208:50
[INFO] [stdout]    9:     0x55a00b75905c - std::panicking::default_hook::hbea8e3ccf2ba8901
[INFO] [stdout]                                at /rustc/a178d0322ce20e33eac124758e837cbd80a6f633/library/std/src/panicking.rs:222:9
[INFO] [stdout]   10:     0x55a00b759c39 - std::panicking::rust_panic_with_hook::h7ee9e1a2d0f8975a
[INFO] [stdout]                                at /rustc/a178d0322ce20e33eac124758e837cbd80a6f633/library/std/src/panicking.rs:626:17
[INFO] [stdout]   11:     0x55a00b7596f7 - std::panicking::begin_panic_handler::{{closure}}::h8ab3b4491718b2c7
[INFO] [stdout]                                at /rustc/a178d0322ce20e33eac124758e837cbd80a6f633/library/std/src/panicking.rs:519:13
[INFO] [stdout]   12:     0x55a00b75766c - std::sys_common::backtrace::__rust_end_short_backtrace::hd489062ffa586a9f
[INFO] [stdout]                                at /rustc/a178d0322ce20e33eac124758e837cbd80a6f633/library/std/src/sys_common/backtrace.rs:141:18
[INFO] [stdout]   13:     0x55a00b759659 - rust_begin_unwind
[INFO] [stdout]                                at /rustc/a178d0322ce20e33eac124758e837cbd80a6f633/library/std/src/panicking.rs:515:5
[INFO] [stdout]   14:     0x55a00b483821 - core::panicking::panic_fmt::hca6330e3e14086b4
[INFO] [stdout]                                at /rustc/a178d0322ce20e33eac124758e837cbd80a6f633/library/core/src/panicking.rs:92:14
[INFO] [stdout]   15:     0x55a00b779d0e - core::panicking::assert_failed_inner::h33b45280069a80ed
[INFO] [stdout]   16:     0x55a00b484dda - core::panicking::assert_failed::hc8abb324e6a71aef
[INFO] [stdout]                                at /rustc/a178d0322ce20e33eac124758e837cbd80a6f633/library/core/src/panicking.rs:117:5
[INFO] [stdout]   17:     0x55a00b484730 - test_concat_source::test_concat_source::h0fa806225695cc31
[INFO] [stdout]                                at /opt/rustwide/workdir/tests/test_concat_source.rs:11:5
[INFO] [stdout]   18:     0x55a00b4842ea - test_concat_source::test_concat_source::{{closure}}::he4ac157753d8837f
[INFO] [stdout]                                at /opt/rustwide/workdir/tests/test_concat_source.rs:5:1
[INFO] [stdout]   19:     0x55a00b484ebe - core::ops::function::FnOnce::call_once::hb359a024dfe6f9b6
[INFO] [stdout]                                at /rustc/a178d0322ce20e33eac124758e837cbd80a6f633/library/core/src/ops/function.rs:227:5
[INFO] [stdout]   20:     0x55a00b4ad433 - core::ops::function::FnOnce::call_once::h152e7e439ff59e19
[INFO] [stdout]                                at /rustc/a178d0322ce20e33eac124758e837cbd80a6f633/library/core/src/ops/function.rs:227:5
[INFO] [stdout]   21:     0x55a00b4ad433 - test::__rust_begin_short_backtrace::h0908f3b1fdbb72ab
[INFO] [stdout]                                at /rustc/a178d0322ce20e33eac124758e837cbd80a6f633/library/test/src/lib.rs:577:5
[INFO] [stdout]   22:     0x55a00b4abef0 - <alloc::boxed::Box<F,A> as core::ops::function::FnOnce<Args>>::call_once::hf6d2a51e5587546c
[INFO] [stdout]                                at /rustc/a178d0322ce20e33eac124758e837cbd80a6f633/library/alloc/src/boxed.rs:1575:9
[INFO] [stdout]   23:     0x55a00b4abef0 - <std::panic::AssertUnwindSafe<F> as core::ops::function::FnOnce<()>>::call_once::h8af660f3a89ef593
[INFO] [stdout]                                at /rustc/a178d0322ce20e33eac124758e837cbd80a6f633/library/std/src/panic.rs:347:9
[INFO] [stdout]   24:     0x55a00b4abef0 - std::panicking::try::do_call::hd36aef60f84b6d36
[INFO] [stdout]                                at /rustc/a178d0322ce20e33eac124758e837cbd80a6f633/library/std/src/panicking.rs:401:40
[INFO] [stdout]   25:     0x55a00b4abef0 - std::panicking::try::h9932b4480e69817c
[INFO] [stdout]                                at /rustc/a178d0322ce20e33eac124758e837cbd80a6f633/library/std/src/panicking.rs:365:19
[INFO] [stdout]   26:     0x55a00b4abef0 - std::panic::catch_unwind::h6aa177099cfff5f8
[INFO] [stdout]                                at /rustc/a178d0322ce20e33eac124758e837cbd80a6f633/library/std/src/panic.rs:434:14
[INFO] [stdout]   27:     0x55a00b4abef0 - test::run_test_in_process::h5884d6f2d99e20c3
[INFO] [stdout]                                at /rustc/a178d0322ce20e33eac124758e837cbd80a6f633/library/test/src/lib.rs:600:18
[INFO] [stdout]   28:     0x55a00b4abef0 - test::run_test::run_test_inner::{{closure}}::h6fdc58c6d5f5b6e3
[INFO] [stdout]                                at /rustc/a178d0322ce20e33eac124758e837cbd80a6f633/library/test/src/lib.rs:492:39
[INFO] [stdout]   29:     0x55a00b4855a2 - test::run_test::run_test_inner::{{closure}}::h408365d67a78ade8
[INFO] [stdout]                                at /rustc/a178d0322ce20e33eac124758e837cbd80a6f633/library/test/src/lib.rs:519:37
[INFO] [stdout]   30:     0x55a00b4855a2 - std::sys_common::backtrace::__rust_begin_short_backtrace::hb560b77c4f701523
[INFO] [stdout]                                at /rustc/a178d0322ce20e33eac124758e837cbd80a6f633/library/std/src/sys_common/backtrace.rs:125:18
[INFO] [stdout]   31:     0x55a00b489158 - std::thread::Builder::spawn_unchecked::{{closure}}::{{closure}}::hf2e7831dad93c597
[INFO] [stdout]                                at /rustc/a178d0322ce20e33eac124758e837cbd80a6f633/library/std/src/thread/mod.rs:481:17
[INFO] [stdout]   32:     0x55a00b489158 - <std::panic::AssertUnwindSafe<F> as core::ops::function::FnOnce<()>>::call_once::hd2e08783d8be4d02
[INFO] [stdout]                                at /rustc/a178d0322ce20e33eac124758e837cbd80a6f633/library/std/src/panic.rs:347:9
[INFO] [stdout]   33:     0x55a00b489158 - std::panicking::try::do_call::h062597b7acfd6b82
[INFO] [stdout]                                at /rustc/a178d0322ce20e33eac124758e837cbd80a6f633/library/std/src/panicking.rs:401:40
[INFO] [stdout]   34:     0x55a00b489158 - std::panicking::try::h0d7b79db04c14552
[INFO] [stdout]                                at /rustc/a178d0322ce20e33eac124758e837cbd80a6f633/library/std/src/panicking.rs:365:19
[INFO] [stdout]   35:     0x55a00b489158 - std::panic::catch_unwind::hb01a0b5e7c8cd43b
[INFO] [stdout]                                at /rustc/a178d0322ce20e33eac124758e837cbd80a6f633/library/std/src/panic.rs:434:14
[INFO] [stdout]   36:     0x55a00b489158 - std::thread::Builder::spawn_unchecked::{{closure}}::h5bde48cc887e0d1e
[INFO] [stdout]                                at /rustc/a178d0322ce20e33eac124758e837cbd80a6f633/library/std/src/thread/mod.rs:480:30
[INFO] [stdout]   37:     0x55a00b489158 - core::ops::function::FnOnce::call_once{{vtable.shim}}::h745ea30807a29e55
[INFO] [stdout]                                at /rustc/a178d0322ce20e33eac124758e837cbd80a6f633/library/core/src/ops/function.rs:227:5
[INFO] [stdout]   38:     0x55a00b75e927 - <alloc::boxed::Box<F,A> as core::ops::function::FnOnce<Args>>::call_once::h7ece6cfefaff1005
[INFO] [stdout]                                at /rustc/a178d0322ce20e33eac124758e837cbd80a6f633/library/alloc/src/boxed.rs:1575:9
[INFO] [stdout]   39:     0x55a00b75e927 - <alloc::boxed::Box<F,A> as core::ops::function::FnOnce<Args>>::call_once::hb8b48e55c21f193e
[INFO] [stdout]                                at /rustc/a178d0322ce20e33eac124758e837cbd80a6f633/library/alloc/src/boxed.rs:1575:9
[INFO] [stdout]   40:     0x55a00b75e927 - std::sys::unix::thread::Thread::new::thread_start::h8c7c4450dba62914
[INFO] [stdout]                                at /rustc/a178d0322ce20e33eac124758e837cbd80a6f633/library/std/src/sys/unix/thread.rs:71:17
[INFO] [stdout]   41:     0x7f948fd9f609 - start_thread
[INFO] [stdout]   42:     0x7f948fb71293 - clone
[INFO] [stdout]   43:                0x0 - <unknown>
[INFO] [stdout] 
[INFO] [stdout] 
[INFO] [stdout] failures:
[INFO] [stdout]     test_concat_source
[INFO] [stdout] 
[INFO] [stdout] test result: FAILED. 0 passed; 1 failed; 0 ignored; 0 measured; 0 filtered out; finished in 0.70s
[INFO] [stdout] 
[INFO] [stderr] error: test failed, to rerun pass '--test test_concat_source'
[INFO] running `Command { std: "docker" "inspect" "0c638a0a0dcdb5411d125500638fc70266a0e5ef00ae83b94e2c061c7b0d1315", kill_on_drop: false }`
[INFO] running `Command { std: "docker" "rm" "-f" "0c638a0a0dcdb5411d125500638fc70266a0e5ef00ae83b94e2c061c7b0d1315", kill_on_drop: false }`
[INFO] [stdout] 0c638a0a0dcdb5411d125500638fc70266a0e5ef00ae83b94e2c061c7b0d1315
