[INFO] cloning repository https://github.com/keleset/actix_image_processing
[INFO] running `Command { std: "git" "-c" "credential.helper=" "-c" "credential.helper=/workspace/cargo-home/bin/git-credential-null" "clone" "--bare" "https://github.com/keleset/actix_image_processing" "/workspace/cache/git-repos/https%3A%2F%2Fgithub.com%2Fkeleset%2Factix_image_processing", kill_on_drop: false }`
[INFO] [stderr] Cloning into bare repository '/workspace/cache/git-repos/https%3A%2F%2Fgithub.com%2Fkeleset%2Factix_image_processing'...
[INFO] running `Command { std: "git" "rev-parse" "HEAD", kill_on_drop: false }`
[INFO] [stdout] 4726cfff28ed041e5671e19e8ae184e550779f17
[INFO] testing keleset/actix_image_processing against beta-2021-08-01 for beta-1.55-1
[INFO] running `Command { std: "git" "clone" "/workspace/cache/git-repos/https%3A%2F%2Fgithub.com%2Fkeleset%2Factix_image_processing" "/workspace/builds/worker-79/source", kill_on_drop: false }`
[INFO] [stderr] Cloning into '/workspace/builds/worker-79/source'...
[INFO] [stderr] done.
[INFO] validating manifest of git repo https://github.com/keleset/actix_image_processing on toolchain beta-2021-08-01
[INFO] running `Command { std: "/workspace/cargo-home/bin/cargo" "+beta-2021-08-01" "metadata" "--manifest-path" "Cargo.toml" "--no-deps", kill_on_drop: false }`
[INFO] started tweaking git repo https://github.com/keleset/actix_image_processing
[INFO] finished tweaking git repo https://github.com/keleset/actix_image_processing
[INFO] tweaked toml for git repo https://github.com/keleset/actix_image_processing written to /workspace/builds/worker-79/source/Cargo.toml
[INFO] crate git repo https://github.com/keleset/actix_image_processing already has a lockfile, it will not be regenerated
[INFO] running `Command { std: "/workspace/cargo-home/bin/cargo" "+beta-2021-08-01" "fetch" "--manifest-path" "Cargo.toml", kill_on_drop: false }`
[INFO] [stderr]     Blocking waiting for file lock on package cache
[INFO] [stderr]     Blocking waiting for file lock on package cache
[INFO] [stderr]  Downloading crates ...
[INFO] [stderr]   Downloaded pin-project v0.4.6
[INFO] [stderr]   Downloaded actix-server v1.0.0
[INFO] [stderr]   Downloaded bytestring v0.1.2
[INFO] [stderr]   Downloaded actix-utils v1.0.4
[INFO] [stderr]   Downloaded tokio-rustls v0.12.1
[INFO] [stderr]   Downloaded actix-web-codegen v0.2.0
[INFO] [stderr]   Downloaded actix-multipart v0.2.0
[INFO] [stderr]   Downloaded actix-router v0.2.3
[INFO] [stderr]   Downloaded enum-as-inner v0.3.0
[INFO] [stderr]   Downloaded derive_more v0.99.2
[INFO] [stderr]   Downloaded webpki v0.21.0
[INFO] [stderr]   Downloaded actix-connect v1.0.1
[INFO] [stderr]   Downloaded tokio v0.2.6
[INFO] [stderr]   Downloaded ring v0.16.9
[INFO] [stderr]   Downloaded pin-project-internal v0.4.6
[INFO] [stderr]   Downloaded actix-service v1.0.1
[INFO] running `Command { std: "docker" "create" "-v" "/var/lib/crater-agent-workspace/builds/worker-79/target:/opt/rustwide/target:rw,Z" "-v" "/var/lib/crater-agent-workspace/builds/worker-79/source:/opt/rustwide/workdir:ro,Z" "-v" "/var/lib/crater-agent-workspace/cargo-home:/opt/rustwide/cargo-home:ro,Z" "-v" "/var/lib/crater-agent-workspace/rustup-home:/opt/rustwide/rustup-home:ro,Z" "-e" "SOURCE_DIR=/opt/rustwide/workdir" "-e" "CARGO_TARGET_DIR=/opt/rustwide/target" "-e" "CARGO_HOME=/opt/rustwide/cargo-home" "-e" "RUSTUP_HOME=/opt/rustwide/rustup-home" "-w" "/opt/rustwide/workdir" "-m" "1610612736" "--user" "0:0" "--network" "none" "ghcr.io/rust-lang/crates-build-env/linux@sha256:34b6a614d2c27851fe6cbf88fbd1137609cefab8b10d0615aaeb6fd47975d74e" "/opt/rustwide/cargo-home/bin/cargo" "+beta-2021-08-01" "metadata" "--no-deps" "--format-version=1", kill_on_drop: false }`
[INFO] [stdout] 3bda0b148acf34959ac766cd878689f76233b5e8a408652cd5a1680bf5b9ae0d
[INFO] running `Command { std: "docker" "start" "-a" "3bda0b148acf34959ac766cd878689f76233b5e8a408652cd5a1680bf5b9ae0d", kill_on_drop: false }`
[INFO] running `Command { std: "docker" "inspect" "3bda0b148acf34959ac766cd878689f76233b5e8a408652cd5a1680bf5b9ae0d", kill_on_drop: false }`
[INFO] running `Command { std: "docker" "rm" "-f" "3bda0b148acf34959ac766cd878689f76233b5e8a408652cd5a1680bf5b9ae0d", kill_on_drop: false }`
[INFO] [stdout] 3bda0b148acf34959ac766cd878689f76233b5e8a408652cd5a1680bf5b9ae0d
[INFO] running `Command { std: "docker" "create" "-v" "/var/lib/crater-agent-workspace/builds/worker-79/target:/opt/rustwide/target:rw,Z" "-v" "/var/lib/crater-agent-workspace/builds/worker-79/source:/opt/rustwide/workdir:ro,Z" "-v" "/var/lib/crater-agent-workspace/cargo-home:/opt/rustwide/cargo-home:ro,Z" "-v" "/var/lib/crater-agent-workspace/rustup-home:/opt/rustwide/rustup-home:ro,Z" "-e" "SOURCE_DIR=/opt/rustwide/workdir" "-e" "CARGO_TARGET_DIR=/opt/rustwide/target" "-e" "CARGO_INCREMENTAL=0" "-e" "RUST_BACKTRACE=full" "-e" "RUSTFLAGS=--cap-lints=warn" "-e" "CARGO_HOME=/opt/rustwide/cargo-home" "-e" "RUSTUP_HOME=/opt/rustwide/rustup-home" "-w" "/opt/rustwide/workdir" "-m" "1610612736" "--user" "0:0" "--network" "none" "ghcr.io/rust-lang/crates-build-env/linux@sha256:34b6a614d2c27851fe6cbf88fbd1137609cefab8b10d0615aaeb6fd47975d74e" "/opt/rustwide/cargo-home/bin/cargo" "+beta-2021-08-01" "build" "--frozen" "--message-format=json", kill_on_drop: false }`
[INFO] [stdout] 83e1996d13032d709f72c79bce7a0a9ef0d03ea78f5d5bc9f9ca91c4d1c7ac1e
[INFO] running `Command { std: "docker" "start" "-a" "83e1996d13032d709f72c79bce7a0a9ef0d03ea78f5d5bc9f9ca91c4d1c7ac1e", kill_on_drop: false }`
[INFO] [stderr]     Blocking waiting for file lock on package cache
[INFO] [stderr]    Compiling libc v0.2.66
[INFO] [stderr]    Compiling cfg-if v0.1.10
[INFO] [stderr]    Compiling proc-macro2 v1.0.6
[INFO] [stderr]    Compiling unicode-xid v0.2.0
[INFO] [stderr]    Compiling syn v1.0.11
[INFO] [stderr]    Compiling lazy_static v1.4.0
[INFO] [stderr]    Compiling autocfg v0.1.7
[INFO] [stderr]    Compiling memchr v2.2.1
[INFO] [stderr]    Compiling cc v1.0.48
[INFO] [stderr]    Compiling log v0.4.8
[INFO] [stderr]    Compiling slab v0.4.2
[INFO] [stderr]    Compiling futures-core v0.3.1
[INFO] [stderr]    Compiling futures-sink v0.3.1
[INFO] [stderr]    Compiling bytes v0.5.3
[INFO] [stderr]    Compiling fnv v1.0.6
[INFO] [stderr]    Compiling proc-macro-nested v0.1.3
[INFO] [stderr]    Compiling smallvec v1.1.0
[INFO] [stderr]    Compiling scopeguard v1.0.0
[INFO] [stderr]    Compiling arc-swap v0.4.4
[INFO] [stderr]    Compiling pin-utils v0.1.0-alpha.4
[INFO] [stderr]    Compiling pin-project-lite v0.1.1
[INFO] [stderr]    Compiling futures-io v0.3.1
[INFO] [stderr]    Compiling byteorder v1.3.2
[INFO] [stderr]    Compiling futures-task v0.3.1
[INFO] [stderr]    Compiling bitflags v1.2.1
[INFO] [stderr]    Compiling getrandom v0.1.13
[INFO] [stderr]    Compiling untrusted v0.7.0
[INFO] [stderr]    Compiling spin v0.5.2
[INFO] [stderr]    Compiling either v1.5.3
[INFO] [stderr]    Compiling matches v0.1.8
[INFO] [stderr]    Compiling adler32 v1.0.4
[INFO] [stderr]    Compiling failure_derive v0.1.6
[INFO] [stderr]    Compiling semver-parser v0.7.0
[INFO] [stderr]    Compiling copyless v0.1.4
[INFO] [stderr]    Compiling ppv-lite86 v0.2.6
[INFO] [stderr]    Compiling itoa v0.4.4
[INFO] [stderr]    Compiling percent-encoding v2.1.0
[INFO] [stderr]    Compiling serde v1.0.104
[INFO] [stderr]    Compiling crc32fast v1.2.0
[INFO] [stderr]    Compiling quick-error v1.2.2
[INFO] [stderr]    Compiling unicode-segmentation v1.6.0
[INFO] [stderr]    Compiling rustc-demangle v0.1.16
[INFO] [stderr]    Compiling ryu v1.0.2
[INFO] [stderr]    Compiling linked-hash-map v0.5.2
[INFO] [stderr]    Compiling regex-syntax v0.6.12
[INFO] [stderr]    Compiling encoding_rs v0.8.22
[INFO] [stderr]    Compiling version_check v0.9.1
[INFO] [stderr]    Compiling httparse v1.3.4
[INFO] [stderr]    Compiling proc-macro2 v0.4.30
[INFO] [stderr]    Compiling mime v0.3.14
[INFO] [stderr]    Compiling dtoa v0.4.4
[INFO] [stderr]    Compiling sha1 v0.6.0
[INFO] [stderr]    Compiling language-tags v0.2.2
[INFO] [stderr]    Compiling base64 v0.11.0
[INFO] [stderr]    Compiling rayon-core v1.7.0
[INFO] [stderr]    Compiling syn v0.15.44
[INFO] [stderr]    Compiling num-derive v0.2.5
[INFO] [stderr]    Compiling lzw v0.10.0
[INFO] [stderr]    Compiling v_htmlescape v0.4.5
[INFO] [stderr]    Compiling unchecked-index v0.2.2
[INFO] [stderr]    Compiling color_quant v1.0.1
[INFO] [stderr]    Compiling scoped_threadpool v0.1.9
[INFO] [stderr]    Compiling termcolor v1.0.5
[INFO] [stderr]    Compiling thread_local v0.3.6
[INFO] [stderr]    Compiling nom v4.2.3
[INFO] [stderr]    Compiling lock_api v0.3.2
[INFO] [stderr]    Compiling futures-channel v0.3.1
[INFO] [stderr]    Compiling miniz_oxide v0.3.5
[INFO] [stderr]    Compiling inflate v0.4.5
[INFO] [stderr]    Compiling heck v0.3.1
[INFO] [stderr]    Compiling humantime v1.3.0
[INFO] [stderr]    Compiling http v0.2.0
[INFO] [stderr]    Compiling bytestring v0.1.2
[INFO] [stderr]    Compiling unicode-normalization v0.1.11
[INFO] [stderr]    Compiling unicode-bidi v0.3.4
[INFO] [stderr]    Compiling num-traits v0.2.10
[INFO] [stderr]    Compiling num-integer v0.1.41
[INFO] [stderr]    Compiling crossbeam-utils v0.7.0
[INFO] [stderr]    Compiling indexmap v1.3.0
[INFO] [stderr]    Compiling crossbeam-epoch v0.8.0
[INFO] [stderr]    Compiling num-rational v0.2.2
[INFO] [stderr]    Compiling num-iter v0.1.39
[INFO] [stderr]    Compiling gif v0.10.3
[INFO] [stderr]    Compiling semver v0.9.0
[INFO] [stderr]    Compiling base64 v0.10.1
[INFO] [stderr]    Compiling lru-cache v0.1.2
[INFO] [stderr]    Compiling fxhash v0.2.1
[INFO] [stderr]    Compiling deflate v0.7.20
[INFO] [stderr]    Compiling c2-chacha v0.2.3
[INFO] [stderr]    Compiling quote v1.0.2
[INFO] [stderr]    Compiling aho-corasick v0.7.6
[INFO] [stderr]    Compiling twoway v0.2.1
[INFO] [stderr]    Compiling rustc_version v0.2.3
[INFO] [stderr]    Compiling idna v0.2.0
[INFO] [stderr]    Compiling unicase v2.6.0
[INFO] [stderr]    Compiling iovec v0.1.4
[INFO] [stderr]    Compiling net2 v0.2.33
[INFO] [stderr]    Compiling signal-hook-registry v1.2.0
[INFO] [stderr]    Compiling num_cpus v1.11.1
[INFO] [stderr]    Compiling parking_lot_core v0.7.0
[INFO] [stderr]    Compiling socket2 v0.3.11
[INFO] [stderr]    Compiling hostname v0.1.5
[INFO] [stderr]    Compiling time v0.1.42
[INFO] [stderr]    Compiling flate2 v1.0.13
[INFO] [stderr]    Compiling atty v0.2.13
[INFO] [stderr]    Compiling ring v0.16.9
[INFO] [stderr]    Compiling backtrace-sys v0.1.32
[INFO] [stderr]    Compiling brotli-sys v0.3.2
[INFO] [stderr]    Compiling threadpool v1.7.1
[INFO] [stderr]    Compiling memoffset v0.5.3
[INFO] [stderr]    Compiling rand_core v0.5.1
[INFO] [stderr]    Compiling png v0.15.2
[INFO] [stderr]    Compiling parking_lot v0.10.0
[INFO] [stderr]    Compiling mio v0.6.21
[INFO] [stderr]    Compiling resolv-conf v0.6.2
[INFO] [stderr]    Compiling quote v0.6.13
[INFO] [stderr]    Compiling url v2.1.0
[INFO] [stderr]    Compiling rand_chacha v0.2.1
[INFO] [stderr]    Compiling regex v1.3.1
[INFO] [stderr]    Compiling rand v0.7.2
[INFO] [stderr]    Compiling crossbeam-queue v0.2.1
[INFO] [stderr]    Compiling mime_guess v2.0.1
[INFO] [stderr]    Compiling mio-uds v0.6.7
[INFO] [stderr]    Compiling crossbeam-deque v0.7.2
[INFO] [stderr]    Compiling tokio v0.2.6
[INFO] [stderr]    Compiling backtrace v0.3.40
[INFO] [stderr]    Compiling chrono v0.4.10
[INFO] [stderr]    Compiling env_logger v0.6.2
[INFO] [stderr]    Compiling rayon v1.3.0
[INFO] [stderr]    Compiling tokio-util v0.2.0
[INFO] [stderr]    Compiling actix-codec v0.2.0
[INFO] [stderr]    Compiling jpeg-decoder v0.1.18
[INFO] [stderr]    Compiling webpki v0.21.0
[INFO] [stderr]    Compiling sct v0.6.0
[INFO] [stderr]    Compiling rustls v0.16.0
[INFO] [stderr]    Compiling webpki-roots v0.17.0
[INFO] [stderr]    Compiling brotli2 v0.3.2
[INFO] [stderr]    Compiling synstructure v0.12.3
[INFO] [stderr]    Compiling tiff v0.3.1
[INFO] [stderr]    Compiling image v0.22.3
[INFO] [stderr]    Compiling tokio-rustls v0.12.1
[INFO] [stderr]    Compiling proc-macro-hack v0.5.11
[INFO] [stderr]    Compiling derive_more v0.99.2
[INFO] [stderr]    Compiling pin-project-internal v0.4.6
[INFO] [stderr]    Compiling actix-macros v0.1.1
[INFO] [stderr]    Compiling serde_derive v1.0.104
[INFO] [stderr]    Compiling enum-as-inner v0.3.0
[INFO] [stderr]    Compiling async-trait v0.1.22
[INFO] [stderr]    Compiling actix-web-codegen v0.2.0
[INFO] [stderr]    Compiling v_escape_derive v0.5.6
[INFO] [stderr]    Compiling v_escape v0.7.4
[INFO] [stderr]    Compiling failure v0.1.6
[INFO] [stderr]    Compiling futures-macro v0.3.1
[INFO] [stderr]    Compiling pin-project v0.4.6
[INFO] [stderr]    Compiling futures-util v0.3.1
[INFO] [stderr]    Compiling actix-threadpool v0.3.1
[INFO] [stderr]    Compiling futures-executor v0.3.1
[INFO] [stderr]    Compiling actix-service v1.0.1
[INFO] [stderr]    Compiling h2 v0.2.1
[INFO] [stderr]    Compiling futures v0.3.1
[INFO] [stderr]    Compiling actix-rt v1.0.0
[INFO] [stderr]    Compiling trust-dns-proto v0.18.0-alpha.2
[INFO] [stderr]    Compiling actix-utils v1.0.4
[INFO] [stderr]    Compiling actix-tls v1.0.0
[INFO] [stderr]    Compiling actix-server v1.0.0
[INFO] [stderr]    Compiling actix-testing v1.0.0
[INFO] [stderr]    Compiling trust-dns-resolver v0.18.0-alpha.2
[INFO] [stderr]    Compiling actix-connect v1.0.1
[INFO] [stderr]    Compiling serde_urlencoded v0.6.1
[INFO] [stderr]    Compiling serde_json v1.0.44
[INFO] [stderr]    Compiling actix-router v0.2.3
[INFO] [stderr]    Compiling actix-http v1.0.1
[INFO] [stderr]    Compiling awc v1.0.1
[INFO] [stderr]    Compiling actix-web v2.0.0
[INFO] [stderr]    Compiling actix-files v0.2.1
[INFO] [stderr]    Compiling actix-multipart v0.2.0
[INFO] [stderr]    Compiling actix_img_proc v0.1.0 (/opt/rustwide/workdir)
[INFO] [stderr]     Finished dev [unoptimized + debuginfo] target(s) in 56.23s
[INFO] running `Command { std: "docker" "inspect" "83e1996d13032d709f72c79bce7a0a9ef0d03ea78f5d5bc9f9ca91c4d1c7ac1e", kill_on_drop: false }`
[INFO] running `Command { std: "docker" "rm" "-f" "83e1996d13032d709f72c79bce7a0a9ef0d03ea78f5d5bc9f9ca91c4d1c7ac1e", kill_on_drop: false }`
[INFO] [stdout] 83e1996d13032d709f72c79bce7a0a9ef0d03ea78f5d5bc9f9ca91c4d1c7ac1e
[INFO] running `Command { std: "docker" "create" "-v" "/var/lib/crater-agent-workspace/builds/worker-79/target:/opt/rustwide/target:rw,Z" "-v" "/var/lib/crater-agent-workspace/builds/worker-79/source:/opt/rustwide/workdir:ro,Z" "-v" "/var/lib/crater-agent-workspace/cargo-home:/opt/rustwide/cargo-home:ro,Z" "-v" "/var/lib/crater-agent-workspace/rustup-home:/opt/rustwide/rustup-home:ro,Z" "-e" "SOURCE_DIR=/opt/rustwide/workdir" "-e" "CARGO_TARGET_DIR=/opt/rustwide/target" "-e" "CARGO_INCREMENTAL=0" "-e" "RUST_BACKTRACE=full" "-e" "RUSTFLAGS=--cap-lints=warn" "-e" "CARGO_HOME=/opt/rustwide/cargo-home" "-e" "RUSTUP_HOME=/opt/rustwide/rustup-home" "-w" "/opt/rustwide/workdir" "-m" "1610612736" "--user" "0:0" "--network" "none" "ghcr.io/rust-lang/crates-build-env/linux@sha256:34b6a614d2c27851fe6cbf88fbd1137609cefab8b10d0615aaeb6fd47975d74e" "/opt/rustwide/cargo-home/bin/cargo" "+beta-2021-08-01" "test" "--frozen" "--no-run" "--message-format=json", kill_on_drop: false }`
[INFO] [stdout] 0a9888d2bd37f1028fd95b8633a264b40fd419a28f11865c5f1ba50da284735d
[INFO] running `Command { std: "docker" "start" "-a" "0a9888d2bd37f1028fd95b8633a264b40fd419a28f11865c5f1ba50da284735d", kill_on_drop: false }`
[INFO] [stderr]     Blocking waiting for file lock on package cache
[INFO] [stderr]    Compiling actix_img_proc v0.1.0 (/opt/rustwide/workdir)
[INFO] [stderr]     Finished test [unoptimized + debuginfo] target(s) in 37.83s
[INFO] running `Command { std: "docker" "inspect" "0a9888d2bd37f1028fd95b8633a264b40fd419a28f11865c5f1ba50da284735d", kill_on_drop: false }`
[INFO] running `Command { std: "docker" "rm" "-f" "0a9888d2bd37f1028fd95b8633a264b40fd419a28f11865c5f1ba50da284735d", kill_on_drop: false }`
[INFO] [stdout] 0a9888d2bd37f1028fd95b8633a264b40fd419a28f11865c5f1ba50da284735d
[INFO] running `Command { std: "docker" "create" "-v" "/var/lib/crater-agent-workspace/builds/worker-79/target:/opt/rustwide/target:rw,Z" "-v" "/var/lib/crater-agent-workspace/builds/worker-79/source:/opt/rustwide/workdir:ro,Z" "-v" "/var/lib/crater-agent-workspace/cargo-home:/opt/rustwide/cargo-home:ro,Z" "-v" "/var/lib/crater-agent-workspace/rustup-home:/opt/rustwide/rustup-home:ro,Z" "-e" "SOURCE_DIR=/opt/rustwide/workdir" "-e" "CARGO_TARGET_DIR=/opt/rustwide/target" "-e" "CARGO_INCREMENTAL=0" "-e" "RUST_BACKTRACE=full" "-e" "RUSTFLAGS=--cap-lints=warn" "-e" "CARGO_HOME=/opt/rustwide/cargo-home" "-e" "RUSTUP_HOME=/opt/rustwide/rustup-home" "-w" "/opt/rustwide/workdir" "-m" "1610612736" "--user" "0:0" "--network" "none" "ghcr.io/rust-lang/crates-build-env/linux@sha256:34b6a614d2c27851fe6cbf88fbd1137609cefab8b10d0615aaeb6fd47975d74e" "/opt/rustwide/cargo-home/bin/cargo" "+beta-2021-08-01" "test" "--frozen", kill_on_drop: false }`
[INFO] [stdout] 3de7986622e160873c055a36f880166d4a81968bb4bee6ac12532ac6ea2b6656
[INFO] running `Command { std: "docker" "start" "-a" "3de7986622e160873c055a36f880166d4a81968bb4bee6ac12532ac6ea2b6656", kill_on_drop: false }`
[INFO] [stderr]     Blocking waiting for file lock on package cache
[INFO] [stderr]     Blocking waiting for file lock on package cache
[INFO] [stderr]     Finished test [unoptimized + debuginfo] target(s) in 1.00s
[INFO] [stderr]      Running unittests (/opt/rustwide/target/debug/deps/actix_img_proc-ade25e4eafaa9065)
[INFO] [stdout] 
[INFO] [stdout] running 1 test
[INFO] [stdout] test tests::image_upload_remote_integration_test ... FAILED
[INFO] [stdout] 
[INFO] [stdout] failures:
[INFO] [stdout] 
[INFO] [stdout] ---- tests::image_upload_remote_integration_test stdout ----
[INFO] [stdout] thread 'tests::image_upload_remote_integration_test' panicked at 'called `Result::unwrap()` on an `Err` value: Os { code: 30, kind: ReadOnlyFilesystem, message: "Read-only file system" }', src/main.rs:124:46
[INFO] [stdout] stack backtrace:
[INFO] [stdout]    0:     0x5642c502fa60 - std::backtrace_rs::backtrace::libunwind::trace::hff4d1766e93f64f1
[INFO] [stdout]                                at /rustc/53fd98ca776cb875bc9e5514f56b52eb74f9e7a9/library/std/src/../../backtrace/src/backtrace/libunwind.rs:90:5
[INFO] [stdout]    1:     0x5642c502fa60 - std::backtrace_rs::backtrace::trace_unsynchronized::h56bbc8eb78770bcb
[INFO] [stdout]                                at /rustc/53fd98ca776cb875bc9e5514f56b52eb74f9e7a9/library/std/src/../../backtrace/src/backtrace/mod.rs:66:5
[INFO] [stdout]    2:     0x5642c502fa60 - std::sys_common::backtrace::_print_fmt::h5c8e75464faca780
[INFO] [stdout]                                at /rustc/53fd98ca776cb875bc9e5514f56b52eb74f9e7a9/library/std/src/sys_common/backtrace.rs:67:5
[INFO] [stdout]    3:     0x5642c502fa60 - <std::sys_common::backtrace::_print::DisplayBacktrace as core::fmt::Display>::fmt::h48b88277def8b362
[INFO] [stdout]                                at /rustc/53fd98ca776cb875bc9e5514f56b52eb74f9e7a9/library/std/src/sys_common/backtrace.rs:46:22
[INFO] [stdout]    4:     0x5642c5054b3c - core::fmt::write::h3381b3176fe2b3d3
[INFO] [stdout]                                at /rustc/53fd98ca776cb875bc9e5514f56b52eb74f9e7a9/library/core/src/fmt/mod.rs:1115:17
[INFO] [stdout]    5:     0x5642c50290e5 - std::io::Write::write_fmt::h5f34a676f60246b5
[INFO] [stdout]                                at /rustc/53fd98ca776cb875bc9e5514f56b52eb74f9e7a9/library/std/src/io/mod.rs:1665:15
[INFO] [stdout]    6:     0x5642c5031cab - std::sys_common::backtrace::_print::ha537687d6c17dd0d
[INFO] [stdout]                                at /rustc/53fd98ca776cb875bc9e5514f56b52eb74f9e7a9/library/std/src/sys_common/backtrace.rs:49:5
[INFO] [stdout]    7:     0x5642c5031cab - std::sys_common::backtrace::print::h61376ae57d131d72
[INFO] [stdout]                                at /rustc/53fd98ca776cb875bc9e5514f56b52eb74f9e7a9/library/std/src/sys_common/backtrace.rs:36:9
[INFO] [stdout]    8:     0x5642c5031cab - std::panicking::default_hook::{{closure}}::h0f7208c0b9644a54
[INFO] [stdout]                                at /rustc/53fd98ca776cb875bc9e5514f56b52eb74f9e7a9/library/std/src/panicking.rs:208:50
[INFO] [stdout]    9:     0x5642c50317bc - std::panicking::default_hook::hdac7fc06578c14ce
[INFO] [stdout]                                at /rustc/53fd98ca776cb875bc9e5514f56b52eb74f9e7a9/library/std/src/panicking.rs:222:9
[INFO] [stdout]   10:     0x5642c5032374 - std::panicking::rust_panic_with_hook::h72b21c283da3d1ef
[INFO] [stdout]                                at /rustc/53fd98ca776cb875bc9e5514f56b52eb74f9e7a9/library/std/src/panicking.rs:622:17
[INFO] [stdout]   11:     0x5642c5031e57 - std::panicking::begin_panic_handler::{{closure}}::he5778f1729cff84a
[INFO] [stdout]                                at /rustc/53fd98ca776cb875bc9e5514f56b52eb74f9e7a9/library/std/src/panicking.rs:519:13
[INFO] [stdout]   12:     0x5642c502ff3c - std::sys_common::backtrace::__rust_end_short_backtrace::h2d11ca8b453b4b1d
[INFO] [stdout]                                at /rustc/53fd98ca776cb875bc9e5514f56b52eb74f9e7a9/library/std/src/sys_common/backtrace.rs:141:18
[INFO] [stdout]   13:     0x5642c5031db9 - rust_begin_unwind
[INFO] [stdout]                                at /rustc/53fd98ca776cb875bc9e5514f56b52eb74f9e7a9/library/std/src/panicking.rs:515:5
[INFO] [stdout]   14:     0x5642c4414ab1 - core::panicking::panic_fmt::hf9de31d4acbce4db
[INFO] [stdout]                                at /rustc/53fd98ca776cb875bc9e5514f56b52eb74f9e7a9/library/core/src/panicking.rs:92:14
[INFO] [stdout]   15:     0x5642c4414ba3 - core::result::unwrap_failed::ha0c84e81219e5878
[INFO] [stdout]                                at /rustc/53fd98ca776cb875bc9e5514f56b52eb74f9e7a9/library/core/src/result.rs:1599:5
[INFO] [stdout]   16:     0x5642c4c11497 - core::result::Result<T,E>::unwrap::h02146e1cf6d4399c
[INFO] [stdout]                                at /rustc/53fd98ca776cb875bc9e5514f56b52eb74f9e7a9/library/core/src/result.rs:1281:23
[INFO] [stdout]   17:     0x5642c4453469 - actix_img_proc::app_config::hde8e6a82fbcf67cc
[INFO] [stdout]                                at /opt/rustwide/workdir/src/main.rs:124:5
[INFO] [stdout]   18:     0x5642c4423653 - core::ops::function::FnOnce::call_once::hbe134feeecde4c77
[INFO] [stdout]                                at /rustc/53fd98ca776cb875bc9e5514f56b52eb74f9e7a9/library/core/src/ops/function.rs:227:5
[INFO] [stdout]   19:     0x5642c443c682 - actix_web::app::App<T,B>::configure::h6bb60905c0340d13
[INFO] [stdout]                                at /opt/rustwide/cargo-home/registry/src/github.com-1ecc6299db9ec823/actix-web-2.0.0/src/app.rs:183:9
[INFO] [stdout]   20:     0x5642c442ca44 - actix_img_proc::tests::image_upload_remote_integration_test::{{closure}}::hf803ca8c9854b53b
[INFO] [stdout]                                at /opt/rustwide/workdir/src/tests.rs:36:38
[INFO] [stdout]   21:     0x5642c4465a8b - <core::future::from_generator::GenFuture<T> as core::future::future::Future>::poll::h35488ee51410196f
[INFO] [stdout]                                at /rustc/53fd98ca776cb875bc9e5514f56b52eb74f9e7a9/library/core/src/future/mod.rs:80:19
[INFO] [stdout]   22:     0x5642c4439610 - <tokio::task::local::LocalFuture<F> as core::future::future::Future>::poll::hec3fcdb877710d7d
[INFO] [stdout]                                at /opt/rustwide/cargo-home/registry/src/github.com-1ecc6299db9ec823/tokio-0.2.6/src/task/local.rs:307:38
[INFO] [stdout]   23:     0x5642c444be38 - tokio::runtime::basic_scheduler::BasicScheduler<P>::block_on::{{closure}}::h2ff44c605a95ed29
[INFO] [stdout]                                at /opt/rustwide/cargo-home/registry/src/github.com-1ecc6299db9ec823/tokio-0.2.6/src/runtime/basic_scheduler.rs:139:35
[INFO] [stdout]   24:     0x5642c442b097 - tokio::runtime::global::with_state::{{closure}}::h81d2c27acaa19cb4
[INFO] [stdout]                                at /opt/rustwide/cargo-home/registry/src/github.com-1ecc6299db9ec823/tokio-0.2.6/src/runtime/global.rs:100:9
[INFO] [stdout]   25:     0x5642c445d124 - std::thread::local::LocalKey<T>::try_with::h246d8db4b437c47d
[INFO] [stdout]                                at /rustc/53fd98ca776cb875bc9e5514f56b52eb74f9e7a9/library/std/src/thread/local.rs:399:16
[INFO] [stdout]   26:     0x5642c445cdb6 - std::thread::local::LocalKey<T>::with::h72329eaf6e37d386
[INFO] [stdout]                                at /rustc/53fd98ca776cb875bc9e5514f56b52eb74f9e7a9/library/std/src/thread/local.rs:375:9
[INFO] [stdout]   27:     0x5642c442afa3 - tokio::runtime::global::with_state::hc6b29277f44ecbf0
[INFO] [stdout]                                at /opt/rustwide/cargo-home/registry/src/github.com-1ecc6299db9ec823/tokio-0.2.6/src/runtime/global.rs:83:5
[INFO] [stdout]   28:     0x5642c442b2e5 - tokio::runtime::global::with_basic_scheduler::h25e6bf3db38687ed
[INFO] [stdout]                                at /opt/rustwide/cargo-home/registry/src/github.com-1ecc6299db9ec823/tokio-0.2.6/src/runtime/global.rs:62:5
[INFO] [stdout]   29:     0x5642c444bc50 - tokio::runtime::basic_scheduler::BasicScheduler<P>::block_on::hce5b4f809dc96c05
[INFO] [stdout]                                at /opt/rustwide/cargo-home/registry/src/github.com-1ecc6299db9ec823/tokio-0.2.6/src/runtime/basic_scheduler.rs:122:9
[INFO] [stdout]   30:     0x5642c446ab32 - tokio::runtime::Runtime::block_on::{{closure}}::h65493efafcc47f95
[INFO] [stdout]                                at /opt/rustwide/cargo-home/registry/src/github.com-1ecc6299db9ec823/tokio-0.2.6/src/runtime/mod.rs:419:34
[INFO] [stdout]   31:     0x5642c442b1e6 - tokio::runtime::global::with_state::{{closure}}::ha635cb25924c88e6
[INFO] [stdout]                                at /opt/rustwide/cargo-home/registry/src/github.com-1ecc6299db9ec823/tokio-0.2.6/src/runtime/global.rs:100:9
[INFO] [stdout]   32:     0x5642c445d27a - std::thread::local::LocalKey<T>::try_with::h3d3c7e6d79b96314
[INFO] [stdout]                                at /rustc/53fd98ca776cb875bc9e5514f56b52eb74f9e7a9/library/std/src/thread/local.rs:399:16
[INFO] [stdout]   33:     0x5642c445cd42 - std::thread::local::LocalKey<T>::with::h684d190d21d3c240
[INFO] [stdout]                                at /rustc/53fd98ca776cb875bc9e5514f56b52eb74f9e7a9/library/std/src/thread/local.rs:375:9
[INFO] [stdout]   34:     0x5642c442af4c - tokio::runtime::global::with_state::hbee4ee2468a6c8c8
[INFO] [stdout]                                at /opt/rustwide/cargo-home/registry/src/github.com-1ecc6299db9ec823/tokio-0.2.6/src/runtime/global.rs:83:5
[INFO] [stdout]   35:     0x5642c442b28e - tokio::runtime::global::with_basic_scheduler::h163fb614bbd7c81c
[INFO] [stdout]                                at /opt/rustwide/cargo-home/registry/src/github.com-1ecc6299db9ec823/tokio-0.2.6/src/runtime/global.rs:62:5
[INFO] [stdout]   36:     0x5642c444bfe9 - tokio::runtime::basic_scheduler::Spawner::enter::h3fad946beb721fb3
[INFO] [stdout]                                at /opt/rustwide/cargo-home/registry/src/github.com-1ecc6299db9ec823/tokio-0.2.6/src/runtime/basic_scheduler.rs:174:9
[INFO] [stdout]   37:     0x5642c446abc3 - tokio::runtime::spawner::Spawner::enter::he9542630244c530e
[INFO] [stdout]                                at /opt/rustwide/cargo-home/registry/src/github.com-1ecc6299db9ec823/tokio-0.2.6/src/runtime/spawner.rs:30:40
[INFO] [stdout]   38:     0x5642c4438e05 - tokio::runtime::handle::Handle::enter::{{closure}}::{{closure}}::h5737513dfe0c7635
[INFO] [stdout]                                at /opt/rustwide/cargo-home/registry/src/github.com-1ecc6299db9ec823/tokio-0.2.6/src/runtime/handle.rs:36:67
[INFO] [stdout]   39:     0x5642c4446088 - tokio::time::clock::Clock::enter::h1a7626613cb4ff65
[INFO] [stdout]                                at /opt/rustwide/cargo-home/registry/src/github.com-1ecc6299db9ec823/tokio-0.2.6/src/time/clock.rs:30:13
[INFO] [stdout]   40:     0x5642c442ae84 - tokio::runtime::time::variant::with_default::hc2f50adaed2cbb20
[INFO] [stdout]                                at /opt/rustwide/cargo-home/registry/src/github.com-1ecc6299db9ec823/tokio-0.2.6/src/runtime/time.rs:43:9
[INFO] [stdout]   41:     0x5642c4438d52 - tokio::runtime::handle::Handle::enter::{{closure}}::hb9e39ea2e8e0a5f0
[INFO] [stdout]                                at /opt/rustwide/cargo-home/registry/src/github.com-1ecc6299db9ec823/tokio-0.2.6/src/runtime/handle.rs:36:13
[INFO] [stdout]   42:     0x5642c44460b8 - tokio::runtime::blocking::BlockingPool::enter::hfee765e180b6d196
[INFO] [stdout]                                at /opt/rustwide/cargo-home/registry/src/github.com-1ecc6299db9ec823/tokio-0.2.6/src/runtime/blocking/mod.rs:63:13
[INFO] [stdout]   43:     0x5642c4438cb0 - tokio::runtime::handle::Handle::enter::h3d9cd6757830de24
[INFO] [stdout]                                at /opt/rustwide/cargo-home/registry/src/github.com-1ecc6299db9ec823/tokio-0.2.6/src/runtime/handle.rs:33:9
[INFO] [stdout]   44:     0x5642c446aa7a - tokio::runtime::Runtime::block_on::ha75f91c6c06abef3
[INFO] [stdout]                                at /opt/rustwide/cargo-home/registry/src/github.com-1ecc6299db9ec823/tokio-0.2.6/src/runtime/mod.rs:416:9
[INFO] [stdout]   45:     0x5642c4438a93 - tokio::task::local::LocalSet::block_on::{{closure}}::h273b4ceee6200589
[INFO] [stdout]                                at /opt/rustwide/cargo-home/registry/src/github.com-1ecc6299db9ec823/tokio-0.2.6/src/task/local.rs:288:27
[INFO] [stdout]   46:     0x5642c4438be7 - tokio::task::local::Scheduler::with::{{closure}}::h02586d1a8b1cf034
[INFO] [stdout]                                at /opt/rustwide/cargo-home/registry/src/github.com-1ecc6299db9ec823/tokio-0.2.6/src/task/local.rs:381:13
[INFO] [stdout]   47:     0x5642c445d94a - std::thread::local::LocalKey<T>::try_with::hca9fc7a6386e4ff5
[INFO] [stdout]                                at /rustc/53fd98ca776cb875bc9e5514f56b52eb74f9e7a9/library/std/src/thread/local.rs:399:16
[INFO] [stdout]   48:     0x5642c445cfa2 - std::thread::local::LocalKey<T>::with::hd3b8216b54bc009e
[INFO] [stdout]                                at /rustc/53fd98ca776cb875bc9e5514f56b52eb74f9e7a9/library/std/src/thread/local.rs:375:9
[INFO] [stdout]   49:     0x5642c4438ada - tokio::task::local::Scheduler::with::hb8f23eb95acdee8b
[INFO] [stdout]                                at /opt/rustwide/cargo-home/registry/src/github.com-1ecc6299db9ec823/tokio-0.2.6/src/task/local.rs:377:9
[INFO] [stdout]   50:     0x5642c44389c2 - tokio::task::local::LocalSet::block_on::hba3aad65d9ddc51f
[INFO] [stdout]                                at /opt/rustwide/cargo-home/registry/src/github.com-1ecc6299db9ec823/tokio-0.2.6/src/task/local.rs:287:9
[INFO] [stdout]   51:     0x5642c4447ab3 - actix_rt::runtime::Runtime::block_on::h206ed3cd337b54be
[INFO] [stdout]                                at /opt/rustwide/cargo-home/registry/src/github.com-1ecc6299db9ec823/actix-rt-1.0.0/src/runtime.rs:89:19
[INFO] [stdout]   52:     0x5642c4433e80 - actix_rt::builder::SystemRunner::block_on::haf9d9ddd3788fae3
[INFO] [stdout]                                at /opt/rustwide/cargo-home/registry/src/github.com-1ecc6299db9ec823/actix-rt-1.0.0/src/builder.rs:187:19
[INFO] [stdout]   53:     0x5642c442c82f - actix_img_proc::tests::image_upload_remote_integration_test::hd7a1d140131b0ea8
[INFO] [stdout]                                at /opt/rustwide/workdir/src/tests.rs:34:1
[INFO] [stdout]   54:     0x5642c442c7ca - actix_img_proc::tests::image_upload_remote_integration_test::{{closure}}::h52f7e2dc53aec4cd
[INFO] [stdout]                                at /opt/rustwide/workdir/src/tests.rs:34:1
[INFO] [stdout]   55:     0x5642c44234ae - core::ops::function::FnOnce::call_once::h394ee1e0ba80ea53
[INFO] [stdout]                                at /rustc/53fd98ca776cb875bc9e5514f56b52eb74f9e7a9/library/core/src/ops/function.rs:227:5
[INFO] [stdout]   56:     0x5642c4737543 - core::ops::function::FnOnce::call_once::hbb52c4519d3137b0
[INFO] [stdout]                                at /rustc/53fd98ca776cb875bc9e5514f56b52eb74f9e7a9/library/core/src/ops/function.rs:227:5
[INFO] [stdout]   57:     0x5642c4737543 - test::__rust_begin_short_backtrace::h86fe3a2a5a5121af
[INFO] [stdout]                                at /rustc/53fd98ca776cb875bc9e5514f56b52eb74f9e7a9/library/test/src/lib.rs:578:5
[INFO] [stdout]   58:     0x5642c4735ff8 - <alloc::boxed::Box<F,A> as core::ops::function::FnOnce<Args>>::call_once::hfd956bc3d57399be
[INFO] [stdout]                                at /rustc/53fd98ca776cb875bc9e5514f56b52eb74f9e7a9/library/alloc/src/boxed.rs:1572:9
[INFO] [stdout]   59:     0x5642c4735ff8 - <std::panic::AssertUnwindSafe<F> as core::ops::function::FnOnce<()>>::call_once::h40dc93e0ddb5938a
[INFO] [stdout]                                at /rustc/53fd98ca776cb875bc9e5514f56b52eb74f9e7a9/library/std/src/panic.rs:347:9
[INFO] [stdout]   60:     0x5642c4735ff8 - std::panicking::try::do_call::h90d07750cb47c562
[INFO] [stdout]                                at /rustc/53fd98ca776cb875bc9e5514f56b52eb74f9e7a9/library/std/src/panicking.rs:401:40
[INFO] [stdout]   61:     0x5642c4735ff8 - std::panicking::try::h063c84733ad2a629
[INFO] [stdout]                                at /rustc/53fd98ca776cb875bc9e5514f56b52eb74f9e7a9/library/std/src/panicking.rs:365:19
[INFO] [stdout]   62:     0x5642c4735ff8 - std::panic::catch_unwind::h0c464836a84e7c08
[INFO] [stdout]                                at /rustc/53fd98ca776cb875bc9e5514f56b52eb74f9e7a9/library/std/src/panic.rs:434:14
[INFO] [stdout]   63:     0x5642c4735ff8 - test::run_test_in_process::h5cb06ef620b157fc
[INFO] [stdout]                                at /rustc/53fd98ca776cb875bc9e5514f56b52eb74f9e7a9/library/test/src/lib.rs:601:18
[INFO] [stdout]   64:     0x5642c4735ff8 - test::run_test::run_test_inner::{{closure}}::h76f677f4b93f9828
[INFO] [stdout]                                at /rustc/53fd98ca776cb875bc9e5514f56b52eb74f9e7a9/library/test/src/lib.rs:493:39
[INFO] [stdout]   65:     0x5642c470478d - test::run_test::run_test_inner::{{closure}}::h366d01fe04f4d67a
[INFO] [stdout]                                at /rustc/53fd98ca776cb875bc9e5514f56b52eb74f9e7a9/library/test/src/lib.rs:520:37
[INFO] [stdout]   66:     0x5642c470478d - std::sys_common::backtrace::__rust_begin_short_backtrace::h7dfa0de4eb395af2
[INFO] [stdout]                                at /rustc/53fd98ca776cb875bc9e5514f56b52eb74f9e7a9/library/std/src/sys_common/backtrace.rs:125:18
[INFO] [stdout]   67:     0x5642c4708f58 - std::thread::Builder::spawn_unchecked::{{closure}}::{{closure}}::hf0a74bb58798037f
[INFO] [stdout]                                at /rustc/53fd98ca776cb875bc9e5514f56b52eb74f9e7a9/library/std/src/thread/mod.rs:476:17
[INFO] [stdout]   68:     0x5642c4708f58 - <std::panic::AssertUnwindSafe<F> as core::ops::function::FnOnce<()>>::call_once::hb024e854818586ac
[INFO] [stdout]                                at /rustc/53fd98ca776cb875bc9e5514f56b52eb74f9e7a9/library/std/src/panic.rs:347:9
[INFO] [stdout]   69:     0x5642c4708f58 - std::panicking::try::do_call::hb2dd9f1d0d48e41d
[INFO] [stdout]                                at /rustc/53fd98ca776cb875bc9e5514f56b52eb74f9e7a9/library/std/src/panicking.rs:401:40
[INFO] [stdout]   70:     0x5642c4708f58 - std::panicking::try::h4717ae7bac8b2bf3
[INFO] [stdout]                                at /rustc/53fd98ca776cb875bc9e5514f56b52eb74f9e7a9/library/std/src/panicking.rs:365:19
[INFO] [stdout]   71:     0x5642c4708f58 - std::panic::catch_unwind::h0dc8a061326ce8d8
[INFO] [stdout]                                at /rustc/53fd98ca776cb875bc9e5514f56b52eb74f9e7a9/library/std/src/panic.rs:434:14
[INFO] [stdout]   72:     0x5642c4708f58 - std::thread::Builder::spawn_unchecked::{{closure}}::haa369e2d6fd00aa1
[INFO] [stdout]                                at /rustc/53fd98ca776cb875bc9e5514f56b52eb74f9e7a9/library/std/src/thread/mod.rs:475:30
[INFO] [stdout]   73:     0x5642c4708f58 - core::ops::function::FnOnce::call_once{{vtable.shim}}::h36dcf3de8b056f17
[INFO] [stdout]                                at /rustc/53fd98ca776cb875bc9e5514f56b52eb74f9e7a9/library/core/src/ops/function.rs:227:5
[INFO] [stdout]   74:     0x5642c5037e27 - <alloc::boxed::Box<F,A> as core::ops::function::FnOnce<Args>>::call_once::h65c29e4642be2358
[INFO] [stdout]                                at /rustc/53fd98ca776cb875bc9e5514f56b52eb74f9e7a9/library/alloc/src/boxed.rs:1572:9
[INFO] [stdout]   75:     0x5642c5037e27 - <alloc::boxed::Box<F,A> as core::ops::function::FnOnce<Args>>::call_once::hd0f8f7fbbd9fffbf
[INFO] [stdout]                                at /rustc/53fd98ca776cb875bc9e5514f56b52eb74f9e7a9/library/alloc/src/boxed.rs:1572:9
[INFO] [stdout]   76:     0x5642c5037e27 - std::sys::unix::thread::Thread::new::thread_start::h2fd22fee3ca77b65
[INFO] [stdout]                                at /rustc/53fd98ca776cb875bc9e5514f56b52eb74f9e7a9/library/std/src/sys/unix/thread.rs:74:17
[INFO] [stdout]   77:     0x7ff5d1baa609 - start_thread
[INFO] [stdout]   78:     0x7ff5d197c293 - clone
[INFO] [stdout]   79:                0x0 - <unknown>
[INFO] [stdout] Panic in Arbiter thread.
[INFO] [stdout] 
[INFO] [stdout] 
[INFO] [stdout] failures:
[INFO] [stdout]     tests::image_upload_remote_integration_test
[INFO] [stdout] 
[INFO] [stdout] test result: FAILED. 0 passed; 1 failed; 0 ignored; 0 measured; 0 filtered out; finished in 0.06s
[INFO] [stdout] 
[INFO] [stderr] error: test failed, to rerun pass '--bin actix_img_proc'
[INFO] running `Command { std: "docker" "inspect" "3de7986622e160873c055a36f880166d4a81968bb4bee6ac12532ac6ea2b6656", kill_on_drop: false }`
[INFO] running `Command { std: "docker" "rm" "-f" "3de7986622e160873c055a36f880166d4a81968bb4bee6ac12532ac6ea2b6656", kill_on_drop: false }`
[INFO] [stdout] 3de7986622e160873c055a36f880166d4a81968bb4bee6ac12532ac6ea2b6656
