[INFO] cloning repository https://github.com/keitaroskmt/matroid_bandits
[INFO] running `Command { std: "git" "-c" "credential.helper=" "-c" "credential.helper=/workspace/cargo-home/bin/git-credential-null" "clone" "--bare" "https://github.com/keitaroskmt/matroid_bandits" "/workspace/cache/git-repos/https%3A%2F%2Fgithub.com%2Fkeitaroskmt%2Fmatroid_bandits", kill_on_drop: false }`
[INFO] [stderr] Cloning into bare repository '/workspace/cache/git-repos/https%3A%2F%2Fgithub.com%2Fkeitaroskmt%2Fmatroid_bandits'...
[INFO] running `Command { std: "git" "rev-parse" "HEAD", kill_on_drop: false }`
[INFO] [stdout] 3edb682fdb60f8083c61b650e9ec34bbf7eab762
[INFO] testing keitaroskmt/matroid_bandits against 1.54.0 for beta-1.55-1
[INFO] running `Command { std: "git" "clone" "/workspace/cache/git-repos/https%3A%2F%2Fgithub.com%2Fkeitaroskmt%2Fmatroid_bandits" "/workspace/builds/worker-35/source", kill_on_drop: false }`
[INFO] [stderr] Cloning into '/workspace/builds/worker-35/source'...
[INFO] [stderr] done.
[INFO] validating manifest of git repo https://github.com/keitaroskmt/matroid_bandits on toolchain 1.54.0
[INFO] running `Command { std: "/workspace/cargo-home/bin/cargo" "+1.54.0" "metadata" "--manifest-path" "Cargo.toml" "--no-deps", kill_on_drop: false }`
[INFO] started tweaking git repo https://github.com/keitaroskmt/matroid_bandits
[INFO] finished tweaking git repo https://github.com/keitaroskmt/matroid_bandits
[INFO] tweaked toml for git repo https://github.com/keitaroskmt/matroid_bandits written to /workspace/builds/worker-35/source/Cargo.toml
[INFO] crate git repo https://github.com/keitaroskmt/matroid_bandits already has a lockfile, it will not be regenerated
[INFO] running `Command { std: "/workspace/cargo-home/bin/cargo" "+1.54.0" "fetch" "--manifest-path" "Cargo.toml", kill_on_drop: false }`
[INFO] [stderr]     Blocking waiting for file lock on package cache
[INFO] running `Command { std: "docker" "create" "-v" "/var/lib/crater-agent-workspace/builds/worker-35/target:/opt/rustwide/target:rw,Z" "-v" "/var/lib/crater-agent-workspace/builds/worker-35/source:/opt/rustwide/workdir:ro,Z" "-v" "/var/lib/crater-agent-workspace/cargo-home:/opt/rustwide/cargo-home:ro,Z" "-v" "/var/lib/crater-agent-workspace/rustup-home:/opt/rustwide/rustup-home:ro,Z" "-e" "SOURCE_DIR=/opt/rustwide/workdir" "-e" "CARGO_TARGET_DIR=/opt/rustwide/target" "-e" "CARGO_HOME=/opt/rustwide/cargo-home" "-e" "RUSTUP_HOME=/opt/rustwide/rustup-home" "-w" "/opt/rustwide/workdir" "-m" "1610612736" "--user" "0:0" "--network" "none" "ghcr.io/rust-lang/crates-build-env/linux@sha256:34b6a614d2c27851fe6cbf88fbd1137609cefab8b10d0615aaeb6fd47975d74e" "/opt/rustwide/cargo-home/bin/cargo" "+1.54.0" "metadata" "--no-deps" "--format-version=1", kill_on_drop: false }`
[INFO] [stdout] 6d37aeade7b1e49ed8ee9bd2e5639336c0aad207aed20398b31fd6455373e3aa
[INFO] running `Command { std: "docker" "start" "-a" "6d37aeade7b1e49ed8ee9bd2e5639336c0aad207aed20398b31fd6455373e3aa", kill_on_drop: false }`
[INFO] running `Command { std: "docker" "inspect" "6d37aeade7b1e49ed8ee9bd2e5639336c0aad207aed20398b31fd6455373e3aa", kill_on_drop: false }`
[INFO] running `Command { std: "docker" "rm" "-f" "6d37aeade7b1e49ed8ee9bd2e5639336c0aad207aed20398b31fd6455373e3aa", kill_on_drop: false }`
[INFO] [stdout] 6d37aeade7b1e49ed8ee9bd2e5639336c0aad207aed20398b31fd6455373e3aa
[INFO] running `Command { std: "docker" "create" "-v" "/var/lib/crater-agent-workspace/builds/worker-35/target:/opt/rustwide/target:rw,Z" "-v" "/var/lib/crater-agent-workspace/builds/worker-35/source:/opt/rustwide/workdir:ro,Z" "-v" "/var/lib/crater-agent-workspace/cargo-home:/opt/rustwide/cargo-home:ro,Z" "-v" "/var/lib/crater-agent-workspace/rustup-home:/opt/rustwide/rustup-home:ro,Z" "-e" "SOURCE_DIR=/opt/rustwide/workdir" "-e" "CARGO_TARGET_DIR=/opt/rustwide/target" "-e" "CARGO_INCREMENTAL=0" "-e" "RUST_BACKTRACE=full" "-e" "RUSTFLAGS=--cap-lints=warn" "-e" "CARGO_HOME=/opt/rustwide/cargo-home" "-e" "RUSTUP_HOME=/opt/rustwide/rustup-home" "-w" "/opt/rustwide/workdir" "-m" "1610612736" "--user" "0:0" "--network" "none" "ghcr.io/rust-lang/crates-build-env/linux@sha256:34b6a614d2c27851fe6cbf88fbd1137609cefab8b10d0615aaeb6fd47975d74e" "/opt/rustwide/cargo-home/bin/cargo" "+1.54.0" "build" "--frozen" "--message-format=json", kill_on_drop: false }`
[INFO] [stdout] e6ae4623539e185c62108a8501a974a78320d9800bd4b1fbfcec0f5824c5e014
[INFO] running `Command { std: "docker" "start" "-a" "e6ae4623539e185c62108a8501a974a78320d9800bd4b1fbfcec0f5824c5e014", kill_on_drop: false }`
[INFO] [stderr]     Blocking waiting for file lock on package cache
[INFO] [stderr]    Compiling libc v0.2.94
[INFO] [stderr]    Compiling getrandom v0.2.2
[INFO] [stderr]    Compiling autocfg v1.0.1
[INFO] [stderr]    Compiling libm v0.2.1
[INFO] [stderr]    Compiling ppv-lite86 v0.2.10
[INFO] [stderr]    Compiling num-traits v0.2.14
[INFO] [stderr]    Compiling rand_core v0.6.2
[INFO] [stderr]    Compiling rand_chacha v0.3.0
[INFO] [stderr]    Compiling rand v0.8.3
[INFO] [stderr]    Compiling rand_distr v0.4.0
[INFO] [stderr]    Compiling matroid_bandits v0.1.0 (/opt/rustwide/workdir)
[INFO] [stdout] warning: unused imports: `Distribution`, `Normal`
[INFO] [stdout]  --> src/main.rs:5:18
[INFO] [stdout]   |
[INFO] [stdout] 5 | use rand_distr::{Normal, Distribution};
[INFO] [stdout]   |                  ^^^^^^  ^^^^^^^^^^^^
[INFO] [stdout]   |
[INFO] [stdout]   = note: `#[warn(unused_imports)]` on by default
[INFO] [stdout] 
[INFO] [stdout] 
[INFO] [stdout] warning: unused variable: `error_bound`
[INFO] [stdout]    --> src/solver.rs:169:56
[INFO] [stdout]     |
[INFO] [stdout] 169 |     pub fn exact_expgap(&mut self, S: &HashSet<usize>, error_bound: f64, delta: f64) -> HashSet<usize> {
[INFO] [stdout]     |                                                        ^^^^^^^^^^^ help: if this is intentional, prefix it with an underscore: `_error_bound`
[INFO] [stdout]     |
[INFO] [stdout]     = note: `#[warn(unused_variables)]` on by default
[INFO] [stdout] 
[INFO] [stdout] 
[INFO] [stdout] warning: associated function is never used: `size`
[INFO] [stdout]   --> src/graph.rs:51:12
[INFO] [stdout]    |
[INFO] [stdout] 51 |     pub fn size(&mut self, x: usize) -> usize {
[INFO] [stdout]    |            ^^^^
[INFO] [stdout]    |
[INFO] [stdout]    = note: `#[warn(dead_code)]` on by default
[INFO] [stdout] 
[INFO] [stdout] 
[INFO] [stdout] warning: function is never used: `kruskal`
[INFO] [stdout]   --> src/graph.rs:78:8
[INFO] [stdout]    |
[INFO] [stdout] 78 | pub fn kruskal(n: usize, es: &mut Vec<Edge>) -> f64 {
[INFO] [stdout]    |        ^^^^^^^
[INFO] [stdout] 
[INFO] [stdout] 
[INFO] [stdout] warning: associated function is never used: `cost_diff`
[INFO] [stdout]   --> src/solver.rs:68:12
[INFO] [stdout]    |
[INFO] [stdout] 68 |     pub fn cost_diff(&self) -> Vec<f64> {
[INFO] [stdout]    |            ^^^^^^^^^
[INFO] [stdout] 
[INFO] [stdout] 
[INFO] [stdout] warning: variable `S` should have a snake case name
[INFO] [stdout]   --> src/main.rs:52:13
[INFO] [stdout]    |
[INFO] [stdout] 52 |         let S = (0..size).collect::<HashSet<usize>>();
[INFO] [stdout]    |             ^ help: convert the identifier to snake case (notice the capitalization): `s`
[INFO] [stdout]    |
[INFO] [stdout]    = note: `#[warn(non_snake_case)]` on by default
[INFO] [stdout] 
[INFO] [stdout] 
[INFO] [stdout] warning: variable `S` should have a snake case name
[INFO] [stdout]    --> src/main.rs:114:13
[INFO] [stdout]     |
[INFO] [stdout] 114 |         let S = (0..size).collect::<HashSet<usize>>();
[INFO] [stdout]     |             ^ help: convert the identifier to snake case (notice the capitalization): `s`
[INFO] [stdout] 
[INFO] [stdout] 
[INFO] [stdout] warning: variable `S` should have a snake case name
[INFO] [stdout]   --> src/solver.rs:95:38
[INFO] [stdout]    |
[INFO] [stdout] 95 |     pub fn uniform_sample(&mut self, S: &HashSet<usize>, error_bound: f64, delta: f64) {
[INFO] [stdout]    |                                      ^ help: convert the identifier to snake case (notice the capitalization): `s`
[INFO] [stdout] 
[INFO] [stdout] 
[INFO] [stdout] warning: variable `S` should have a snake case name
[INFO] [stdout]    --> src/solver.rs:105:31
[INFO] [stdout]     |
[INFO] [stdout] 105 |     pub fn naive_i(&mut self, S: &HashSet<usize>, error_bound: f64, delta: f64) -> HashSet<usize> {
[INFO] [stdout]     |                               ^ help: convert the identifier to snake case (notice the capitalization): `s`
[INFO] [stdout] 
[INFO] [stdout] 
[INFO] [stdout] warning: variable `S` should have a snake case name
[INFO] [stdout]    --> src/solver.rs:141:39
[INFO] [stdout]     |
[INFO] [stdout] 141 |     pub fn pac_sampleprune(&mut self, S: &HashSet<usize>, error_bound: f64, delta: f64) -> HashSet<usize> {
[INFO] [stdout]     |                                       ^ help: convert the identifier to snake case (notice the capitalization): `s`
[INFO] [stdout] 
[INFO] [stdout] 
[INFO] [stdout] warning: variable `F` should have a snake case name
[INFO] [stdout]    --> src/solver.rs:149:17
[INFO] [stdout]     |
[INFO] [stdout] 149 |         let mut F = HashSet::new();
[INFO] [stdout]     |                 ^ help: convert the identifier to snake case (notice the capitalization): `f`
[INFO] [stdout] 
[INFO] [stdout] 
[INFO] [stdout] warning: variable `I` should have a snake case name
[INFO] [stdout]    --> src/solver.rs:158:13
[INFO] [stdout]     |
[INFO] [stdout] 158 |         let I = self.pac_sampleprune(&F, alpha, delta / 8.0);
[INFO] [stdout]     |             ^ help: convert the identifier to snake case (notice the capitalization): `i`
[INFO] [stdout] 
[INFO] [stdout] 
[INFO] [stdout] warning: variable `S` should have a snake case name
[INFO] [stdout]    --> src/solver.rs:169:36
[INFO] [stdout]     |
[INFO] [stdout] 169 |     pub fn exact_expgap(&mut self, S: &HashSet<usize>, error_bound: f64, delta: f64) -> HashSet<usize> {
[INFO] [stdout]     |                                    ^ help: convert the identifier to snake case (notice the capitalization): `s`
[INFO] [stdout] 
[INFO] [stdout] 
[INFO] [stdout] warning: variable `I` should have a snake case name
[INFO] [stdout]    --> src/solver.rs:192:21
[INFO] [stdout]     |
[INFO] [stdout] 192 |                 let I = self.pac_sampleprune(&s_cur, eps_r, delta_r);
[INFO] [stdout]     |                     ^ help: convert the identifier to snake case (notice the capitalization): `i`
[INFO] [stdout] 
[INFO] [stdout] 
[INFO] [stdout] warning: variable `U` should have a snake case name
[INFO] [stdout]    --> src/solver.rs:215:25
[INFO] [stdout]     |
[INFO] [stdout] 215 |                 let mut U = HashSet::new();
[INFO] [stdout]     |                         ^ help: convert the identifier to snake case (notice the capitalization): `u`
[INFO] [stdout] 
[INFO] [stdout] 
[INFO] [stdout] warning: variable `S` should have a snake case name
[INFO] [stdout]    --> src/solver.rs:267:29
[INFO] [stdout]     |
[INFO] [stdout] 267 |     pub fn clucb(&mut self, S: &HashSet<usize>, delta: f64) -> HashSet<usize> {
[INFO] [stdout]     |                             ^ help: convert the identifier to snake case (notice the capitalization): `s`
[INFO] [stdout] 
[INFO] [stdout] 
[INFO] [stdout] warning: 16 warnings emitted
[INFO] [stdout] 
[INFO] [stdout] 
[INFO] [stderr]     Finished dev [unoptimized + debuginfo] target(s) in 38.13s
[INFO] running `Command { std: "docker" "inspect" "e6ae4623539e185c62108a8501a974a78320d9800bd4b1fbfcec0f5824c5e014", kill_on_drop: false }`
[INFO] running `Command { std: "docker" "rm" "-f" "e6ae4623539e185c62108a8501a974a78320d9800bd4b1fbfcec0f5824c5e014", kill_on_drop: false }`
[INFO] [stdout] e6ae4623539e185c62108a8501a974a78320d9800bd4b1fbfcec0f5824c5e014
[INFO] running `Command { std: "docker" "create" "-v" "/var/lib/crater-agent-workspace/builds/worker-35/target:/opt/rustwide/target:rw,Z" "-v" "/var/lib/crater-agent-workspace/builds/worker-35/source:/opt/rustwide/workdir:ro,Z" "-v" "/var/lib/crater-agent-workspace/cargo-home:/opt/rustwide/cargo-home:ro,Z" "-v" "/var/lib/crater-agent-workspace/rustup-home:/opt/rustwide/rustup-home:ro,Z" "-e" "SOURCE_DIR=/opt/rustwide/workdir" "-e" "CARGO_TARGET_DIR=/opt/rustwide/target" "-e" "CARGO_INCREMENTAL=0" "-e" "RUST_BACKTRACE=full" "-e" "RUSTFLAGS=--cap-lints=warn" "-e" "CARGO_HOME=/opt/rustwide/cargo-home" "-e" "RUSTUP_HOME=/opt/rustwide/rustup-home" "-w" "/opt/rustwide/workdir" "-m" "1610612736" "--user" "0:0" "--network" "none" "ghcr.io/rust-lang/crates-build-env/linux@sha256:34b6a614d2c27851fe6cbf88fbd1137609cefab8b10d0615aaeb6fd47975d74e" "/opt/rustwide/cargo-home/bin/cargo" "+1.54.0" "test" "--frozen" "--no-run" "--message-format=json", kill_on_drop: false }`
[INFO] [stdout] 72082e7e559c2f2721976031fd66fc6f05d1cad487608c276ec778bde8749efc
[INFO] running `Command { std: "docker" "start" "-a" "72082e7e559c2f2721976031fd66fc6f05d1cad487608c276ec778bde8749efc", kill_on_drop: false }`
[INFO] [stderr]     Blocking waiting for file lock on package cache
[INFO] [stderr]    Compiling matroid_bandits v0.1.0 (/opt/rustwide/workdir)
[INFO] [stdout] warning: unused variable: `error_bound`
[INFO] [stdout]    --> src/solver.rs:169:56
[INFO] [stdout]     |
[INFO] [stdout] 169 |     pub fn exact_expgap(&mut self, S: &HashSet<usize>, error_bound: f64, delta: f64) -> HashSet<usize> {
[INFO] [stdout]     |                                                        ^^^^^^^^^^^ help: if this is intentional, prefix it with an underscore: `_error_bound`
[INFO] [stdout]     |
[INFO] [stdout]     = note: `#[warn(unused_variables)]` on by default
[INFO] [stdout] 
[INFO] [stdout] 
[INFO] [stdout] warning: unused variable: `i`
[INFO] [stdout]    --> src/main.rs:299:13
[INFO] [stdout]     |
[INFO] [stdout] 299 |         for i in 0..num {
[INFO] [stdout]     |             ^ help: if this is intentional, prefix it with an underscore: `_i`
[INFO] [stdout] 
[INFO] [stdout] 
[INFO] [stdout] warning: associated function is never used: `size`
[INFO] [stdout]   --> src/graph.rs:51:12
[INFO] [stdout]    |
[INFO] [stdout] 51 |     pub fn size(&mut self, x: usize) -> usize {
[INFO] [stdout]    |            ^^^^
[INFO] [stdout]    |
[INFO] [stdout]    = note: `#[warn(dead_code)]` on by default
[INFO] [stdout] 
[INFO] [stdout] 
[INFO] [stdout] warning: variable `S` should have a snake case name
[INFO] [stdout]   --> src/main.rs:52:13
[INFO] [stdout]    |
[INFO] [stdout] 52 |         let S = (0..size).collect::<HashSet<usize>>();
[INFO] [stdout]    |             ^ help: convert the identifier to snake case (notice the capitalization): `s`
[INFO] [stdout]    |
[INFO] [stdout]    = note: `#[warn(non_snake_case)]` on by default
[INFO] [stdout] 
[INFO] [stdout] 
[INFO] [stdout] warning: variable `S` should have a snake case name
[INFO] [stdout]    --> src/main.rs:114:13
[INFO] [stdout]     |
[INFO] [stdout] 114 |         let S = (0..size).collect::<HashSet<usize>>();
[INFO] [stdout]     |             ^ help: convert the identifier to snake case (notice the capitalization): `s`
[INFO] [stdout] 
[INFO] [stdout] 
[INFO] [stdout] warning: variable `S` should have a snake case name
[INFO] [stdout]   --> src/solver.rs:95:38
[INFO] [stdout]    |
[INFO] [stdout] 95 |     pub fn uniform_sample(&mut self, S: &HashSet<usize>, error_bound: f64, delta: f64) {
[INFO] [stdout]    |                                      ^ help: convert the identifier to snake case (notice the capitalization): `s`
[INFO] [stdout] 
[INFO] [stdout] 
[INFO] [stdout] warning: variable `S` should have a snake case name
[INFO] [stdout]    --> src/solver.rs:105:31
[INFO] [stdout]     |
[INFO] [stdout] 105 |     pub fn naive_i(&mut self, S: &HashSet<usize>, error_bound: f64, delta: f64) -> HashSet<usize> {
[INFO] [stdout]     |                               ^ help: convert the identifier to snake case (notice the capitalization): `s`
[INFO] [stdout] 
[INFO] [stdout] 
[INFO] [stdout] warning: variable `S` should have a snake case name
[INFO] [stdout]    --> src/solver.rs:141:39
[INFO] [stdout]     |
[INFO] [stdout] 141 |     pub fn pac_sampleprune(&mut self, S: &HashSet<usize>, error_bound: f64, delta: f64) -> HashSet<usize> {
[INFO] [stdout]     |                                       ^ help: convert the identifier to snake case (notice the capitalization): `s`
[INFO] [stdout] 
[INFO] [stdout] 
[INFO] [stdout] warning: variable `F` should have a snake case name
[INFO] [stdout]    --> src/solver.rs:149:17
[INFO] [stdout]     |
[INFO] [stdout] 149 |         let mut F = HashSet::new();
[INFO] [stdout]     |                 ^ help: convert the identifier to snake case (notice the capitalization): `f`
[INFO] [stdout] 
[INFO] [stdout] 
[INFO] [stdout] warning: variable `I` should have a snake case name
[INFO] [stdout]    --> src/solver.rs:158:13
[INFO] [stdout]     |
[INFO] [stdout] 158 |         let I = self.pac_sampleprune(&F, alpha, delta / 8.0);
[INFO] [stdout]     |             ^ help: convert the identifier to snake case (notice the capitalization): `i`
[INFO] [stdout] 
[INFO] [stdout] 
[INFO] [stdout] warning: variable `S` should have a snake case name
[INFO] [stdout]    --> src/solver.rs:169:36
[INFO] [stdout]     |
[INFO] [stdout] 169 |     pub fn exact_expgap(&mut self, S: &HashSet<usize>, error_bound: f64, delta: f64) -> HashSet<usize> {
[INFO] [stdout]     |                                    ^ help: convert the identifier to snake case (notice the capitalization): `s`
[INFO] [stdout] 
[INFO] [stdout] 
[INFO] [stdout] warning: variable `I` should have a snake case name
[INFO] [stdout]    --> src/solver.rs:192:21
[INFO] [stdout]     |
[INFO] [stdout] 192 |                 let I = self.pac_sampleprune(&s_cur, eps_r, delta_r);
[INFO] [stdout]     |                     ^ help: convert the identifier to snake case (notice the capitalization): `i`
[INFO] [stdout] 
[INFO] [stdout] 
[INFO] [stdout] warning: variable `U` should have a snake case name
[INFO] [stdout]    --> src/solver.rs:215:25
[INFO] [stdout]     |
[INFO] [stdout] 215 |                 let mut U = HashSet::new();
[INFO] [stdout]     |                         ^ help: convert the identifier to snake case (notice the capitalization): `u`
[INFO] [stdout] 
[INFO] [stdout] 
[INFO] [stdout] warning: variable `S` should have a snake case name
[INFO] [stdout]    --> src/solver.rs:267:29
[INFO] [stdout]     |
[INFO] [stdout] 267 |     pub fn clucb(&mut self, S: &HashSet<usize>, delta: f64) -> HashSet<usize> {
[INFO] [stdout]     |                             ^ help: convert the identifier to snake case (notice the capitalization): `s`
[INFO] [stdout] 
[INFO] [stdout] 
[INFO] [stdout] warning: variable `F` should have a snake case name
[INFO] [stdout]    --> src/main.rs:218:17
[INFO] [stdout]     |
[INFO] [stdout] 218 |         let mut F = Vec::new();
[INFO] [stdout]     |                 ^ help: convert the identifier to snake case (notice the capitalization): `f`
[INFO] [stdout] 
[INFO] [stdout] 
[INFO] [stdout] warning: variable `S` should have a snake case name
[INFO] [stdout]    --> src/main.rs:291:13
[INFO] [stdout]     |
[INFO] [stdout] 291 |         let S = (0..size).collect::<HashSet<usize>>();
[INFO] [stdout]     |             ^ help: convert the identifier to snake case (notice the capitalization): `s`
[INFO] [stdout] 
[INFO] [stdout] 
[INFO] [stdout] warning: variable `S` should have a snake case name
[INFO] [stdout]    --> src/main.rs:349:13
[INFO] [stdout]     |
[INFO] [stdout] 349 |         let S = (0..size).collect::<HashSet<usize>>();
[INFO] [stdout]     |             ^ help: convert the identifier to snake case (notice the capitalization): `s`
[INFO] [stdout] 
[INFO] [stdout] 
[INFO] [stdout] warning: variable `S` should have a snake case name
[INFO] [stdout]    --> src/main.rs:403:13
[INFO] [stdout]     |
[INFO] [stdout] 403 |         let S = (0..size).collect::<HashSet<usize>>();
[INFO] [stdout]     |             ^ help: convert the identifier to snake case (notice the capitalization): `s`
[INFO] [stdout] 
[INFO] [stdout] 
[INFO] [stdout] warning: variable `S` should have a snake case name
[INFO] [stdout]    --> src/main.rs:453:13
[INFO] [stdout]     |
[INFO] [stdout] 453 |         let S = (0..size).collect::<HashSet<usize>>();
[INFO] [stdout]     |             ^ help: convert the identifier to snake case (notice the capitalization): `s`
[INFO] [stdout] 
[INFO] [stdout] 
[INFO] [stdout] warning: 19 warnings emitted
[INFO] [stdout] 
[INFO] [stdout] 
[INFO] [stderr]     Finished test [unoptimized + debuginfo] target(s) in 1.92s
[INFO] running `Command { std: "docker" "inspect" "72082e7e559c2f2721976031fd66fc6f05d1cad487608c276ec778bde8749efc", kill_on_drop: false }`
[INFO] running `Command { std: "docker" "rm" "-f" "72082e7e559c2f2721976031fd66fc6f05d1cad487608c276ec778bde8749efc", kill_on_drop: false }`
[INFO] [stdout] 72082e7e559c2f2721976031fd66fc6f05d1cad487608c276ec778bde8749efc
[INFO] running `Command { std: "docker" "create" "-v" "/var/lib/crater-agent-workspace/builds/worker-35/target:/opt/rustwide/target:rw,Z" "-v" "/var/lib/crater-agent-workspace/builds/worker-35/source:/opt/rustwide/workdir:ro,Z" "-v" "/var/lib/crater-agent-workspace/cargo-home:/opt/rustwide/cargo-home:ro,Z" "-v" "/var/lib/crater-agent-workspace/rustup-home:/opt/rustwide/rustup-home:ro,Z" "-e" "SOURCE_DIR=/opt/rustwide/workdir" "-e" "CARGO_TARGET_DIR=/opt/rustwide/target" "-e" "CARGO_INCREMENTAL=0" "-e" "RUST_BACKTRACE=full" "-e" "RUSTFLAGS=--cap-lints=warn" "-e" "CARGO_HOME=/opt/rustwide/cargo-home" "-e" "RUSTUP_HOME=/opt/rustwide/rustup-home" "-w" "/opt/rustwide/workdir" "-m" "1610612736" "--user" "0:0" "--network" "none" "ghcr.io/rust-lang/crates-build-env/linux@sha256:34b6a614d2c27851fe6cbf88fbd1137609cefab8b10d0615aaeb6fd47975d74e" "/opt/rustwide/cargo-home/bin/cargo" "+1.54.0" "test" "--frozen", kill_on_drop: false }`
[INFO] [stdout] 0d390d24e03fda0a08520f43e3e66032145c338f0e2f2c9b08a511dfeca638af
[INFO] running `Command { std: "docker" "start" "-a" "0d390d24e03fda0a08520f43e3e66032145c338f0e2f2c9b08a511dfeca638af", kill_on_drop: false }`
[INFO] [stderr] warning: unused variable: `error_bound`
[INFO] [stderr]    --> src/solver.rs:169:56
[INFO] [stderr]     |
[INFO] [stderr] 169 |     pub fn exact_expgap(&mut self, S: &HashSet<usize>, error_bound: f64, delta: f64) -> HashSet<usize> {
[INFO] [stderr]     |                                                        ^^^^^^^^^^^ help: if this is intentional, prefix it with an underscore: `_error_bound`
[INFO] [stderr]     |
[INFO] [stderr]     = note: `#[warn(unused_variables)]` on by default
[INFO] [stderr] 
[INFO] [stderr] warning: unused variable: `i`
[INFO] [stderr]    --> src/main.rs:299:13
[INFO] [stderr]     |
[INFO] [stderr] 299 |         for i in 0..num {
[INFO] [stderr]     |             ^ help: if this is intentional, prefix it with an underscore: `_i`
[INFO] [stderr] 
[INFO] [stderr] warning: associated function is never used: `size`
[INFO] [stderr]   --> src/graph.rs:51:12
[INFO] [stderr]    |
[INFO] [stderr] 51 |     pub fn size(&mut self, x: usize) -> usize {
[INFO] [stderr]    |            ^^^^
[INFO] [stderr]    |
[INFO] [stderr]    = note: `#[warn(dead_code)]` on by default
[INFO] [stderr] 
[INFO] [stderr] warning: variable `S` should have a snake case name
[INFO] [stderr]   --> src/main.rs:52:13
[INFO] [stderr]    |
[INFO] [stderr] 52 |         let S = (0..size).collect::<HashSet<usize>>();
[INFO] [stderr]    |             ^ help: convert the identifier to snake case (notice the capitalization): `s`
[INFO] [stderr]    |
[INFO] [stderr]    = note: `#[warn(non_snake_case)]` on by default
[INFO] [stderr] 
[INFO] [stderr] warning: variable `S` should have a snake case name
[INFO] [stderr]    --> src/main.rs:114:13
[INFO] [stderr]     |
[INFO] [stderr] 114 |         let S = (0..size).collect::<HashSet<usize>>();
[INFO] [stderr]     |             ^ help: convert the identifier to snake case (notice the capitalization): `s`
[INFO] [stderr] 
[INFO] [stderr] warning: variable `S` should have a snake case name
[INFO] [stderr]   --> src/solver.rs:95:38
[INFO] [stderr]    |
[INFO] [stderr] 95 |     pub fn uniform_sample(&mut self, S: &HashSet<usize>, error_bound: f64, delta: f64) {
[INFO] [stderr]    |                                      ^ help: convert the identifier to snake case (notice the capitalization): `s`
[INFO] [stderr] 
[INFO] [stderr] warning: variable `S` should have a snake case name
[INFO] [stderr]    --> src/solver.rs:105:31
[INFO] [stderr]     |
[INFO] [stderr] 105 |     pub fn naive_i(&mut self, S: &HashSet<usize>, error_bound: f64, delta: f64) -> HashSet<usize> {
[INFO] [stderr]     |                               ^ help: convert the identifier to snake case (notice the capitalization): `s`
[INFO] [stderr] 
[INFO] [stderr] warning: variable `S` should have a snake case name
[INFO] [stderr]    --> src/solver.rs:141:39
[INFO] [stderr]     |
[INFO] [stderr] 141 |     pub fn pac_sampleprune(&mut self, S: &HashSet<usize>, error_bound: f64, delta: f64) -> HashSet<usize> {
[INFO] [stderr]     |                                       ^ help: convert the identifier to snake case (notice the capitalization): `s`
[INFO] [stderr] 
[INFO] [stderr] warning: variable `F` should have a snake case name
[INFO] [stderr]    --> src/solver.rs:149:17
[INFO] [stderr]     |
[INFO] [stderr] 149 |         let mut F = HashSet::new();
[INFO] [stderr]     |                 ^ help: convert the identifier to snake case (notice the capitalization): `f`
[INFO] [stderr] 
[INFO] [stderr] warning: variable `I` should have a snake case name
[INFO] [stderr]    --> src/solver.rs:158:13
[INFO] [stderr]     |
[INFO] [stderr] 158 |         let I = self.pac_sampleprune(&F, alpha, delta / 8.0);
[INFO] [stderr]     |             ^ help: convert the identifier to snake case (notice the capitalization): `i`
[INFO] [stderr] 
[INFO] [stderr] warning: variable `S` should have a snake case name
[INFO] [stderr]    --> src/solver.rs:169:36
[INFO] [stderr]     |
[INFO] [stderr] 169 |     pub fn exact_expgap(&mut self, S: &HashSet<usize>, error_bound: f64, delta: f64) -> HashSet<usize> {
[INFO] [stderr]     |                                    ^ help: convert the identifier to snake case (notice the capitalization): `s`
[INFO] [stderr] 
[INFO] [stderr] warning: variable `I` should have a snake case name
[INFO] [stderr]    --> src/solver.rs:192:21
[INFO] [stderr]     |
[INFO] [stderr] 192 |                 let I = self.pac_sampleprune(&s_cur, eps_r, delta_r);
[INFO] [stderr]     |                     ^ help: convert the identifier to snake case (notice the capitalization): `i`
[INFO] [stderr] 
[INFO] [stderr] warning: variable `U` should have a snake case name
[INFO] [stderr]    --> src/solver.rs:215:25
[INFO] [stderr]     |
[INFO] [stderr] 215 |                 let mut U = HashSet::new();
[INFO] [stderr]     |                         ^ help: convert the identifier to snake case (notice the capitalization): `u`
[INFO] [stderr] 
[INFO] [stderr] warning: variable `S` should have a snake case name
[INFO] [stderr]    --> src/solver.rs:267:29
[INFO] [stderr]     |
[INFO] [stderr] 267 |     pub fn clucb(&mut self, S: &HashSet<usize>, delta: f64) -> HashSet<usize> {
[INFO] [stderr]     |                             ^ help: convert the identifier to snake case (notice the capitalization): `s`
[INFO] [stderr] 
[INFO] [stderr] warning: variable `F` should have a snake case name
[INFO] [stderr]    --> src/main.rs:218:17
[INFO] [stderr]     |
[INFO] [stderr] 218 |         let mut F = Vec::new();
[INFO] [stderr]     |                 ^ help: convert the identifier to snake case (notice the capitalization): `f`
[INFO] [stderr] 
[INFO] [stderr] warning: variable `S` should have a snake case name
[INFO] [stderr]    --> src/main.rs:291:13
[INFO] [stderr]     |
[INFO] [stderr] 291 |         let S = (0..size).collect::<HashSet<usize>>();
[INFO] [stderr]     |             ^ help: convert the identifier to snake case (notice the capitalization): `s`
[INFO] [stderr] 
[INFO] [stderr] warning: variable `S` should have a snake case name
[INFO] [stderr]    --> src/main.rs:349:13
[INFO] [stderr]     |
[INFO] [stderr] 349 |         let S = (0..size).collect::<HashSet<usize>>();
[INFO] [stderr]     |             ^ help: convert the identifier to snake case (notice the capitalization): `s`
[INFO] [stderr] 
[INFO] [stderr] warning: variable `S` should have a snake case name
[INFO] [stderr]    --> src/main.rs:403:13
[INFO] [stderr]     |
[INFO] [stderr] 403 |         let S = (0..size).collect::<HashSet<usize>>();
[INFO] [stderr]     |             ^ help: convert the identifier to snake case (notice the capitalization): `s`
[INFO] [stderr] 
[INFO] [stderr] warning: variable `S` should have a snake case name
[INFO] [stderr]    --> src/main.rs:453:13
[INFO] [stderr]     |
[INFO] [stderr] 453 |         let S = (0..size).collect::<HashSet<usize>>();
[INFO] [stderr]     |             ^ help: convert the identifier to snake case (notice the capitalization): `s`
[INFO] [stderr] 
[INFO] [stderr] warning: 19 warnings emitted
[INFO] [stderr] 
[INFO] [stderr]     Finished test [unoptimized + debuginfo] target(s) in 0.02s
[INFO] [stderr]      Running unittests (/opt/rustwide/target/debug/deps/matroid_bandits-1f85280aa1eb4ba3)
[INFO] [stdout] 
[INFO] [stdout] running 10 tests
[INFO] [stdout] test tests::es_sort ... ok
[INFO] [stdout] test tests::test_rank ... ok
[INFO] [stdout] test tests::normal ... ok
[INFO] [stdout] test tests::test_sample ... ok
[INFO] [stdout] test tests::test_struct ... ok
[INFO] [stdout] test tests::test_kruskal ... FAILED
[INFO] [stdout] test tests::test_clucb ... ok
[INFO] [stdout] test tests::test_pac_sampleprune ... ok
[INFO] [stdout] test tests::test_sample_i ... ok
[INFO] [stdout] test tests::test_exact_expgap ... ok
[INFO] [stdout] 
[INFO] [stdout] failures:
[INFO] [stdout] 
[INFO] [stdout] ---- tests::test_kruskal stdout ----
[INFO] [stdout] thread 'tests::test_kruskal' panicked at 'assertion failed: `(left == right)`
[INFO] [stdout]   left: `15.0`,
[INFO] [stdout]  right: `6.0`', src/main.rs:203:9
[INFO] [stdout] stack backtrace:
[INFO] [stdout]    0:     0x5599216651b0 - std::backtrace_rs::backtrace::libunwind::trace::h34055254b57d8e79
[INFO] [stdout]                                at /rustc/a178d0322ce20e33eac124758e837cbd80a6f633/library/std/src/../../backtrace/src/backtrace/libunwind.rs:90:5
[INFO] [stdout]    1:     0x5599216651b0 - std::backtrace_rs::backtrace::trace_unsynchronized::h8f1e3fbd9afff6ec
[INFO] [stdout]                                at /rustc/a178d0322ce20e33eac124758e837cbd80a6f633/library/std/src/../../backtrace/src/backtrace/mod.rs:66:5
[INFO] [stdout]    2:     0x5599216651b0 - std::sys_common::backtrace::_print_fmt::h3a99a796b770c360
[INFO] [stdout]                                at /rustc/a178d0322ce20e33eac124758e837cbd80a6f633/library/std/src/sys_common/backtrace.rs:67:5
[INFO] [stdout]    3:     0x5599216651b0 - <std::sys_common::backtrace::_print::DisplayBacktrace as core::fmt::Display>::fmt::h32d1f94a80615d18
[INFO] [stdout]                                at /rustc/a178d0322ce20e33eac124758e837cbd80a6f633/library/std/src/sys_common/backtrace.rs:46:22
[INFO] [stdout]    4:     0x5599216879bc - core::fmt::write::h306731c068f7162c
[INFO] [stdout]                                at /rustc/a178d0322ce20e33eac124758e837cbd80a6f633/library/core/src/fmt/mod.rs:1110:17
[INFO] [stdout]    5:     0x5599216620d5 - std::io::Write::write_fmt::h87f19b0a2cd190bc
[INFO] [stdout]                                at /rustc/a178d0322ce20e33eac124758e837cbd80a6f633/library/std/src/io/mod.rs:1588:15
[INFO] [stdout]    6:     0x55992166731b - std::sys_common::backtrace::_print::h5abaa2601a852287
[INFO] [stdout]                                at /rustc/a178d0322ce20e33eac124758e837cbd80a6f633/library/std/src/sys_common/backtrace.rs:49:5
[INFO] [stdout]    7:     0x55992166731b - std::sys_common::backtrace::print::h8d81445442bb638f
[INFO] [stdout]                                at /rustc/a178d0322ce20e33eac124758e837cbd80a6f633/library/std/src/sys_common/backtrace.rs:36:9
[INFO] [stdout]    8:     0x55992166731b - std::panicking::default_hook::{{closure}}::hcfe804496a9fa747
[INFO] [stdout]                                at /rustc/a178d0322ce20e33eac124758e837cbd80a6f633/library/std/src/panicking.rs:208:50
[INFO] [stdout]    9:     0x559921666e2c - std::panicking::default_hook::hbea8e3ccf2ba8901
[INFO] [stdout]                                at /rustc/a178d0322ce20e33eac124758e837cbd80a6f633/library/std/src/panicking.rs:222:9
[INFO] [stdout]   10:     0x5599216679e4 - std::panicking::rust_panic_with_hook::h7ee9e1a2d0f8975a
[INFO] [stdout]                                at /rustc/a178d0322ce20e33eac124758e837cbd80a6f633/library/std/src/panicking.rs:622:17
[INFO] [stdout]   11:     0x5599216674c7 - std::panicking::begin_panic_handler::{{closure}}::h8ab3b4491718b2c7
[INFO] [stdout]                                at /rustc/a178d0322ce20e33eac124758e837cbd80a6f633/library/std/src/panicking.rs:519:13
[INFO] [stdout]   12:     0x5599216656ac - std::sys_common::backtrace::__rust_end_short_backtrace::hd489062ffa586a9f
[INFO] [stdout]                                at /rustc/a178d0322ce20e33eac124758e837cbd80a6f633/library/std/src/sys_common/backtrace.rs:141:18
[INFO] [stdout]   13:     0x559921667429 - rust_begin_unwind
[INFO] [stdout]                                at /rustc/a178d0322ce20e33eac124758e837cbd80a6f633/library/std/src/panicking.rs:515:5
[INFO] [stdout]   14:     0x55992159bac1 - core::panicking::panic_fmt::hca6330e3e14086b4
[INFO] [stdout]                                at /rustc/a178d0322ce20e33eac124758e837cbd80a6f633/library/core/src/panicking.rs:92:14
[INFO] [stdout]   15:     0x5599216862d8 - core::panicking::assert_failed_inner::h33b45280069a80ed
[INFO] [stdout]   16:     0x5599215c652a - core::panicking::assert_failed::h6cb0162f49788325
[INFO] [stdout]                                at /rustc/a178d0322ce20e33eac124758e837cbd80a6f633/library/core/src/panicking.rs:117:5
[INFO] [stdout]   17:     0x5599215cf987 - matroid_bandits::tests::test_kruskal::h848872d76fe9afc7
[INFO] [stdout]                                at /opt/rustwide/workdir/src/main.rs:203:9
[INFO] [stdout]   18:     0x5599215cf57a - matroid_bandits::tests::test_kruskal::{{closure}}::h46fe0ec5d6c57e71
[INFO] [stdout]                                at /opt/rustwide/workdir/src/main.rs:185:5
[INFO] [stdout]   19:     0x5599215cd2ce - core::ops::function::FnOnce::call_once::hb9d1e05a15d171e4
[INFO] [stdout]                                at /rustc/a178d0322ce20e33eac124758e837cbd80a6f633/library/core/src/ops/function.rs:227:5
[INFO] [stdout]   20:     0x5599215fcd63 - core::ops::function::FnOnce::call_once::h152e7e439ff59e19
[INFO] [stdout]                                at /rustc/a178d0322ce20e33eac124758e837cbd80a6f633/library/core/src/ops/function.rs:227:5
[INFO] [stdout]   21:     0x5599215fcd63 - test::__rust_begin_short_backtrace::h0908f3b1fdbb72ab
[INFO] [stdout]                                at /rustc/a178d0322ce20e33eac124758e837cbd80a6f633/library/test/src/lib.rs:577:5
[INFO] [stdout]   22:     0x5599215fb820 - <alloc::boxed::Box<F,A> as core::ops::function::FnOnce<Args>>::call_once::hf6d2a51e5587546c
[INFO] [stdout]                                at /rustc/a178d0322ce20e33eac124758e837cbd80a6f633/library/alloc/src/boxed.rs:1575:9
[INFO] [stdout]   23:     0x5599215fb820 - <std::panic::AssertUnwindSafe<F> as core::ops::function::FnOnce<()>>::call_once::h8af660f3a89ef593
[INFO] [stdout]                                at /rustc/a178d0322ce20e33eac124758e837cbd80a6f633/library/std/src/panic.rs:347:9
[INFO] [stdout]   24:     0x5599215fb820 - std::panicking::try::do_call::hd36aef60f84b6d36
[INFO] [stdout]                                at /rustc/a178d0322ce20e33eac124758e837cbd80a6f633/library/std/src/panicking.rs:401:40
[INFO] [stdout]   25:     0x5599215fb820 - std::panicking::try::h9932b4480e69817c
[INFO] [stdout]                                at /rustc/a178d0322ce20e33eac124758e837cbd80a6f633/library/std/src/panicking.rs:365:19
[INFO] [stdout]   26:     0x5599215fb820 - std::panic::catch_unwind::h6aa177099cfff5f8
[INFO] [stdout]                                at /rustc/a178d0322ce20e33eac124758e837cbd80a6f633/library/std/src/panic.rs:434:14
[INFO] [stdout]   27:     0x5599215fb820 - test::run_test_in_process::h5884d6f2d99e20c3
[INFO] [stdout]                                at /rustc/a178d0322ce20e33eac124758e837cbd80a6f633/library/test/src/lib.rs:600:18
[INFO] [stdout]   28:     0x5599215fb820 - test::run_test::run_test_inner::{{closure}}::h6fdc58c6d5f5b6e3
[INFO] [stdout]                                at /rustc/a178d0322ce20e33eac124758e837cbd80a6f633/library/test/src/lib.rs:492:39
[INFO] [stdout]   29:     0x5599215d4ed2 - test::run_test::run_test_inner::{{closure}}::h408365d67a78ade8
[INFO] [stdout]                                at /rustc/a178d0322ce20e33eac124758e837cbd80a6f633/library/test/src/lib.rs:519:37
[INFO] [stdout]   30:     0x5599215d4ed2 - std::sys_common::backtrace::__rust_begin_short_backtrace::hb560b77c4f701523
[INFO] [stdout]                                at /rustc/a178d0322ce20e33eac124758e837cbd80a6f633/library/std/src/sys_common/backtrace.rs:125:18
[INFO] [stdout]   31:     0x5599215d8a88 - std::thread::Builder::spawn_unchecked::{{closure}}::{{closure}}::hf2e7831dad93c597
[INFO] [stdout]                                at /rustc/a178d0322ce20e33eac124758e837cbd80a6f633/library/std/src/thread/mod.rs:481:17
[INFO] [stdout]   32:     0x5599215d8a88 - <std::panic::AssertUnwindSafe<F> as core::ops::function::FnOnce<()>>::call_once::hd2e08783d8be4d02
[INFO] [stdout]                                at /rustc/a178d0322ce20e33eac124758e837cbd80a6f633/library/std/src/panic.rs:347:9
[INFO] [stdout]   33:     0x5599215d8a88 - std::panicking::try::do_call::h062597b7acfd6b82
[INFO] [stdout]                                at /rustc/a178d0322ce20e33eac124758e837cbd80a6f633/library/std/src/panicking.rs:401:40
[INFO] [stdout]   34:     0x5599215d8a88 - std::panicking::try::h0d7b79db04c14552
[INFO] [stdout]                                at /rustc/a178d0322ce20e33eac124758e837cbd80a6f633/library/std/src/panicking.rs:365:19
[INFO] [stdout]   35:     0x5599215d8a88 - std::panic::catch_unwind::hb01a0b5e7c8cd43b
[INFO] [stdout]                                at /rustc/a178d0322ce20e33eac124758e837cbd80a6f633/library/std/src/panic.rs:434:14
[INFO] [stdout]   36:     0x5599215d8a88 - std::thread::Builder::spawn_unchecked::{{closure}}::h5bde48cc887e0d1e
[INFO] [stdout]                                at /rustc/a178d0322ce20e33eac124758e837cbd80a6f633/library/std/src/thread/mod.rs:480:30
[INFO] [stdout]   37:     0x5599215d8a88 - core::ops::function::FnOnce::call_once{{vtable.shim}}::h745ea30807a29e55
[INFO] [stdout]                                at /rustc/a178d0322ce20e33eac124758e837cbd80a6f633/library/core/src/ops/function.rs:227:5
[INFO] [stdout]   38:     0x55992166c4a7 - <alloc::boxed::Box<F,A> as core::ops::function::FnOnce<Args>>::call_once::h7ece6cfefaff1005
[INFO] [stdout]                                at /rustc/a178d0322ce20e33eac124758e837cbd80a6f633/library/alloc/src/boxed.rs:1575:9
[INFO] [stdout]   39:     0x55992166c4a7 - <alloc::boxed::Box<F,A> as core::ops::function::FnOnce<Args>>::call_once::hb8b48e55c21f193e
[INFO] [stdout]                                at /rustc/a178d0322ce20e33eac124758e837cbd80a6f633/library/alloc/src/boxed.rs:1575:9
[INFO] [stdout]   40:     0x55992166c4a7 - std::sys::unix::thread::Thread::new::thread_start::h8c7c4450dba62914
[INFO] [stdout]                                at /rustc/a178d0322ce20e33eac124758e837cbd80a6f633/library/std/src/sys/unix/thread.rs:71:17
[INFO] [stdout]   41:     0x7f53fbc75609 - start_thread
[INFO] [stdout]   42:     0x7f53fbf00293 - clone
[INFO] [stdout]   43:                0x0 - <unknown>
[INFO] [stdout] 
[INFO] [stdout] 
[INFO] [stdout] failures:
[INFO] [stdout]     tests::test_kruskal
[INFO] [stdout] 
[INFO] [stdout] test result: FAILED. 9 passed; 1 failed; 0 ignored; 0 measured; 0 filtered out; finished in 16.38s
[INFO] [stdout] 
[INFO] [stderr] error: test failed, to rerun pass '--bin matroid_bandits'
[INFO] running `Command { std: "docker" "inspect" "0d390d24e03fda0a08520f43e3e66032145c338f0e2f2c9b08a511dfeca638af", kill_on_drop: false }`
[INFO] running `Command { std: "docker" "rm" "-f" "0d390d24e03fda0a08520f43e3e66032145c338f0e2f2c9b08a511dfeca638af", kill_on_drop: false }`
[INFO] [stdout] 0d390d24e03fda0a08520f43e3e66032145c338f0e2f2c9b08a511dfeca638af
