[INFO] cloning repository https://github.com/kegesch/basic-crypto-rs
[INFO] running `Command { std: "git" "-c" "credential.helper=" "-c" "credential.helper=/workspace/cargo-home/bin/git-credential-null" "clone" "--bare" "https://github.com/kegesch/basic-crypto-rs" "/workspace/cache/git-repos/https%3A%2F%2Fgithub.com%2Fkegesch%2Fbasic-crypto-rs", kill_on_drop: false }`
[INFO] [stderr] Cloning into bare repository '/workspace/cache/git-repos/https%3A%2F%2Fgithub.com%2Fkegesch%2Fbasic-crypto-rs'...
[INFO] running `Command { std: "git" "rev-parse" "HEAD", kill_on_drop: false }`
[INFO] [stdout] 3c8168de8754847d794a792c71e1840ee9996950
[INFO] testing kegesch/basic-crypto-rs against 1.54.0 for beta-1.55-1
[INFO] running `Command { std: "git" "clone" "/workspace/cache/git-repos/https%3A%2F%2Fgithub.com%2Fkegesch%2Fbasic-crypto-rs" "/workspace/builds/worker-90/source", kill_on_drop: false }`
[INFO] [stderr] Cloning into '/workspace/builds/worker-90/source'...
[INFO] [stderr] done.
[INFO] validating manifest of git repo https://github.com/kegesch/basic-crypto-rs on toolchain 1.54.0
[INFO] running `Command { std: "/workspace/cargo-home/bin/cargo" "+1.54.0" "metadata" "--manifest-path" "Cargo.toml" "--no-deps", kill_on_drop: false }`
[INFO] started tweaking git repo https://github.com/kegesch/basic-crypto-rs
[INFO] finished tweaking git repo https://github.com/kegesch/basic-crypto-rs
[INFO] tweaked toml for git repo https://github.com/kegesch/basic-crypto-rs written to /workspace/builds/worker-90/source/Cargo.toml
[INFO] crate git repo https://github.com/kegesch/basic-crypto-rs already has a lockfile, it will not be regenerated
[INFO] running `Command { std: "/workspace/cargo-home/bin/cargo" "+1.54.0" "fetch" "--manifest-path" "Cargo.toml", kill_on_drop: false }`
[INFO] [stderr]     Blocking waiting for file lock on package cache
[INFO] [stderr]     Blocking waiting for file lock on package cache
[INFO] running `Command { std: "docker" "create" "-v" "/var/lib/crater-agent-workspace/builds/worker-90/target:/opt/rustwide/target:rw,Z" "-v" "/var/lib/crater-agent-workspace/builds/worker-90/source:/opt/rustwide/workdir:ro,Z" "-v" "/var/lib/crater-agent-workspace/cargo-home:/opt/rustwide/cargo-home:ro,Z" "-v" "/var/lib/crater-agent-workspace/rustup-home:/opt/rustwide/rustup-home:ro,Z" "-e" "SOURCE_DIR=/opt/rustwide/workdir" "-e" "CARGO_TARGET_DIR=/opt/rustwide/target" "-e" "CARGO_HOME=/opt/rustwide/cargo-home" "-e" "RUSTUP_HOME=/opt/rustwide/rustup-home" "-w" "/opt/rustwide/workdir" "-m" "1610612736" "--user" "0:0" "--network" "none" "ghcr.io/rust-lang/crates-build-env/linux@sha256:34b6a614d2c27851fe6cbf88fbd1137609cefab8b10d0615aaeb6fd47975d74e" "/opt/rustwide/cargo-home/bin/cargo" "+1.54.0" "metadata" "--no-deps" "--format-version=1", kill_on_drop: false }`
[INFO] [stdout] 9a082e9e9125798a5c4af061891d0e535ef230a1502f49ad15ac31642a73ad6f
[INFO] running `Command { std: "docker" "start" "-a" "9a082e9e9125798a5c4af061891d0e535ef230a1502f49ad15ac31642a73ad6f", kill_on_drop: false }`
[INFO] running `Command { std: "docker" "inspect" "9a082e9e9125798a5c4af061891d0e535ef230a1502f49ad15ac31642a73ad6f", kill_on_drop: false }`
[INFO] running `Command { std: "docker" "rm" "-f" "9a082e9e9125798a5c4af061891d0e535ef230a1502f49ad15ac31642a73ad6f", kill_on_drop: false }`
[INFO] [stdout] 9a082e9e9125798a5c4af061891d0e535ef230a1502f49ad15ac31642a73ad6f
[INFO] running `Command { std: "docker" "create" "-v" "/var/lib/crater-agent-workspace/builds/worker-90/target:/opt/rustwide/target:rw,Z" "-v" "/var/lib/crater-agent-workspace/builds/worker-90/source:/opt/rustwide/workdir:ro,Z" "-v" "/var/lib/crater-agent-workspace/cargo-home:/opt/rustwide/cargo-home:ro,Z" "-v" "/var/lib/crater-agent-workspace/rustup-home:/opt/rustwide/rustup-home:ro,Z" "-e" "SOURCE_DIR=/opt/rustwide/workdir" "-e" "CARGO_TARGET_DIR=/opt/rustwide/target" "-e" "CARGO_INCREMENTAL=0" "-e" "RUST_BACKTRACE=full" "-e" "RUSTFLAGS=--cap-lints=warn" "-e" "CARGO_HOME=/opt/rustwide/cargo-home" "-e" "RUSTUP_HOME=/opt/rustwide/rustup-home" "-w" "/opt/rustwide/workdir" "-m" "1610612736" "--user" "0:0" "--network" "none" "ghcr.io/rust-lang/crates-build-env/linux@sha256:34b6a614d2c27851fe6cbf88fbd1137609cefab8b10d0615aaeb6fd47975d74e" "/opt/rustwide/cargo-home/bin/cargo" "+1.54.0" "build" "--frozen" "--message-format=json", kill_on_drop: false }`
[INFO] [stdout] 8746c9fd039d928d29c5299c926852262ae86b591caf575ec910def729af429b
[INFO] running `Command { std: "docker" "start" "-a" "8746c9fd039d928d29c5299c926852262ae86b591caf575ec910def729af429b", kill_on_drop: false }`
[INFO] [stderr]    Compiling crypto v0.1.0 (/opt/rustwide/workdir)
[INFO] [stdout] warning: unused variable: `key`
[INFO] [stdout]   --> src/lib.rs:20:40
[INFO] [stdout]    |
[INFO] [stdout] 20 |     let found_pair = map.iter().find(|(key, &val)| val == (h*inverse_l_pos.pow(index) % modulus)).expect("Should find the pair");
[INFO] [stdout]    |                                        ^^^ help: if this is intentional, prefix it with an underscore: `_key`
[INFO] [stdout]    |
[INFO] [stdout]    = note: `#[warn(unused_variables)]` on by default
[INFO] [stdout] 
[INFO] [stdout] 
[INFO] [stdout] warning: function is never used: `shanks`
[INFO] [stdout]  --> src/lib.rs:3:4
[INFO] [stdout]   |
[INFO] [stdout] 3 | fn shanks(h: usize, g: usize, modulus: usize) -> usize {
[INFO] [stdout]   |    ^^^^^^
[INFO] [stdout]   |
[INFO] [stdout]   = note: `#[warn(dead_code)]` on by default
[INFO] [stdout] 
[INFO] [stdout] 
[INFO] [stdout] warning: function is never used: `pohlig_helman`
[INFO] [stdout]   --> src/lib.rs:25:4
[INFO] [stdout]    |
[INFO] [stdout] 25 | fn pohlig_helman() {
[INFO] [stdout]    |    ^^^^^^^^^^^^^
[INFO] [stdout] 
[INFO] [stdout] 
[INFO] [stdout] warning: function is never used: `inverse`
[INFO] [stdout]   --> src/lib.rs:29:4
[INFO] [stdout]    |
[INFO] [stdout] 29 | fn inverse(number: isize, modulus: usize) -> Option<isize> {
[INFO] [stdout]    |    ^^^^^^^
[INFO] [stdout] 
[INFO] [stdout] 
[INFO] [stdout] warning: function is never used: `egcd`
[INFO] [stdout]   --> src/lib.rs:39:4
[INFO] [stdout]    |
[INFO] [stdout] 39 | fn egcd(a: isize, b: isize) -> (isize, isize, isize) {
[INFO] [stdout]    |    ^^^^
[INFO] [stdout] 
[INFO] [stdout] 
[INFO] [stdout] warning: function is never used: `fermat_factorize`
[INFO] [stdout]   --> src/lib.rs:48:4
[INFO] [stdout]    |
[INFO] [stdout] 48 | fn fermat_factorize(N: usize) -> Option<usize> {
[INFO] [stdout]    |    ^^^^^^^^^^^^^^^^
[INFO] [stdout] 
[INFO] [stdout] 
[INFO] [stdout] warning: function is never used: `is_square`
[INFO] [stdout]   --> src/lib.rs:63:4
[INFO] [stdout]    |
[INFO] [stdout] 63 | fn is_square(number: usize) -> bool {
[INFO] [stdout]    |    ^^^^^^^^^
[INFO] [stdout] 
[INFO] [stdout] 
[INFO] [stdout] warning: variable `N` should have a snake case name
[INFO] [stdout]   --> src/lib.rs:48:21
[INFO] [stdout]    |
[INFO] [stdout] 48 | fn fermat_factorize(N: usize) -> Option<usize> {
[INFO] [stdout]    |                     ^ help: convert the identifier to snake case: `n`
[INFO] [stdout]    |
[INFO] [stdout]    = note: `#[warn(non_snake_case)]` on by default
[INFO] [stdout] 
[INFO] [stdout] 
[INFO] [stdout] warning: 8 warnings emitted
[INFO] [stdout] 
[INFO] [stdout] 
[INFO] [stderr]     Finished dev [unoptimized + debuginfo] target(s) in 0.36s
[INFO] running `Command { std: "docker" "inspect" "8746c9fd039d928d29c5299c926852262ae86b591caf575ec910def729af429b", kill_on_drop: false }`
[INFO] running `Command { std: "docker" "rm" "-f" "8746c9fd039d928d29c5299c926852262ae86b591caf575ec910def729af429b", kill_on_drop: false }`
[INFO] [stdout] 8746c9fd039d928d29c5299c926852262ae86b591caf575ec910def729af429b
[INFO] running `Command { std: "docker" "create" "-v" "/var/lib/crater-agent-workspace/builds/worker-90/target:/opt/rustwide/target:rw,Z" "-v" "/var/lib/crater-agent-workspace/builds/worker-90/source:/opt/rustwide/workdir:ro,Z" "-v" "/var/lib/crater-agent-workspace/cargo-home:/opt/rustwide/cargo-home:ro,Z" "-v" "/var/lib/crater-agent-workspace/rustup-home:/opt/rustwide/rustup-home:ro,Z" "-e" "SOURCE_DIR=/opt/rustwide/workdir" "-e" "CARGO_TARGET_DIR=/opt/rustwide/target" "-e" "CARGO_INCREMENTAL=0" "-e" "RUST_BACKTRACE=full" "-e" "RUSTFLAGS=--cap-lints=warn" "-e" "CARGO_HOME=/opt/rustwide/cargo-home" "-e" "RUSTUP_HOME=/opt/rustwide/rustup-home" "-w" "/opt/rustwide/workdir" "-m" "1610612736" "--user" "0:0" "--network" "none" "ghcr.io/rust-lang/crates-build-env/linux@sha256:34b6a614d2c27851fe6cbf88fbd1137609cefab8b10d0615aaeb6fd47975d74e" "/opt/rustwide/cargo-home/bin/cargo" "+1.54.0" "test" "--frozen" "--no-run" "--message-format=json", kill_on_drop: false }`
[INFO] [stdout] 0e60aff7644bb2e195058abd92a71339a4bcf17fb671f05ec09c21ef47ebac01
[INFO] running `Command { std: "docker" "start" "-a" "0e60aff7644bb2e195058abd92a71339a4bcf17fb671f05ec09c21ef47ebac01", kill_on_drop: false }`
[INFO] [stdout] warning: unused variable: `key`
[INFO] [stdout]   --> src/lib.rs:20:40
[INFO] [stdout]    |
[INFO] [stdout] 20 |     let found_pair = map.iter().find(|(key, &val)| val == (h*inverse_l_pos.pow(index) % modulus)).expect("Should find the pair");
[INFO] [stdout]    |                                        ^^^ help: if this is intentional, prefix it with an underscore: `_key`
[INFO] [stdout]    |
[INFO] [stdout]    = note: `#[warn(unused_variables)]` on by default
[INFO] [stdout] 
[INFO] [stdout] 
[INFO] [stderr]    Compiling crypto v0.1.0 (/opt/rustwide/workdir)
[INFO] [stdout] warning: function is never used: `shanks`
[INFO] [stdout]  --> src/lib.rs:3:4
[INFO] [stdout]   |
[INFO] [stdout] 3 | fn shanks(h: usize, g: usize, modulus: usize) -> usize {
[INFO] [stdout]   |    ^^^^^^
[INFO] [stdout]   |
[INFO] [stdout]   = note: `#[warn(dead_code)]` on by default
[INFO] [stdout] 
[INFO] [stdout] 
[INFO] [stdout] warning: function is never used: `pohlig_helman`
[INFO] [stdout]   --> src/lib.rs:25:4
[INFO] [stdout]    |
[INFO] [stdout] 25 | fn pohlig_helman() {
[INFO] [stdout]    |    ^^^^^^^^^^^^^
[INFO] [stdout] 
[INFO] [stdout] 
[INFO] [stdout] warning: function is never used: `inverse`
[INFO] [stdout]   --> src/lib.rs:29:4
[INFO] [stdout]    |
[INFO] [stdout] 29 | fn inverse(number: isize, modulus: usize) -> Option<isize> {
[INFO] [stdout]    |    ^^^^^^^
[INFO] [stdout] 
[INFO] [stdout] 
[INFO] [stdout] warning: function is never used: `egcd`
[INFO] [stdout]   --> src/lib.rs:39:4
[INFO] [stdout]    |
[INFO] [stdout] 39 | fn egcd(a: isize, b: isize) -> (isize, isize, isize) {
[INFO] [stdout]    |    ^^^^
[INFO] [stdout] 
[INFO] [stdout] 
[INFO] [stdout] warning: function is never used: `fermat_factorize`
[INFO] [stdout]   --> src/lib.rs:48:4
[INFO] [stdout]    |
[INFO] [stdout] 48 | fn fermat_factorize(N: usize) -> Option<usize> {
[INFO] [stdout]    |    ^^^^^^^^^^^^^^^^
[INFO] [stdout] 
[INFO] [stdout] 
[INFO] [stdout] warning: function is never used: `is_square`
[INFO] [stdout]   --> src/lib.rs:63:4
[INFO] [stdout]    |
[INFO] [stdout] 63 | fn is_square(number: usize) -> bool {
[INFO] [stdout]    |    ^^^^^^^^^
[INFO] [stdout] 
[INFO] [stdout] 
[INFO] [stdout] warning: variable `N` should have a snake case name
[INFO] [stdout]   --> src/lib.rs:48:21
[INFO] [stdout]    |
[INFO] [stdout] 48 | fn fermat_factorize(N: usize) -> Option<usize> {
[INFO] [stdout]    |                     ^ help: convert the identifier to snake case: `n`
[INFO] [stdout]    |
[INFO] [stdout]    = note: `#[warn(non_snake_case)]` on by default
[INFO] [stdout] 
[INFO] [stdout] 
[INFO] [stdout] warning: 8 warnings emitted
[INFO] [stdout] 
[INFO] [stdout] 
[INFO] [stdout] warning: unused variable: `key`
[INFO] [stdout]   --> src/lib.rs:20:40
[INFO] [stdout]    |
[INFO] [stdout] 20 |     let found_pair = map.iter().find(|(key, &val)| val == (h*inverse_l_pos.pow(index) % modulus)).expect("Should find the pair");
[INFO] [stdout]    |                                        ^^^ help: if this is intentional, prefix it with an underscore: `_key`
[INFO] [stdout]    |
[INFO] [stdout]    = note: `#[warn(unused_variables)]` on by default
[INFO] [stdout] 
[INFO] [stdout] 
[INFO] [stdout] warning: function is never used: `pohlig_helman`
[INFO] [stdout]   --> src/lib.rs:25:4
[INFO] [stdout]    |
[INFO] [stdout] 25 | fn pohlig_helman() {
[INFO] [stdout]    |    ^^^^^^^^^^^^^
[INFO] [stdout]    |
[INFO] [stdout]    = note: `#[warn(dead_code)]` on by default
[INFO] [stdout] 
[INFO] [stdout] 
[INFO] [stdout] warning: variable `N` should have a snake case name
[INFO] [stdout]   --> src/lib.rs:48:21
[INFO] [stdout]    |
[INFO] [stdout] 48 | fn fermat_factorize(N: usize) -> Option<usize> {
[INFO] [stdout]    |                     ^ help: convert the identifier to snake case: `n`
[INFO] [stdout]    |
[INFO] [stdout]    = note: `#[warn(non_snake_case)]` on by default
[INFO] [stdout] 
[INFO] [stdout] 
[INFO] [stdout] warning: 3 warnings emitted
[INFO] [stdout] 
[INFO] [stdout] 
[INFO] [stderr]     Finished test [unoptimized + debuginfo] target(s) in 0.78s
[INFO] running `Command { std: "docker" "inspect" "0e60aff7644bb2e195058abd92a71339a4bcf17fb671f05ec09c21ef47ebac01", kill_on_drop: false }`
[INFO] running `Command { std: "docker" "rm" "-f" "0e60aff7644bb2e195058abd92a71339a4bcf17fb671f05ec09c21ef47ebac01", kill_on_drop: false }`
[INFO] [stdout] 0e60aff7644bb2e195058abd92a71339a4bcf17fb671f05ec09c21ef47ebac01
[INFO] running `Command { std: "docker" "create" "-v" "/var/lib/crater-agent-workspace/builds/worker-90/target:/opt/rustwide/target:rw,Z" "-v" "/var/lib/crater-agent-workspace/builds/worker-90/source:/opt/rustwide/workdir:ro,Z" "-v" "/var/lib/crater-agent-workspace/cargo-home:/opt/rustwide/cargo-home:ro,Z" "-v" "/var/lib/crater-agent-workspace/rustup-home:/opt/rustwide/rustup-home:ro,Z" "-e" "SOURCE_DIR=/opt/rustwide/workdir" "-e" "CARGO_TARGET_DIR=/opt/rustwide/target" "-e" "CARGO_INCREMENTAL=0" "-e" "RUST_BACKTRACE=full" "-e" "RUSTFLAGS=--cap-lints=warn" "-e" "CARGO_HOME=/opt/rustwide/cargo-home" "-e" "RUSTUP_HOME=/opt/rustwide/rustup-home" "-w" "/opt/rustwide/workdir" "-m" "1610612736" "--user" "0:0" "--network" "none" "ghcr.io/rust-lang/crates-build-env/linux@sha256:34b6a614d2c27851fe6cbf88fbd1137609cefab8b10d0615aaeb6fd47975d74e" "/opt/rustwide/cargo-home/bin/cargo" "+1.54.0" "test" "--frozen", kill_on_drop: false }`
[INFO] [stdout] e1a07b2f9c2ecf087585e26ca2f6bbb3e07c7470838b09b590f900a80de1c0d9
[INFO] running `Command { std: "docker" "start" "-a" "e1a07b2f9c2ecf087585e26ca2f6bbb3e07c7470838b09b590f900a80de1c0d9", kill_on_drop: false }`
[INFO] [stderr] warning: unused variable: `key`
[INFO] [stderr]   --> src/lib.rs:20:40
[INFO] [stderr]    |
[INFO] [stderr] 20 |     let found_pair = map.iter().find(|(key, &val)| val == (h*inverse_l_pos.pow(index) % modulus)).expect("Should find the pair");
[INFO] [stderr]    |                                        ^^^ help: if this is intentional, prefix it with an underscore: `_key`
[INFO] [stderr]    |
[INFO] [stderr]    = note: `#[warn(unused_variables)]` on by default
[INFO] [stderr] 
[INFO] [stderr] warning: function is never used: `shanks`
[INFO] [stderr]  --> src/lib.rs:3:4
[INFO] [stderr]   |
[INFO] [stderr] 3 | fn shanks(h: usize, g: usize, modulus: usize) -> usize {
[INFO] [stderr]   |    ^^^^^^
[INFO] [stderr]   |
[INFO] [stderr]   = note: `#[warn(dead_code)]` on by default
[INFO] [stderr] 
[INFO] [stderr] warning: function is never used: `pohlig_helman`
[INFO] [stderr]   --> src/lib.rs:25:4
[INFO] [stderr]    |
[INFO] [stderr] 25 | fn pohlig_helman() {
[INFO] [stderr]    |    ^^^^^^^^^^^^^
[INFO] [stderr] 
[INFO] [stderr] warning: function is never used: `inverse`
[INFO] [stderr]   --> src/lib.rs:29:4
[INFO] [stderr]    |
[INFO] [stderr] 29 | fn inverse(number: isize, modulus: usize) -> Option<isize> {
[INFO] [stderr]    |    ^^^^^^^
[INFO] [stderr] 
[INFO] [stderr] warning: function is never used: `egcd`
[INFO] [stderr]   --> src/lib.rs:39:4
[INFO] [stderr]    |
[INFO] [stderr] 39 | fn egcd(a: isize, b: isize) -> (isize, isize, isize) {
[INFO] [stderr]    |    ^^^^
[INFO] [stderr] 
[INFO] [stderr] warning: function is never used: `fermat_factorize`
[INFO] [stderr]   --> src/lib.rs:48:4
[INFO] [stderr]    |
[INFO] [stderr] 48 | fn fermat_factorize(N: usize) -> Option<usize> {
[INFO] [stderr]    |    ^^^^^^^^^^^^^^^^
[INFO] [stderr] 
[INFO] [stderr] warning: function is never used: `is_square`
[INFO] [stderr]   --> src/lib.rs:63:4
[INFO] [stderr]    |
[INFO] [stderr] 63 | fn is_square(number: usize) -> bool {
[INFO] [stderr]    |    ^^^^^^^^^
[INFO] [stderr] 
[INFO] [stderr] warning: variable `N` should have a snake case name
[INFO] [stderr]   --> src/lib.rs:48:21
[INFO] [stderr]    |
[INFO] [stderr] 48 | fn fermat_factorize(N: usize) -> Option<usize> {
[INFO] [stderr]    |                     ^ help: convert the identifier to snake case: `n`
[INFO] [stderr]    |
[INFO] [stderr]    = note: `#[warn(non_snake_case)]` on by default
[INFO] [stderr] 
[INFO] [stderr] warning: 8 warnings emitted
[INFO] [stderr] 
[INFO] [stderr] warning: unused variable: `key`
[INFO] [stderr]   --> src/lib.rs:20:40
[INFO] [stderr]    |
[INFO] [stderr] 20 |     let found_pair = map.iter().find(|(key, &val)| val == (h*inverse_l_pos.pow(index) % modulus)).expect("Should find the pair");
[INFO] [stderr]    |                                        ^^^ help: if this is intentional, prefix it with an underscore: `_key`
[INFO] [stderr]    |
[INFO] [stderr]    = note: `#[warn(unused_variables)]` on by default
[INFO] [stderr] 
[INFO] [stderr] warning: function is never used: `pohlig_helman`
[INFO] [stderr]   --> src/lib.rs:25:4
[INFO] [stderr]    |
[INFO] [stderr] 25 | fn pohlig_helman() {
[INFO] [stderr]    |    ^^^^^^^^^^^^^
[INFO] [stderr]    |
[INFO] [stderr]    = note: `#[warn(dead_code)]` on by default
[INFO] [stderr] 
[INFO] [stderr] warning: variable `N` should have a snake case name
[INFO] [stderr]   --> src/lib.rs:48:21
[INFO] [stderr]    |
[INFO] [stderr] 48 | fn fermat_factorize(N: usize) -> Option<usize> {
[INFO] [stderr]    |                     ^ help: convert the identifier to snake case: `n`
[INFO] [stderr]    |
[INFO] [stderr]    = note: `#[warn(non_snake_case)]` on by default
[INFO] [stderr] 
[INFO] [stderr] warning: 3 warnings emitted
[INFO] [stderr] 
[INFO] [stderr]     Finished test [unoptimized + debuginfo] target(s) in 0.25s
[INFO] [stderr]      Running unittests (/opt/rustwide/target/debug/deps/crypto-46be75ee767ac083)
[INFO] [stdout] 
[INFO] [stdout] running 5 tests
[INFO] [stdout] test tests::fermat_facto_test ... ok
[INFO] [stdout] test tests::is_square_test ... ok
[INFO] [stdout] test tests::inverse_mod_test ... ok
[INFO] [stdout] test tests::shanks_test ... ok
[INFO] [stdout] test tests::egcd_test ... FAILED
[INFO] [stdout] 
[INFO] [stdout] failures:
[INFO] [stdout] 
[INFO] [stdout] ---- tests::egcd_test stdout ----
[INFO] [stdout] thread 'tests::egcd_test' panicked at 'assertion failed: `(left == right)`
[INFO] [stdout]   left: `(1, 5, -6)`,
[INFO] [stdout]  right: `(1, -6, 5)`', src/lib.rs:88:9
[INFO] [stdout] stack backtrace:
[INFO] [stdout]    0:     0x561b9ef16470 - std::backtrace_rs::backtrace::libunwind::trace::h34055254b57d8e79
[INFO] [stdout]                                at /rustc/a178d0322ce20e33eac124758e837cbd80a6f633/library/std/src/../../backtrace/src/backtrace/libunwind.rs:90:5
[INFO] [stdout]    1:     0x561b9ef16470 - std::backtrace_rs::backtrace::trace_unsynchronized::h8f1e3fbd9afff6ec
[INFO] [stdout]                                at /rustc/a178d0322ce20e33eac124758e837cbd80a6f633/library/std/src/../../backtrace/src/backtrace/mod.rs:66:5
[INFO] [stdout]    2:     0x561b9ef16470 - std::sys_common::backtrace::_print_fmt::h3a99a796b770c360
[INFO] [stdout]                                at /rustc/a178d0322ce20e33eac124758e837cbd80a6f633/library/std/src/sys_common/backtrace.rs:67:5
[INFO] [stdout]    3:     0x561b9ef16470 - <std::sys_common::backtrace::_print::DisplayBacktrace as core::fmt::Display>::fmt::h32d1f94a80615d18
[INFO] [stdout]                                at /rustc/a178d0322ce20e33eac124758e837cbd80a6f633/library/std/src/sys_common/backtrace.rs:46:22
[INFO] [stdout]    4:     0x561b9ef38c6c - core::fmt::write::h306731c068f7162c
[INFO] [stdout]                                at /rustc/a178d0322ce20e33eac124758e837cbd80a6f633/library/core/src/fmt/mod.rs:1110:17
[INFO] [stdout]    5:     0x561b9ef13395 - std::io::Write::write_fmt::h87f19b0a2cd190bc
[INFO] [stdout]                                at /rustc/a178d0322ce20e33eac124758e837cbd80a6f633/library/std/src/io/mod.rs:1588:15
[INFO] [stdout]    6:     0x561b9ef185db - std::sys_common::backtrace::_print::h5abaa2601a852287
[INFO] [stdout]                                at /rustc/a178d0322ce20e33eac124758e837cbd80a6f633/library/std/src/sys_common/backtrace.rs:49:5
[INFO] [stdout]    7:     0x561b9ef185db - std::sys_common::backtrace::print::h8d81445442bb638f
[INFO] [stdout]                                at /rustc/a178d0322ce20e33eac124758e837cbd80a6f633/library/std/src/sys_common/backtrace.rs:36:9
[INFO] [stdout]    8:     0x561b9ef185db - std::panicking::default_hook::{{closure}}::hcfe804496a9fa747
[INFO] [stdout]                                at /rustc/a178d0322ce20e33eac124758e837cbd80a6f633/library/std/src/panicking.rs:208:50
[INFO] [stdout]    9:     0x561b9ef180ec - std::panicking::default_hook::hbea8e3ccf2ba8901
[INFO] [stdout]                                at /rustc/a178d0322ce20e33eac124758e837cbd80a6f633/library/std/src/panicking.rs:222:9
[INFO] [stdout]   10:     0x561b9ef18ca4 - std::panicking::rust_panic_with_hook::h7ee9e1a2d0f8975a
[INFO] [stdout]                                at /rustc/a178d0322ce20e33eac124758e837cbd80a6f633/library/std/src/panicking.rs:622:17
[INFO] [stdout]   11:     0x561b9ef18787 - std::panicking::begin_panic_handler::{{closure}}::h8ab3b4491718b2c7
[INFO] [stdout]                                at /rustc/a178d0322ce20e33eac124758e837cbd80a6f633/library/std/src/panicking.rs:519:13
[INFO] [stdout]   12:     0x561b9ef1696c - std::sys_common::backtrace::__rust_end_short_backtrace::hd489062ffa586a9f
[INFO] [stdout]                                at /rustc/a178d0322ce20e33eac124758e837cbd80a6f633/library/std/src/sys_common/backtrace.rs:141:18
[INFO] [stdout]   13:     0x561b9ef186e9 - rust_begin_unwind
[INFO] [stdout]                                at /rustc/a178d0322ce20e33eac124758e837cbd80a6f633/library/std/src/panicking.rs:515:5
[INFO] [stdout]   14:     0x561b9eeb8651 - core::panicking::panic_fmt::hca6330e3e14086b4
[INFO] [stdout]                                at /rustc/a178d0322ce20e33eac124758e837cbd80a6f633/library/core/src/panicking.rs:92:14
[INFO] [stdout]   15:     0x561b9ef37588 - core::panicking::assert_failed_inner::h33b45280069a80ed
[INFO] [stdout]   16:     0x561b9eebff9a - core::panicking::assert_failed::h2f0967d4330b1066
[INFO] [stdout]                                at /rustc/a178d0322ce20e33eac124758e837cbd80a6f633/library/core/src/panicking.rs:117:5
[INFO] [stdout]   17:     0x561b9eebf906 - crypto::tests::egcd_test::h9d1af985385ff6e1
[INFO] [stdout]                                at /opt/rustwide/workdir/src/lib.rs:88:9
[INFO] [stdout]   18:     0x561b9eebf85a - crypto::tests::egcd_test::{{closure}}::h10899ebd61dd2d18
[INFO] [stdout]                                at /opt/rustwide/workdir/src/lib.rs:87:5
[INFO] [stdout]   19:     0x561b9eebf34e - core::ops::function::FnOnce::call_once::h8d15720d05711759
[INFO] [stdout]                                at /rustc/a178d0322ce20e33eac124758e837cbd80a6f633/library/core/src/ops/function.rs:227:5
[INFO] [stdout]   20:     0x561b9eeed973 - core::ops::function::FnOnce::call_once::h152e7e439ff59e19
[INFO] [stdout]                                at /rustc/a178d0322ce20e33eac124758e837cbd80a6f633/library/core/src/ops/function.rs:227:5
[INFO] [stdout]   21:     0x561b9eeed973 - test::__rust_begin_short_backtrace::h0908f3b1fdbb72ab
[INFO] [stdout]                                at /rustc/a178d0322ce20e33eac124758e837cbd80a6f633/library/test/src/lib.rs:577:5
[INFO] [stdout]   22:     0x561b9eeec430 - <alloc::boxed::Box<F,A> as core::ops::function::FnOnce<Args>>::call_once::hf6d2a51e5587546c
[INFO] [stdout]                                at /rustc/a178d0322ce20e33eac124758e837cbd80a6f633/library/alloc/src/boxed.rs:1575:9
[INFO] [stdout]   23:     0x561b9eeec430 - <std::panic::AssertUnwindSafe<F> as core::ops::function::FnOnce<()>>::call_once::h8af660f3a89ef593
[INFO] [stdout]                                at /rustc/a178d0322ce20e33eac124758e837cbd80a6f633/library/std/src/panic.rs:347:9
[INFO] [stdout]   24:     0x561b9eeec430 - std::panicking::try::do_call::hd36aef60f84b6d36
[INFO] [stdout]                                at /rustc/a178d0322ce20e33eac124758e837cbd80a6f633/library/std/src/panicking.rs:401:40
[INFO] [stdout]   25:     0x561b9eeec430 - std::panicking::try::h9932b4480e69817c
[INFO] [stdout]                                at /rustc/a178d0322ce20e33eac124758e837cbd80a6f633/library/std/src/panicking.rs:365:19
[INFO] [stdout]   26:     0x561b9eeec430 - std::panic::catch_unwind::h6aa177099cfff5f8
[INFO] [stdout]                                at /rustc/a178d0322ce20e33eac124758e837cbd80a6f633/library/std/src/panic.rs:434:14
[INFO] [stdout]   27:     0x561b9eeec430 - test::run_test_in_process::h5884d6f2d99e20c3
[INFO] [stdout]                                at /rustc/a178d0322ce20e33eac124758e837cbd80a6f633/library/test/src/lib.rs:600:18
[INFO] [stdout]   28:     0x561b9eeec430 - test::run_test::run_test_inner::{{closure}}::h6fdc58c6d5f5b6e3
[INFO] [stdout]                                at /rustc/a178d0322ce20e33eac124758e837cbd80a6f633/library/test/src/lib.rs:492:39
[INFO] [stdout]   29:     0x561b9eec5ae2 - test::run_test::run_test_inner::{{closure}}::h408365d67a78ade8
[INFO] [stdout]                                at /rustc/a178d0322ce20e33eac124758e837cbd80a6f633/library/test/src/lib.rs:519:37
[INFO] [stdout]   30:     0x561b9eec5ae2 - std::sys_common::backtrace::__rust_begin_short_backtrace::hb560b77c4f701523
[INFO] [stdout]                                at /rustc/a178d0322ce20e33eac124758e837cbd80a6f633/library/std/src/sys_common/backtrace.rs:125:18
[INFO] [stdout]   31:     0x561b9eec9698 - std::thread::Builder::spawn_unchecked::{{closure}}::{{closure}}::hf2e7831dad93c597
[INFO] [stdout]                                at /rustc/a178d0322ce20e33eac124758e837cbd80a6f633/library/std/src/thread/mod.rs:481:17
[INFO] [stdout]   32:     0x561b9eec9698 - <std::panic::AssertUnwindSafe<F> as core::ops::function::FnOnce<()>>::call_once::hd2e08783d8be4d02
[INFO] [stdout]                                at /rustc/a178d0322ce20e33eac124758e837cbd80a6f633/library/std/src/panic.rs:347:9
[INFO] [stdout]   33:     0x561b9eec9698 - std::panicking::try::do_call::h062597b7acfd6b82
[INFO] [stdout]                                at /rustc/a178d0322ce20e33eac124758e837cbd80a6f633/library/std/src/panicking.rs:401:40
[INFO] [stdout]   34:     0x561b9eec9698 - std::panicking::try::h0d7b79db04c14552
[INFO] [stdout]                                at /rustc/a178d0322ce20e33eac124758e837cbd80a6f633/library/std/src/panicking.rs:365:19
[INFO] [stdout]   35:     0x561b9eec9698 - std::panic::catch_unwind::hb01a0b5e7c8cd43b
[INFO] [stdout]                                at /rustc/a178d0322ce20e33eac124758e837cbd80a6f633/library/std/src/panic.rs:434:14
[INFO] [stdout]   36:     0x561b9eec9698 - std::thread::Builder::spawn_unchecked::{{closure}}::h5bde48cc887e0d1e
[INFO] [stdout]                                at /rustc/a178d0322ce20e33eac124758e837cbd80a6f633/library/std/src/thread/mod.rs:480:30
[INFO] [stdout]   37:     0x561b9eec9698 - core::ops::function::FnOnce::call_once{{vtable.shim}}::h745ea30807a29e55
[INFO] [stdout]                                at /rustc/a178d0322ce20e33eac124758e837cbd80a6f633/library/core/src/ops/function.rs:227:5
[INFO] [stdout]   38:     0x561b9ef1d767 - <alloc::boxed::Box<F,A> as core::ops::function::FnOnce<Args>>::call_once::h7ece6cfefaff1005
[INFO] [stdout]                                at /rustc/a178d0322ce20e33eac124758e837cbd80a6f633/library/alloc/src/boxed.rs:1575:9
[INFO] [stdout]   39:     0x561b9ef1d767 - <alloc::boxed::Box<F,A> as core::ops::function::FnOnce<Args>>::call_once::hb8b48e55c21f193e
[INFO] [stdout]                                at /rustc/a178d0322ce20e33eac124758e837cbd80a6f633/library/alloc/src/boxed.rs:1575:9
[INFO] [stdout]   40:     0x561b9ef1d767 - std::sys::unix::thread::Thread::new::thread_start::h8c7c4450dba62914
[INFO] [stdout]                                at /rustc/a178d0322ce20e33eac124758e837cbd80a6f633/library/std/src/sys/unix/thread.rs:71:17
[INFO] [stdout]   41:     0x7fc4e62cb609 - start_thread
[INFO] [stdout]   42:     0x7fc4e609d293 - clone
[INFO] [stdout]   43:                0x0 - <unknown>
[INFO] [stdout] 
[INFO] [stdout] 
[INFO] [stdout] failures:
[INFO] [stdout]     tests::egcd_test
[INFO] [stdout] 
[INFO] [stdout] test result: FAILED. 4 passed; 1 failed; 0 ignored; 0 measured; 0 filtered out; finished in 0.09s
[INFO] [stdout] 
[INFO] [stderr] error: test failed, to rerun pass '--lib'
[INFO] running `Command { std: "docker" "inspect" "e1a07b2f9c2ecf087585e26ca2f6bbb3e07c7470838b09b590f900a80de1c0d9", kill_on_drop: false }`
[INFO] running `Command { std: "docker" "rm" "-f" "e1a07b2f9c2ecf087585e26ca2f6bbb3e07c7470838b09b590f900a80de1c0d9", kill_on_drop: false }`
[INFO] [stdout] e1a07b2f9c2ecf087585e26ca2f6bbb3e07c7470838b09b590f900a80de1c0d9
