[INFO] cloning repository https://github.com/kcculhwch/lovett
[INFO] running `Command { std: "git" "-c" "credential.helper=" "-c" "credential.helper=/workspace/cargo-home/bin/git-credential-null" "clone" "--bare" "https://github.com/kcculhwch/lovett" "/workspace/cache/git-repos/https%3A%2F%2Fgithub.com%2Fkcculhwch%2Flovett", kill_on_drop: false }`
[INFO] [stderr] Cloning into bare repository '/workspace/cache/git-repos/https%3A%2F%2Fgithub.com%2Fkcculhwch%2Flovett'...
[INFO] running `Command { std: "git" "rev-parse" "HEAD", kill_on_drop: false }`
[INFO] [stdout] 4f3158a78001588a6f14e10286c6e9892604810d
[INFO] testing kcculhwch/lovett against 1.54.0 for beta-1.55-1
[INFO] running `Command { std: "git" "clone" "/workspace/cache/git-repos/https%3A%2F%2Fgithub.com%2Fkcculhwch%2Flovett" "/workspace/builds/worker-83/source", kill_on_drop: false }`
[INFO] [stderr] Cloning into '/workspace/builds/worker-83/source'...
[INFO] [stderr] done.
[INFO] validating manifest of git repo https://github.com/kcculhwch/lovett on toolchain 1.54.0
[INFO] running `Command { std: "/workspace/cargo-home/bin/cargo" "+1.54.0" "metadata" "--manifest-path" "Cargo.toml" "--no-deps", kill_on_drop: false }`
[INFO] started tweaking git repo https://github.com/kcculhwch/lovett
[INFO] finished tweaking git repo https://github.com/kcculhwch/lovett
[INFO] tweaked toml for git repo https://github.com/kcculhwch/lovett written to /workspace/builds/worker-83/source/Cargo.toml
[INFO] crate git repo https://github.com/kcculhwch/lovett already has a lockfile, it will not be regenerated
[INFO] running `Command { std: "/workspace/cargo-home/bin/cargo" "+1.54.0" "fetch" "--manifest-path" "Cargo.toml", kill_on_drop: false }`
[INFO] [stderr]     Blocking waiting for file lock on package cache
[INFO] [stderr]     Blocking waiting for file lock on package cache
[INFO] running `Command { std: "docker" "create" "-v" "/var/lib/crater-agent-workspace/builds/worker-83/target:/opt/rustwide/target:rw,Z" "-v" "/var/lib/crater-agent-workspace/builds/worker-83/source:/opt/rustwide/workdir:ro,Z" "-v" "/var/lib/crater-agent-workspace/cargo-home:/opt/rustwide/cargo-home:ro,Z" "-v" "/var/lib/crater-agent-workspace/rustup-home:/opt/rustwide/rustup-home:ro,Z" "-e" "SOURCE_DIR=/opt/rustwide/workdir" "-e" "CARGO_TARGET_DIR=/opt/rustwide/target" "-e" "CARGO_HOME=/opt/rustwide/cargo-home" "-e" "RUSTUP_HOME=/opt/rustwide/rustup-home" "-w" "/opt/rustwide/workdir" "-m" "1610612736" "--user" "0:0" "--network" "none" "ghcr.io/rust-lang/crates-build-env/linux@sha256:34b6a614d2c27851fe6cbf88fbd1137609cefab8b10d0615aaeb6fd47975d74e" "/opt/rustwide/cargo-home/bin/cargo" "+1.54.0" "metadata" "--no-deps" "--format-version=1", kill_on_drop: false }`
[INFO] [stdout] 88562775b31784c79628429a364c77e8b66a75679a4f5a3b886e426d358b64e0
[INFO] running `Command { std: "docker" "start" "-a" "88562775b31784c79628429a364c77e8b66a75679a4f5a3b886e426d358b64e0", kill_on_drop: false }`
[INFO] running `Command { std: "docker" "inspect" "88562775b31784c79628429a364c77e8b66a75679a4f5a3b886e426d358b64e0", kill_on_drop: false }`
[INFO] running `Command { std: "docker" "rm" "-f" "88562775b31784c79628429a364c77e8b66a75679a4f5a3b886e426d358b64e0", kill_on_drop: false }`
[INFO] [stdout] 88562775b31784c79628429a364c77e8b66a75679a4f5a3b886e426d358b64e0
[INFO] running `Command { std: "docker" "create" "-v" "/var/lib/crater-agent-workspace/builds/worker-83/target:/opt/rustwide/target:rw,Z" "-v" "/var/lib/crater-agent-workspace/builds/worker-83/source:/opt/rustwide/workdir:ro,Z" "-v" "/var/lib/crater-agent-workspace/cargo-home:/opt/rustwide/cargo-home:ro,Z" "-v" "/var/lib/crater-agent-workspace/rustup-home:/opt/rustwide/rustup-home:ro,Z" "-e" "SOURCE_DIR=/opt/rustwide/workdir" "-e" "CARGO_TARGET_DIR=/opt/rustwide/target" "-e" "CARGO_INCREMENTAL=0" "-e" "RUST_BACKTRACE=full" "-e" "RUSTFLAGS=--cap-lints=warn" "-e" "CARGO_HOME=/opt/rustwide/cargo-home" "-e" "RUSTUP_HOME=/opt/rustwide/rustup-home" "-w" "/opt/rustwide/workdir" "-m" "1610612736" "--user" "0:0" "--network" "none" "ghcr.io/rust-lang/crates-build-env/linux@sha256:34b6a614d2c27851fe6cbf88fbd1137609cefab8b10d0615aaeb6fd47975d74e" "/opt/rustwide/cargo-home/bin/cargo" "+1.54.0" "build" "--frozen" "--message-format=json", kill_on_drop: false }`
[INFO] [stdout] e04806cbd3ba079f68065b83a63212f5d681590a62c0723df1098879dfc1fccc
[INFO] running `Command { std: "docker" "start" "-a" "e04806cbd3ba079f68065b83a63212f5d681590a62c0723df1098879dfc1fccc", kill_on_drop: false }`
[INFO] [stderr]    Compiling libc v0.2.77
[INFO] [stderr]    Compiling maybe-uninit v2.0.0
[INFO] [stderr]    Compiling byteorder v1.3.4
[INFO] [stderr]    Compiling proc-macro2 v1.0.21
[INFO] [stderr]    Compiling rayon-core v1.8.1
[INFO] [stderr]    Compiling const_fn v0.4.2
[INFO] [stderr]    Compiling getrandom v0.1.15
[INFO] [stderr]    Compiling syn v1.0.41
[INFO] [stderr]    Compiling adler32 v1.2.0
[INFO] [stderr]    Compiling either v1.6.1
[INFO] [stderr]    Compiling crc32fast v1.2.0
[INFO] [stderr]    Compiling ttf-parser v0.8.2
[INFO] [stderr]    Compiling serde_derive v1.0.116
[INFO] [stderr]    Compiling lzw v0.10.0
[INFO] [stderr]    Compiling ab_glyph_rasterizer v0.1.3
[INFO] [stderr]    Compiling ppv-lite86 v0.2.9
[INFO] [stderr]    Compiling serde v1.0.116
[INFO] [stderr]    Compiling log v0.4.11
[INFO] [stderr]    Compiling color_quant v1.0.1
[INFO] [stderr]    Compiling xi-unicode v0.2.1
[INFO] [stderr]    Compiling linked-hash-map v0.5.3
[INFO] [stderr]    Compiling bytemuck v1.4.1
[INFO] [stderr]    Compiling rustc-hash v1.1.0
[INFO] [stderr]    Compiling scoped_threadpool v0.1.9
[INFO] [stderr]    Compiling memoffset v0.5.6
[INFO] [stderr]    Compiling crossbeam-utils v0.7.2
[INFO] [stderr]    Compiling num-traits v0.2.12
[INFO] [stderr]    Compiling crossbeam-epoch v0.8.2
[INFO] [stderr]    Compiling crossbeam-utils v0.8.0
[INFO] [stderr]    Compiling num-integer v0.1.43
[INFO] [stderr]    Compiling rayon v1.4.0
[INFO] [stderr]    Compiling num-iter v0.1.41
[INFO] [stderr]    Compiling num-rational v0.3.0
[INFO] [stderr]    Compiling miniz_oxide v0.3.7
[INFO] [stderr]    Compiling gif v0.10.3
[INFO] [stderr]    Compiling deflate v0.8.6
[INFO] [stderr]    Compiling tiff v0.5.0
[INFO] [stderr]    Compiling quote v1.0.7
[INFO] [stderr]    Compiling num_cpus v1.13.0
[INFO] [stderr]    Compiling time v0.1.44
[INFO] [stderr]    Compiling memmap v0.7.0
[INFO] [stderr]    Compiling rppal v0.11.3
[INFO] [stderr]    Compiling rand_core v0.5.1
[INFO] [stderr]    Compiling framebuffer v0.2.0
[INFO] [stderr]    Compiling owned_ttf_parser v0.8.0
[INFO] [stderr]    Compiling png v0.16.7
[INFO] [stderr]    Compiling ab_glyph v0.2.5
[INFO] [stderr]    Compiling crossbeam-channel v0.4.4
[INFO] [stderr]    Compiling rand_chacha v0.2.2
[INFO] [stderr]    Compiling crossbeam-epoch v0.9.0
[INFO] [stderr]    Compiling crossbeam-channel v0.5.0
[INFO] [stderr]    Compiling approx v0.3.2
[INFO] [stderr]    Compiling rand v0.7.3
[INFO] [stderr]    Compiling crossbeam-deque v0.7.3
[INFO] [stderr]    Compiling glyph_brush_layout v0.2.0
[INFO] [stderr]    Compiling crossbeam-deque v0.8.0
[INFO] [stderr]    Compiling chrono v0.4.15
[INFO] [stderr]    Compiling uuid v0.8.1
[INFO] [stderr]    Compiling jpeg-decoder v0.1.20
[INFO] [stderr]    Compiling glyph_brush_draw_cache v0.1.3
[INFO] [stderr]    Compiling image v0.23.9
[INFO] [stderr]    Compiling bincode v1.3.1
[INFO] [stderr]    Compiling lovett v0.1.0 (/opt/rustwide/workdir)
[INFO] [stderr]     Finished dev [unoptimized + debuginfo] target(s) in 35.65s
[INFO] running `Command { std: "docker" "inspect" "e04806cbd3ba079f68065b83a63212f5d681590a62c0723df1098879dfc1fccc", kill_on_drop: false }`
[INFO] running `Command { std: "docker" "rm" "-f" "e04806cbd3ba079f68065b83a63212f5d681590a62c0723df1098879dfc1fccc", kill_on_drop: false }`
[INFO] [stdout] e04806cbd3ba079f68065b83a63212f5d681590a62c0723df1098879dfc1fccc
[INFO] running `Command { std: "docker" "create" "-v" "/var/lib/crater-agent-workspace/builds/worker-83/target:/opt/rustwide/target:rw,Z" "-v" "/var/lib/crater-agent-workspace/builds/worker-83/source:/opt/rustwide/workdir:ro,Z" "-v" "/var/lib/crater-agent-workspace/cargo-home:/opt/rustwide/cargo-home:ro,Z" "-v" "/var/lib/crater-agent-workspace/rustup-home:/opt/rustwide/rustup-home:ro,Z" "-e" "SOURCE_DIR=/opt/rustwide/workdir" "-e" "CARGO_TARGET_DIR=/opt/rustwide/target" "-e" "CARGO_INCREMENTAL=0" "-e" "RUST_BACKTRACE=full" "-e" "RUSTFLAGS=--cap-lints=warn" "-e" "CARGO_HOME=/opt/rustwide/cargo-home" "-e" "RUSTUP_HOME=/opt/rustwide/rustup-home" "-w" "/opt/rustwide/workdir" "-m" "1610612736" "--user" "0:0" "--network" "none" "ghcr.io/rust-lang/crates-build-env/linux@sha256:34b6a614d2c27851fe6cbf88fbd1137609cefab8b10d0615aaeb6fd47975d74e" "/opt/rustwide/cargo-home/bin/cargo" "+1.54.0" "test" "--frozen" "--no-run" "--message-format=json", kill_on_drop: false }`
[INFO] [stdout] d1278a7dea9a03a32a6b8630400ae6432fe9ad5837c2eccbc6925929778e3fb3
[INFO] running `Command { std: "docker" "start" "-a" "d1278a7dea9a03a32a6b8630400ae6432fe9ad5837c2eccbc6925929778e3fb3", kill_on_drop: false }`
[INFO] [stderr]    Compiling lovett v0.1.0 (/opt/rustwide/workdir)
[INFO] [stderr]     Finished test [unoptimized + debuginfo] target(s) in 1.29s
[INFO] running `Command { std: "docker" "inspect" "d1278a7dea9a03a32a6b8630400ae6432fe9ad5837c2eccbc6925929778e3fb3", kill_on_drop: false }`
[INFO] running `Command { std: "docker" "rm" "-f" "d1278a7dea9a03a32a6b8630400ae6432fe9ad5837c2eccbc6925929778e3fb3", kill_on_drop: false }`
[INFO] [stdout] d1278a7dea9a03a32a6b8630400ae6432fe9ad5837c2eccbc6925929778e3fb3
[INFO] running `Command { std: "docker" "create" "-v" "/var/lib/crater-agent-workspace/builds/worker-83/target:/opt/rustwide/target:rw,Z" "-v" "/var/lib/crater-agent-workspace/builds/worker-83/source:/opt/rustwide/workdir:ro,Z" "-v" "/var/lib/crater-agent-workspace/cargo-home:/opt/rustwide/cargo-home:ro,Z" "-v" "/var/lib/crater-agent-workspace/rustup-home:/opt/rustwide/rustup-home:ro,Z" "-e" "SOURCE_DIR=/opt/rustwide/workdir" "-e" "CARGO_TARGET_DIR=/opt/rustwide/target" "-e" "CARGO_INCREMENTAL=0" "-e" "RUST_BACKTRACE=full" "-e" "RUSTFLAGS=--cap-lints=warn" "-e" "CARGO_HOME=/opt/rustwide/cargo-home" "-e" "RUSTUP_HOME=/opt/rustwide/rustup-home" "-w" "/opt/rustwide/workdir" "-m" "1610612736" "--user" "0:0" "--network" "none" "ghcr.io/rust-lang/crates-build-env/linux@sha256:34b6a614d2c27851fe6cbf88fbd1137609cefab8b10d0615aaeb6fd47975d74e" "/opt/rustwide/cargo-home/bin/cargo" "+1.54.0" "test" "--frozen", kill_on_drop: false }`
[INFO] [stdout] 4f573c9b79c98b34f1638c33ab64cd6f54962d22bdc4edec83c11a42d4be717f
[INFO] running `Command { std: "docker" "start" "-a" "4f573c9b79c98b34f1638c33ab64cd6f54962d22bdc4edec83c11a42d4be717f", kill_on_drop: false }`
[INFO] [stderr]     Finished test [unoptimized + debuginfo] target(s) in 0.12s
[INFO] [stderr]      Running unittests (/opt/rustwide/target/debug/deps/lovett-20a4b52a76ae0762)
[INFO] [stdout] 
[INFO] [stdout] running 0 tests
[INFO] [stdout] 
[INFO] [stdout] test result: ok. 0 passed; 0 failed; 0 ignored; 0 measured; 0 filtered out; finished in 0.00s
[INFO] [stdout] 
[INFO] [stderr]    Doc-tests lovett
[INFO] [stdout] 
[INFO] [stdout] running 7 tests
[INFO] [stdout] test src/lib.rs - (line 93) ... FAILED
[INFO] [stdout] test src/lib.rs - (line 83) ... FAILED
[INFO] [stdout] test src/lib.rs - (line 49) ... FAILED
[INFO] [stdout] test src/lib.rs - (line 147) ... FAILED
[INFO] [stdout] test src/lib.rs - (line 73) ... FAILED
[INFO] [stdout] test src/lib.rs - (line 117) ... FAILED
[INFO] [stderr] error: test failed, to rerun pass '--doc'
[INFO] [stdout] test src/lib.rs - (line 171) ... FAILED
[INFO] [stdout] 
[INFO] [stdout] failures:
[INFO] [stdout] 
[INFO] [stdout] ---- src/lib.rs - (line 93) stdout ----
[INFO] [stdout] error[E0412]: cannot find type `App` in this scope
[INFO] [stdout]  --> src/lib.rs:94:21
[INFO] [stdout]   |
[INFO] [stdout] 3 | pub fn run_app(app: App) {
[INFO] [stdout]   |                     ^^^ not found in this scope
[INFO] [stdout] 
[INFO] [stdout] error[E0425]: cannot find function `run_view` in this scope
[INFO] [stdout]  --> src/lib.rs:95:5
[INFO] [stdout]   |
[INFO] [stdout] 4 |     run_view(app.window_viewer);
[INFO] [stdout]   |     ^^^^^^^^ not found in this scope
[INFO] [stdout] 
[INFO] [stdout] error[E0425]: cannot find function `run_state` in this scope
[INFO] [stdout]  --> src/lib.rs:96:5
[INFO] [stdout]   |
[INFO] [stdout] 5 |     run_state(app.store);
[INFO] [stdout]   |     ^^^^^^^^^ not found in this scope
[INFO] [stdout] 
[INFO] [stdout] error[E0425]: cannot find function `run_controller` in this scope
[INFO] [stdout]  --> src/lib.rs:98:5
[INFO] [stdout]   |
[INFO] [stdout] 7 |     run_controller(app.model_scheduler).join().expect("Couldn't join on the associated thread");
[INFO] [stdout]   |     ^^^^^^^^^^^^^^ not found in this scope
[INFO] [stdout] 
[INFO] [stdout] error: aborting due to 4 previous errors
[INFO] [stdout] 
[INFO] [stdout] Some errors have detailed explanations: E0412, E0425.
[INFO] [stdout] For more information about an error, try `rustc --explain E0412`.
[INFO] [stdout] Couldn't compile the test.
[INFO] [stdout] ---- src/lib.rs - (line 83) stdout ----
[INFO] [stdout] error: unexpected token: `...`
[INFO] [stdout]  --> src/lib.rs:87:5
[INFO] [stdout]   |
[INFO] [stdout] 6 |     ...
[INFO] [stdout]   |     ^^^
[INFO] [stdout]   |
[INFO] [stdout] help: use `..` for an exclusive range
[INFO] [stdout]   |
[INFO] [stdout] 6 |     ..
[INFO] [stdout]   |
[INFO] [stdout] help: or `..=` for an inclusive range
[INFO] [stdout]   |
[INFO] [stdout] 6 |     ..=
[INFO] [stdout]   |
[INFO] [stdout] 
[INFO] [stdout] error[E0586]: inclusive range with no end
[INFO] [stdout]  --> src/lib.rs:87:5
[INFO] [stdout]   |
[INFO] [stdout] 6 |     ...
[INFO] [stdout]   |     ^^^ help: use `..` instead
[INFO] [stdout]   |
[INFO] [stdout]   = note: inclusive ranges must be bounded at the end (`..=b` or `a..=b`)
[INFO] [stdout] 
[INFO] [stdout] error[E0412]: cannot find type `App` in this scope
[INFO] [stdout]  --> src/lib.rs:84:6
[INFO] [stdout]   |
[INFO] [stdout] 3 | impl App {
[INFO] [stdout]   |      ^^^ not found in this scope
[INFO] [stdout] 
[INFO] [stdout] error[E0412]: cannot find type `App` in this scope
[INFO] [stdout]  --> src/lib.rs:86:21
[INFO] [stdout]   |
[INFO] [stdout] 5 |     pub fn new() -> App{
[INFO] [stdout]   |                     ^^^ not found in this scope
[INFO] [stdout] 
[INFO] [stdout] error: aborting due to 4 previous errors
[INFO] [stdout] 
[INFO] [stdout] Some errors have detailed explanations: E0412, E0586.
[INFO] [stdout] For more information about an error, try `rustc --explain E0412`.
[INFO] [stdout] Couldn't compile the test.
[INFO] [stdout] ---- src/lib.rs - (line 49) stdout ----
[INFO] [stdout] error[E0583]: file not found for module `app`
[INFO] [stdout]  --> src/lib.rs:56:1
[INFO] [stdout]   |
[INFO] [stdout] 8 | mod app;                  // the app module which we will outline below
[INFO] [stdout]   | ^^^^^^^^
[INFO] [stdout]   |
[INFO] [stdout]   = help: to create the module `app`, create file "src/app.rs" or "src/app/mod.rs"
[INFO] [stdout] 
[INFO] [stdout] error[E0463]: can't find crate for `env_logger`
[INFO] [stdout]  --> src/lib.rs:55:1
[INFO] [stdout]   |
[INFO] [stdout] 7 | extern crate env_logger;  // env_logger is just an easy to use logger for getting log values out of the Framework
[INFO] [stdout]   | ^^^^^^^^^^^^^^^^^^^^^^^^ can't find crate
[INFO] [stdout] 
[INFO] [stdout] error: aborting due to 2 previous errors
[INFO] [stdout] 
[INFO] [stdout] Some errors have detailed explanations: E0463, E0583.
[INFO] [stdout] For more information about an error, try `rustc --explain E0463`.
[INFO] [stdout] Couldn't compile the test.
[INFO] [stdout] ---- src/lib.rs - (line 147) stdout ----
[INFO] [stdout] error: cannot declare a non-inline module inside a block unless it has a path attribute
[INFO] [stdout]  --> src/lib.rs:148:1
[INFO] [stdout]   |
[INFO] [stdout] 4 | pub mod reducers;                       // Include reducers
[INFO] [stdout]   | ^^^^^^^^^^^^^^^^^
[INFO] [stdout] 
[INFO] [stdout] error[E0308]: mismatched types
[INFO] [stdout]   --> src/lib.rs:165:21
[INFO] [stdout]    |
[INFO] [stdout] 21 |     pub fn new() -> State {
[INFO] [stdout]    |            ---      ^^^^^ expected struct `State`, found `()`
[INFO] [stdout]    |            |
[INFO] [stdout]    |            implicitly returns `()` as its body has no tail or `return` expression
[INFO] [stdout] 
[INFO] [stdout] error: aborting due to 2 previous errors
[INFO] [stdout] 
[INFO] [stdout] For more information about this error, try `rustc --explain E0308`.
[INFO] [stdout] Couldn't compile the test.
[INFO] [stdout] ---- src/lib.rs - (line 73) stdout ----
[INFO] [stdout] error[E0412]: cannot find type `ModelScheduler` in this scope
[INFO] [stdout]  --> src/lib.rs:75:26
[INFO] [stdout]   |
[INFO] [stdout] 4 |     pub model_scheduler: ModelScheduler,        // for handling GuiAction inputs on a mspc channel
[INFO] [stdout]   |                          ^^^^^^^^^^^^^^ not found in this scope
[INFO] [stdout]   |
[INFO] [stdout] help: consider importing this struct
[INFO] [stdout]   |
[INFO] [stdout] 2 | use lovett::model_scheduler::ModelScheduler;
[INFO] [stdout]   |
[INFO] [stdout] 
[INFO] [stdout] error[E0412]: cannot find type `Store` in this scope
[INFO] [stdout]  --> src/lib.rs:76:16
[INFO] [stdout]   |
[INFO] [stdout] 5 |     pub store: Store,                  // for broadcasting state changes and receiving reducer requests
[INFO] [stdout]   |                ^^^^^ not found in this scope
[INFO] [stdout]   |
[INFO] [stdout] help: consider importing this struct
[INFO] [stdout]   |
[INFO] [stdout] 2 | use lovett::store::Store;
[INFO] [stdout]   |
[INFO] [stdout] 
[INFO] [stdout] error[E0412]: cannot find type `WindowViewer` in this scope
[INFO] [stdout]  --> src/lib.rs:77:24
[INFO] [stdout]   |
[INFO] [stdout] 6 |     pub window_viewer: WindowViewer,                    // receives state updates, handles gui and hid interactions 
[INFO] [stdout]   |                        ^^^^^^^^^^^^ not found in this scope
[INFO] [stdout]   |
[INFO] [stdout] help: consider importing this struct
[INFO] [stdout]   |
[INFO] [stdout] 2 | use lovett::window_viewer::WindowViewer;
[INFO] [stdout]   |
[INFO] [stdout] 
[INFO] [stdout] error: aborting due to 3 previous errors
[INFO] [stdout] 
[INFO] [stdout] For more information about this error, try `rustc --explain E0412`.
[INFO] [stdout] Couldn't compile the test.
[INFO] [stdout] ---- src/lib.rs - (line 117) stdout ----
[INFO] [stdout] error[E0433]: failed to resolve: use of undeclared crate or module `mpsc`
[INFO] [stdout]   --> src/lib.rs:131:36
[INFO] [stdout]    |
[INFO] [stdout] 16 |         let (input_tx, input_rx) = mpsc::channel();
[INFO] [stdout]    |                                    ^^^^ use of undeclared crate or module `mpsc`
[INFO] [stdout] 
[INFO] [stdout] error[E0422]: cannot find struct, variant or union type `ButtonInitializer` in this scope
[INFO] [stdout]  --> src/lib.rs:120:13
[INFO] [stdout]   |
[INFO] [stdout] 5 |             ButtonInitializer {pin: 5, code: 0, key: "b"}, 
[INFO] [stdout]   |             ^^^^^^^^^^^^^^^^^ not found in this scope
[INFO] [stdout]   |
[INFO] [stdout] help: consider importing this struct
[INFO] [stdout]   |
[INFO] [stdout] 3 | use lovett::hid::ButtonInitializer;
[INFO] [stdout]   |
[INFO] [stdout] 
[INFO] [stdout] error[E0422]: cannot find struct, variant or union type `ButtonInitializer` in this scope
[INFO] [stdout]  --> src/lib.rs:121:13
[INFO] [stdout]   |
[INFO] [stdout] 6 |             ButtonInitializer {pin: 6, code: 1, key: "a"},
[INFO] [stdout]   |             ^^^^^^^^^^^^^^^^^ not found in this scope
[INFO] [stdout]   |
[INFO] [stdout] help: consider importing this struct
[INFO] [stdout]   |
[INFO] [stdout] 3 | use lovett::hid::ButtonInitializer;
[INFO] [stdout]   |
[INFO] [stdout] 
[INFO] [stdout] error[E0422]: cannot find struct, variant or union type `ButtonInitializer` in this scope
[INFO] [stdout]  --> src/lib.rs:122:13
[INFO] [stdout]   |
[INFO] [stdout] 7 |             ButtonInitializer {pin: 27, code: 2, key: "l"},
[INFO] [stdout]   |             ^^^^^^^^^^^^^^^^^ not found in this scope
[INFO] [stdout]   |
[INFO] [stdout] help: consider importing this struct
[INFO] [stdout]   |
[INFO] [stdout] 3 | use lovett::hid::ButtonInitializer;
[INFO] [stdout]   |
[INFO] [stdout] 
[INFO] [stdout] error[E0422]: cannot find struct, variant or union type `ButtonInitializer` in this scope
[INFO] [stdout]  --> src/lib.rs:123:13
[INFO] [stdout]   |
[INFO] [stdout] 8 |             ButtonInitializer {pin: 23, code: 3, key: "r"},
[INFO] [stdout]   |             ^^^^^^^^^^^^^^^^^ not found in this scope
[INFO] [stdout]   |
[INFO] [stdout] help: consider importing this struct
[INFO] [stdout]   |
[INFO] [stdout] 3 | use lovett::hid::ButtonInitializer;
[INFO] [stdout]   |
[INFO] [stdout] 
[INFO] [stdout] error[E0422]: cannot find struct, variant or union type `ButtonInitializer` in this scope
[INFO] [stdout]  --> src/lib.rs:124:13
[INFO] [stdout]   |
[INFO] [stdout] 9 |             ButtonInitializer {pin: 17, code: 4, key: "up"},
[INFO] [stdout]   |             ^^^^^^^^^^^^^^^^^ not found in this scope
[INFO] [stdout]   |
[INFO] [stdout] help: consider importing this struct
[INFO] [stdout]   |
[INFO] [stdout] 3 | use lovett::hid::ButtonInitializer;
[INFO] [stdout]   |
[INFO] [stdout] 
[INFO] [stdout] error[E0422]: cannot find struct, variant or union type `ButtonInitializer` in this scope
[INFO] [stdout]   --> src/lib.rs:125:13
[INFO] [stdout]    |
[INFO] [stdout] 10 |             ButtonInitializer {pin: 22, code: 5, key: "dn"},
[INFO] [stdout]    |             ^^^^^^^^^^^^^^^^^ not found in this scope
[INFO] [stdout]    |
[INFO] [stdout] help: consider importing this struct
[INFO] [stdout]    |
[INFO] [stdout] 3  | use lovett::hid::ButtonInitializer;
[INFO] [stdout]    |
[INFO] [stdout] 
[INFO] [stdout] error[E0422]: cannot find struct, variant or union type `ButtonInitializer` in this scope
[INFO] [stdout]   --> src/lib.rs:126:13
[INFO] [stdout]    |
[INFO] [stdout] 11 |             ButtonInitializer {pin: 4, code:  6, key: "hat"},
[INFO] [stdout]    |             ^^^^^^^^^^^^^^^^^ not found in this scope
[INFO] [stdout]    |
[INFO] [stdout] help: consider importing this struct
[INFO] [stdout]    |
[INFO] [stdout] 3  | use lovett::hid::ButtonInitializer;
[INFO] [stdout]    |
[INFO] [stdout] 
[INFO] [stdout] error[E0433]: failed to resolve: use of undeclared type `ButtonPad`
[INFO] [stdout]   --> src/lib.rs:135:33
[INFO] [stdout]    |
[INFO] [stdout] 20 |         let button_pad =  match ButtonPad::new(&button_initializers, input_tx) {
[INFO] [stdout]    |                                 ^^^^^^^^^ not found in this scope
[INFO] [stdout]    |
[INFO] [stdout] help: consider importing this struct
[INFO] [stdout]    |
[INFO] [stdout] 3  | use lovett::hid::ButtonPad;
[INFO] [stdout]    |
[INFO] [stdout] 
[INFO] [stdout] error: aborting due to 9 previous errors
[INFO] [stdout] 
[INFO] [stdout] Some errors have detailed explanations: E0422, E0433.
[INFO] [stdout] For more information about an error, try `rustc --explain E0422`.
[INFO] [stdout] Couldn't compile the test.
[INFO] [stdout] ---- src/lib.rs - (line 171) stdout ----
[INFO] [stdout] error: unexpected token: `...`
[INFO] [stdout]   --> src/lib.rs:185:9
[INFO] [stdout]    |
[INFO] [stdout] 17 |         ...
[INFO] [stdout]    |         ^^^
[INFO] [stdout]    |
[INFO] [stdout] help: use `..` for an exclusive range
[INFO] [stdout]    |
[INFO] [stdout] 17 |         ..
[INFO] [stdout]    |
[INFO] [stdout] help: or `..=` for an inclusive range
[INFO] [stdout]    |
[INFO] [stdout] 17 |         ..=
[INFO] [stdout]    |
[INFO] [stdout] 
[INFO] [stdout] error[E0433]: failed to resolve: there are too many leading `super` keywords
[INFO] [stdout]  --> src/lib.rs:174:5
[INFO] [stdout]   |
[INFO] [stdout] 6 | use super::*
[INFO] [stdout]   |     ^^^^^ there are too many leading `super` keywords
[INFO] [stdout] 
[INFO] [stdout] error[E0432]: unresolved import `lovett::state`
[INFO] [stdout]  --> src/lib.rs:172:13
[INFO] [stdout]   |
[INFO] [stdout] 4 | use lovett::state::*;
[INFO] [stdout]   |             ^^^^^ could not find `state` in `lovett`
[INFO] [stdout] 
[INFO] [stdout] error[E0412]: cannot find type `Store` in this scope
[INFO] [stdout]  --> src/lib.rs:177:26
[INFO] [stdout]   |
[INFO] [stdout] 9 | pub fn setup(store: &mut Store) {
[INFO] [stdout]   |                          ^^^^^ not found in this scope
[INFO] [stdout]   |
[INFO] [stdout] help: consider importing this struct
[INFO] [stdout]   |
[INFO] [stdout] 3 | use lovett::store::Store;
[INFO] [stdout]   |
[INFO] [stdout] 
[INFO] [stdout] error[E0412]: cannot find type `Reducer` in this scope
[INFO] [stdout]   --> src/lib.rs:179:30
[INFO] [stdout]    |
[INFO] [stdout] 11 |         let example_reducer: Reducer = |state, action| {
[INFO] [stdout]    |                              ^^^^^^^ not found in this scope
[INFO] [stdout]    |
[INFO] [stdout] help: consider importing this type alias
[INFO] [stdout]    |
[INFO] [stdout] 3  | use lovett::store::Reducer;
[INFO] [stdout]    |
[INFO] [stdout] 
[INFO] [stdout] error[E0425]: cannot find function `state_decoder` in this scope
[INFO] [stdout]   --> src/lib.rs:180:37
[INFO] [stdout]    |
[INFO] [stdout] 12 |             let mut decoded_state = state_decoder(state);
[INFO] [stdout]    |                                     ^^^^^^^^^^^^^ not found in this scope
[INFO] [stdout] 
[INFO] [stdout] error[E0425]: cannot find value `reducer_signal` in this scope
[INFO] [stdout]   --> src/lib.rs:181:37
[INFO] [stdout]    |
[INFO] [stdout] 13 |             decoded_state.example = reducer_signal.value;
[INFO] [stdout]    |                                     ^^^^^^^^^^^^^^ not found in this scope
[INFO] [stdout] 
[INFO] [stdout] error: aborting due to 7 previous errors
[INFO] [stdout] 
[INFO] [stdout] Some errors have detailed explanations: E0412, E0425, E0432, E0433.
[INFO] [stdout] For more information about an error, try `rustc --explain E0412`.
[INFO] [stdout] Couldn't compile the test.
[INFO] [stdout] 
[INFO] [stdout] failures:
[INFO] [stdout]     src/lib.rs - (line 117)
[INFO] [stdout]     src/lib.rs - (line 147)
[INFO] [stdout]     src/lib.rs - (line 171)
[INFO] [stdout]     src/lib.rs - (line 49)
[INFO] [stdout]     src/lib.rs - (line 73)
[INFO] [stdout]     src/lib.rs - (line 83)
[INFO] [stdout]     src/lib.rs - (line 93)
[INFO] [stdout] 
[INFO] [stdout] test result: FAILED. 0 passed; 7 failed; 0 ignored; 0 measured; 0 filtered out; finished in 0.35s
[INFO] [stdout] 
[INFO] running `Command { std: "docker" "inspect" "4f573c9b79c98b34f1638c33ab64cd6f54962d22bdc4edec83c11a42d4be717f", kill_on_drop: false }`
[INFO] running `Command { std: "docker" "rm" "-f" "4f573c9b79c98b34f1638c33ab64cd6f54962d22bdc4edec83c11a42d4be717f", kill_on_drop: false }`
[INFO] [stdout] 4f573c9b79c98b34f1638c33ab64cd6f54962d22bdc4edec83c11a42d4be717f
