[INFO] cloning repository https://github.com/kasper0406/fft
[INFO] running `Command { std: "git" "-c" "credential.helper=" "-c" "credential.helper=/workspace/cargo-home/bin/git-credential-null" "clone" "--bare" "https://github.com/kasper0406/fft" "/workspace/cache/git-repos/https%3A%2F%2Fgithub.com%2Fkasper0406%2Ffft", kill_on_drop: false }`
[INFO] [stderr] Cloning into bare repository '/workspace/cache/git-repos/https%3A%2F%2Fgithub.com%2Fkasper0406%2Ffft'...
[INFO] running `Command { std: "git" "rev-parse" "HEAD", kill_on_drop: false }`
[INFO] [stdout] c4a005944d366ac7b7623f05625f64a89bdc7bdd
[INFO] testing kasper0406/fft against beta-2021-08-01 for beta-1.55-1
[INFO] running `Command { std: "git" "clone" "/workspace/cache/git-repos/https%3A%2F%2Fgithub.com%2Fkasper0406%2Ffft" "/workspace/builds/worker-88/source", kill_on_drop: false }`
[INFO] [stderr] Cloning into '/workspace/builds/worker-88/source'...
[INFO] [stderr] done.
[INFO] validating manifest of git repo https://github.com/kasper0406/fft on toolchain beta-2021-08-01
[INFO] running `Command { std: "/workspace/cargo-home/bin/cargo" "+beta-2021-08-01" "metadata" "--manifest-path" "Cargo.toml" "--no-deps", kill_on_drop: false }`
[INFO] started tweaking git repo https://github.com/kasper0406/fft
[INFO] finished tweaking git repo https://github.com/kasper0406/fft
[INFO] tweaked toml for git repo https://github.com/kasper0406/fft written to /workspace/builds/worker-88/source/Cargo.toml
[INFO] crate git repo https://github.com/kasper0406/fft already has a lockfile, it will not be regenerated
[INFO] running `Command { std: "/workspace/cargo-home/bin/cargo" "+beta-2021-08-01" "fetch" "--manifest-path" "Cargo.toml", kill_on_drop: false }`
[INFO] [stderr]     Blocking waiting for file lock on package cache
[INFO] [stderr]     Blocking waiting for file lock on package cache
[INFO] [stderr]  Downloading crates ...
[INFO] [stderr]   Downloaded gnuplot v0.0.31
[INFO] running `Command { std: "docker" "create" "-v" "/var/lib/crater-agent-workspace/builds/worker-88/target:/opt/rustwide/target:rw,Z" "-v" "/var/lib/crater-agent-workspace/builds/worker-88/source:/opt/rustwide/workdir:ro,Z" "-v" "/var/lib/crater-agent-workspace/cargo-home:/opt/rustwide/cargo-home:ro,Z" "-v" "/var/lib/crater-agent-workspace/rustup-home:/opt/rustwide/rustup-home:ro,Z" "-e" "SOURCE_DIR=/opt/rustwide/workdir" "-e" "CARGO_TARGET_DIR=/opt/rustwide/target" "-e" "CARGO_HOME=/opt/rustwide/cargo-home" "-e" "RUSTUP_HOME=/opt/rustwide/rustup-home" "-w" "/opt/rustwide/workdir" "-m" "1610612736" "--user" "0:0" "--network" "none" "ghcr.io/rust-lang/crates-build-env/linux@sha256:34b6a614d2c27851fe6cbf88fbd1137609cefab8b10d0615aaeb6fd47975d74e" "/opt/rustwide/cargo-home/bin/cargo" "+beta-2021-08-01" "metadata" "--no-deps" "--format-version=1", kill_on_drop: false }`
[INFO] [stdout] 94570e3efd632fcb509cd3e43cf1958c728e784810d018d23652f6a7bdebdf9c
[INFO] running `Command { std: "docker" "start" "-a" "94570e3efd632fcb509cd3e43cf1958c728e784810d018d23652f6a7bdebdf9c", kill_on_drop: false }`
[INFO] running `Command { std: "docker" "inspect" "94570e3efd632fcb509cd3e43cf1958c728e784810d018d23652f6a7bdebdf9c", kill_on_drop: false }`
[INFO] running `Command { std: "docker" "rm" "-f" "94570e3efd632fcb509cd3e43cf1958c728e784810d018d23652f6a7bdebdf9c", kill_on_drop: false }`
[INFO] [stdout] 94570e3efd632fcb509cd3e43cf1958c728e784810d018d23652f6a7bdebdf9c
[INFO] running `Command { std: "docker" "create" "-v" "/var/lib/crater-agent-workspace/builds/worker-88/target:/opt/rustwide/target:rw,Z" "-v" "/var/lib/crater-agent-workspace/builds/worker-88/source:/opt/rustwide/workdir:ro,Z" "-v" "/var/lib/crater-agent-workspace/cargo-home:/opt/rustwide/cargo-home:ro,Z" "-v" "/var/lib/crater-agent-workspace/rustup-home:/opt/rustwide/rustup-home:ro,Z" "-e" "SOURCE_DIR=/opt/rustwide/workdir" "-e" "CARGO_TARGET_DIR=/opt/rustwide/target" "-e" "CARGO_INCREMENTAL=0" "-e" "RUST_BACKTRACE=full" "-e" "RUSTFLAGS=--cap-lints=warn" "-e" "CARGO_HOME=/opt/rustwide/cargo-home" "-e" "RUSTUP_HOME=/opt/rustwide/rustup-home" "-w" "/opt/rustwide/workdir" "-m" "1610612736" "--user" "0:0" "--network" "none" "ghcr.io/rust-lang/crates-build-env/linux@sha256:34b6a614d2c27851fe6cbf88fbd1137609cefab8b10d0615aaeb6fd47975d74e" "/opt/rustwide/cargo-home/bin/cargo" "+beta-2021-08-01" "build" "--frozen" "--message-format=json", kill_on_drop: false }`
[INFO] [stdout] 45a24f70877851cecb57027f4fa62cd50047e345555fe6af6d7236937ef25b79
[INFO] running `Command { std: "docker" "start" "-a" "45a24f70877851cecb57027f4fa62cd50047e345555fe6af6d7236937ef25b79", kill_on_drop: false }`
[INFO] [stderr]    Compiling autocfg v0.1.6
[INFO] [stderr]    Compiling num-bigint v0.2.2
[INFO] [stderr]    Compiling gnuplot v0.0.31
[INFO] [stderr]    Compiling num-traits v0.2.8
[INFO] [stderr]    Compiling num-integer v0.1.41
[INFO] [stderr]    Compiling num-iter v0.1.39
[INFO] [stderr]    Compiling num-complex v0.2.3
[INFO] [stderr]    Compiling num-rational v0.2.2
[INFO] [stderr]    Compiling num v0.2.0
[INFO] [stderr]    Compiling fft v0.1.0 (/opt/rustwide/workdir)
[INFO] [stdout] warning: unnecessary trailing semicolon
[INFO] [stdout]    --> src/main.rs:155:6
[INFO] [stdout]     |
[INFO] [stdout] 155 |     };
[INFO] [stdout]     |      ^ help: remove this semicolon
[INFO] [stdout]     |
[INFO] [stdout]     = note: `#[warn(redundant_semicolons)]` on by default
[INFO] [stdout] 
[INFO] [stdout] 
[INFO] [stdout] warning: unused variable: `axes`
[INFO] [stdout]   --> src/main.rs:52:13
[INFO] [stdout]    |
[INFO] [stdout] 52 |     let mut axes = figure.axes2d()
[INFO] [stdout]    |             ^^^^ help: if this is intentional, prefix it with an underscore: `_axes`
[INFO] [stdout]    |
[INFO] [stdout]    = note: `#[warn(unused_variables)]` on by default
[INFO] [stdout] 
[INFO] [stdout] 
[INFO] [stdout] warning: unused variable: `axes`
[INFO] [stdout]   --> src/main.rs:67:13
[INFO] [stdout]    |
[INFO] [stdout] 67 |     let mut axes = figure.axes2d()
[INFO] [stdout]    |             ^^^^ help: if this is intentional, prefix it with an underscore: `_axes`
[INFO] [stdout] 
[INFO] [stdout] 
[INFO] [stdout] warning: unused variable: `i`
[INFO] [stdout]    --> src/main.rs:315:9
[INFO] [stdout]     |
[INFO] [stdout] 315 |     for i in 0..100 {
[INFO] [stdout]     |         ^ help: if this is intentional, prefix it with an underscore: `_i`
[INFO] [stdout] 
[INFO] [stdout] 
[INFO] [stdout] warning: variable does not need to be mutable
[INFO] [stdout]   --> src/main.rs:52:9
[INFO] [stdout]    |
[INFO] [stdout] 52 |     let mut axes = figure.axes2d()
[INFO] [stdout]    |         ----^^^^
[INFO] [stdout]    |         |
[INFO] [stdout]    |         help: remove this `mut`
[INFO] [stdout]    |
[INFO] [stdout]    = note: `#[warn(unused_mut)]` on by default
[INFO] [stdout] 
[INFO] [stdout] 
[INFO] [stdout] warning: variable does not need to be mutable
[INFO] [stdout]   --> src/main.rs:67:9
[INFO] [stdout]    |
[INFO] [stdout] 67 |     let mut axes = figure.axes2d()
[INFO] [stdout]    |         ----^^^^
[INFO] [stdout]    |         |
[INFO] [stdout]    |         help: remove this `mut`
[INFO] [stdout] 
[INFO] [stdout] 
[INFO] [stdout] warning: field is never read: `time`
[INFO] [stdout]   --> src/main.rs:19:5
[INFO] [stdout]    |
[INFO] [stdout] 19 |     time: f64,
[INFO] [stdout]    |     ^^^^^^^^^
[INFO] [stdout]    |
[INFO] [stdout]    = note: `#[warn(dead_code)]` on by default
[INFO] [stdout] 
[INFO] [stdout] 
[INFO] [stdout] warning: function is never used: `render_samples`
[INFO] [stdout]   --> src/main.rs:47:4
[INFO] [stdout]    |
[INFO] [stdout] 47 | fn render_samples(samples: &[Sample]) {
[INFO] [stdout]    |    ^^^^^^^^^^^^^^
[INFO] [stdout] 
[INFO] [stdout] 
[INFO] [stdout] warning: function is never used: `render_dft_coefficients`
[INFO] [stdout]   --> src/main.rs:61:4
[INFO] [stdout]    |
[INFO] [stdout] 61 | fn render_dft_coefficients(interval: f64, coefficients: &[Complex<f64>]) {
[INFO] [stdout]    |    ^^^^^^^^^^^^^^^^^^^^^^^
[INFO] [stdout] 
[INFO] [stdout] 
[INFO] [stdout] warning: function is never used: `naive_dft`
[INFO] [stdout]   --> src/main.rs:76:4
[INFO] [stdout]    |
[INFO] [stdout] 76 | fn naive_dft(samples: &[Sample]) -> Vec<Complex<f64>> {
[INFO] [stdout]    |    ^^^^^^^^^
[INFO] [stdout] 
[INFO] [stdout] 
[INFO] [stdout] warning: function is never used: `recursive_fft`
[INFO] [stdout]    --> src/main.rs:101:4
[INFO] [stdout]     |
[INFO] [stdout] 101 | fn recursive_fft(samples: &[Sample]) -> Vec<Complex<f64>> {
[INFO] [stdout]     |    ^^^^^^^^^^^^^
[INFO] [stdout] 
[INFO] [stdout] 
[INFO] [stdout] warning: function is never used: `validate_coefficients`
[INFO] [stdout]    --> src/main.rs:222:4
[INFO] [stdout]     |
[INFO] [stdout] 222 | fn validate_coefficients(actual: &[Complex<f64>], expected: &[Complex<f64>]) {
[INFO] [stdout]     |    ^^^^^^^^^^^^^^^^^^^^^
[INFO] [stdout] 
[INFO] [stdout] 
[INFO] [stdout] warning: variable `N` should have a snake case name
[INFO] [stdout]   --> src/main.rs:62:9
[INFO] [stdout]    |
[INFO] [stdout] 62 |     let N = coefficients.len() / 2;
[INFO] [stdout]    |         ^ help: convert the identifier to snake case: `n`
[INFO] [stdout]    |
[INFO] [stdout]    = note: `#[warn(non_snake_case)]` on by default
[INFO] [stdout] 
[INFO] [stdout] 
[INFO] [stdout] warning: variable `N` should have a snake case name
[INFO] [stdout]   --> src/main.rs:81:9
[INFO] [stdout]    |
[INFO] [stdout] 81 |     let N = samples.len();
[INFO] [stdout]    |         ^ help: convert the identifier to snake case: `n`
[INFO] [stdout] 
[INFO] [stdout] 
[INFO] [stdout] warning: variable `N` should have a snake case name
[INFO] [stdout]    --> src/main.rs:102:9
[INFO] [stdout]     |
[INFO] [stdout] 102 |     let N = samples.len();
[INFO] [stdout]     |         ^ help: convert the identifier to snake case: `n`
[INFO] [stdout] 
[INFO] [stdout] 
[INFO] [stdout] warning: variable `N` should have a snake case name
[INFO] [stdout]    --> src/main.rs:136:25
[INFO] [stdout]     |
[INFO] [stdout] 136 | fn generate_permutation(N: usize) -> Vec<usize> {
[INFO] [stdout]     |                         ^ help: convert the identifier to snake case: `n`
[INFO] [stdout] 
[INFO] [stdout] 
[INFO] [stdout] warning: variable `N` should have a snake case name
[INFO] [stdout]    --> src/main.rs:176:9
[INFO] [stdout]     |
[INFO] [stdout] 176 |     let N = samples.len();
[INFO] [stdout]     |         ^ help: convert the identifier to snake case: `n`
[INFO] [stdout] 
[INFO] [stdout] 
[INFO] [stdout] warning: 17 warnings emitted
[INFO] [stdout] 
[INFO] [stdout] 
[INFO] [stderr]     Finished dev [unoptimized + debuginfo] target(s) in 10.95s
[INFO] running `Command { std: "docker" "inspect" "45a24f70877851cecb57027f4fa62cd50047e345555fe6af6d7236937ef25b79", kill_on_drop: false }`
[INFO] running `Command { std: "docker" "rm" "-f" "45a24f70877851cecb57027f4fa62cd50047e345555fe6af6d7236937ef25b79", kill_on_drop: false }`
[INFO] [stdout] 45a24f70877851cecb57027f4fa62cd50047e345555fe6af6d7236937ef25b79
[INFO] running `Command { std: "docker" "create" "-v" "/var/lib/crater-agent-workspace/builds/worker-88/target:/opt/rustwide/target:rw,Z" "-v" "/var/lib/crater-agent-workspace/builds/worker-88/source:/opt/rustwide/workdir:ro,Z" "-v" "/var/lib/crater-agent-workspace/cargo-home:/opt/rustwide/cargo-home:ro,Z" "-v" "/var/lib/crater-agent-workspace/rustup-home:/opt/rustwide/rustup-home:ro,Z" "-e" "SOURCE_DIR=/opt/rustwide/workdir" "-e" "CARGO_TARGET_DIR=/opt/rustwide/target" "-e" "CARGO_INCREMENTAL=0" "-e" "RUST_BACKTRACE=full" "-e" "RUSTFLAGS=--cap-lints=warn" "-e" "CARGO_HOME=/opt/rustwide/cargo-home" "-e" "RUSTUP_HOME=/opt/rustwide/rustup-home" "-w" "/opt/rustwide/workdir" "-m" "1610612736" "--user" "0:0" "--network" "none" "ghcr.io/rust-lang/crates-build-env/linux@sha256:34b6a614d2c27851fe6cbf88fbd1137609cefab8b10d0615aaeb6fd47975d74e" "/opt/rustwide/cargo-home/bin/cargo" "+beta-2021-08-01" "test" "--frozen" "--no-run" "--message-format=json", kill_on_drop: false }`
[INFO] [stdout] c403e79703825dc1e4b3fa1be9c4fde8554e98d531c086a33c175f8db1a4a3b1
[INFO] running `Command { std: "docker" "start" "-a" "c403e79703825dc1e4b3fa1be9c4fde8554e98d531c086a33c175f8db1a4a3b1", kill_on_drop: false }`
[INFO] [stderr]     Blocking waiting for file lock on package cache
[INFO] [stderr]    Compiling fft v0.1.0 (/opt/rustwide/workdir)
[INFO] [stdout] warning: unnecessary trailing semicolon
[INFO] [stdout]    --> src/main.rs:155:6
[INFO] [stdout]     |
[INFO] [stdout] 155 |     };
[INFO] [stdout]     |      ^ help: remove this semicolon
[INFO] [stdout]     |
[INFO] [stdout]     = note: `#[warn(redundant_semicolons)]` on by default
[INFO] [stdout] 
[INFO] [stdout] 
[INFO] [stdout] warning: unused variable: `axes`
[INFO] [stdout]   --> src/main.rs:52:13
[INFO] [stdout]    |
[INFO] [stdout] 52 |     let mut axes = figure.axes2d()
[INFO] [stdout]    |             ^^^^ help: if this is intentional, prefix it with an underscore: `_axes`
[INFO] [stdout]    |
[INFO] [stdout]    = note: `#[warn(unused_variables)]` on by default
[INFO] [stdout] 
[INFO] [stdout] 
[INFO] [stdout] warning: unused variable: `axes`
[INFO] [stdout]   --> src/main.rs:67:13
[INFO] [stdout]    |
[INFO] [stdout] 67 |     let mut axes = figure.axes2d()
[INFO] [stdout]    |             ^^^^ help: if this is intentional, prefix it with an underscore: `_axes`
[INFO] [stdout] 
[INFO] [stdout] 
[INFO] [stdout] warning: unused variable: `i`
[INFO] [stdout]    --> src/main.rs:315:9
[INFO] [stdout]     |
[INFO] [stdout] 315 |     for i in 0..100 {
[INFO] [stdout]     |         ^ help: if this is intentional, prefix it with an underscore: `_i`
[INFO] [stdout] 
[INFO] [stdout] 
[INFO] [stdout] warning: variable does not need to be mutable
[INFO] [stdout]   --> src/main.rs:52:9
[INFO] [stdout]    |
[INFO] [stdout] 52 |     let mut axes = figure.axes2d()
[INFO] [stdout]    |         ----^^^^
[INFO] [stdout]    |         |
[INFO] [stdout]    |         help: remove this `mut`
[INFO] [stdout]    |
[INFO] [stdout]    = note: `#[warn(unused_mut)]` on by default
[INFO] [stdout] 
[INFO] [stdout] 
[INFO] [stdout] warning: variable does not need to be mutable
[INFO] [stdout]   --> src/main.rs:67:9
[INFO] [stdout]    |
[INFO] [stdout] 67 |     let mut axes = figure.axes2d()
[INFO] [stdout]    |         ----^^^^
[INFO] [stdout]    |         |
[INFO] [stdout]    |         help: remove this `mut`
[INFO] [stdout] 
[INFO] [stdout] 
[INFO] [stdout] warning: field is never read: `time`
[INFO] [stdout]   --> src/main.rs:19:5
[INFO] [stdout]    |
[INFO] [stdout] 19 |     time: f64,
[INFO] [stdout]    |     ^^^^^^^^^
[INFO] [stdout]    |
[INFO] [stdout]    = note: `#[warn(dead_code)]` on by default
[INFO] [stdout] 
[INFO] [stdout] 
[INFO] [stdout] warning: function is never used: `render_samples`
[INFO] [stdout]   --> src/main.rs:47:4
[INFO] [stdout]    |
[INFO] [stdout] 47 | fn render_samples(samples: &[Sample]) {
[INFO] [stdout]    |    ^^^^^^^^^^^^^^
[INFO] [stdout] 
[INFO] [stdout] 
[INFO] [stdout] warning: function is never used: `render_dft_coefficients`
[INFO] [stdout]   --> src/main.rs:61:4
[INFO] [stdout]    |
[INFO] [stdout] 61 | fn render_dft_coefficients(interval: f64, coefficients: &[Complex<f64>]) {
[INFO] [stdout]    |    ^^^^^^^^^^^^^^^^^^^^^^^
[INFO] [stdout] 
[INFO] [stdout] 
[INFO] [stdout] warning: variable `N` should have a snake case name
[INFO] [stdout]   --> src/main.rs:62:9
[INFO] [stdout]    |
[INFO] [stdout] 62 |     let N = coefficients.len() / 2;
[INFO] [stdout]    |         ^ help: convert the identifier to snake case: `n`
[INFO] [stdout]    |
[INFO] [stdout]    = note: `#[warn(non_snake_case)]` on by default
[INFO] [stdout] 
[INFO] [stdout] 
[INFO] [stdout] warning: variable `N` should have a snake case name
[INFO] [stdout]   --> src/main.rs:81:9
[INFO] [stdout]    |
[INFO] [stdout] 81 |     let N = samples.len();
[INFO] [stdout]    |         ^ help: convert the identifier to snake case: `n`
[INFO] [stdout] 
[INFO] [stdout] 
[INFO] [stdout] warning: variable `N` should have a snake case name
[INFO] [stdout]    --> src/main.rs:102:9
[INFO] [stdout]     |
[INFO] [stdout] 102 |     let N = samples.len();
[INFO] [stdout]     |         ^ help: convert the identifier to snake case: `n`
[INFO] [stdout] 
[INFO] [stdout] 
[INFO] [stdout] warning: variable `N` should have a snake case name
[INFO] [stdout]    --> src/main.rs:136:25
[INFO] [stdout]     |
[INFO] [stdout] 136 | fn generate_permutation(N: usize) -> Vec<usize> {
[INFO] [stdout]     |                         ^ help: convert the identifier to snake case: `n`
[INFO] [stdout] 
[INFO] [stdout] 
[INFO] [stdout] warning: variable `N` should have a snake case name
[INFO] [stdout]    --> src/main.rs:176:9
[INFO] [stdout]     |
[INFO] [stdout] 176 |     let N = samples.len();
[INFO] [stdout]     |         ^ help: convert the identifier to snake case: `n`
[INFO] [stdout] 
[INFO] [stdout] 
[INFO] [stdout] warning: 14 warnings emitted
[INFO] [stdout] 
[INFO] [stdout] 
[INFO] [stderr]     Finished test [unoptimized + debuginfo] target(s) in 12.23s
[INFO] running `Command { std: "docker" "inspect" "c403e79703825dc1e4b3fa1be9c4fde8554e98d531c086a33c175f8db1a4a3b1", kill_on_drop: false }`
[INFO] running `Command { std: "docker" "rm" "-f" "c403e79703825dc1e4b3fa1be9c4fde8554e98d531c086a33c175f8db1a4a3b1", kill_on_drop: false }`
[INFO] [stdout] c403e79703825dc1e4b3fa1be9c4fde8554e98d531c086a33c175f8db1a4a3b1
[INFO] running `Command { std: "docker" "create" "-v" "/var/lib/crater-agent-workspace/builds/worker-88/target:/opt/rustwide/target:rw,Z" "-v" "/var/lib/crater-agent-workspace/builds/worker-88/source:/opt/rustwide/workdir:ro,Z" "-v" "/var/lib/crater-agent-workspace/cargo-home:/opt/rustwide/cargo-home:ro,Z" "-v" "/var/lib/crater-agent-workspace/rustup-home:/opt/rustwide/rustup-home:ro,Z" "-e" "SOURCE_DIR=/opt/rustwide/workdir" "-e" "CARGO_TARGET_DIR=/opt/rustwide/target" "-e" "CARGO_INCREMENTAL=0" "-e" "RUST_BACKTRACE=full" "-e" "RUSTFLAGS=--cap-lints=warn" "-e" "CARGO_HOME=/opt/rustwide/cargo-home" "-e" "RUSTUP_HOME=/opt/rustwide/rustup-home" "-w" "/opt/rustwide/workdir" "-m" "1610612736" "--user" "0:0" "--network" "none" "ghcr.io/rust-lang/crates-build-env/linux@sha256:34b6a614d2c27851fe6cbf88fbd1137609cefab8b10d0615aaeb6fd47975d74e" "/opt/rustwide/cargo-home/bin/cargo" "+beta-2021-08-01" "test" "--frozen", kill_on_drop: false }`
[INFO] [stdout] bef713ee580bbed9d20131358fc0879c39334296dd77592236a6cdd246fd2e98
[INFO] running `Command { std: "docker" "start" "-a" "bef713ee580bbed9d20131358fc0879c39334296dd77592236a6cdd246fd2e98", kill_on_drop: false }`
[INFO] [stderr] warning: unnecessary trailing semicolon
[INFO] [stderr]    --> src/main.rs:155:6
[INFO] [stderr]     |
[INFO] [stderr] 155 |     };
[INFO] [stderr]     |      ^ help: remove this semicolon
[INFO] [stderr]     |
[INFO] [stderr]     = note: `#[warn(redundant_semicolons)]` on by default
[INFO] [stderr] 
[INFO] [stderr] warning: unused variable: `axes`
[INFO] [stderr]   --> src/main.rs:52:13
[INFO] [stderr]    |
[INFO] [stderr] 52 |     let mut axes = figure.axes2d()
[INFO] [stderr]    |             ^^^^ help: if this is intentional, prefix it with an underscore: `_axes`
[INFO] [stderr]    |
[INFO] [stderr]    = note: `#[warn(unused_variables)]` on by default
[INFO] [stderr] 
[INFO] [stderr] warning: unused variable: `axes`
[INFO] [stderr]   --> src/main.rs:67:13
[INFO] [stderr]    |
[INFO] [stderr] 67 |     let mut axes = figure.axes2d()
[INFO] [stderr]    |             ^^^^ help: if this is intentional, prefix it with an underscore: `_axes`
[INFO] [stderr] 
[INFO] [stderr] warning: unused variable: `i`
[INFO] [stderr]    --> src/main.rs:315:9
[INFO] [stderr]     |
[INFO] [stderr] 315 |     for i in 0..100 {
[INFO] [stderr]     |         ^ help: if this is intentional, prefix it with an underscore: `_i`
[INFO] [stderr] 
[INFO] [stderr] warning: variable does not need to be mutable
[INFO] [stderr]   --> src/main.rs:52:9
[INFO] [stderr]    |
[INFO] [stderr] 52 |     let mut axes = figure.axes2d()
[INFO] [stderr]    |         ----^^^^
[INFO] [stderr]    |         |
[INFO] [stderr]    |         help: remove this `mut`
[INFO] [stderr]    |
[INFO] [stderr]    = note: `#[warn(unused_mut)]` on by default
[INFO] [stderr] 
[INFO] [stderr] warning: variable does not need to be mutable
[INFO] [stderr]   --> src/main.rs:67:9
[INFO] [stderr]    |
[INFO] [stderr] 67 |     let mut axes = figure.axes2d()
[INFO] [stderr]    |         ----^^^^
[INFO] [stderr]    |         |
[INFO] [stderr]    |         help: remove this `mut`
[INFO] [stderr] 
[INFO] [stderr] warning: field is never read: `time`
[INFO] [stderr]   --> src/main.rs:19:5
[INFO] [stderr]    |
[INFO] [stderr] 19 |     time: f64,
[INFO] [stderr]    |     ^^^^^^^^^
[INFO] [stderr]    |
[INFO] [stderr]    = note: `#[warn(dead_code)]` on by default
[INFO] [stderr] 
[INFO] [stderr] warning: function is never used: `render_samples`
[INFO] [stderr]   --> src/main.rs:47:4
[INFO] [stderr]    |
[INFO] [stderr] 47 | fn render_samples(samples: &[Sample]) {
[INFO] [stderr]    |    ^^^^^^^^^^^^^^
[INFO] [stderr] 
[INFO] [stderr] warning: function is never used: `render_dft_coefficients`
[INFO] [stderr]   --> src/main.rs:61:4
[INFO] [stderr]    |
[INFO] [stderr] 61 | fn render_dft_coefficients(interval: f64, coefficients: &[Complex<f64>]) {
[INFO] [stderr]    |    ^^^^^^^^^^^^^^^^^^^^^^^
[INFO] [stderr] 
[INFO] [stderr] warning: variable `N` should have a snake case name
[INFO] [stderr]   --> src/main.rs:62:9
[INFO] [stderr]    |
[INFO] [stderr] 62 |     let N = coefficients.len() / 2;
[INFO] [stderr]    |         ^ help: convert the identifier to snake case: `n`
[INFO] [stderr]    |
[INFO] [stderr]    = note: `#[warn(non_snake_case)]` on by default
[INFO] [stderr] 
[INFO] [stderr] warning: variable `N` should have a snake case name
[INFO] [stderr]   --> src/main.rs:81:9
[INFO] [stderr]    |
[INFO] [stderr] 81 |     let N = samples.len();
[INFO] [stderr]    |         ^ help: convert the identifier to snake case: `n`
[INFO] [stderr] 
[INFO] [stderr] warning: variable `N` should have a snake case name
[INFO] [stderr]    --> src/main.rs:102:9
[INFO] [stderr]     |
[INFO] [stderr] 102 |     let N = samples.len();
[INFO] [stderr]     |         ^ help: convert the identifier to snake case: `n`
[INFO] [stderr] 
[INFO] [stderr] warning: variable `N` should have a snake case name
[INFO] [stderr]    --> src/main.rs:136:25
[INFO] [stderr]     |
[INFO] [stderr] 136 | fn generate_permutation(N: usize) -> Vec<usize> {
[INFO] [stderr]     |                         ^ help: convert the identifier to snake case: `n`
[INFO] [stderr] 
[INFO] [stderr] warning: variable `N` should have a snake case name
[INFO] [stderr]    --> src/main.rs:176:9
[INFO] [stderr]     |
[INFO] [stderr] 176 |     let N = samples.len();
[INFO] [stderr]     |         ^ help: convert the identifier to snake case: `n`
[INFO] [stderr] 
[INFO] [stderr] warning: `fft` (bin "fft" test) generated 14 warnings
[INFO] [stderr]     Finished test [unoptimized + debuginfo] target(s) in 0.07s
[INFO] [stderr]      Running unittests (/opt/rustwide/target/debug/deps/fft-179d050b706d5848)
[INFO] [stdout] 
[INFO] [stdout] running 3 tests
[INFO] [stdout] test test_recursive_odd_size_fft ... FAILED
[INFO] [stdout] test test_iterative_fft ... ok
[INFO] [stdout] test test_recursive_fft ... ok
[INFO] [stdout] 
[INFO] [stdout] failures:
[INFO] [stdout] 
[INFO] [stdout] ---- test_recursive_odd_size_fft stdout ----
[INFO] [stdout] Test with sample rate: 7
[INFO] [stdout] thread 'test_recursive_odd_size_fft' panicked at 'Measurement count should be a power of two!', src/main.rs:29:5
[INFO] [stdout] stack backtrace:
[INFO] [stdout]    0:     0x563849c2b790 - std::backtrace_rs::backtrace::libunwind::trace::hff4d1766e93f64f1
[INFO] [stdout]                                at /rustc/53fd98ca776cb875bc9e5514f56b52eb74f9e7a9/library/std/src/../../backtrace/src/backtrace/libunwind.rs:90:5
[INFO] [stdout]    1:     0x563849c2b790 - std::backtrace_rs::backtrace::trace_unsynchronized::h56bbc8eb78770bcb
[INFO] [stdout]                                at /rustc/53fd98ca776cb875bc9e5514f56b52eb74f9e7a9/library/std/src/../../backtrace/src/backtrace/mod.rs:66:5
[INFO] [stdout]    2:     0x563849c2b790 - std::sys_common::backtrace::_print_fmt::h5c8e75464faca780
[INFO] [stdout]                                at /rustc/53fd98ca776cb875bc9e5514f56b52eb74f9e7a9/library/std/src/sys_common/backtrace.rs:67:5
[INFO] [stdout]    3:     0x563849c2b790 - <std::sys_common::backtrace::_print::DisplayBacktrace as core::fmt::Display>::fmt::h48b88277def8b362
[INFO] [stdout]                                at /rustc/53fd98ca776cb875bc9e5514f56b52eb74f9e7a9/library/std/src/sys_common/backtrace.rs:46:22
[INFO] [stdout]    4:     0x563849c4df5c - core::fmt::write::h3381b3176fe2b3d3
[INFO] [stdout]                                at /rustc/53fd98ca776cb875bc9e5514f56b52eb74f9e7a9/library/core/src/fmt/mod.rs:1115:17
[INFO] [stdout]    5:     0x563849c286f5 - std::io::Write::write_fmt::h5f34a676f60246b5
[INFO] [stdout]                                at /rustc/53fd98ca776cb875bc9e5514f56b52eb74f9e7a9/library/std/src/io/mod.rs:1665:15
[INFO] [stdout]    6:     0x563849c2d90b - std::sys_common::backtrace::_print::ha537687d6c17dd0d
[INFO] [stdout]                                at /rustc/53fd98ca776cb875bc9e5514f56b52eb74f9e7a9/library/std/src/sys_common/backtrace.rs:49:5
[INFO] [stdout]    7:     0x563849c2d90b - std::sys_common::backtrace::print::h61376ae57d131d72
[INFO] [stdout]                                at /rustc/53fd98ca776cb875bc9e5514f56b52eb74f9e7a9/library/std/src/sys_common/backtrace.rs:36:9
[INFO] [stdout]    8:     0x563849c2d90b - std::panicking::default_hook::{{closure}}::h0f7208c0b9644a54
[INFO] [stdout]                                at /rustc/53fd98ca776cb875bc9e5514f56b52eb74f9e7a9/library/std/src/panicking.rs:208:50
[INFO] [stdout]    9:     0x563849c2d41c - std::panicking::default_hook::hdac7fc06578c14ce
[INFO] [stdout]                                at /rustc/53fd98ca776cb875bc9e5514f56b52eb74f9e7a9/library/std/src/panicking.rs:222:9
[INFO] [stdout]   10:     0x563849c2dfd4 - std::panicking::rust_panic_with_hook::h72b21c283da3d1ef
[INFO] [stdout]                                at /rustc/53fd98ca776cb875bc9e5514f56b52eb74f9e7a9/library/std/src/panicking.rs:622:17
[INFO] [stdout]   11:     0x563849c11963 - std::panicking::begin_panic::{{closure}}::h3eff57a825662309
[INFO] [stdout]                                at /rustc/53fd98ca776cb875bc9e5514f56b52eb74f9e7a9/library/std/src/panicking.rs:542:9
[INFO] [stdout]   12:     0x563849c12179 - std::sys_common::backtrace::__rust_end_short_backtrace::h7b269df3c83fa2a8
[INFO] [stdout]                                at /rustc/53fd98ca776cb875bc9e5514f56b52eb74f9e7a9/library/std/src/sys_common/backtrace.rs:141:18
[INFO] [stdout]   13:     0x563849c11899 - std::panicking::begin_panic::h8dd2a3711367e234
[INFO] [stdout]                                at /rustc/53fd98ca776cb875bc9e5514f56b52eb74f9e7a9/library/std/src/panicking.rs:541:12
[INFO] [stdout]   14:     0x563849bcb567 - fft::sample::ha0f0090716849f15
[INFO] [stdout]                                at /opt/rustwide/workdir/src/main.rs:29:5
[INFO] [stdout]   15:     0x563849bcee34 - fft::test_recursive_odd_size_fft::h255c382e122af382
[INFO] [stdout]                                at /opt/rustwide/workdir/src/main.rs:270:23
[INFO] [stdout]   16:     0x563849bceb6a - fft::test_recursive_odd_size_fft::{{closure}}::hc06a75e4bfdc18d7
[INFO] [stdout]                                at /opt/rustwide/workdir/src/main.rs:259:1
[INFO] [stdout]   17:     0x563849bca73e - core::ops::function::FnOnce::call_once::h9106deac20c4f9ed
[INFO] [stdout]                                at /rustc/53fd98ca776cb875bc9e5514f56b52eb74f9e7a9/library/core/src/ops/function.rs:227:5
[INFO] [stdout]   18:     0x563849c08263 - core::ops::function::FnOnce::call_once::hbb52c4519d3137b0
[INFO] [stdout]                                at /rustc/53fd98ca776cb875bc9e5514f56b52eb74f9e7a9/library/core/src/ops/function.rs:227:5
[INFO] [stdout]   19:     0x563849c08263 - test::__rust_begin_short_backtrace::h86fe3a2a5a5121af
[INFO] [stdout]                                at /rustc/53fd98ca776cb875bc9e5514f56b52eb74f9e7a9/library/test/src/lib.rs:578:5
[INFO] [stdout]   20:     0x563849c06d18 - <alloc::boxed::Box<F,A> as core::ops::function::FnOnce<Args>>::call_once::hfd956bc3d57399be
[INFO] [stdout]                                at /rustc/53fd98ca776cb875bc9e5514f56b52eb74f9e7a9/library/alloc/src/boxed.rs:1572:9
[INFO] [stdout]   21:     0x563849c06d18 - <std::panic::AssertUnwindSafe<F> as core::ops::function::FnOnce<()>>::call_once::h40dc93e0ddb5938a
[INFO] [stdout]                                at /rustc/53fd98ca776cb875bc9e5514f56b52eb74f9e7a9/library/std/src/panic.rs:347:9
[INFO] [stdout]   22:     0x563849c06d18 - std::panicking::try::do_call::h90d07750cb47c562
[INFO] [stdout]                                at /rustc/53fd98ca776cb875bc9e5514f56b52eb74f9e7a9/library/std/src/panicking.rs:401:40
[INFO] [stdout]   23:     0x563849c06d18 - std::panicking::try::h063c84733ad2a629
[INFO] [stdout]                                at /rustc/53fd98ca776cb875bc9e5514f56b52eb74f9e7a9/library/std/src/panicking.rs:365:19
[INFO] [stdout]   24:     0x563849c06d18 - std::panic::catch_unwind::h0c464836a84e7c08
[INFO] [stdout]                                at /rustc/53fd98ca776cb875bc9e5514f56b52eb74f9e7a9/library/std/src/panic.rs:434:14
[INFO] [stdout]   25:     0x563849c06d18 - test::run_test_in_process::h5cb06ef620b157fc
[INFO] [stdout]                                at /rustc/53fd98ca776cb875bc9e5514f56b52eb74f9e7a9/library/test/src/lib.rs:601:18
[INFO] [stdout]   26:     0x563849c06d18 - test::run_test::run_test_inner::{{closure}}::h76f677f4b93f9828
[INFO] [stdout]                                at /rustc/53fd98ca776cb875bc9e5514f56b52eb74f9e7a9/library/test/src/lib.rs:493:39
[INFO] [stdout]   27:     0x563849bd54ad - test::run_test::run_test_inner::{{closure}}::h366d01fe04f4d67a
[INFO] [stdout]                                at /rustc/53fd98ca776cb875bc9e5514f56b52eb74f9e7a9/library/test/src/lib.rs:520:37
[INFO] [stdout]   28:     0x563849bd54ad - std::sys_common::backtrace::__rust_begin_short_backtrace::h7dfa0de4eb395af2
[INFO] [stdout]                                at /rustc/53fd98ca776cb875bc9e5514f56b52eb74f9e7a9/library/std/src/sys_common/backtrace.rs:125:18
[INFO] [stdout]   29:     0x563849bd9c78 - std::thread::Builder::spawn_unchecked::{{closure}}::{{closure}}::hf0a74bb58798037f
[INFO] [stdout]                                at /rustc/53fd98ca776cb875bc9e5514f56b52eb74f9e7a9/library/std/src/thread/mod.rs:476:17
[INFO] [stdout]   30:     0x563849bd9c78 - <std::panic::AssertUnwindSafe<F> as core::ops::function::FnOnce<()>>::call_once::hb024e854818586ac
[INFO] [stdout]                                at /rustc/53fd98ca776cb875bc9e5514f56b52eb74f9e7a9/library/std/src/panic.rs:347:9
[INFO] [stdout]   31:     0x563849bd9c78 - std::panicking::try::do_call::hb2dd9f1d0d48e41d
[INFO] [stdout]                                at /rustc/53fd98ca776cb875bc9e5514f56b52eb74f9e7a9/library/std/src/panicking.rs:401:40
[INFO] [stdout]   32:     0x563849bd9c78 - std::panicking::try::h4717ae7bac8b2bf3
[INFO] [stdout]                                at /rustc/53fd98ca776cb875bc9e5514f56b52eb74f9e7a9/library/std/src/panicking.rs:365:19
[INFO] [stdout]   33:     0x563849bd9c78 - std::panic::catch_unwind::h0dc8a061326ce8d8
[INFO] [stdout]                                at /rustc/53fd98ca776cb875bc9e5514f56b52eb74f9e7a9/library/std/src/panic.rs:434:14
[INFO] [stdout]   34:     0x563849bd9c78 - std::thread::Builder::spawn_unchecked::{{closure}}::haa369e2d6fd00aa1
[INFO] [stdout]                                at /rustc/53fd98ca776cb875bc9e5514f56b52eb74f9e7a9/library/std/src/thread/mod.rs:475:30
[INFO] [stdout]   35:     0x563849bd9c78 - core::ops::function::FnOnce::call_once{{vtable.shim}}::h36dcf3de8b056f17
[INFO] [stdout]                                at /rustc/53fd98ca776cb875bc9e5514f56b52eb74f9e7a9/library/core/src/ops/function.rs:227:5
[INFO] [stdout]   36:     0x563849c32b47 - <alloc::boxed::Box<F,A> as core::ops::function::FnOnce<Args>>::call_once::h65c29e4642be2358
[INFO] [stdout]                                at /rustc/53fd98ca776cb875bc9e5514f56b52eb74f9e7a9/library/alloc/src/boxed.rs:1572:9
[INFO] [stdout]   37:     0x563849c32b47 - <alloc::boxed::Box<F,A> as core::ops::function::FnOnce<Args>>::call_once::hd0f8f7fbbd9fffbf
[INFO] [stdout]                                at /rustc/53fd98ca776cb875bc9e5514f56b52eb74f9e7a9/library/alloc/src/boxed.rs:1572:9
[INFO] [stdout]   38:     0x563849c32b47 - std::sys::unix::thread::Thread::new::thread_start::h2fd22fee3ca77b65
[INFO] [stdout]                                at /rustc/53fd98ca776cb875bc9e5514f56b52eb74f9e7a9/library/std/src/sys/unix/thread.rs:74:17
[INFO] [stdout]   39:     0x7fc809cc8609 - start_thread
[INFO] [stdout]   40:     0x7fc809a9a293 - clone
[INFO] [stdout]   41:                0x0 - <unknown>
[INFO] [stdout] 
[INFO] [stdout] 
[INFO] [stdout] failures:
[INFO] [stdout]     test_recursive_odd_size_fft
[INFO] [stdout] 
[INFO] [stdout] test result: FAILED. 2 passed; 1 failed; 0 ignored; 0 measured; 0 filtered out; finished in 1.17s
[INFO] [stdout] 
[INFO] [stderr] error: test failed, to rerun pass '--bin fft'
[INFO] running `Command { std: "docker" "inspect" "bef713ee580bbed9d20131358fc0879c39334296dd77592236a6cdd246fd2e98", kill_on_drop: false }`
[INFO] running `Command { std: "docker" "rm" "-f" "bef713ee580bbed9d20131358fc0879c39334296dd77592236a6cdd246fd2e98", kill_on_drop: false }`
[INFO] [stdout] bef713ee580bbed9d20131358fc0879c39334296dd77592236a6cdd246fd2e98
