[INFO] cloning repository https://github.com/kalinstanchev/rcon
[INFO] running `Command { std: "git" "-c" "credential.helper=" "-c" "credential.helper=/workspace/cargo-home/bin/git-credential-null" "clone" "--bare" "https://github.com/kalinstanchev/rcon" "/workspace/cache/git-repos/https%3A%2F%2Fgithub.com%2Fkalinstanchev%2Frcon", kill_on_drop: false }`
[INFO] [stderr] Cloning into bare repository '/workspace/cache/git-repos/https%3A%2F%2Fgithub.com%2Fkalinstanchev%2Frcon'...
[INFO] running `Command { std: "git" "rev-parse" "HEAD", kill_on_drop: false }`
[INFO] [stdout] 40d29767df3f94023d6f630c3d48d7b5b0c61b69
[INFO] testing kalinstanchev/rcon against 1.54.0 for beta-1.55-1
[INFO] running `Command { std: "git" "clone" "/workspace/cache/git-repos/https%3A%2F%2Fgithub.com%2Fkalinstanchev%2Frcon" "/workspace/builds/worker-70/source", kill_on_drop: false }`
[INFO] [stderr] Cloning into '/workspace/builds/worker-70/source'...
[INFO] [stderr] done.
[INFO] validating manifest of git repo https://github.com/kalinstanchev/rcon on toolchain 1.54.0
[INFO] running `Command { std: "/workspace/cargo-home/bin/cargo" "+1.54.0" "metadata" "--manifest-path" "Cargo.toml" "--no-deps", kill_on_drop: false }`
[INFO] started tweaking git repo https://github.com/kalinstanchev/rcon
[INFO] finished tweaking git repo https://github.com/kalinstanchev/rcon
[INFO] tweaked toml for git repo https://github.com/kalinstanchev/rcon written to /workspace/builds/worker-70/source/Cargo.toml
[INFO] crate git repo https://github.com/kalinstanchev/rcon already has a lockfile, it will not be regenerated
[INFO] running `Command { std: "/workspace/cargo-home/bin/cargo" "+1.54.0" "fetch" "--manifest-path" "Cargo.toml", kill_on_drop: false }`
[INFO] [stderr]     Blocking waiting for file lock on package cache
[INFO] [stderr]     Blocking waiting for file lock on package cache
[INFO] running `Command { std: "docker" "create" "-v" "/var/lib/crater-agent-workspace/builds/worker-70/target:/opt/rustwide/target:rw,Z" "-v" "/var/lib/crater-agent-workspace/builds/worker-70/source:/opt/rustwide/workdir:ro,Z" "-v" "/var/lib/crater-agent-workspace/cargo-home:/opt/rustwide/cargo-home:ro,Z" "-v" "/var/lib/crater-agent-workspace/rustup-home:/opt/rustwide/rustup-home:ro,Z" "-e" "SOURCE_DIR=/opt/rustwide/workdir" "-e" "CARGO_TARGET_DIR=/opt/rustwide/target" "-e" "CARGO_HOME=/opt/rustwide/cargo-home" "-e" "RUSTUP_HOME=/opt/rustwide/rustup-home" "-w" "/opt/rustwide/workdir" "-m" "1610612736" "--user" "0:0" "--network" "none" "ghcr.io/rust-lang/crates-build-env/linux@sha256:34b6a614d2c27851fe6cbf88fbd1137609cefab8b10d0615aaeb6fd47975d74e" "/opt/rustwide/cargo-home/bin/cargo" "+1.54.0" "metadata" "--no-deps" "--format-version=1", kill_on_drop: false }`
[INFO] [stdout] 8b1bd569556b583bb76525b2c79931f241f865c5ef09366211d1d83338ea0e58
[INFO] running `Command { std: "docker" "start" "-a" "8b1bd569556b583bb76525b2c79931f241f865c5ef09366211d1d83338ea0e58", kill_on_drop: false }`
[INFO] running `Command { std: "docker" "inspect" "8b1bd569556b583bb76525b2c79931f241f865c5ef09366211d1d83338ea0e58", kill_on_drop: false }`
[INFO] running `Command { std: "docker" "rm" "-f" "8b1bd569556b583bb76525b2c79931f241f865c5ef09366211d1d83338ea0e58", kill_on_drop: false }`
[INFO] [stdout] 8b1bd569556b583bb76525b2c79931f241f865c5ef09366211d1d83338ea0e58
[INFO] running `Command { std: "docker" "create" "-v" "/var/lib/crater-agent-workspace/builds/worker-70/target:/opt/rustwide/target:rw,Z" "-v" "/var/lib/crater-agent-workspace/builds/worker-70/source:/opt/rustwide/workdir:ro,Z" "-v" "/var/lib/crater-agent-workspace/cargo-home:/opt/rustwide/cargo-home:ro,Z" "-v" "/var/lib/crater-agent-workspace/rustup-home:/opt/rustwide/rustup-home:ro,Z" "-e" "SOURCE_DIR=/opt/rustwide/workdir" "-e" "CARGO_TARGET_DIR=/opt/rustwide/target" "-e" "CARGO_INCREMENTAL=0" "-e" "RUST_BACKTRACE=full" "-e" "RUSTFLAGS=--cap-lints=warn" "-e" "CARGO_HOME=/opt/rustwide/cargo-home" "-e" "RUSTUP_HOME=/opt/rustwide/rustup-home" "-w" "/opt/rustwide/workdir" "-m" "1610612736" "--user" "0:0" "--network" "none" "ghcr.io/rust-lang/crates-build-env/linux@sha256:34b6a614d2c27851fe6cbf88fbd1137609cefab8b10d0615aaeb6fd47975d74e" "/opt/rustwide/cargo-home/bin/cargo" "+1.54.0" "build" "--frozen" "--message-format=json", kill_on_drop: false }`
[INFO] [stdout] 51714385cba8e31b5126bf57c351f06611341c43154f51b2ab5f81e54d409231
[INFO] running `Command { std: "docker" "start" "-a" "51714385cba8e31b5126bf57c351f06611341c43154f51b2ab5f81e54d409231", kill_on_drop: false }`
[INFO] [stderr]     Blocking waiting for file lock on package cache
[INFO] [stderr]    Compiling libc v0.2.62
[INFO] [stderr]    Compiling autocfg v0.1.6
[INFO] [stderr]    Compiling memchr v2.2.1
[INFO] [stderr]    Compiling log v0.4.8
[INFO] [stderr]    Compiling cfg-if v0.1.9
[INFO] [stderr]    Compiling regex-syntax v0.6.11
[INFO] [stderr]    Compiling quick-error v1.2.2
[INFO] [stderr]    Compiling bitflags v1.1.0
[INFO] [stderr]    Compiling termcolor v1.0.5
[INFO] [stderr]    Compiling unicode-width v0.1.6
[INFO] [stderr]    Compiling vec_map v0.8.1
[INFO] [stderr]    Compiling numtoa v0.1.0
[INFO] [stderr]    Compiling thread_local v0.3.6
[INFO] [stderr]    Compiling humantime v1.2.0
[INFO] [stderr]    Compiling num-traits v0.2.8
[INFO] [stderr]    Compiling num-integer v0.1.41
[INFO] [stderr]    Compiling textwrap v0.11.0
[INFO] [stderr]    Compiling rcon_protocol v0.1.0 (/opt/rustwide/workdir/rcon_protocol)
[INFO] [stderr]    Compiling aho-corasick v0.7.6
[INFO] [stderr]    Compiling atty v0.2.13
[INFO] [stderr]    Compiling time v0.1.42
[INFO] [stderr]    Compiling termion v1.5.3
[INFO] [stderr]    Compiling clap v2.33.0
[INFO] [stderr]    Compiling regex v1.2.1
[INFO] [stderr]    Compiling chrono v0.4.7
[INFO] [stderr]    Compiling env_logger v0.6.2
[INFO] [stderr]    Compiling pretty_env_logger v0.3.1
[INFO] [stderr]    Compiling rconcli v0.1.0 (/opt/rustwide/workdir/rconcli)
[INFO] [stdout] warning: unused import: `ErrorKind`
[INFO] [stdout]   --> rconcli/src/main.rs:13:30
[INFO] [stdout]    |
[INFO] [stdout] 13 | use std::io::{stdin, stdout, ErrorKind, Read, Write};
[INFO] [stdout]    |                              ^^^^^^^^^
[INFO] [stdout]    |
[INFO] [stdout]    = note: `#[warn(unused_imports)]` on by default
[INFO] [stdout] 
[INFO] [stdout] 
[INFO] [stdout] warning: associated function is never used: `info`
[INFO] [stdout]    --> rconcli/src/main.rs:218:12
[INFO] [stdout]     |
[INFO] [stdout] 218 |     pub fn info(&mut self, msg: &'static str) {
[INFO] [stdout]     |            ^^^^
[INFO] [stdout]     |
[INFO] [stdout]     = note: `#[warn(dead_code)]` on by default
[INFO] [stdout] 
[INFO] [stdout] 
[INFO] [stdout] warning: panic message is not a string literal
[INFO] [stdout]    --> rconcli/src/main.rs:112:38
[INFO] [stdout]     |
[INFO] [stdout] 112 |                 Err(error) => panic!(error),
[INFO] [stdout]     |                                      ^^^^^
[INFO] [stdout]     |
[INFO] [stdout]     = note: `#[warn(non_fmt_panic)]` on by default
[INFO] [stdout]     = note: this is no longer accepted in Rust 2021
[INFO] [stdout] help: add a "{}" format string to Display the message
[INFO] [stdout]     |
[INFO] [stdout] 112 |                 Err(error) => panic!("{}", error),
[INFO] [stdout]     |                                      ^^^^^
[INFO] [stdout] help: or use std::panic::panic_any instead
[INFO] [stdout]     |
[INFO] [stdout] 112 |                 Err(error) => std::panic::panic_any(error),
[INFO] [stdout]     |                               ^^^^^^^^^^^^^^^^^^^^^
[INFO] [stdout] 
[INFO] [stdout] 
[INFO] [stdout] warning: panic message is not a string literal
[INFO] [stdout]    --> rconcli/src/main.rs:144:34
[INFO] [stdout]     |
[INFO] [stdout] 144 |             Err(error) => panic!(error),
[INFO] [stdout]     |                                  ^^^^^
[INFO] [stdout]     |
[INFO] [stdout]     = note: this is no longer accepted in Rust 2021
[INFO] [stdout] help: add a "{}" format string to Display the message
[INFO] [stdout]     |
[INFO] [stdout] 144 |             Err(error) => panic!("{}", error),
[INFO] [stdout]     |                                  ^^^^^
[INFO] [stdout] help: or use std::panic::panic_any instead
[INFO] [stdout]     |
[INFO] [stdout] 144 |             Err(error) => std::panic::panic_any(error),
[INFO] [stdout]     |                           ^^^^^^^^^^^^^^^^^^^^^
[INFO] [stdout] 
[INFO] [stdout] 
[INFO] [stdout] warning: 4 warnings emitted
[INFO] [stdout] 
[INFO] [stdout] 
[INFO] [stderr]     Finished dev [unoptimized + debuginfo] target(s) in 16.92s
[INFO] running `Command { std: "docker" "inspect" "51714385cba8e31b5126bf57c351f06611341c43154f51b2ab5f81e54d409231", kill_on_drop: false }`
[INFO] running `Command { std: "docker" "rm" "-f" "51714385cba8e31b5126bf57c351f06611341c43154f51b2ab5f81e54d409231", kill_on_drop: false }`
[INFO] [stdout] 51714385cba8e31b5126bf57c351f06611341c43154f51b2ab5f81e54d409231
[INFO] running `Command { std: "docker" "create" "-v" "/var/lib/crater-agent-workspace/builds/worker-70/target:/opt/rustwide/target:rw,Z" "-v" "/var/lib/crater-agent-workspace/builds/worker-70/source:/opt/rustwide/workdir:ro,Z" "-v" "/var/lib/crater-agent-workspace/cargo-home:/opt/rustwide/cargo-home:ro,Z" "-v" "/var/lib/crater-agent-workspace/rustup-home:/opt/rustwide/rustup-home:ro,Z" "-e" "SOURCE_DIR=/opt/rustwide/workdir" "-e" "CARGO_TARGET_DIR=/opt/rustwide/target" "-e" "CARGO_INCREMENTAL=0" "-e" "RUST_BACKTRACE=full" "-e" "RUSTFLAGS=--cap-lints=warn" "-e" "CARGO_HOME=/opt/rustwide/cargo-home" "-e" "RUSTUP_HOME=/opt/rustwide/rustup-home" "-w" "/opt/rustwide/workdir" "-m" "1610612736" "--user" "0:0" "--network" "none" "ghcr.io/rust-lang/crates-build-env/linux@sha256:34b6a614d2c27851fe6cbf88fbd1137609cefab8b10d0615aaeb6fd47975d74e" "/opt/rustwide/cargo-home/bin/cargo" "+1.54.0" "test" "--frozen" "--no-run" "--message-format=json", kill_on_drop: false }`
[INFO] [stdout] fbb2bc178b73538c93400d9269bbe83b65b946f52621928aa8ae8990f01b5688
[INFO] running `Command { std: "docker" "start" "-a" "fbb2bc178b73538c93400d9269bbe83b65b946f52621928aa8ae8990f01b5688", kill_on_drop: false }`
[INFO] [stderr]     Blocking waiting for file lock on package cache
[INFO] [stderr]    Compiling rcon_protocol v0.1.0 (/opt/rustwide/workdir/rcon_protocol)
[INFO] [stderr]    Compiling rconcli v0.1.0 (/opt/rustwide/workdir/rconcli)
[INFO] [stdout] warning: unused import: `ErrorKind`
[INFO] [stdout]   --> rconcli/src/main.rs:13:30
[INFO] [stdout]    |
[INFO] [stdout] 13 | use std::io::{stdin, stdout, ErrorKind, Read, Write};
[INFO] [stdout]    |                              ^^^^^^^^^
[INFO] [stdout]    |
[INFO] [stdout]    = note: `#[warn(unused_imports)]` on by default
[INFO] [stdout] 
[INFO] [stdout] 
[INFO] [stdout] warning: associated function is never used: `info`
[INFO] [stdout]    --> rconcli/src/main.rs:218:12
[INFO] [stdout]     |
[INFO] [stdout] 218 |     pub fn info(&mut self, msg: &'static str) {
[INFO] [stdout]     |            ^^^^
[INFO] [stdout]     |
[INFO] [stdout]     = note: `#[warn(dead_code)]` on by default
[INFO] [stdout] 
[INFO] [stdout] 
[INFO] [stdout] warning: panic message is not a string literal
[INFO] [stdout]    --> rconcli/src/main.rs:112:38
[INFO] [stdout]     |
[INFO] [stdout] 112 |                 Err(error) => panic!(error),
[INFO] [stdout]     |                                      ^^^^^
[INFO] [stdout]     |
[INFO] [stdout]     = note: `#[warn(non_fmt_panic)]` on by default
[INFO] [stdout]     = note: this is no longer accepted in Rust 2021
[INFO] [stdout] help: add a "{}" format string to Display the message
[INFO] [stdout]     |
[INFO] [stdout] 112 |                 Err(error) => panic!("{}", error),
[INFO] [stdout]     |                                      ^^^^^
[INFO] [stdout] help: or use std::panic::panic_any instead
[INFO] [stdout]     |
[INFO] [stdout] 112 |                 Err(error) => std::panic::panic_any(error),
[INFO] [stdout]     |                               ^^^^^^^^^^^^^^^^^^^^^
[INFO] [stdout] 
[INFO] [stdout] 
[INFO] [stdout] warning: panic message is not a string literal
[INFO] [stdout]    --> rconcli/src/main.rs:144:34
[INFO] [stdout]     |
[INFO] [stdout] 144 |             Err(error) => panic!(error),
[INFO] [stdout]     |                                  ^^^^^
[INFO] [stdout]     |
[INFO] [stdout]     = note: this is no longer accepted in Rust 2021
[INFO] [stdout] help: add a "{}" format string to Display the message
[INFO] [stdout]     |
[INFO] [stdout] 144 |             Err(error) => panic!("{}", error),
[INFO] [stdout]     |                                  ^^^^^
[INFO] [stdout] help: or use std::panic::panic_any instead
[INFO] [stdout]     |
[INFO] [stdout] 144 |             Err(error) => std::panic::panic_any(error),
[INFO] [stdout]     |                           ^^^^^^^^^^^^^^^^^^^^^
[INFO] [stdout] 
[INFO] [stdout] 
[INFO] [stdout] warning: 4 warnings emitted
[INFO] [stdout] 
[INFO] [stdout] 
[INFO] [stderr]     Finished test [unoptimized + debuginfo] target(s) in 1.41s
[INFO] running `Command { std: "docker" "inspect" "fbb2bc178b73538c93400d9269bbe83b65b946f52621928aa8ae8990f01b5688", kill_on_drop: false }`
[INFO] running `Command { std: "docker" "rm" "-f" "fbb2bc178b73538c93400d9269bbe83b65b946f52621928aa8ae8990f01b5688", kill_on_drop: false }`
[INFO] [stdout] fbb2bc178b73538c93400d9269bbe83b65b946f52621928aa8ae8990f01b5688
[INFO] running `Command { std: "docker" "create" "-v" "/var/lib/crater-agent-workspace/builds/worker-70/target:/opt/rustwide/target:rw,Z" "-v" "/var/lib/crater-agent-workspace/builds/worker-70/source:/opt/rustwide/workdir:ro,Z" "-v" "/var/lib/crater-agent-workspace/cargo-home:/opt/rustwide/cargo-home:ro,Z" "-v" "/var/lib/crater-agent-workspace/rustup-home:/opt/rustwide/rustup-home:ro,Z" "-e" "SOURCE_DIR=/opt/rustwide/workdir" "-e" "CARGO_TARGET_DIR=/opt/rustwide/target" "-e" "CARGO_INCREMENTAL=0" "-e" "RUST_BACKTRACE=full" "-e" "RUSTFLAGS=--cap-lints=warn" "-e" "CARGO_HOME=/opt/rustwide/cargo-home" "-e" "RUSTUP_HOME=/opt/rustwide/rustup-home" "-w" "/opt/rustwide/workdir" "-m" "1610612736" "--user" "0:0" "--network" "none" "ghcr.io/rust-lang/crates-build-env/linux@sha256:34b6a614d2c27851fe6cbf88fbd1137609cefab8b10d0615aaeb6fd47975d74e" "/opt/rustwide/cargo-home/bin/cargo" "+1.54.0" "test" "--frozen", kill_on_drop: false }`
[INFO] [stdout] 17afdcaed9429bcddef36d20a9a82a54fe42a96e8b512bcfe130857793a01293
[INFO] running `Command { std: "docker" "start" "-a" "17afdcaed9429bcddef36d20a9a82a54fe42a96e8b512bcfe130857793a01293", kill_on_drop: false }`
[INFO] [stderr]     Blocking waiting for file lock on package cache
[INFO] [stderr] warning: unused import: `ErrorKind`
[INFO] [stderr]   --> rconcli/src/main.rs:13:30
[INFO] [stderr]    |
[INFO] [stderr] 13 | use std::io::{stdin, stdout, ErrorKind, Read, Write};
[INFO] [stderr]    |                              ^^^^^^^^^
[INFO] [stderr]    |
[INFO] [stderr]    = note: `#[warn(unused_imports)]` on by default
[INFO] [stderr] 
[INFO] [stderr] warning: associated function is never used: `info`
[INFO] [stderr]    --> rconcli/src/main.rs:218:12
[INFO] [stderr]     |
[INFO] [stderr] 218 |     pub fn info(&mut self, msg: &'static str) {
[INFO] [stderr]     |            ^^^^
[INFO] [stderr]     |
[INFO] [stderr]     = note: `#[warn(dead_code)]` on by default
[INFO] [stderr] 
[INFO] [stderr] warning: panic message is not a string literal
[INFO] [stderr]    --> rconcli/src/main.rs:112:38
[INFO] [stderr]     |
[INFO] [stderr] 112 |                 Err(error) => panic!(error),
[INFO] [stderr]     |                                      ^^^^^
[INFO] [stderr]     |
[INFO] [stderr]     = note: `#[warn(non_fmt_panic)]` on by default
[INFO] [stderr]     = note: this is no longer accepted in Rust 2021
[INFO] [stderr] help: add a "{}" format string to Display the message
[INFO] [stderr]     |
[INFO] [stderr] 112 |                 Err(error) => panic!("{}", error),
[INFO] [stderr]     |                                      ^^^^^
[INFO] [stderr] help: or use std::panic::panic_any instead
[INFO] [stderr]     |
[INFO] [stderr] 112 |                 Err(error) => std::panic::panic_any(error),
[INFO] [stderr]     |                               ^^^^^^^^^^^^^^^^^^^^^
[INFO] [stderr] 
[INFO] [stderr] warning: panic message is not a string literal
[INFO] [stderr]    --> rconcli/src/main.rs:144:34
[INFO] [stderr]     |
[INFO] [stderr] 144 |             Err(error) => panic!(error),
[INFO] [stderr]     |                                  ^^^^^
[INFO] [stderr]     |
[INFO] [stderr]     = note: this is no longer accepted in Rust 2021
[INFO] [stderr] help: add a "{}" format string to Display the message
[INFO] [stderr]     |
[INFO] [stderr] 144 |             Err(error) => panic!("{}", error),
[INFO] [stderr]     |                                  ^^^^^
[INFO] [stderr] help: or use std::panic::panic_any instead
[INFO] [stderr]     |
[INFO] [stderr] 144 |             Err(error) => std::panic::panic_any(error),
[INFO] [stderr]     |                           ^^^^^^^^^^^^^^^^^^^^^
[INFO] [stderr] 
[INFO] [stderr] warning: 4 warnings emitted
[INFO] [stderr] 
[INFO] [stderr]     Finished test [unoptimized + debuginfo] target(s) in 0.07s
[INFO] [stderr]      Running unittests (/opt/rustwide/target/debug/deps/rcon_protocol-35edd23c54693c8f)
[INFO] [stdout] 
[INFO] [stdout] running 1 test
[INFO] [stdout] test tests::it_works ... ok
[INFO] [stdout] 
[INFO] [stdout] test result: ok. 1 passed; 0 failed; 0 ignored; 0 measured; 0 filtered out; finished in 0.00s
[INFO] [stdout] 
[INFO] [stderr]      Running unittests (/opt/rustwide/target/debug/deps/rcon-49ff0b9b9a5a1dbf)
[INFO] [stdout] 
[INFO] [stdout] running 0 tests
[INFO] [stdout] 
[INFO] [stdout] test result: ok. 0 passed; 0 failed; 0 ignored; 0 measured; 0 filtered out; finished in 0.00s
[INFO] [stdout] 
[INFO] [stderr]    Doc-tests rcon_protocol
[INFO] [stdout] 
[INFO] [stdout] running 4 tests
[INFO] [stdout] test src/protocol.rs - protocol::Packet::new (line 15) ... FAILED
[INFO] [stdout] test src/protocol.rs - protocol::Packet::empty (line 39) ... FAILED
[INFO] [stdout] test src/protocol.rs - protocol::Packet::auth (line 31) ... FAILED
[INFO] [stdout] test src/protocol.rs - protocol::Packet::as_bytes (line 51) ... FAILED
[INFO] [stdout] 
[INFO] [stdout] failures:
[INFO] [stdout] 
[INFO] [stdout] ---- src/protocol.rs - protocol::Packet::new (line 15) stdout ----
[INFO] [stdout] error[E0433]: failed to resolve: use of undeclared type `Packet`
[INFO] [stdout]  --> src/protocol.rs:16:29
[INFO] [stdout]   |
[INFO] [stdout] 3 | let packet = Packet::new(1, Packet::AUTHENTICATE, b"let_me_in");
[INFO] [stdout]   |                             ^^^^^^ use of undeclared type `Packet`
[INFO] [stdout] 
[INFO] [stdout] error[E0433]: failed to resolve: use of undeclared type `Packet`
[INFO] [stdout]  --> src/protocol.rs:16:14
[INFO] [stdout]   |
[INFO] [stdout] 3 | let packet = Packet::new(1, Packet::AUTHENTICATE, b"let_me_in");
[INFO] [stdout]   |              ^^^^^^ not found in this scope
[INFO] [stdout]   |
[INFO] [stdout] help: consider importing this struct
[INFO] [stdout]   |
[INFO] [stdout] 2 | use rcon_protocol::prelude::Packet;
[INFO] [stdout]   |
[INFO] [stdout] 
[INFO] [stdout] error: aborting due to 2 previous errors
[INFO] [stdout] 
[INFO] [stdout] For more information about this error, try `rustc --explain E0433`.
[INFO] [stdout] Couldn't compile the test.
[INFO] [stdout] ---- src/protocol.rs - protocol::Packet::empty (line 39) stdout ----
[INFO] [stdout] error[E0433]: failed to resolve: use of undeclared type `Packet`
[INFO] [stdout]  --> src/protocol.rs:40:15
[INFO] [stdout]   |
[INFO] [stdout] 3 | let packet =  Packet::empty();
[INFO] [stdout]   |               ^^^^^^ not found in this scope
[INFO] [stdout]   |
[INFO] [stdout] help: consider importing this struct
[INFO] [stdout]   |
[INFO] [stdout] 2 | use rcon_protocol::prelude::Packet;
[INFO] [stdout]   |
[INFO] [stdout] 
[INFO] [stdout] error: aborting due to previous error
[INFO] [stdout] 
[INFO] [stdout] For more information about this error, try `rustc --explain E0433`.
[INFO] [stdout] Couldn't compile the test.
[INFO] [stdout] ---- src/protocol.rs - protocol::Packet::auth (line 31) stdout ----
[INFO] [stdout] error[E0433]: failed to resolve: use of undeclared type `Packet`
[INFO] [stdout]  --> src/protocol.rs:32:15
[INFO] [stdout]   |
[INFO] [stdout] 3 | let packet =  Packet::auth(1, b"let_me_in");
[INFO] [stdout]   |               ^^^^^^ not found in this scope
[INFO] [stdout]   |
[INFO] [stdout] help: consider importing this struct
[INFO] [stdout]   |
[INFO] [stdout] 2 | use rcon_protocol::prelude::Packet;
[INFO] [stdout]   |
[INFO] [stdout] 
[INFO] [stdout] error: aborting due to previous error
[INFO] [stdout] 
[INFO] [stdout] For more information about this error, try `rustc --explain E0433`.
[INFO] [stdout] Couldn't compile the test.
[INFO] [stdout] ---- src/protocol.rs - protocol::Packet::as_bytes (line 51) stdout ----
[INFO] [stdout] error[E0433]: failed to resolve: use of undeclared type `Packet`
[INFO] [stdout]  --> src/protocol.rs:52:15
[INFO] [stdout]   |
[INFO] [stdout] 3 | let packet =  Packet::auth(1, b"let_me_in");
[INFO] [stdout]   |               ^^^^^^ not found in this scope
[INFO] [stdout]   |
[INFO] [stdout] help: consider importing this struct
[INFO] [stdout]   |
[INFO] [stdout] 2 | use rcon_protocol::prelude::Packet;
[INFO] [stdout]   |
[INFO] [stdout] 
[INFO] [stdout] error: aborting due to previous error
[INFO] [stdout] 
[INFO] [stdout] For more information about this error, try `rustc --explain E0433`.
[INFO] [stdout] Couldn't compile the test.
[INFO] [stdout] 
[INFO] [stdout] failures:
[INFO] [stdout]     src/protocol.rs - protocol::Packet::as_bytes (line 51)
[INFO] [stdout]     src/protocol.rs - protocol::Packet::auth (line 31)
[INFO] [stdout]     src/protocol.rs - protocol::Packet::empty (line 39)
[INFO] [stdout]     src/protocol.rs - protocol::Packet::new (line 15)
[INFO] [stdout] 
[INFO] [stdout] test result: FAILED. 0 passed; 4 failed; 0 ignored; 0 measured; 0 filtered out; finished in 0.10s
[INFO] [stdout] 
[INFO] [stderr] error: test failed, to rerun pass '--doc'
[INFO] running `Command { std: "docker" "inspect" "17afdcaed9429bcddef36d20a9a82a54fe42a96e8b512bcfe130857793a01293", kill_on_drop: false }`
[INFO] running `Command { std: "docker" "rm" "-f" "17afdcaed9429bcddef36d20a9a82a54fe42a96e8b512bcfe130857793a01293", kill_on_drop: false }`
[INFO] [stdout] 17afdcaed9429bcddef36d20a9a82a54fe42a96e8b512bcfe130857793a01293
