[INFO] cloning repository https://github.com/kafji/tp-kvs
[INFO] running `Command { std: "git" "-c" "credential.helper=" "-c" "credential.helper=/workspace/cargo-home/bin/git-credential-null" "clone" "--bare" "https://github.com/kafji/tp-kvs" "/workspace/cache/git-repos/https%3A%2F%2Fgithub.com%2Fkafji%2Ftp-kvs", kill_on_drop: false }`
[INFO] [stderr] Cloning into bare repository '/workspace/cache/git-repos/https%3A%2F%2Fgithub.com%2Fkafji%2Ftp-kvs'...
[INFO] running `Command { std: "git" "rev-parse" "HEAD", kill_on_drop: false }`
[INFO] [stdout] 9b6ff72b524b5e9ce4bfe3b1e1ab2199a84aa065
[INFO] testing kafji/tp-kvs against 1.54.0 for beta-1.55-1
[INFO] running `Command { std: "git" "clone" "/workspace/cache/git-repos/https%3A%2F%2Fgithub.com%2Fkafji%2Ftp-kvs" "/workspace/builds/worker-60/source", kill_on_drop: false }`
[INFO] [stderr] Cloning into '/workspace/builds/worker-60/source'...
[INFO] [stderr] done.
[INFO] validating manifest of git repo https://github.com/kafji/tp-kvs on toolchain 1.54.0
[INFO] running `Command { std: "/workspace/cargo-home/bin/cargo" "+1.54.0" "metadata" "--manifest-path" "Cargo.toml" "--no-deps", kill_on_drop: false }`
[INFO] started tweaking git repo https://github.com/kafji/tp-kvs
[INFO] finished tweaking git repo https://github.com/kafji/tp-kvs
[INFO] tweaked toml for git repo https://github.com/kafji/tp-kvs written to /workspace/builds/worker-60/source/Cargo.toml
[INFO] crate git repo https://github.com/kafji/tp-kvs already has a lockfile, it will not be regenerated
[INFO] running `Command { std: "/workspace/cargo-home/bin/cargo" "+1.54.0" "fetch" "--manifest-path" "Cargo.toml", kill_on_drop: false }`
[INFO] [stderr]     Blocking waiting for file lock on package cache
[INFO] [stderr]     Blocking waiting for file lock on package cache
[INFO] [stderr]  Downloading crates ...
[INFO] [stderr]   Downloaded assert_cmd v1.0.1
[INFO] [stderr]   Downloaded sled v0.34.5
[INFO] running `Command { std: "docker" "create" "-v" "/var/lib/crater-agent-workspace/builds/worker-60/target:/opt/rustwide/target:rw,Z" "-v" "/var/lib/crater-agent-workspace/builds/worker-60/source:/opt/rustwide/workdir:ro,Z" "-v" "/var/lib/crater-agent-workspace/cargo-home:/opt/rustwide/cargo-home:ro,Z" "-v" "/var/lib/crater-agent-workspace/rustup-home:/opt/rustwide/rustup-home:ro,Z" "-e" "SOURCE_DIR=/opt/rustwide/workdir" "-e" "CARGO_TARGET_DIR=/opt/rustwide/target" "-e" "CARGO_HOME=/opt/rustwide/cargo-home" "-e" "RUSTUP_HOME=/opt/rustwide/rustup-home" "-w" "/opt/rustwide/workdir" "-m" "1610612736" "--user" "0:0" "--network" "none" "ghcr.io/rust-lang/crates-build-env/linux@sha256:34b6a614d2c27851fe6cbf88fbd1137609cefab8b10d0615aaeb6fd47975d74e" "/opt/rustwide/cargo-home/bin/cargo" "+1.54.0" "metadata" "--no-deps" "--format-version=1", kill_on_drop: false }`
[INFO] [stdout] 18eae1f75b6210195cdf67cdc14cd8848b852ee7d5e9e943ff5d4a8c8ccd8e78
[INFO] running `Command { std: "docker" "start" "-a" "18eae1f75b6210195cdf67cdc14cd8848b852ee7d5e9e943ff5d4a8c8ccd8e78", kill_on_drop: false }`
[INFO] running `Command { std: "docker" "inspect" "18eae1f75b6210195cdf67cdc14cd8848b852ee7d5e9e943ff5d4a8c8ccd8e78", kill_on_drop: false }`
[INFO] running `Command { std: "docker" "rm" "-f" "18eae1f75b6210195cdf67cdc14cd8848b852ee7d5e9e943ff5d4a8c8ccd8e78", kill_on_drop: false }`
[INFO] [stdout] 18eae1f75b6210195cdf67cdc14cd8848b852ee7d5e9e943ff5d4a8c8ccd8e78
[INFO] running `Command { std: "docker" "create" "-v" "/var/lib/crater-agent-workspace/builds/worker-60/target:/opt/rustwide/target:rw,Z" "-v" "/var/lib/crater-agent-workspace/builds/worker-60/source:/opt/rustwide/workdir:ro,Z" "-v" "/var/lib/crater-agent-workspace/cargo-home:/opt/rustwide/cargo-home:ro,Z" "-v" "/var/lib/crater-agent-workspace/rustup-home:/opt/rustwide/rustup-home:ro,Z" "-e" "SOURCE_DIR=/opt/rustwide/workdir" "-e" "CARGO_TARGET_DIR=/opt/rustwide/target" "-e" "CARGO_INCREMENTAL=0" "-e" "RUST_BACKTRACE=full" "-e" "RUSTFLAGS=--cap-lints=warn" "-e" "CARGO_HOME=/opt/rustwide/cargo-home" "-e" "RUSTUP_HOME=/opt/rustwide/rustup-home" "-w" "/opt/rustwide/workdir" "-m" "1610612736" "--user" "0:0" "--network" "none" "ghcr.io/rust-lang/crates-build-env/linux@sha256:34b6a614d2c27851fe6cbf88fbd1137609cefab8b10d0615aaeb6fd47975d74e" "/opt/rustwide/cargo-home/bin/cargo" "+1.54.0" "build" "--frozen" "--message-format=json", kill_on_drop: false }`
[INFO] [stdout] 40967a3d46ab4ae6b0a7bf59376020b18fb18f700adc6c5a4c66f462ed884fde
[INFO] running `Command { std: "docker" "start" "-a" "40967a3d46ab4ae6b0a7bf59376020b18fb18f700adc6c5a4c66f462ed884fde", kill_on_drop: false }`
[INFO] [stderr]    Compiling proc-macro2 v1.0.24
[INFO] [stderr]    Compiling libc v0.2.80
[INFO] [stderr]    Compiling syn v1.0.48
[INFO] [stderr]    Compiling cfg-if v1.0.0
[INFO] [stderr]    Compiling const_fn v0.4.3
[INFO] [stderr]    Compiling serde_derive v1.0.117
[INFO] [stderr]    Compiling slog v2.5.2
[INFO] [stderr]    Compiling strsim v0.9.3
[INFO] [stderr]    Compiling ident_case v1.0.1
[INFO] [stderr]    Compiling smallvec v1.4.2
[INFO] [stderr]    Compiling serde v1.0.117
[INFO] [stderr]    Compiling adler v0.2.3
[INFO] [stderr]    Compiling unicode-segmentation v1.6.0
[INFO] [stderr]    Compiling gimli v0.23.0
[INFO] [stderr]    Compiling crc32fast v1.2.1
[INFO] [stderr]    Compiling hashbrown v0.9.1
[INFO] [stderr]    Compiling rustc-demangle v0.1.18
[INFO] [stderr]    Compiling unicode-width v0.1.8
[INFO] [stderr]    Compiling derive_builder v0.9.0
[INFO] [stderr]    Compiling take_mut v0.2.2
[INFO] [stderr]    Compiling object v0.22.0
[INFO] [stderr]    Compiling anyhow v1.0.34
[INFO] [stderr]    Compiling vec_map v0.8.2
[INFO] [stderr]    Compiling strsim v0.10.0
[INFO] [stderr]    Compiling os_str_bytes v2.3.2
[INFO] [stderr]    Compiling termcolor v1.1.0
[INFO] [stderr]    Compiling once_cell v1.4.1
[INFO] [stderr]    Compiling num-traits v0.2.14
[INFO] [stderr]    Compiling num-integer v0.1.44
[INFO] [stderr]    Compiling miniz_oxide v0.4.3
[INFO] [stderr]    Compiling memoffset v0.5.6
[INFO] [stderr]    Compiling crossbeam-utils v0.8.0
[INFO] [stderr]    Compiling indexmap v1.6.0
[INFO] [stderr]    Compiling proc-macro-error-attr v1.0.4
[INFO] [stderr]    Compiling proc-macro-error v1.0.4
[INFO] [stderr]    Compiling lock_api v0.4.1
[INFO] [stderr]    Compiling instant v0.1.8
[INFO] [stderr]    Compiling fxhash v0.2.1
[INFO] [stderr]    Compiling crossbeam-channel v0.4.4
[INFO] [stderr]    Compiling textwrap v0.12.1
[INFO] [stderr]    Compiling heck v0.3.1
[INFO] [stderr]    Compiling slog-async v2.5.0
[INFO] [stderr]    Compiling quote v1.0.7
[INFO] [stderr]    Compiling dirs-sys v0.3.5
[INFO] [stderr]    Compiling atty v0.2.14
[INFO] [stderr]    Compiling time v0.1.44
[INFO] [stderr]    Compiling parking_lot_core v0.8.0
[INFO] [stderr]    Compiling fs2 v0.4.3
[INFO] [stderr]    Compiling nix v0.19.0
[INFO] [stderr]    Compiling addr2line v0.14.0
[INFO] [stderr]    Compiling dirs v2.0.2
[INFO] [stderr]    Compiling backtrace v0.3.54
[INFO] [stderr]    Compiling term v0.6.1
[INFO] [stderr]    Compiling parking_lot v0.11.0
[INFO] [stderr]    Compiling chrono v0.4.19
[INFO] [stderr]    Compiling crossbeam-epoch v0.9.0
[INFO] [stderr]    Compiling sled v0.34.5
[INFO] [stderr]    Compiling slog-term v2.6.0
[INFO] [stderr]    Compiling darling_core v0.10.2
[INFO] [stderr]    Compiling thiserror-impl v1.0.22
[INFO] [stderr]    Compiling clap_derive v3.0.0-beta.2
[INFO] [stderr]    Compiling num-derive v0.3.3
[INFO] [stderr]    Compiling darling_macro v0.10.2
[INFO] [stderr]    Compiling darling v0.10.2
[INFO] [stderr]    Compiling thiserror v1.0.22
[INFO] [stderr]    Compiling derive_builder_core v0.9.0
[INFO] [stderr]    Compiling clap v3.0.0-beta.2
[INFO] [stderr]    Compiling bincode v1.3.1
[INFO] [stderr]    Compiling exercises v0.0.1 (/opt/rustwide/workdir/exercises)
[INFO] [stderr]    Compiling kvs v0.0.1 (/opt/rustwide/workdir/kvs)
[INFO] [stdout] warning: panic message is not a string literal
[INFO] [stdout]   --> exercises/src/bin/redis_protocol.rs:59:25
[INFO] [stdout]    |
[INFO] [stdout] 59 |         other => panic!(format!("unexpected arg `{}`", other)),
[INFO] [stdout]    |                         ^^^^^^^^^^^^^^^^^^^^^^^^^^^^^^^^^^^^^
[INFO] [stdout]    |
[INFO] [stdout]    = note: `#[warn(non_fmt_panic)]` on by default
[INFO] [stdout]    = note: this is no longer accepted in Rust 2021
[INFO] [stdout]    = note: the panic!() macro supports formatting, so there's no need for the format!() macro here
[INFO] [stdout] help: remove the `format!(..)` macro call
[INFO] [stdout]    |
[INFO] [stdout] 59 |         other => panic!("unexpected arg `{}`", other),
[INFO] [stdout]    |                        --                          --
[INFO] [stdout] 
[INFO] [stdout] 
[INFO] [stdout] warning: panic message is not a string literal
[INFO] [stdout]     --> exercises/src/bin/redis_protocol.rs:1063:28
[INFO] [stdout]      |
[INFO] [stdout] 1063 |                       panic!(format!(
[INFO] [stdout]      |  ____________________________^
[INFO] [stdout] 1064 | |                         "unknown type, first byte is `{}`",
[INFO] [stdout] 1065 | |                         first_byte as char
[INFO] [stdout] 1066 | |                     ))
[INFO] [stdout]      | |_____________________^
[INFO] [stdout]      |
[INFO] [stdout]      = note: this is no longer accepted in Rust 2021
[INFO] [stdout]      = note: the panic!() macro supports formatting, so there's no need for the format!() macro here
[INFO] [stdout] help: remove the `format!(..)` macro call
[INFO] [stdout]      |
[INFO] [stdout] 1063 |                     panic!(
[INFO] [stdout] 1064 |                         "unknown type, first byte is `{}`",
[INFO] [stdout] 1065 |                         first_byte as char
[INFO] [stdout] 1066 |                     )
[INFO] [stdout]      |
[INFO] [stdout] 
[INFO] [stdout] 
[INFO] [stdout] warning: 2 warnings emitted
[INFO] [stdout] 
[INFO] [stdout] 
[INFO] [stderr]     Finished dev [unoptimized + debuginfo] target(s) in 34.12s
[INFO] running `Command { std: "docker" "inspect" "40967a3d46ab4ae6b0a7bf59376020b18fb18f700adc6c5a4c66f462ed884fde", kill_on_drop: false }`
[INFO] running `Command { std: "docker" "rm" "-f" "40967a3d46ab4ae6b0a7bf59376020b18fb18f700adc6c5a4c66f462ed884fde", kill_on_drop: false }`
[INFO] [stdout] 40967a3d46ab4ae6b0a7bf59376020b18fb18f700adc6c5a4c66f462ed884fde
[INFO] running `Command { std: "docker" "create" "-v" "/var/lib/crater-agent-workspace/builds/worker-60/target:/opt/rustwide/target:rw,Z" "-v" "/var/lib/crater-agent-workspace/builds/worker-60/source:/opt/rustwide/workdir:ro,Z" "-v" "/var/lib/crater-agent-workspace/cargo-home:/opt/rustwide/cargo-home:ro,Z" "-v" "/var/lib/crater-agent-workspace/rustup-home:/opt/rustwide/rustup-home:ro,Z" "-e" "SOURCE_DIR=/opt/rustwide/workdir" "-e" "CARGO_TARGET_DIR=/opt/rustwide/target" "-e" "CARGO_INCREMENTAL=0" "-e" "RUST_BACKTRACE=full" "-e" "RUSTFLAGS=--cap-lints=warn" "-e" "CARGO_HOME=/opt/rustwide/cargo-home" "-e" "RUSTUP_HOME=/opt/rustwide/rustup-home" "-w" "/opt/rustwide/workdir" "-m" "1610612736" "--user" "0:0" "--network" "none" "ghcr.io/rust-lang/crates-build-env/linux@sha256:34b6a614d2c27851fe6cbf88fbd1137609cefab8b10d0615aaeb6fd47975d74e" "/opt/rustwide/cargo-home/bin/cargo" "+1.54.0" "test" "--frozen" "--no-run" "--message-format=json", kill_on_drop: false }`
[INFO] [stdout] 75a418337d0020872e0d06e65b434ad07ee262a5bca9ed3a117be90364a1fe12
[INFO] running `Command { std: "docker" "start" "-a" "75a418337d0020872e0d06e65b434ad07ee262a5bca9ed3a117be90364a1fe12", kill_on_drop: false }`
[INFO] [stderr]    Compiling memchr v2.3.4
[INFO] [stderr]    Compiling getrandom v0.1.15
[INFO] [stderr]    Compiling regex-syntax v0.6.21
[INFO] [stderr]    Compiling ppv-lite86 v0.2.10
[INFO] [stderr]    Compiling predicates-core v1.0.0
[INFO] [stderr]    Compiling doc-comment v0.3.3
[INFO] [stderr]    Compiling treeline v0.1.0
[INFO] [stderr]    Compiling normalize-line-endings v0.3.0
[INFO] [stderr]    Compiling difference v2.0.0
[INFO] [stderr]    Compiling remove_dir_all v0.5.3
[INFO] [stderr]    Compiling float-cmp v0.8.0
[INFO] [stderr]    Compiling wait-timeout v0.2.0
[INFO] [stderr]    Compiling quickcheck_macros v0.9.1
[INFO] [stderr]    Compiling exercises v0.0.1 (/opt/rustwide/workdir/exercises)
[INFO] [stderr]    Compiling predicates-tree v1.0.0
[INFO] [stdout] warning: panic message is not a string literal
[INFO] [stdout]   --> exercises/src/bin/redis_protocol.rs:59:25
[INFO] [stdout]    |
[INFO] [stdout] 59 |         other => panic!(format!("unexpected arg `{}`", other)),
[INFO] [stdout]    |                         ^^^^^^^^^^^^^^^^^^^^^^^^^^^^^^^^^^^^^
[INFO] [stdout]    |
[INFO] [stdout]    = note: `#[warn(non_fmt_panic)]` on by default
[INFO] [stdout]    = note: this is no longer accepted in Rust 2021
[INFO] [stdout]    = note: the panic!() macro supports formatting, so there's no need for the format!() macro here
[INFO] [stdout] help: remove the `format!(..)` macro call
[INFO] [stdout]    |
[INFO] [stdout] 59 |         other => panic!("unexpected arg `{}`", other),
[INFO] [stdout]    |                        --                          --
[INFO] [stdout] 
[INFO] [stdout] 
[INFO] [stdout] warning: panic message is not a string literal
[INFO] [stdout]     --> exercises/src/bin/redis_protocol.rs:1063:28
[INFO] [stdout]      |
[INFO] [stdout] 1063 |                       panic!(format!(
[INFO] [stdout]      |  ____________________________^
[INFO] [stdout] 1064 | |                         "unknown type, first byte is `{}`",
[INFO] [stdout] 1065 | |                         first_byte as char
[INFO] [stdout] 1066 | |                     ))
[INFO] [stdout]      | |_____________________^
[INFO] [stdout]      |
[INFO] [stdout]      = note: this is no longer accepted in Rust 2021
[INFO] [stdout]      = note: the panic!() macro supports formatting, so there's no need for the format!() macro here
[INFO] [stdout] help: remove the `format!(..)` macro call
[INFO] [stdout]      |
[INFO] [stdout] 1063 |                     panic!(
[INFO] [stdout] 1064 |                         "unknown type, first byte is `{}`",
[INFO] [stdout] 1065 |                         first_byte as char
[INFO] [stdout] 1066 |                     )
[INFO] [stdout]      |
[INFO] [stdout] 
[INFO] [stdout] 
[INFO] [stderr]    Compiling rand_core v0.5.1
[INFO] [stderr]    Compiling aho-corasick v0.7.15
[INFO] [stderr]    Compiling rand_chacha v0.2.2
[INFO] [stderr]    Compiling rand v0.7.3
[INFO] [stdout] warning: 2 warnings emitted
[INFO] [stdout] 
[INFO] [stdout] 
[INFO] [stderr]    Compiling tempfile v3.1.0
[INFO] [stderr]    Compiling regex v1.4.2
[INFO] [stderr]    Compiling predicates v1.0.5
[INFO] [stderr]    Compiling env_logger v0.7.1
[INFO] [stderr]    Compiling quickcheck v0.9.2
[INFO] [stderr]    Compiling assert_cmd v1.0.1
[INFO] [stderr]    Compiling kvs v0.0.1 (/opt/rustwide/workdir/kvs)
[INFO] [stderr]     Finished test [unoptimized + debuginfo] target(s) in 10.29s
[INFO] running `Command { std: "docker" "inspect" "75a418337d0020872e0d06e65b434ad07ee262a5bca9ed3a117be90364a1fe12", kill_on_drop: false }`
[INFO] running `Command { std: "docker" "rm" "-f" "75a418337d0020872e0d06e65b434ad07ee262a5bca9ed3a117be90364a1fe12", kill_on_drop: false }`
[INFO] [stdout] 75a418337d0020872e0d06e65b434ad07ee262a5bca9ed3a117be90364a1fe12
[INFO] running `Command { std: "docker" "create" "-v" "/var/lib/crater-agent-workspace/builds/worker-60/target:/opt/rustwide/target:rw,Z" "-v" "/var/lib/crater-agent-workspace/builds/worker-60/source:/opt/rustwide/workdir:ro,Z" "-v" "/var/lib/crater-agent-workspace/cargo-home:/opt/rustwide/cargo-home:ro,Z" "-v" "/var/lib/crater-agent-workspace/rustup-home:/opt/rustwide/rustup-home:ro,Z" "-e" "SOURCE_DIR=/opt/rustwide/workdir" "-e" "CARGO_TARGET_DIR=/opt/rustwide/target" "-e" "CARGO_INCREMENTAL=0" "-e" "RUST_BACKTRACE=full" "-e" "RUSTFLAGS=--cap-lints=warn" "-e" "CARGO_HOME=/opt/rustwide/cargo-home" "-e" "RUSTUP_HOME=/opt/rustwide/rustup-home" "-w" "/opt/rustwide/workdir" "-m" "1610612736" "--user" "0:0" "--network" "none" "ghcr.io/rust-lang/crates-build-env/linux@sha256:34b6a614d2c27851fe6cbf88fbd1137609cefab8b10d0615aaeb6fd47975d74e" "/opt/rustwide/cargo-home/bin/cargo" "+1.54.0" "test" "--frozen", kill_on_drop: false }`
[INFO] [stdout] 0f1ce18fd5a6466701c9bd996556a46942c90b17137b9dc967cc177c15e9a426
[INFO] running `Command { std: "docker" "start" "-a" "0f1ce18fd5a6466701c9bd996556a46942c90b17137b9dc967cc177c15e9a426", kill_on_drop: false }`
[INFO] [stderr]     Blocking waiting for file lock on package cache
[INFO] [stderr] warning: panic message is not a string literal
[INFO] [stderr]   --> exercises/src/bin/redis_protocol.rs:59:25
[INFO] [stderr]    |
[INFO] [stderr] 59 |         other => panic!(format!("unexpected arg `{}`", other)),
[INFO] [stderr]    |                         ^^^^^^^^^^^^^^^^^^^^^^^^^^^^^^^^^^^^^
[INFO] [stderr]    |
[INFO] [stderr]    = note: `#[warn(non_fmt_panic)]` on by default
[INFO] [stderr]    = note: this is no longer accepted in Rust 2021
[INFO] [stderr]    = note: the panic!() macro supports formatting, so there's no need for the format!() macro here
[INFO] [stderr] help: remove the `format!(..)` macro call
[INFO] [stderr]    |
[INFO] [stderr] 59 |         other => panic!("unexpected arg `{}`", other),
[INFO] [stderr]    |                        --                          --
[INFO] [stderr] 
[INFO] [stderr] warning: panic message is not a string literal
[INFO] [stderr]     --> exercises/src/bin/redis_protocol.rs:1063:28
[INFO] [stderr]      |
[INFO] [stderr] 1063 |                       panic!(format!(
[INFO] [stderr]      |  ____________________________^
[INFO] [stderr] 1064 | |                         "unknown type, first byte is `{}`",
[INFO] [stderr] 1065 | |                         first_byte as char
[INFO] [stderr] 1066 | |                     ))
[INFO] [stderr]      | |_____________________^
[INFO] [stderr]      |
[INFO] [stderr]      = note: this is no longer accepted in Rust 2021
[INFO] [stderr]      = note: the panic!() macro supports formatting, so there's no need for the format!() macro here
[INFO] [stderr] help: remove the `format!(..)` macro call
[INFO] [stderr]      |
[INFO] [stderr] 1063 |                     panic!(
[INFO] [stderr] 1064 |                         "unknown type, first byte is `{}`",
[INFO] [stderr] 1065 |                         first_byte as char
[INFO] [stderr] 1066 |                     )
[INFO] [stderr]      |
[INFO] [stderr] 
[INFO] [stderr] warning: 2 warnings emitted
[INFO] [stderr] 
[INFO] [stderr]     Finished test [unoptimized + debuginfo] target(s) in 0.83s
[INFO] [stderr]      Running unittests (/opt/rustwide/target/debug/deps/redis_protocol-a2eca99571bd70b0)
[INFO] [stdout] 
[INFO] [stdout] running 12 tests
[INFO] [stdout] test client::test_request_ping_with_arg ... ok
[INFO] [stdout] test client::test_request_ping_without_arg ... ok
[INFO] [stdout] test deserialize::tests::test_deserialize_array_homogenous ... ok
[INFO] [stdout] test deserialize::tests::test_deserialize_bulk_string ... ok
[INFO] [stdout] test deserialize::tests::test_deserialize_error ... ok
[INFO] [stdout] test deserialize::tests::test_deserialize_integer ... ok
[INFO] [stdout] test deserialize::tests::test_deserialize_simple_string ... ok
[INFO] [stdout] test server::test_respond_ping_with_arg ... ok
[INFO] [stdout] test server::test_respond_ping_without_arg ... ok
[INFO] [stdout] test server::test_server_shutdown ... ok
[INFO] [stdout] test server::test_server_ping_with_argument ... ok
[INFO] [stdout] test server::test_server_ping_without_argument ... ok
[INFO] [stdout] 
[INFO] [stdout] test result: ok. 12 passed; 0 failed; 0 ignored; 0 measured; 0 filtered out; finished in 0.10s
[INFO] [stdout] 
[INFO] [stderr]      Running unittests (/opt/rustwide/target/debug/deps/kvs-8027331ab6c45171)
[INFO] [stdout] 
[INFO] [stdout] running 8 tests
[INFO] [stdout] test protocol::response::tests::prop_ser_de_is_identical ... ok
[INFO] [stdout] test store::test_kvstore_impls ... ok
[INFO] [stdout] test store::index::tests::test_build_index ... ok
[INFO] [stdout] test store::command::tests::test_ser_de ... ok
[INFO] [stdout] test server::server::tests::test_can_be_shutdown ... ok
[INFO] [stdout] test protocol::request::tests::prop_ser_de_is_identical ... ok
[INFO] [stdout] test store::compaction::tests::test_compact ... ok
[INFO] [stdout] test server::server::tests::test_handle_requests ... ok
[INFO] [stdout] 
[INFO] [stdout] test result: ok. 8 passed; 0 failed; 0 ignored; 0 measured; 0 filtered out; finished in 0.03s
[INFO] [stdout] 
[INFO] [stderr]      Running unittests (/opt/rustwide/target/debug/deps/kvs-c6625253aa90205f)
[INFO] [stdout] 
[INFO] [stdout] running 0 tests
[INFO] [stdout] 
[INFO] [stdout] test result: ok. 0 passed; 0 failed; 0 ignored; 0 measured; 0 filtered out; finished in 0.00s
[INFO] [stdout] 
[INFO] [stderr]      Running unittests (/opt/rustwide/target/debug/deps/kvs_client-63cd86ec65e28b92)
[INFO] [stdout] 
[INFO] [stdout] running 0 tests
[INFO] [stdout] 
[INFO] [stdout] test result: ok. 0 passed; 0 failed; 0 ignored; 0 measured; 0 filtered out; finished in 0.00s
[INFO] [stdout] 
[INFO] [stderr]      Running unittests (/opt/rustwide/target/debug/deps/kvs_server-80c7fed97bb63f70)
[INFO] [stdout] 
[INFO] [stdout] running 0 tests
[INFO] [stdout] 
[INFO] [stdout] test result: ok. 0 passed; 0 failed; 0 ignored; 0 measured; 0 filtered out; finished in 0.00s
[INFO] [stdout] 
[INFO] [stderr]      Running tests/cli.rs (/opt/rustwide/target/debug/deps/cli-1fcfbfdaac32a7c3)
[INFO] [stdout] 
[INFO] [stdout] running 11 tests
[INFO] [stdout] test cli_wrong_engine ... ignored
[INFO] [stderr] Aug 08 09:24:47.921Aug 08 09:24:47.921  INFO INFO startingstarting, engine, :engine :kvs , addresssled: , 127.0.0.1:4004address: 127.0.0.1:4005
[INFO] [stderr] 
[INFO] [stderr] Aug 08 09:24:47.921 DEBG binding TCP listener
[INFO] [stderr] Aug 08 09:24:47.921 DEBG creating signal eventfd
[INFO] [stderr] Aug 08 09:24:47.922 INFO start listening
[INFO] [stderr] Aug 08 09:24:47.922 DEBG epoll create
[INFO] [stderr] Aug 08 09:24:47.922 INFO waiting for incoming connection, epoll_timeout: -1, epoll_maxevents: 2
[INFO] [stderr] Aug 08 09:24:47.922 DEBG epoll wait, epoll_timeout: -1, epoll_maxevents: 2
[INFO] [stdout] test client_cli_invalid_subcommand ... ok
[INFO] [stdout] test client_cli_version ... ok
[INFO] [stdout] test client_cli_no_args ... ok
[INFO] [stdout] test server_cli_version ... ok
[INFO] [stdout] test client_cli_invalid_get ... ok
[INFO] [stdout] test client_cli_invalid_set ... ok
[INFO] [stdout] test client_cli_invalid_rm ... ok
[INFO] [stderr] Aug 08 09:24:48.099 DEBG binding TCP listener
[INFO] [stderr] Aug 08 09:24:48.099 DEBG creating signal eventfd
[INFO] [stderr] Aug 08 09:24:48.099 INFO start listening
[INFO] [stderr] Aug 08 09:24:48.099 DEBG epoll create
[INFO] [stderr] Aug 08 09:24:48.099 INFO waiting for incoming connection, epoll_timeout: -1, epoll_maxevents: 2
[INFO] [stderr] Aug 08 09:24:48.099 DEBG epoll wait, epoll_timeout: -1, epoll_maxevents: 2
[INFO] [stdout] test cli_log_configuration ... ok
[INFO] [stderr] Aug 08 09:24:48.929 DEBG incoming connection received, epoll_timeout: -1, epoll_maxevents: 2
[INFO] [stderr] Aug 08 09:24:48.930 INFO connected, peer: 127.0.0.1:50938, epoll_timeout: -1, epoll_maxevents: 2
[INFO] [stderr] Aug 08 09:24:48.930 INFO received request, request: Set { key: "key1", value: "value1" }, peer: 127.0.0.1:50938, epoll_timeout: -1, epoll_maxevents: 2
[INFO] [stderr] Aug 08 09:24:48.930 INFO sending response, response: Success(None), peer: 127.0.0.1:50938, epoll_timeout: -1, epoll_maxevents: 2
[INFO] [stderr] Aug 08 09:24:48.931 DEBG received eof, peer: 127.0.0.1:50938, epoll_timeout: -1, epoll_maxevents: 2
[INFO] [stderr] Aug 08 09:24:48.931 INFO closing connection, peer: 127.0.0.1:50938, epoll_timeout: -1, epoll_maxevents: 2
[INFO] [stderr] Aug 08 09:24:48.931 INFO waiting for incoming connection, epoll_timeout: -1, epoll_maxevents: 2
[INFO] [stderr] Aug 08 09:24:48.931 DEBG epoll wait, epoll_timeout: -1, epoll_maxevents: 2
[INFO] [stderr] Aug 08 09:24:48.938 DEBG incoming connection received, epoll_timeout: -1, epoll_maxevents: 2
[INFO] [stderr] Aug 08 09:24:48.938 INFO connected, peer: 127.0.0.1:57720, epoll_timeout: -1, epoll_maxevents: 2
[INFO] [stderr] Aug 08 09:24:48.938 INFO received request, request: Set { key: "key1", value: "value1" }, peer: 127.0.0.1:57720, epoll_timeout: -1, epoll_maxevents: 2
[INFO] [stderr] Aug 08 09:24:48.942 DEBG incoming connection received, epoll_timeout: -1, epoll_maxevents: 2
[INFO] [stderr] Aug 08 09:24:48.942 INFO connected, peer: 127.0.0.1:50944, epoll_timeout: -1, epoll_maxevents: 2
[INFO] [stderr] Aug 08 09:24:48.942 INFO received request, request: Get { key: "key1" }, peer: 127.0.0.1:50944, epoll_timeout: -1, epoll_maxevents: 2
[INFO] [stderr] Aug 08 09:24:48.942 DEBG GET request, peer: 127.0.0.1:50944, epoll_timeout: -1, epoll_maxevents: 2
[INFO] [stderr] Aug 08 09:24:48.942 INFO sending response, response: Success(Some("value1")), peer: 127.0.0.1:50944, epoll_timeout: -1, epoll_maxevents: 2
[INFO] [stderr] Aug 08 09:24:48.942 DEBG received eof, peer: 127.0.0.1:50944, epoll_timeout: -1, epoll_maxevents: 2
[INFO] [stderr] Aug 08 09:24:48.942 INFO closing connection, peer: 127.0.0.1:50944, epoll_timeout: -1, epoll_maxevents: 2
[INFO] [stderr] Aug 08 09:24:48.942 INFO waiting for incoming connection, epoll_timeout: -1, epoll_maxevents: 2
[INFO] [stderr] Aug 08 09:24:48.942 DEBG epoll wait, epoll_timeout: -1, epoll_maxevents: 2
[INFO] [stderr] Aug 08 09:24:48.946 DEBG incoming connection received, epoll_timeout: -1, epoll_maxevents: 2
[INFO] [stderr] Aug 08 09:24:48.946 INFO connected, peer: 127.0.0.1:50946, Aug 08 09:24:48.946epoll_timeout:  INFO- 1, epoll_maxeventssending response: 2, 
[INFO] [stderr] response: Success(None), peer: Aug 08 09:24:48.947 INFO127 .received request0., 0request.:1 :Set { key: "key1", value: "value2" }57720, peer, : epoll_timeout127:.0 .0.1:-509461, epoll_timeout, : epoll_maxevents-:1 , 2epoll_maxevents: 2
[INFO] [stderr] 
[INFO] [stderr] Aug 08 09:24:48.947 DEBG received eof, peer: 127.0.0.1:57720, epoll_timeout: -1, epoll_maxevents: 2
[INFO] [stderr] Aug 08 09:24:48.947 INFO closing connection, peer: 127.0.0.1:57720, epoll_timeout: -1, epoll_maxevents: 2
[INFO] [stderr] Aug 08 09:24:48.947 INFO waiting for incoming connection, epoll_timeout: -1, epoll_maxevents: 2
[INFO] [stderr] Aug 08 09:24:48.947 DEBG epoll wait, epoll_timeout: -1, epoll_maxevents: 2
[INFO] [stderr] Aug 08 09:24:48.947 INFO sending response, response: Success(None), peer: 127.0.0.1:50946, epoll_timeout: -1, epoll_maxevents: 2
[INFO] [stderr] Aug 08 09:24:48.947 DEBG received eof, peer: 127.0.0.1:50946, epoll_timeout: -1, epoll_maxevents: 2
[INFO] [stderr] Aug 08 09:24:48.947 INFO closing connection, peer: 127.0.0.1:50946, epoll_timeout: -1, epoll_maxevents: 2
[INFO] [stderr] Aug 08 09:24:48.947 INFO waiting for incoming connection, epoll_timeout: -1, epoll_maxevents: 2
[INFO] [stderr] Aug 08 09:24:48.947 DEBG epoll wait, epoll_timeout: -1, epoll_maxevents: 2
[INFO] [stderr] Aug 08 09:24:48.950 DEBG incoming connection received, epoll_timeout: -1, epoll_maxevents: 2
[INFO] [stderr] Aug 08 09:24:48.950 INFO connected, peer: 127.0.0.1:50948, epoll_timeout: -1, epoll_maxevents: 2
[INFO] [stderr] Aug 08 09:24:48.950 INFO received request, request: Get { key: "key1" }, peer: 127.0.0.1:50948, epoll_timeout: -1, epoll_maxevents: 2
[INFO] [stderr] Aug 08 09:24:48.950 DEBG GET request, peer: 127.0.0.1:50948, epoll_timeout: -1, epoll_maxevents: 2
[INFO] [stderr] Aug 08 09:24:48.951 INFO sending response, response: Success(Some("value2")), peer: 127.0.0.1:50948, epoll_timeout: -1, epoll_maxevents: 2
[INFO] [stderr] Aug 08 09:24:48.951 DEBG received eof, peer: 127.0.0.1:50948, epoll_timeout: -1, epoll_maxevents: 2
[INFO] [stderr] Aug 08 09:24:48.951 INFO closing connection, peer: 127.0.0.1:50948, epoll_timeout: -1, epoll_maxevents: 2
[INFO] [stderr] Aug 08 09:24:48.951 INFO waiting for incoming connection, epoll_timeout: -1, epoll_maxevents: 2
[INFO] [stderr] Aug 08 09:24:48.951 DEBG epoll wait, epoll_timeout: -1, epoll_maxevents: 2
[INFO] [stderr] Aug 08 09:24:48.951 DEBG incoming connection received, epoll_timeout: -1, epoll_maxevents: 2
[INFO] [stderr] Aug 08 09:24:48.951 INFO connected, peer: 127.0.0.1:57728, epoll_timeout: -1, epoll_maxevents: 2
[INFO] [stderr] Aug 08 09:24:48.951 INFO received request, request: Get { key: "key1" }, peer: 127.0.0.1:57728, epoll_timeout: -1, epoll_maxevents: 2
[INFO] [stderr] Aug 08 09:24:48.952 DEBG GET request, peer: 127.0.0.1:57728, epoll_timeout: -1, epoll_maxevents: 2
[INFO] [stderr] Aug 08 09:24:48.952 INFO sending response, response: Success(Some("value1")), peer: 127.0.0.1:57728, epoll_timeout: -1, epoll_maxevents: 2
[INFO] [stderr] Aug 08 09:24:48.952 DEBG received eof, peer: 127.0.0.1:57728, epoll_timeout: -1, epoll_maxevents: 2
[INFO] [stderr] Aug 08 09:24:48.952 INFO closing connection, peer: 127.0.0.1:57728, epoll_timeout: -1, epoll_maxevents: 2
[INFO] [stderr] Aug 08 09:24:48.952 INFO waiting for incoming connection, epoll_timeout: -1, epoll_maxevents: 2
[INFO] [stderr] Aug 08 09:24:48.952 DEBG epoll wait, epoll_timeout: -1, epoll_maxevents: 2
[INFO] [stderr] Aug 08 09:24:48.962 DEBG incoming connection received, epoll_timeout: -1, epoll_maxevents: 2
[INFO] [stderr] Aug 08 09:24:48.962 INFO connected, peer: 127.0.0.1:50954, epoll_timeout: -1, epoll_maxevents: 2
[INFO] [stderr] Aug 08 09:24:48.962Aug 08 09:24:48.962  INFO DEBGreceived request , request:incoming connection received Get { key: "key2" }, peer: 127.0.0., 1:epoll_timeout50954:,  epoll_timeout: -1-, 1epoll_maxevents, :epoll_maxevents :2 
[INFO] [stderr] 2
[INFO] [stderr] Aug 08 09:24:48.962 DEBG GET request, peer: 127.0.0.1:50954, epoll_timeout: -1, epoll_maxevents: 2
[INFO] [stderr] Aug 08 09:24:48.962 INFO connected, peer: 127.0.0.1Aug 08 09:24:48.962: 57730INFO,  epoll_timeoutsending response:,  response-:1 , Success(None)epoll_maxevents, :peer :2 
[INFO] [stderr] 127.0.0.1:50954, epoll_timeout: -1, epoll_maxevents: 2
[INFO] [stderr] Aug 08 09:24:48.962 INFO received request, request: Set { key: "key1", value: "value2" }, peer: 127.0.0Aug 08 09:24:48.962.1: 57730DEBG,  epoll_timeout:received eof , -peer1:,  epoll_maxevents127.: 0.20
[INFO] [stderr] .1:50954, epoll_timeout: -1, epoll_maxevents: 2
[INFO] [stderr] Aug 08 09:24:48.962 INFO closing connection, peer: 127.0.0.1:50954, epoll_timeout: -1, epoll_maxevents: 2
[INFO] [stderr] Aug 08 09:24:48.962 INFO waiting for incoming connection, epoll_timeout: -1, epoll_maxevents: 2
[INFO] [stderr] Aug 08 09:24:48.962 DEBG epoll wait, epoll_timeout: -1, epoll_maxevents: 2
[INFO] [stderr] Aug 08 09:24:48.967 DEBG incoming connection received, epoll_timeout: -1, epoll_maxevents: 2
[INFO] [stderr] Aug 08 09:24:48.967 INFO connected, peer: 127.0.0.1:50956, epoll_timeout: -1, epoll_maxevents: 2
[INFO] [stderr] Aug 08 09:24:48.967 INFO received request, request: Rm { key: "key2" }, peer: 127.0.0.1:50956, epoll_timeout: -1, epoll_maxevents: 2
[INFO] [stderr] Aug 08 09:24:48.967 DEBG entry not found, key: key2, peer: 127.0.0.1:50956, epoll_timeout: -1, epoll_maxevents: 2
[INFO] [stderr] Aug 08 09:24:48.967 INFO sending response, response: Failure("Key not found"), peer: 127.0.0.1:50956, epoll_timeout: -1, epoll_maxevents: 2
[INFO] [stderr] Aug 08 09:24:48.967 DEBG received eof, peer: 127.0.0.1:50956, epoll_timeout: -1, epoll_maxevents: 2
[INFO] [stderr] Aug 08 09:24:48.967 INFO closing connection, peer: 127.0.0.1:50956, epoll_timeout: -1, epoll_maxevents: 2
[INFO] [stderr] Aug 08 09:24:48.967 INFO waiting for incoming connection, epoll_timeout: -1, epoll_maxevents: 2
[INFO] [stderr] Aug 08 09:24:48.967 DEBG epoll wait, epoll_timeout: -1, epoll_maxevents: 2
[INFO] [stderr] Aug 08 09:24:48.969 INFO sending response, response: Success(None), peer: 127.0.0.1:57730, epoll_timeout: -1, epoll_maxevents: 2
[INFO] [stderr] Aug 08 09:24:48.969 DEBG received eof, peer: 127.0.0.1:57730, epoll_timeout: -1, epoll_maxevents: 2
[INFO] [stderr] Aug 08 09:24:48.970 INFO closing connection, peer: 127.0.0.1:57730, epoll_timeout: -1, epoll_maxevents: 2
[INFO] [stderr] Aug 08 09:24:48.970 INFO waiting for incoming connection, epoll_timeout: -1, epoll_maxevents: 2
[INFO] [stderr] Aug 08 09:24:48.970 DEBG epoll wait, epoll_timeout: -1, epoll_maxevents: 2
[INFO] [stderr] Aug 08 09:24:48.971 DEBG incoming connection received, epoll_timeout: -1, epoll_maxevents: 2
[INFO] [stderr] Aug 08 09:24:48.971 INFO connected, peer: 127.0.0.1:50958, epoll_timeout: -1, epoll_maxevents: 2
[INFO] [stderr] Aug 08 09:24:48.971 INFO received request, request: Set { key: "key2", value: "value3" }, peer: 127.0.0.1:50958, epoll_timeout: -1, epoll_maxevents: 2
[INFO] [stderr] Aug 08 09:24:48.971 INFO sending response, response: Success(None), peer: 127.0.0.1:50958, epoll_timeout: -1, epoll_maxevents: 2
[INFO] [stderr] Aug 08 09:24:48.971 DEBG received eof, peer: 127.0.0.1:50958, epoll_timeout: -1, epoll_maxevents: 2
[INFO] [stderr] Aug 08 09:24:48.972 INFO closing connection, peer: 127.0.0.1:50958, epoll_timeout: -1, epoll_maxevents: 2
[INFO] [stderr] Aug 08 09:24:48.972 INFO waiting for incoming connection, epoll_timeout: -1, epoll_maxevents: 2
[INFO] [stderr] Aug 08 09:24:48.972 DEBG epoll wait, epoll_timeout: -1, epoll_maxevents: 2
[INFO] [stderr] Aug 08 09:24:48.973 DEBG incoming connection received, epoll_timeout: -1, epoll_maxevents: 2
[INFO] [stderr] Aug 08 09:24:48.973 INFO connected, peer: 127.0.0.1:57738, epoll_timeout: -1, epoll_maxevents: 2
[INFO] [stderr] Aug 08 09:24:48.973 INFO received request, request: Get { key: "key1" }, peer: 127.0.0.1:57738, epoll_timeout: -1, epoll_maxevents: 2
[INFO] [stderr] Aug 08 09:24:48.973 DEBG GET request, peer: 127.0.0.1:57738, epoll_timeout: -1, epoll_maxevents: 2
[INFO] [stderr] Aug 08 09:24:48.973 INFO sending response, response: Success(Some("value2")), peer: 127.0.0.1:57738, epoll_timeout: -1, epoll_maxevents: 2
[INFO] [stderr] Aug 08 09:24:48.973 DEBG received eof, peer: 127.0.0.1:57738, epoll_timeout: -1, epoll_maxevents: 2
[INFO] [stderr] Aug 08 09:24:48.973 INFO closing connection, peer: 127.0.0.1:57738, epoll_timeout: -1, epoll_maxevents: 2
[INFO] [stderr] Aug 08 09:24:48.973 INFO waiting for incoming connection, epoll_timeout: -1, epoll_maxevents: 2
[INFO] [stderr] Aug 08 09:24:48.974 DEBG epoll wait, epoll_timeout: -1, epoll_maxevents: 2
[INFO] [stderr] Aug 08 09:24:48.974 DEBG incoming connection received, epoll_timeout: -1, epoll_maxevents: 2
[INFO] [stderr] Aug 08 09:24:48.974 INFO connected, peer: 127.0.0.1:50962, epoll_timeout: -1, epoll_maxevents: 2
[INFO] [stderr] Aug 08 09:24:48.974 INFO received request, request: Rm { key: "key1" }, peer: 127.0.0.1:50962, epoll_timeout: -1, epoll_maxevents: 2
[INFO] [stderr] Aug 08 09:24:48.975 DEBG entry removed, key: key1, peer: 127.0.0.1:50962, epoll_timeout: -1, epoll_maxevents: 2
[INFO] [stderr] Aug 08 09:24:48.975 INFO sending response, response: Success(None), peer: 127.0.0.1:50962, epoll_timeout: -1, epoll_maxevents: 2
[INFO] [stderr] Aug 08 09:24:48.975 DEBG received eof, peer: 127.0.0.1:50962, epoll_timeout: -1, epoll_maxevents: 2
[INFO] [stderr] Aug 08 09:24:48.975 INFO closing connection, peer: 127.0.0.1:50962, epoll_timeout: -1, epoll_maxevents: 2
[INFO] [stderr] Aug 08 09:24:48.975 INFO waiting for incoming connection, epoll_timeout: -1, epoll_maxevents: 2
[INFO] [stderr] Aug 08 09:24:48.975 DEBG epoll wait, epoll_timeout: -1, epoll_maxevents: 2
[INFO] [stderr] Aug 08 09:24:48.976 DEBG incoming connection received, epoll_timeout: -1, epoll_maxevents: 2
[INFO] [stderr] Aug 08 09:24:48.976 INFO connected, peer: 127.0.0.1:57742, epoll_timeout: -1, epoll_maxevents: 2
[INFO] [stderr] Aug 08 09:24:48.976 INFO received request, request: Get { key: "key2" }, peer: 127.0.0.1:57742, epoll_timeout: -1, epoll_maxevents: 2
[INFO] [stderr] Aug 08 09:24:48.976 DEBG GET request, peer: 127.0.0.1:57742, epoll_timeout: -1, epoll_maxevents: 2
[INFO] [stderr] Aug 08 09:24:48.976 INFO sending response, response: Success(None), peer: 127.0.0.1:57742, epoll_timeout: -1, epoll_maxevents: 2
[INFO] [stderr] Aug 08 09:24:48.976 DEBG received eof, peer: 127.0.0.1:57742, epoll_timeout: -1, epoll_maxevents: 2
[INFO] [stderr] Aug 08 09:24:48.976 INFO closing connection, peer: 127.0.0.1:57742, epoll_timeout: -1, epoll_maxevents: 2
[INFO] [stderr] Aug 08 09:24:48.976 INFO waiting for incoming connection, epoll_timeout: -1, epoll_maxevents: 2
[INFO] [stderr] Aug 08 09:24:48.976 DEBG epoll wait, epoll_timeout: -1, epoll_maxevents: 2
[INFO] [stderr] Aug 08 09:24:48.980 INFO starting, engine: sled, address: 127.0.0.1:4005
[INFO] [stderr] Error: Io(Custom { kind: Other, error: "could not acquire lock on \"./db\": Os { code: 11, kind: WouldBlock, message: \"Resource temporarily unavailable\" }" })
[INFO] [stderr] Aug 08 09:24:48.981 DEBG incoming connection received, epoll_timeout: -1, epoll_maxevents: 2
[INFO] [stderr] Aug 08 09:24:48.981 INFO connected, peer: 127.0.0.1:57744, epoll_timeout: -1, epoll_maxevents: 2
[INFO] [stderr] Aug 08 09:24:48.981 INFO received request, request: Rm { key: "key2" }, peer: 127.0.0.1:57744, epoll_timeout: -1, epoll_maxevents: 2
[INFO] [stderr] Aug 08 09:24:48.981 DEBG entry not found, key: key2, peer: 127.0.0.1:57744, epoll_timeout: -1, epoll_maxevents: 2
[INFO] [stderr] Aug 08 09:24:48.981 INFO sending response, response: Failure("Key not found"), peer: 127.0.0.1:57744, epoll_timeout: -1, epoll_maxevents: 2
[INFO] [stderr] Aug 08 09:24:48.981 DEBG received eof, peer: 127.0.0.1:57744, epoll_timeout: -1, epoll_maxevents: 2
[INFO] [stderr] Aug 08 09:24:48.981 INFO closing connection, peer: 127.0.0.1:57744, epoll_timeout: -1, epoll_maxevents: 2
[INFO] [stderr] Aug 08 09:24:48.981 INFO waiting for incoming connection, epoll_timeout: -1, epoll_maxevents: 2
[INFO] [stderr] Aug 08 09:24:48.981 DEBG epoll wait, epoll_timeout: -1, epoll_maxevents: 2
[INFO] [stderr] Aug 08 09:24:48.984 DEBG incoming connection received, epoll_timeout: -1, epoll_maxevents: 2
[INFO] [stderr] Aug 08 09:24:48.984 INFO connected, peer: 127.0.0.1:57746, epoll_timeout: -1, epoll_maxevents: 2
[INFO] [stderr] Aug 08 09:24:48.984 INFO received request, request: Set { key: "key2", value: "value3" }, peer: 127.0.0.1:57746, epoll_timeout: -1, epoll_maxevents: 2
[INFO] [stderr] Aug 08 09:24:48.997 INFO sending response, response: Success(None), peer: 127.0.0.1:57746, epoll_timeout: -1, epoll_maxevents: 2
[INFO] [stderr] Aug 08 09:24:48.997 DEBG received eof, peer: 127.0.0.1:57746, epoll_timeout: -1, epoll_maxevents: 2
[INFO] [stderr] Aug 08 09:24:48.997 INFO closing connection, peer: 127.0.0.1:57746, epoll_timeout: -1, epoll_maxevents: 2
[INFO] [stderr] Aug 08 09:24:48.997 INFO waiting for incoming connection, epoll_timeout: -1, epoll_maxevents: 2
[INFO] [stderr] Aug 08 09:24:48.997 DEBG epoll wait, epoll_timeout: -1, epoll_maxevents: 2
[INFO] [stderr] Aug 08 09:24:49.001 DEBG incoming connection received, epoll_timeout: -1, epoll_maxevents: 2
[INFO] [stderr] Aug 08 09:24:49.001 INFO connected, peer: 127.0.0.1:57748, epoll_timeout: -1, epoll_maxevents: 2
[INFO] [stderr] Aug 08 09:24:49.001 INFO received request, request: Rm { key: "key1" }, peer: 127.0.0.1:57748, epoll_timeout: -1, epoll_maxevents: 2
[INFO] [stderr] Aug 08 09:24:49.002 DEBG entry removed, key: key1, peer: 127.0.0.1:57748, epoll_timeout: -1, epoll_maxevents: 2
[INFO] [stderr] Aug 08 09:24:49.002 INFO sending response, response: Success(None), peer: 127.0.0.1:57748, epoll_timeout: -1, epoll_maxevents: 2
[INFO] [stderr] Aug 08 09:24:49.002 DEBG received eof, peer: 127.0.0.1:57748, epoll_timeout: -1, epoll_maxevents: 2
[INFO] [stderr] Aug 08 09:24:49.002 INFO closing connection, peer: 127.0.0.1:57748, epoll_timeout: -1, epoll_maxevents: 2
[INFO] [stderr] Aug 08 09:24:49.002 INFO waiting for incoming connection, epoll_timeout: -1, epoll_maxevents: 2
[INFO] [stderr] Aug 08 09:24:49.002 DEBG epoll wait, epoll_timeout: -1, epoll_maxevents: 2
[INFO] [stderr] Aug 08 09:24:49.007 INFO starting, engine: kvs, address: 127.0.0.1:4004
[INFO] [stderr] Aug 08 09:24:49.007 DEBG binding TCP listener
[INFO] [stderr] Aug 08 09:24:49.007 DEBG creating signal eventfd
[INFO] [stderr] Aug 08 09:24:49.007 INFO start listening
[INFO] [stderr] Aug 08 09:24:49.007 DEBG epoll create
[INFO] [stderr] Aug 08 09:24:49.007 INFO waiting for incoming connection, epoll_timeout: -1, epoll_maxevents: 2
[INFO] [stderr] Aug 08 09:24:49.007 DEBG epoll wait, epoll_timeout: -1, epoll_maxevents: 2
[INFO] [stdout] test cli_access_server_sled_engine ... FAILED
[INFO] [stderr] Aug 08 09:24:50.014 DEBG incoming connection received, epoll_timeout: -1, epoll_maxevents: 2
[INFO] [stderr] Aug 08 09:24:50.015 INFO connected, peer: 127.0.0.1:57774, epoll_timeout: -1, epoll_maxevents: 2
[INFO] [stderr] Aug 08 09:24:50.015 INFO received request, request: Get { key: "key2" }, peer: 127.0.0.1:57774, epoll_timeout: -1, epoll_maxevents: 2
[INFO] [stderr] Aug 08 09:24:50.015 DEBG GET request, peer: 127.0.0.1:57774, epoll_timeout: -1, epoll_maxevents: 2
[INFO] [stderr] Aug 08 09:24:50.015 INFO sending response, response: Success(Some("value3")), peer: 127.0.0.1:57774, epoll_timeout: -1, epoll_maxevents: 2
[INFO] [stderr] Aug 08 09:24:50.015 DEBG received eof, peer: 127.0.0.1:57774, epoll_timeout: -1, epoll_maxevents: 2
[INFO] [stderr] Aug 08 09:24:50.015 INFO closing connection, peer: 127.0.0.1:57774, epoll_timeout: -1, epoll_maxevents: 2
[INFO] [stderr] Aug 08 09:24:50.015 INFO waiting for incoming connection, epoll_timeout: -1, epoll_maxevents: 2
[INFO] [stderr] Aug 08 09:24:50.015 DEBG epoll wait, epoll_timeout: -1, epoll_maxevents: 2
[INFO] [stderr] Aug 08 09:24:50.033 DEBG incoming connection received, epoll_timeout: -1, epoll_maxevents: 2
[INFO] [stderr] Aug 08 09:24:50.033 INFO connected, peer: 127.0.0.1:57776, epoll_timeout: -1, epoll_maxevents: 2
[INFO] [stderr] Aug 08 09:24:50.033 INFO received request, request: Get { key: "key1" }, peer: 127.0.0.1:57776, epoll_timeout: -1, epoll_maxevents: 2
[INFO] [stderr] Aug 08 09:24:50.033 DEBG GET request, peer: 127.0.0.1:57776, epoll_timeout: -1, epoll_maxevents: 2
[INFO] [stderr] Aug 08 09:24:50.033 INFO sending response, response: Success(None), peer: 127.0.0.1:57776, epoll_timeout: -1, epoll_maxevents: 2
[INFO] [stderr] Aug 08 09:24:50.033 DEBG received eof, peer: 127.0.0.1:57776, epoll_timeout: -1, epoll_maxevents: 2
[INFO] [stderr] Aug 08 09:24:50.033 INFO closing connection, peer: 127.0.0.1:57776, epoll_timeout: -1, epoll_maxevents: 2
[INFO] [stderr] Aug 08 09:24:50.034 INFO waiting for incoming connection, epoll_timeout: -1, epoll_maxevents: 2
[INFO] [stderr] Aug 08 09:24:50.034 DEBG epoll wait, epoll_timeout: -1, epoll_maxevents: 2
[INFO] [stdout] test cli_access_server_kvs_engine ... ok
[INFO] [stdout] 
[INFO] [stdout] failures:
[INFO] [stdout] 
[INFO] [stdout] ---- cli_access_server_sled_engine stdout ----
[INFO] [stdout] thread 'cli_access_server_sled_engine' panicked at 'Unexpected failure.
[INFO] [stdout] code-1
[INFO] [stdout] stderr=```Error: Os { code: 111, kind: ConnectionRefused, message: "Connection refused" }
[INFO] [stdout] ```
[INFO] [stdout] command=`"/opt/rustwide/target/debug/kvs-client" "get" "key2" "--addr" "127.0.0.1:4005"`
[INFO] [stdout] code=1
[INFO] [stdout] stdout=``````
[INFO] [stdout] stderr=```Error: Os { code: 111, kind: ConnectionRefused, message: "Connection refused" }
[INFO] [stdout] ```
[INFO] [stdout] ', /opt/rustwide/cargo-home/registry/src/github.com-1ecc6299db9ec823/assert_cmd-1.0.1/src/assert.rs:152:13
[INFO] [stdout] stack backtrace:
[INFO] [stdout]    0:     0x557041091a00 - std::backtrace_rs::backtrace::libunwind::trace::h34055254b57d8e79
[INFO] [stdout]                                at /rustc/a178d0322ce20e33eac124758e837cbd80a6f633/library/std/src/../../backtrace/src/backtrace/libunwind.rs:90:5
[INFO] [stdout]    1:     0x557041091a00 - std::backtrace_rs::backtrace::trace_unsynchronized::h8f1e3fbd9afff6ec
[INFO] [stdout]                                at /rustc/a178d0322ce20e33eac124758e837cbd80a6f633/library/std/src/../../backtrace/src/backtrace/mod.rs:66:5
[INFO] [stdout]    2:     0x557041091a00 - std::sys_common::backtrace::_print_fmt::h3a99a796b770c360
[INFO] [stdout]                                at /rustc/a178d0322ce20e33eac124758e837cbd80a6f633/library/std/src/sys_common/backtrace.rs:67:5
[INFO] [stdout]    3:     0x557041091a00 - <std::sys_common::backtrace::_print::DisplayBacktrace as core::fmt::Display>::fmt::h32d1f94a80615d18
[INFO] [stdout]                                at /rustc/a178d0322ce20e33eac124758e837cbd80a6f633/library/std/src/sys_common/backtrace.rs:46:22
[INFO] [stdout]    4:     0x5570410b571c - core::fmt::write::h306731c068f7162c
[INFO] [stdout]                                at /rustc/a178d0322ce20e33eac124758e837cbd80a6f633/library/core/src/fmt/mod.rs:1110:17
[INFO] [stdout]    5:     0x55704108e2a5 - std::io::Write::write_fmt::h87f19b0a2cd190bc
[INFO] [stdout]                                at /rustc/a178d0322ce20e33eac124758e837cbd80a6f633/library/std/src/io/mod.rs:1588:15
[INFO] [stdout]    6:     0x557041093ffb - std::sys_common::backtrace::_print::h5abaa2601a852287
[INFO] [stdout]                                at /rustc/a178d0322ce20e33eac124758e837cbd80a6f633/library/std/src/sys_common/backtrace.rs:49:5
[INFO] [stdout]    7:     0x557041093ffb - std::sys_common::backtrace::print::h8d81445442bb638f
[INFO] [stdout]                                at /rustc/a178d0322ce20e33eac124758e837cbd80a6f633/library/std/src/sys_common/backtrace.rs:36:9
[INFO] [stdout]    8:     0x557041093ffb - std::panicking::default_hook::{{closure}}::hcfe804496a9fa747
[INFO] [stdout]                                at /rustc/a178d0322ce20e33eac124758e837cbd80a6f633/library/std/src/panicking.rs:208:50
[INFO] [stdout]    9:     0x557041093b0c - std::panicking::default_hook::hbea8e3ccf2ba8901
[INFO] [stdout]                                at /rustc/a178d0322ce20e33eac124758e837cbd80a6f633/library/std/src/panicking.rs:222:9
[INFO] [stdout]   10:     0x5570410946c4 - std::panicking::rust_panic_with_hook::h7ee9e1a2d0f8975a
[INFO] [stdout]                                at /rustc/a178d0322ce20e33eac124758e837cbd80a6f633/library/std/src/panicking.rs:622:17
[INFO] [stdout]   11:     0x5570410941a7 - std::panicking::begin_panic_handler::{{closure}}::h8ab3b4491718b2c7
[INFO] [stdout]                                at /rustc/a178d0322ce20e33eac124758e837cbd80a6f633/library/std/src/panicking.rs:519:13
[INFO] [stdout]   12:     0x557041091efc - std::sys_common::backtrace::__rust_end_short_backtrace::hd489062ffa586a9f
[INFO] [stdout]                                at /rustc/a178d0322ce20e33eac124758e837cbd80a6f633/library/std/src/sys_common/backtrace.rs:141:18
[INFO] [stdout]   13:     0x557041094109 - rust_begin_unwind
[INFO] [stdout]                                at /rustc/a178d0322ce20e33eac124758e837cbd80a6f633/library/std/src/panicking.rs:515:5
[INFO] [stdout]   14:     0x557040fabf4b - std::panicking::begin_panic_fmt::h5479575e112541f8
[INFO] [stdout]                                at /rustc/a178d0322ce20e33eac124758e837cbd80a6f633/library/std/src/panicking.rs:457:5
[INFO] [stdout]   15:     0x55704104959b - assert_cmd::assert::Assert::success::h92c32604718b1b8a
[INFO] [stdout]                                at /opt/rustwide/cargo-home/registry/src/github.com-1ecc6299db9ec823/assert_cmd-1.0.1/src/assert.rs:152:13
[INFO] [stdout]   16:     0x557040fc7aff - cli::cli_access_server::h07ba749cc2dfa639
[INFO] [stdout]                                at /opt/rustwide/workdir/kvs/tests/cli.rs:312:5
[INFO] [stdout]   17:     0x557040fca0ce - cli::cli_access_server_sled_engine::hdf3749e2c27b3f85
[INFO] [stdout]                                at /opt/rustwide/workdir/kvs/tests/cli.rs:337:5
[INFO] [stdout]   18:     0x557040fca09a - cli::cli_access_server_sled_engine::{{closure}}::h2b53b2a196247fb4
[INFO] [stdout]                                at /opt/rustwide/workdir/kvs/tests/cli.rs:336:1
[INFO] [stdout]   19:     0x557040fc0afe - core::ops::function::FnOnce::call_once::hf02909c5625dff8d
[INFO] [stdout]                                at /rustc/a178d0322ce20e33eac124758e837cbd80a6f633/library/core/src/ops/function.rs:227:5
[INFO] [stdout]   20:     0x557040ff2263 - core::ops::function::FnOnce::call_once::h152e7e439ff59e19
[INFO] [stdout]                                at /rustc/a178d0322ce20e33eac124758e837cbd80a6f633/library/core/src/ops/function.rs:227:5
[INFO] [stdout]   21:     0x557040ff2263 - test::__rust_begin_short_backtrace::h0908f3b1fdbb72ab
[INFO] [stdout]                                at /rustc/a178d0322ce20e33eac124758e837cbd80a6f633/library/test/src/lib.rs:577:5
[INFO] [stdout]   22:     0x557040ff0d20 - <alloc::boxed::Box<F,A> as core::ops::function::FnOnce<Args>>::call_once::hf6d2a51e5587546c
[INFO] [stdout]                                at /rustc/a178d0322ce20e33eac124758e837cbd80a6f633/library/alloc/src/boxed.rs:1575:9
[INFO] [stdout]   23:     0x557040ff0d20 - <std::panic::AssertUnwindSafe<F> as core::ops::function::FnOnce<()>>::call_once::h8af660f3a89ef593
[INFO] [stdout]                                at /rustc/a178d0322ce20e33eac124758e837cbd80a6f633/library/std/src/panic.rs:347:9
[INFO] [stdout]   24:     0x557040ff0d20 - std::panicking::try::do_call::hd36aef60f84b6d36
[INFO] [stdout]                                at /rustc/a178d0322ce20e33eac124758e837cbd80a6f633/library/std/src/panicking.rs:401:40
[INFO] [stdout]   25:     0x557040ff0d20 - std::panicking::try::h9932b4480e69817c
[INFO] [stdout]                                at /rustc/a178d0322ce20e33eac124758e837cbd80a6f633/library/std/src/panicking.rs:365:19
[INFO] [stdout]   26:     0x557040ff0d20 - std::panic::catch_unwind::h6aa177099cfff5f8
[INFO] [stdout]                                at /rustc/a178d0322ce20e33eac124758e837cbd80a6f633/library/std/src/panic.rs:434:14
[INFO] [stdout]   27:     0x557040ff0d20 - test::run_test_in_process::h5884d6f2d99e20c3
[INFO] [stdout]                                at /rustc/a178d0322ce20e33eac124758e837cbd80a6f633/library/test/src/lib.rs:600:18
[INFO] [stdout]   28:     0x557040ff0d20 - test::run_test::run_test_inner::{{closure}}::h6fdc58c6d5f5b6e3
[INFO] [stdout]                                at /rustc/a178d0322ce20e33eac124758e837cbd80a6f633/library/test/src/lib.rs:492:39
[INFO] [stdout]   29:     0x557040fca3d2 - test::run_test::run_test_inner::{{closure}}::h408365d67a78ade8
[INFO] [stdout]                                at /rustc/a178d0322ce20e33eac124758e837cbd80a6f633/library/test/src/lib.rs:519:37
[INFO] [stdout]   30:     0x557040fca3d2 - std::sys_common::backtrace::__rust_begin_short_backtrace::hb560b77c4f701523
[INFO] [stdout]                                at /rustc/a178d0322ce20e33eac124758e837cbd80a6f633/library/std/src/sys_common/backtrace.rs:125:18
[INFO] [stdout]   31:     0x557040fcdf88 - std::thread::Builder::spawn_unchecked::{{closure}}::{{closure}}::hf2e7831dad93c597
[INFO] [stdout]                                at /rustc/a178d0322ce20e33eac124758e837cbd80a6f633/library/std/src/thread/mod.rs:481:17
[INFO] [stdout]   32:     0x557040fcdf88 - <std::panic::AssertUnwindSafe<F> as core::ops::function::FnOnce<()>>::call_once::hd2e08783d8be4d02
[INFO] [stdout]                                at /rustc/a178d0322ce20e33eac124758e837cbd80a6f633/library/std/src/panic.rs:347:9
[INFO] [stdout]   33:     0x557040fcdf88 - std::panicking::try::do_call::h062597b7acfd6b82
[INFO] [stdout]                                at /rustc/a178d0322ce20e33eac124758e837cbd80a6f633/library/std/src/panicking.rs:401:40
[INFO] [stdout]   34:     0x557040fcdf88 - std::panicking::try::h0d7b79db04c14552
[INFO] [stdout]                                at /rustc/a178d0322ce20e33eac124758e837cbd80a6f633/library/std/src/panicking.rs:365:19
[INFO] [stdout]   35:     0x557040fcdf88 - std::panic::catch_unwind::hb01a0b5e7c8cd43b
[INFO] [stdout]                                at /rustc/a178d0322ce20e33eac124758e837cbd80a6f633/library/std/src/panic.rs:434:14
[INFO] [stdout]   36:     0x557040fcdf88 - std::thread::Builder::spawn_unchecked::{{closure}}::h5bde48cc887e0d1e
[INFO] [stdout]                                at /rustc/a178d0322ce20e33eac124758e837cbd80a6f633/library/std/src/thread/mod.rs:480:30
[INFO] [stdout]   37:     0x557040fcdf88 - core::ops::function::FnOnce::call_once{{vtable.shim}}::h745ea30807a29e55
[INFO] [stdout]                                at /rustc/a178d0322ce20e33eac124758e837cbd80a6f633/library/core/src/ops/function.rs:227:5
[INFO] [stdout]   38:     0x55704109a057 - <alloc::boxed::Box<F,A> as core::ops::function::FnOnce<Args>>::call_once::h7ece6cfefaff1005
[INFO] [stdout]                                at /rustc/a178d0322ce20e33eac124758e837cbd80a6f633/library/alloc/src/boxed.rs:1575:9
[INFO] [stdout]   39:     0x55704109a057 - <alloc::boxed::Box<F,A> as core::ops::function::FnOnce<Args>>::call_once::hb8b48e55c21f193e
[INFO] [stdout]                                at /rustc/a178d0322ce20e33eac124758e837cbd80a6f633/library/alloc/src/boxed.rs:1575:9
[INFO] [stdout]   40:     0x55704109a057 - std::sys::unix::thread::Thread::new::thread_start::h8c7c4450dba62914
[INFO] [stdout]                                at /rustc/a178d0322ce20e33eac124758e837cbd80a6f633/library/std/src/sys/unix/thread.rs:71:17
[INFO] [stdout]   41:     0x7ff0fa30c609 - start_thread
[INFO] [stdout]   42:     0x7ff0fa0de293 - clone
[INFO] [stdout]   43:                0x0 - <unknown>
[INFO] [stdout] 
[INFO] [stdout] 
[INFO] [stdout] failures:
[INFO] [stdout]     cli_access_server_sled_engine
[INFO] [stdout] 
[INFO] [stdout] test result: FAILED. 9 passed; 1 failed; 1 ignored; 0 measured; 0 filtered out; finished in 2.12s
[INFO] [stdout] 
[INFO] [stderr] error: test failed, to rerun pass '-p kvs --test cli'
[INFO] running `Command { std: "docker" "inspect" "0f1ce18fd5a6466701c9bd996556a46942c90b17137b9dc967cc177c15e9a426", kill_on_drop: false }`
[INFO] running `Command { std: "docker" "rm" "-f" "0f1ce18fd5a6466701c9bd996556a46942c90b17137b9dc967cc177c15e9a426", kill_on_drop: false }`
[INFO] [stdout] 0f1ce18fd5a6466701c9bd996556a46942c90b17137b9dc967cc177c15e9a426
