[INFO] cloning repository https://github.com/jwestern/cdhydro
[INFO] running `Command { std: "git" "-c" "credential.helper=" "-c" "credential.helper=/workspace/cargo-home/bin/git-credential-null" "clone" "--bare" "https://github.com/jwestern/cdhydro" "/workspace/cache/git-repos/https%3A%2F%2Fgithub.com%2Fjwestern%2Fcdhydro", kill_on_drop: false }`
[INFO] [stderr] Cloning into bare repository '/workspace/cache/git-repos/https%3A%2F%2Fgithub.com%2Fjwestern%2Fcdhydro'...
[INFO] running `Command { std: "git" "rev-parse" "HEAD", kill_on_drop: false }`
[INFO] [stdout] ebd1cdd285f46f83102c71f61a571813222be30b
[INFO] testing jwestern/cdhydro against 1.54.0 for beta-1.55-1
[INFO] running `Command { std: "git" "clone" "/workspace/cache/git-repos/https%3A%2F%2Fgithub.com%2Fjwestern%2Fcdhydro" "/workspace/builds/worker-110/source", kill_on_drop: false }`
[INFO] [stderr] Cloning into '/workspace/builds/worker-110/source'...
[INFO] [stderr] done.
[INFO] validating manifest of git repo https://github.com/jwestern/cdhydro on toolchain 1.54.0
[INFO] running `Command { std: "/workspace/cargo-home/bin/cargo" "+1.54.0" "metadata" "--manifest-path" "Cargo.toml" "--no-deps", kill_on_drop: false }`
[INFO] started tweaking git repo https://github.com/jwestern/cdhydro
[INFO] finished tweaking git repo https://github.com/jwestern/cdhydro
[INFO] tweaked toml for git repo https://github.com/jwestern/cdhydro written to /workspace/builds/worker-110/source/Cargo.toml
[INFO] crate git repo https://github.com/jwestern/cdhydro already has a lockfile, it will not be regenerated
[INFO] running `Command { std: "/workspace/cargo-home/bin/cargo" "+1.54.0" "fetch" "--manifest-path" "Cargo.toml", kill_on_drop: false }`
[INFO] [stderr]     Blocking waiting for file lock on package cache
[INFO] [stderr]     Updating crates.io index
[INFO] [stderr]     Blocking waiting for file lock on package cache
[INFO] running `Command { std: "docker" "create" "-v" "/var/lib/crater-agent-workspace/builds/worker-110/target:/opt/rustwide/target:rw,Z" "-v" "/var/lib/crater-agent-workspace/builds/worker-110/source:/opt/rustwide/workdir:ro,Z" "-v" "/var/lib/crater-agent-workspace/cargo-home:/opt/rustwide/cargo-home:ro,Z" "-v" "/var/lib/crater-agent-workspace/rustup-home:/opt/rustwide/rustup-home:ro,Z" "-e" "SOURCE_DIR=/opt/rustwide/workdir" "-e" "CARGO_TARGET_DIR=/opt/rustwide/target" "-e" "CARGO_HOME=/opt/rustwide/cargo-home" "-e" "RUSTUP_HOME=/opt/rustwide/rustup-home" "-w" "/opt/rustwide/workdir" "-m" "1610612736" "--user" "0:0" "--network" "none" "ghcr.io/rust-lang/crates-build-env/linux@sha256:34b6a614d2c27851fe6cbf88fbd1137609cefab8b10d0615aaeb6fd47975d74e" "/opt/rustwide/cargo-home/bin/cargo" "+1.54.0" "metadata" "--no-deps" "--format-version=1", kill_on_drop: false }`
[INFO] [stdout] c0ab2cf1dc168dcb0657cd9a7efbe4beb7ffa08dea35ee3f9e3076f1db92383b
[INFO] running `Command { std: "docker" "start" "-a" "c0ab2cf1dc168dcb0657cd9a7efbe4beb7ffa08dea35ee3f9e3076f1db92383b", kill_on_drop: false }`
[INFO] running `Command { std: "docker" "inspect" "c0ab2cf1dc168dcb0657cd9a7efbe4beb7ffa08dea35ee3f9e3076f1db92383b", kill_on_drop: false }`
[INFO] running `Command { std: "docker" "rm" "-f" "c0ab2cf1dc168dcb0657cd9a7efbe4beb7ffa08dea35ee3f9e3076f1db92383b", kill_on_drop: false }`
[INFO] [stdout] c0ab2cf1dc168dcb0657cd9a7efbe4beb7ffa08dea35ee3f9e3076f1db92383b
[INFO] running `Command { std: "docker" "create" "-v" "/var/lib/crater-agent-workspace/builds/worker-110/target:/opt/rustwide/target:rw,Z" "-v" "/var/lib/crater-agent-workspace/builds/worker-110/source:/opt/rustwide/workdir:ro,Z" "-v" "/var/lib/crater-agent-workspace/cargo-home:/opt/rustwide/cargo-home:ro,Z" "-v" "/var/lib/crater-agent-workspace/rustup-home:/opt/rustwide/rustup-home:ro,Z" "-e" "SOURCE_DIR=/opt/rustwide/workdir" "-e" "CARGO_TARGET_DIR=/opt/rustwide/target" "-e" "CARGO_INCREMENTAL=0" "-e" "RUST_BACKTRACE=full" "-e" "RUSTFLAGS=--cap-lints=warn" "-e" "CARGO_HOME=/opt/rustwide/cargo-home" "-e" "RUSTUP_HOME=/opt/rustwide/rustup-home" "-w" "/opt/rustwide/workdir" "-m" "1610612736" "--user" "0:0" "--network" "none" "ghcr.io/rust-lang/crates-build-env/linux@sha256:34b6a614d2c27851fe6cbf88fbd1137609cefab8b10d0615aaeb6fd47975d74e" "/opt/rustwide/cargo-home/bin/cargo" "+1.54.0" "build" "--frozen" "--message-format=json", kill_on_drop: false }`
[INFO] [stdout] 9e88f694281b93a35023da679c951b5c05eb9323677cb48f6688f9b7a9fd7e2a
[INFO] running `Command { std: "docker" "start" "-a" "9e88f694281b93a35023da679c951b5c05eb9323677cb48f6688f9b7a9fd7e2a", kill_on_drop: false }`
[INFO] [stderr]     Blocking waiting for file lock on package cache
[INFO] [stderr]    Compiling proc-macro2 v1.0.28
[INFO] [stderr]    Compiling unicode-xid v0.2.2
[INFO] [stderr]    Compiling syn v1.0.74
[INFO] [stderr]    Compiling ucd-trie v0.1.3
[INFO] [stderr]    Compiling crc32fast v1.2.1
[INFO] [stderr]    Compiling maplit v1.0.2
[INFO] [stderr]    Compiling libc v0.2.98
[INFO] [stderr]    Compiling adler v1.0.2
[INFO] [stderr]    Compiling rawpointer v0.2.1
[INFO] [stderr]    Compiling byteorder v1.4.3
[INFO] [stderr]    Compiling unittest v0.1.0
[INFO] [stderr]    Compiling num-traits v0.2.14
[INFO] [stderr]    Compiling num-integer v0.1.44
[INFO] [stderr]    Compiling miniz_oxide v0.4.4
[INFO] [stderr]    Compiling num-bigint v0.4.0
[INFO] [stderr]    Compiling matrixmultiply v0.3.1
[INFO] [stderr]    Compiling pest v2.1.3
[INFO] [stderr]    Compiling quote v1.0.9
[INFO] [stderr]    Compiling flate2 v1.0.20
[INFO] [stderr]    Compiling num-complex v0.4.0
[INFO] [stderr]    Compiling pest_meta v2.1.3
[INFO] [stderr]    Compiling ndarray v0.15.1
[INFO] [stderr]    Compiling pest_generator v2.1.3
[INFO] [stderr]    Compiling thiserror-impl v1.0.26
[INFO] [stderr]    Compiling pest_derive v2.1.0
[INFO] [stderr]    Compiling py_literal v0.4.0
[INFO] [stderr]    Compiling thiserror v1.0.26
[INFO] [stderr]    Compiling zip v0.5.13
[INFO] [stderr]    Compiling ndarray-npy v0.8.0
[INFO] [stderr]    Compiling cdhydro v0.1.0 (/opt/rustwide/workdir)
[INFO] [stdout] warning: unused import: `ndarray::stack`
[INFO] [stdout]  --> src/main.rs:3:5
[INFO] [stdout]   |
[INFO] [stdout] 3 | use ndarray::stack;
[INFO] [stdout]   |     ^^^^^^^^^^^^^^
[INFO] [stdout]   |
[INFO] [stdout]   = note: `#[warn(unused_imports)]` on by default
[INFO] [stdout] 
[INFO] [stdout] 
[INFO] [stdout] warning: unused imports: `NpzReader`, `NpzWriter`, `read_npy`, `write_npy`
[INFO] [stdout]  --> src/main.rs:4:19
[INFO] [stdout]   |
[INFO] [stdout] 4 | use ndarray_npy::{read_npy, write_npy, NpzWriter, NpzReader};
[INFO] [stdout]   |                   ^^^^^^^^  ^^^^^^^^^  ^^^^^^^^^  ^^^^^^^^^
[INFO] [stdout] 
[INFO] [stdout] 
[INFO] [stdout] warning: unused import: `std::fs::File`
[INFO] [stdout]  --> src/main.rs:5:5
[INFO] [stdout]   |
[INFO] [stdout] 5 | use std::fs::File;
[INFO] [stdout]   |     ^^^^^^^^^^^^^
[INFO] [stdout] 
[INFO] [stdout] 
[INFO] [stdout] warning: unused variable: `h`
[INFO] [stdout]    --> src/main.rs:128:13
[INFO] [stdout]     |
[INFO] [stdout] 128 |         let h   = &self.clone().enthalpy();
[INFO] [stdout]     |             ^ help: if this is intentional, prefix it with an underscore: `_h`
[INFO] [stdout]     |
[INFO] [stdout]     = note: `#[warn(unused_variables)]` on by default
[INFO] [stdout] 
[INFO] [stdout] 
[INFO] [stdout] warning: constant is never used: `KAPPA`
[INFO] [stdout]  --> src/main.rs:7:1
[INFO] [stdout]   |
[INFO] [stdout] 7 | const KAPPA: f64 = 100.0; // eos par
[INFO] [stdout]   | ^^^^^^^^^^^^^^^^^^^^^^^^^
[INFO] [stdout]   |
[INFO] [stdout]   = note: `#[warn(dead_code)]` on by default
[INFO] [stdout] 
[INFO] [stdout] 
[INFO] [stdout] warning: constant is never used: `GAMMA`
[INFO] [stdout]  --> src/main.rs:8:1
[INFO] [stdout]   |
[INFO] [stdout] 8 | const GAMMA: f64 = 2.0;   // eos par
[INFO] [stdout]   | ^^^^^^^^^^^^^^^^^^^^^^^
[INFO] [stdout] 
[INFO] [stdout] 
[INFO] [stdout] warning: constant is never used: `AGP`
[INFO] [stdout]  --> src/main.rs:9:1
[INFO] [stdout]   |
[INFO] [stdout] 9 | const AGP: f64   = 0.0;   // "a" in generalized polytrope
[INFO] [stdout]   | ^^^^^^^^^^^^^^^^^^^^^^^
[INFO] [stdout] 
[INFO] [stdout] 
[INFO] [stdout] warning: constant is never used: `NP`
[INFO] [stdout]   --> src/main.rs:10:1
[INFO] [stdout]    |
[INFO] [stdout] 10 | const NP: f64    = 1.0 / (GAMMA - 1.0); // eos par
[INFO] [stdout]    | ^^^^^^^^^^^^^^^^^^^^^^^^^^^^^^^^^^^^^^^
[INFO] [stdout] 
[INFO] [stdout] 
[INFO] [stdout] warning: function is never used: `fmx_imh`
[INFO] [stdout]   --> src/main.rs:36:4
[INFO] [stdout]    |
[INFO] [stdout] 36 | fn fmx_imh(f: Array2<f64>, N: isize) -> Array2<f64> {
[INFO] [stdout]    |    ^^^^^^^
[INFO] [stdout] 
[INFO] [stdout] 
[INFO] [stdout] warning: function is never used: `fpy_iph`
[INFO] [stdout]   --> src/main.rs:50:4
[INFO] [stdout]    |
[INFO] [stdout] 50 | fn fpy_iph(f: Array2<f64>, N: isize) -> Array2<f64> {
[INFO] [stdout]    |    ^^^^^^^
[INFO] [stdout] 
[INFO] [stdout] 
[INFO] [stdout] warning: function is never used: `fmy_imh`
[INFO] [stdout]   --> src/main.rs:64:4
[INFO] [stdout]    |
[INFO] [stdout] 64 | fn fmy_imh(f: Array2<f64>, N: isize) -> Array2<f64> {
[INFO] [stdout]    |    ^^^^^^^
[INFO] [stdout] 
[INFO] [stdout] 
[INFO] [stdout] warning: function is never used: `rootdet`
[INFO] [stdout]   --> src/main.rs:78:4
[INFO] [stdout]    |
[INFO] [stdout] 78 | fn rootdet(gxx: &Array2<f64>, gxy: &Array2<f64>, gyy: &Array2<f64>) -> Array2<f64> {
[INFO] [stdout]    |    ^^^^^^^
[INFO] [stdout] 
[INFO] [stdout] 
[INFO] [stdout] warning: associated function is never used: `enthalpy`
[INFO] [stdout]   --> src/main.rs:88:8
[INFO] [stdout]    |
[INFO] [stdout] 88 |     fn enthalpy(self) -> Array2::<f64> { self.clone().0 }
[INFO] [stdout]    |        ^^^^^^^^
[INFO] [stdout] 
[INFO] [stdout] 
[INFO] [stdout] warning: associated function is never used: `vx`
[INFO] [stdout]   --> src/main.rs:89:8
[INFO] [stdout]    |
[INFO] [stdout] 89 |     fn vx(      self) -> Array2::<f64> { self.clone().1 }
[INFO] [stdout]    |        ^^
[INFO] [stdout] 
[INFO] [stdout] 
[INFO] [stdout] warning: associated function is never used: `vy`
[INFO] [stdout]   --> src/main.rs:90:8
[INFO] [stdout]    |
[INFO] [stdout] 90 |     fn vy(      self) -> Array2::<f64> { self.clone().2 }
[INFO] [stdout]    |        ^^
[INFO] [stdout] 
[INFO] [stdout] 
[INFO] [stdout] warning: associated function is never used: `mass_density`
[INFO] [stdout]   --> src/main.rs:91:8
[INFO] [stdout]    |
[INFO] [stdout] 91 |     fn mass_density(self) -> Array2::<f64> {
[INFO] [stdout]    |        ^^^^^^^^^^^^
[INFO] [stdout] 
[INFO] [stdout] 
[INFO] [stdout] warning: associated function is never used: `pressure`
[INFO] [stdout]   --> src/main.rs:94:8
[INFO] [stdout]    |
[INFO] [stdout] 94 |     fn pressure(self) -> Array2::<f64> {
[INFO] [stdout]    |        ^^^^^^^^
[INFO] [stdout] 
[INFO] [stdout] 
[INFO] [stdout] warning: associated function is never used: `sound_speed`
[INFO] [stdout]   --> src/main.rs:97:8
[INFO] [stdout]    |
[INFO] [stdout] 97 |     fn sound_speed(self) -> Array2::<f64> {
[INFO] [stdout]    |        ^^^^^^^^^^^
[INFO] [stdout] 
[INFO] [stdout] 
[INFO] [stdout] warning: associated function is never used: `eigenval_x_p`
[INFO] [stdout]    --> src/main.rs:102:8
[INFO] [stdout]     |
[INFO] [stdout] 102 |     fn eigenval_x_p(self) -> Array2::<f64> {
[INFO] [stdout]     |        ^^^^^^^^^^^^
[INFO] [stdout] 
[INFO] [stdout] 
[INFO] [stdout] warning: associated function is never used: `eigenval_x_m`
[INFO] [stdout]    --> src/main.rs:105:8
[INFO] [stdout]     |
[INFO] [stdout] 105 |     fn eigenval_x_m(self) -> Array2::<f64> {
[INFO] [stdout]     |        ^^^^^^^^^^^^
[INFO] [stdout] 
[INFO] [stdout] 
[INFO] [stdout] warning: associated function is never used: `eigenval_y_p`
[INFO] [stdout]    --> src/main.rs:108:8
[INFO] [stdout]     |
[INFO] [stdout] 108 |     fn eigenval_y_p(self) -> Array2::<f64> {
[INFO] [stdout]     |        ^^^^^^^^^^^^
[INFO] [stdout] 
[INFO] [stdout] 
[INFO] [stdout] warning: associated function is never used: `eigenval_y_m`
[INFO] [stdout]    --> src/main.rs:111:8
[INFO] [stdout]     |
[INFO] [stdout] 111 |     fn eigenval_y_m(self) -> Array2::<f64> {
[INFO] [stdout]     |        ^^^^^^^^^^^^
[INFO] [stdout] 
[INFO] [stdout] 
[INFO] [stdout] warning: associated function is never used: `max_signal_speed`
[INFO] [stdout]    --> src/main.rs:114:8
[INFO] [stdout]     |
[INFO] [stdout] 114 |     fn max_signal_speed(self) -> f64 {
[INFO] [stdout]     |        ^^^^^^^^^^^^^^^^
[INFO] [stdout] 
[INFO] [stdout] 
[INFO] [stdout] warning: associated function is never used: `lorentz`
[INFO] [stdout]    --> src/main.rs:117:8
[INFO] [stdout]     |
[INFO] [stdout] 117 |     fn lorentz(self, gxx: &Array2<f64>, gxy: &Array2<f64>, gyy: &Array2<f64>) -> Array2::<f64> {
[INFO] [stdout]     |        ^^^^^^^
[INFO] [stdout] 
[INFO] [stdout] 
[INFO] [stdout] warning: associated function is never used: `primtocon`
[INFO] [stdout]    --> src/main.rs:123:8
[INFO] [stdout]     |
[INFO] [stdout] 123 |     fn primtocon(self, gxx: Array2<f64>, gxy: Array2<f64>, gyy: Array2<f64>) -> Conserved {
[INFO] [stdout]     |        ^^^^^^^^^
[INFO] [stdout] 
[INFO] [stdout] 
[INFO] [stdout] warning: 25 warnings emitted
[INFO] [stdout] 
[INFO] [stdout] 
[INFO] [stderr]     Finished dev [unoptimized + debuginfo] target(s) in 11.99s
[INFO] running `Command { std: "docker" "inspect" "9e88f694281b93a35023da679c951b5c05eb9323677cb48f6688f9b7a9fd7e2a", kill_on_drop: false }`
[INFO] running `Command { std: "docker" "rm" "-f" "9e88f694281b93a35023da679c951b5c05eb9323677cb48f6688f9b7a9fd7e2a", kill_on_drop: false }`
[INFO] [stdout] 9e88f694281b93a35023da679c951b5c05eb9323677cb48f6688f9b7a9fd7e2a
[INFO] running `Command { std: "docker" "create" "-v" "/var/lib/crater-agent-workspace/builds/worker-110/target:/opt/rustwide/target:rw,Z" "-v" "/var/lib/crater-agent-workspace/builds/worker-110/source:/opt/rustwide/workdir:ro,Z" "-v" "/var/lib/crater-agent-workspace/cargo-home:/opt/rustwide/cargo-home:ro,Z" "-v" "/var/lib/crater-agent-workspace/rustup-home:/opt/rustwide/rustup-home:ro,Z" "-e" "SOURCE_DIR=/opt/rustwide/workdir" "-e" "CARGO_TARGET_DIR=/opt/rustwide/target" "-e" "CARGO_INCREMENTAL=0" "-e" "RUST_BACKTRACE=full" "-e" "RUSTFLAGS=--cap-lints=warn" "-e" "CARGO_HOME=/opt/rustwide/cargo-home" "-e" "RUSTUP_HOME=/opt/rustwide/rustup-home" "-w" "/opt/rustwide/workdir" "-m" "1610612736" "--user" "0:0" "--network" "none" "ghcr.io/rust-lang/crates-build-env/linux@sha256:34b6a614d2c27851fe6cbf88fbd1137609cefab8b10d0615aaeb6fd47975d74e" "/opt/rustwide/cargo-home/bin/cargo" "+1.54.0" "test" "--frozen" "--no-run" "--message-format=json", kill_on_drop: false }`
[INFO] [stdout] 3ddde884bcee9431f1d4feb00fe64345d2764a5f749b58f39808d336e9d3c9f9
[INFO] running `Command { std: "docker" "start" "-a" "3ddde884bcee9431f1d4feb00fe64345d2764a5f749b58f39808d336e9d3c9f9", kill_on_drop: false }`
[INFO] [stderr]     Blocking waiting for file lock on package cache
[INFO] [stderr]    Compiling cdhydro v0.1.0 (/opt/rustwide/workdir)
[INFO] [stdout] warning: unused import: `ndarray::stack`
[INFO] [stdout]  --> src/main.rs:3:5
[INFO] [stdout]   |
[INFO] [stdout] 3 | use ndarray::stack;
[INFO] [stdout]   |     ^^^^^^^^^^^^^^
[INFO] [stdout]   |
[INFO] [stdout]   = note: `#[warn(unused_imports)]` on by default
[INFO] [stdout] 
[INFO] [stdout] 
[INFO] [stdout] warning: unused variable: `h`
[INFO] [stdout]    --> src/main.rs:128:13
[INFO] [stdout]     |
[INFO] [stdout] 128 |         let h   = &self.clone().enthalpy();
[INFO] [stdout]     |             ^ help: if this is intentional, prefix it with an underscore: `_h`
[INFO] [stdout]     |
[INFO] [stdout]     = note: `#[warn(unused_variables)]` on by default
[INFO] [stdout] 
[INFO] [stdout] 
[INFO] [stdout] warning: constant is never used: `KAPPA`
[INFO] [stdout]  --> src/main.rs:7:1
[INFO] [stdout]   |
[INFO] [stdout] 7 | const KAPPA: f64 = 100.0; // eos par
[INFO] [stdout]   | ^^^^^^^^^^^^^^^^^^^^^^^^^
[INFO] [stdout]   |
[INFO] [stdout]   = note: `#[warn(dead_code)]` on by default
[INFO] [stdout] 
[INFO] [stdout] 
[INFO] [stdout] warning: constant is never used: `GAMMA`
[INFO] [stdout]  --> src/main.rs:8:1
[INFO] [stdout]   |
[INFO] [stdout] 8 | const GAMMA: f64 = 2.0;   // eos par
[INFO] [stdout]   | ^^^^^^^^^^^^^^^^^^^^^^^
[INFO] [stdout] 
[INFO] [stdout] 
[INFO] [stdout] warning: constant is never used: `AGP`
[INFO] [stdout]  --> src/main.rs:9:1
[INFO] [stdout]   |
[INFO] [stdout] 9 | const AGP: f64   = 0.0;   // "a" in generalized polytrope
[INFO] [stdout]   | ^^^^^^^^^^^^^^^^^^^^^^^
[INFO] [stdout] 
[INFO] [stdout] 
[INFO] [stdout] warning: constant is never used: `NP`
[INFO] [stdout]   --> src/main.rs:10:1
[INFO] [stdout]    |
[INFO] [stdout] 10 | const NP: f64    = 1.0 / (GAMMA - 1.0); // eos par
[INFO] [stdout]    | ^^^^^^^^^^^^^^^^^^^^^^^^^^^^^^^^^^^^^^^
[INFO] [stdout] 
[INFO] [stdout] 
[INFO] [stdout] warning: function is never used: `fmx_imh`
[INFO] [stdout]   --> src/main.rs:36:4
[INFO] [stdout]    |
[INFO] [stdout] 36 | fn fmx_imh(f: Array2<f64>, N: isize) -> Array2<f64> {
[INFO] [stdout]    |    ^^^^^^^
[INFO] [stdout] 
[INFO] [stdout] 
[INFO] [stdout] warning: function is never used: `fpy_iph`
[INFO] [stdout]   --> src/main.rs:50:4
[INFO] [stdout]    |
[INFO] [stdout] 50 | fn fpy_iph(f: Array2<f64>, N: isize) -> Array2<f64> {
[INFO] [stdout]    |    ^^^^^^^
[INFO] [stdout] 
[INFO] [stdout] 
[INFO] [stdout] warning: function is never used: `fmy_imh`
[INFO] [stdout]   --> src/main.rs:64:4
[INFO] [stdout]    |
[INFO] [stdout] 64 | fn fmy_imh(f: Array2<f64>, N: isize) -> Array2<f64> {
[INFO] [stdout]    |    ^^^^^^^
[INFO] [stdout] 
[INFO] [stdout] 
[INFO] [stdout] warning: function is never used: `rootdet`
[INFO] [stdout]   --> src/main.rs:78:4
[INFO] [stdout]    |
[INFO] [stdout] 78 | fn rootdet(gxx: &Array2<f64>, gxy: &Array2<f64>, gyy: &Array2<f64>) -> Array2<f64> {
[INFO] [stdout]    |    ^^^^^^^
[INFO] [stdout] 
[INFO] [stdout] 
[INFO] [stdout] warning: associated function is never used: `enthalpy`
[INFO] [stdout]   --> src/main.rs:88:8
[INFO] [stdout]    |
[INFO] [stdout] 88 |     fn enthalpy(self) -> Array2::<f64> { self.clone().0 }
[INFO] [stdout]    |        ^^^^^^^^
[INFO] [stdout] 
[INFO] [stdout] 
[INFO] [stdout] warning: associated function is never used: `vx`
[INFO] [stdout]   --> src/main.rs:89:8
[INFO] [stdout]    |
[INFO] [stdout] 89 |     fn vx(      self) -> Array2::<f64> { self.clone().1 }
[INFO] [stdout]    |        ^^
[INFO] [stdout] 
[INFO] [stdout] 
[INFO] [stdout] warning: associated function is never used: `vy`
[INFO] [stdout]   --> src/main.rs:90:8
[INFO] [stdout]    |
[INFO] [stdout] 90 |     fn vy(      self) -> Array2::<f64> { self.clone().2 }
[INFO] [stdout]    |        ^^
[INFO] [stdout] 
[INFO] [stdout] 
[INFO] [stdout] warning: associated function is never used: `mass_density`
[INFO] [stdout]   --> src/main.rs:91:8
[INFO] [stdout]    |
[INFO] [stdout] 91 |     fn mass_density(self) -> Array2::<f64> {
[INFO] [stdout]    |        ^^^^^^^^^^^^
[INFO] [stdout] 
[INFO] [stdout] 
[INFO] [stdout] warning: associated function is never used: `pressure`
[INFO] [stdout]   --> src/main.rs:94:8
[INFO] [stdout]    |
[INFO] [stdout] 94 |     fn pressure(self) -> Array2::<f64> {
[INFO] [stdout]    |        ^^^^^^^^
[INFO] [stdout] 
[INFO] [stdout] 
[INFO] [stdout] warning: associated function is never used: `sound_speed`
[INFO] [stdout]   --> src/main.rs:97:8
[INFO] [stdout]    |
[INFO] [stdout] 97 |     fn sound_speed(self) -> Array2::<f64> {
[INFO] [stdout]    |        ^^^^^^^^^^^
[INFO] [stdout] 
[INFO] [stdout] 
[INFO] [stdout] warning: associated function is never used: `eigenval_x_p`
[INFO] [stdout]    --> src/main.rs:102:8
[INFO] [stdout]     |
[INFO] [stdout] 102 |     fn eigenval_x_p(self) -> Array2::<f64> {
[INFO] [stdout]     |        ^^^^^^^^^^^^
[INFO] [stdout] 
[INFO] [stdout] 
[INFO] [stdout] warning: associated function is never used: `eigenval_x_m`
[INFO] [stdout]    --> src/main.rs:105:8
[INFO] [stdout]     |
[INFO] [stdout] 105 |     fn eigenval_x_m(self) -> Array2::<f64> {
[INFO] [stdout]     |        ^^^^^^^^^^^^
[INFO] [stdout] 
[INFO] [stdout] 
[INFO] [stdout] warning: associated function is never used: `eigenval_y_p`
[INFO] [stdout]    --> src/main.rs:108:8
[INFO] [stdout]     |
[INFO] [stdout] 108 |     fn eigenval_y_p(self) -> Array2::<f64> {
[INFO] [stdout]     |        ^^^^^^^^^^^^
[INFO] [stdout] 
[INFO] [stdout] 
[INFO] [stdout] warning: associated function is never used: `eigenval_y_m`
[INFO] [stdout]    --> src/main.rs:111:8
[INFO] [stdout]     |
[INFO] [stdout] 111 |     fn eigenval_y_m(self) -> Array2::<f64> {
[INFO] [stdout]     |        ^^^^^^^^^^^^
[INFO] [stdout] 
[INFO] [stdout] 
[INFO] [stdout] warning: associated function is never used: `max_signal_speed`
[INFO] [stdout]    --> src/main.rs:114:8
[INFO] [stdout]     |
[INFO] [stdout] 114 |     fn max_signal_speed(self) -> f64 {
[INFO] [stdout]     |        ^^^^^^^^^^^^^^^^
[INFO] [stdout] 
[INFO] [stdout] 
[INFO] [stdout] warning: associated function is never used: `lorentz`
[INFO] [stdout]    --> src/main.rs:117:8
[INFO] [stdout]     |
[INFO] [stdout] 117 |     fn lorentz(self, gxx: &Array2<f64>, gxy: &Array2<f64>, gyy: &Array2<f64>) -> Array2::<f64> {
[INFO] [stdout]     |        ^^^^^^^
[INFO] [stdout] 
[INFO] [stdout] 
[INFO] [stdout] warning: associated function is never used: `primtocon`
[INFO] [stdout]    --> src/main.rs:123:8
[INFO] [stdout]     |
[INFO] [stdout] 123 |     fn primtocon(self, gxx: Array2<f64>, gxy: Array2<f64>, gyy: Array2<f64>) -> Conserved {
[INFO] [stdout]     |        ^^^^^^^^^
[INFO] [stdout] 
[INFO] [stdout] 
[INFO] [stdout] warning: unused `Result` that must be used
[INFO] [stdout]    --> src/main.rs:174:9
[INFO] [stdout]     |
[INFO] [stdout] 174 |         write_npy("test.npy", &zeros);
[INFO] [stdout]     |         ^^^^^^^^^^^^^^^^^^^^^^^^^^^^^^
[INFO] [stdout]     |
[INFO] [stdout]     = note: `#[warn(unused_must_use)]` on by default
[INFO] [stdout]     = note: this `Result` may be an `Err` variant, which should be handled
[INFO] [stdout] 
[INFO] [stdout] 
[INFO] [stdout] warning: unused `Result` that must be used
[INFO] [stdout]    --> src/main.rs:184:9
[INFO] [stdout]     |
[INFO] [stdout] 184 |         npz.add_array("data", &zeros);
[INFO] [stdout]     |         ^^^^^^^^^^^^^^^^^^^^^^^^^^^^^^
[INFO] [stdout]     |
[INFO] [stdout]     = note: this `Result` may be an `Err` variant, which should be handled
[INFO] [stdout] 
[INFO] [stdout] 
[INFO] [stdout] warning: unused `Result` that must be used
[INFO] [stdout]    --> src/main.rs:185:9
[INFO] [stdout]     |
[INFO] [stdout] 185 |         npz.add_array("time", &time);
[INFO] [stdout]     |         ^^^^^^^^^^^^^^^^^^^^^^^^^^^^^
[INFO] [stdout]     |
[INFO] [stdout]     = note: this `Result` may be an `Err` variant, which should be handled
[INFO] [stdout] 
[INFO] [stdout] 
[INFO] [stdout] warning: unused `Result` that must be used
[INFO] [stdout]    --> src/main.rs:186:9
[INFO] [stdout]     |
[INFO] [stdout] 186 |         npz.finish();
[INFO] [stdout]     |         ^^^^^^^^^^^^^
[INFO] [stdout]     |
[INFO] [stdout]     = note: this `Result` may be an `Err` variant, which should be handled
[INFO] [stdout] 
[INFO] [stdout] 
[INFO] [stdout] warning: 27 warnings emitted
[INFO] [stdout] 
[INFO] [stdout] 
[INFO] [stderr]     Finished test [unoptimized + debuginfo] target(s) in 5.75s
[INFO] running `Command { std: "docker" "inspect" "3ddde884bcee9431f1d4feb00fe64345d2764a5f749b58f39808d336e9d3c9f9", kill_on_drop: false }`
[INFO] running `Command { std: "docker" "rm" "-f" "3ddde884bcee9431f1d4feb00fe64345d2764a5f749b58f39808d336e9d3c9f9", kill_on_drop: false }`
[INFO] [stdout] 3ddde884bcee9431f1d4feb00fe64345d2764a5f749b58f39808d336e9d3c9f9
[INFO] running `Command { std: "docker" "create" "-v" "/var/lib/crater-agent-workspace/builds/worker-110/target:/opt/rustwide/target:rw,Z" "-v" "/var/lib/crater-agent-workspace/builds/worker-110/source:/opt/rustwide/workdir:ro,Z" "-v" "/var/lib/crater-agent-workspace/cargo-home:/opt/rustwide/cargo-home:ro,Z" "-v" "/var/lib/crater-agent-workspace/rustup-home:/opt/rustwide/rustup-home:ro,Z" "-e" "SOURCE_DIR=/opt/rustwide/workdir" "-e" "CARGO_TARGET_DIR=/opt/rustwide/target" "-e" "CARGO_INCREMENTAL=0" "-e" "RUST_BACKTRACE=full" "-e" "RUSTFLAGS=--cap-lints=warn" "-e" "CARGO_HOME=/opt/rustwide/cargo-home" "-e" "RUSTUP_HOME=/opt/rustwide/rustup-home" "-w" "/opt/rustwide/workdir" "-m" "1610612736" "--user" "0:0" "--network" "none" "ghcr.io/rust-lang/crates-build-env/linux@sha256:34b6a614d2c27851fe6cbf88fbd1137609cefab8b10d0615aaeb6fd47975d74e" "/opt/rustwide/cargo-home/bin/cargo" "+1.54.0" "test" "--frozen", kill_on_drop: false }`
[INFO] [stdout] 69ff03a97b969917e4f17dde92ac18c3833c0420f79ed16143a1dddc8bd870e1
[INFO] running `Command { std: "docker" "start" "-a" "69ff03a97b969917e4f17dde92ac18c3833c0420f79ed16143a1dddc8bd870e1", kill_on_drop: false }`
[INFO] [stderr]     Blocking waiting for file lock on package cache
[INFO] [stderr]     Blocking waiting for file lock on package cache
[INFO] [stderr] warning: unused import: `ndarray::stack`
[INFO] [stderr]  --> src/main.rs:3:5
[INFO] [stderr]   |
[INFO] [stderr] 3 | use ndarray::stack;
[INFO] [stderr]   |     ^^^^^^^^^^^^^^
[INFO] [stderr]   |
[INFO] [stderr]   = note: `#[warn(unused_imports)]` on by default
[INFO] [stderr] 
[INFO] [stderr] warning: unused variable: `h`
[INFO] [stderr]    --> src/main.rs:128:13
[INFO] [stderr]     |
[INFO] [stderr] 128 |         let h   = &self.clone().enthalpy();
[INFO] [stderr]     |             ^ help: if this is intentional, prefix it with an underscore: `_h`
[INFO] [stderr]     |
[INFO] [stderr]     = note: `#[warn(unused_variables)]` on by default
[INFO] [stderr] 
[INFO] [stderr] warning: constant is never used: `KAPPA`
[INFO] [stderr]  --> src/main.rs:7:1
[INFO] [stderr]   |
[INFO] [stderr] 7 | const KAPPA: f64 = 100.0; // eos par
[INFO] [stderr]   | ^^^^^^^^^^^^^^^^^^^^^^^^^
[INFO] [stderr]   |
[INFO] [stderr]   = note: `#[warn(dead_code)]` on by default
[INFO] [stderr] 
[INFO] [stderr] warning: constant is never used: `GAMMA`
[INFO] [stderr]  --> src/main.rs:8:1
[INFO] [stderr]   |
[INFO] [stderr] 8 | const GAMMA: f64 = 2.0;   // eos par
[INFO] [stderr]   | ^^^^^^^^^^^^^^^^^^^^^^^
[INFO] [stderr] 
[INFO] [stderr] warning: constant is never used: `AGP`
[INFO] [stderr]  --> src/main.rs:9:1
[INFO] [stderr]   |
[INFO] [stderr] 9 | const AGP: f64   = 0.0;   // "a" in generalized polytrope
[INFO] [stderr]   | ^^^^^^^^^^^^^^^^^^^^^^^
[INFO] [stderr] 
[INFO] [stderr] warning: constant is never used: `NP`
[INFO] [stderr]   --> src/main.rs:10:1
[INFO] [stderr]    |
[INFO] [stderr] 10 | const NP: f64    = 1.0 / (GAMMA - 1.0); // eos par
[INFO] [stderr]    | ^^^^^^^^^^^^^^^^^^^^^^^^^^^^^^^^^^^^^^^
[INFO] [stderr] 
[INFO] [stderr] warning: function is never used: `fmx_imh`
[INFO] [stderr]   --> src/main.rs:36:4
[INFO] [stderr]    |
[INFO] [stderr] 36 | fn fmx_imh(f: Array2<f64>, N: isize) -> Array2<f64> {
[INFO] [stderr]    |    ^^^^^^^
[INFO] [stderr] 
[INFO] [stderr] warning: function is never used: `fpy_iph`
[INFO] [stderr]   --> src/main.rs:50:4
[INFO] [stderr]    |
[INFO] [stderr] 50 | fn fpy_iph(f: Array2<f64>, N: isize) -> Array2<f64> {
[INFO] [stderr]    |    ^^^^^^^
[INFO] [stderr] 
[INFO] [stderr] warning: function is never used: `fmy_imh`
[INFO] [stderr]   --> src/main.rs:64:4
[INFO] [stderr]    |
[INFO] [stderr] 64 | fn fmy_imh(f: Array2<f64>, N: isize) -> Array2<f64> {
[INFO] [stderr]    |    ^^^^^^^
[INFO] [stderr] 
[INFO] [stderr] warning: function is never used: `rootdet`
[INFO] [stderr]   --> src/main.rs:78:4
[INFO] [stderr]    |
[INFO] [stderr] 78 | fn rootdet(gxx: &Array2<f64>, gxy: &Array2<f64>, gyy: &Array2<f64>) -> Array2<f64> {
[INFO] [stderr]    |    ^^^^^^^
[INFO] [stderr] 
[INFO] [stderr] warning: associated function is never used: `enthalpy`
[INFO] [stderr]   --> src/main.rs:88:8
[INFO] [stderr]    |
[INFO] [stderr] 88 |     fn enthalpy(self) -> Array2::<f64> { self.clone().0 }
[INFO] [stderr]    |        ^^^^^^^^
[INFO] [stderr] 
[INFO] [stderr] warning: associated function is never used: `vx`
[INFO] [stderr]   --> src/main.rs:89:8
[INFO] [stderr]    |
[INFO] [stderr] 89 |     fn vx(      self) -> Array2::<f64> { self.clone().1 }
[INFO] [stderr]    |        ^^
[INFO] [stderr] 
[INFO] [stderr] warning: associated function is never used: `vy`
[INFO] [stderr]   --> src/main.rs:90:8
[INFO] [stderr]    |
[INFO] [stderr] 90 |     fn vy(      self) -> Array2::<f64> { self.clone().2 }
[INFO] [stderr]    |        ^^
[INFO] [stderr] 
[INFO] [stderr] warning: associated function is never used: `mass_density`
[INFO] [stderr]   --> src/main.rs:91:8
[INFO] [stderr]    |
[INFO] [stderr] 91 |     fn mass_density(self) -> Array2::<f64> {
[INFO] [stderr]    |        ^^^^^^^^^^^^
[INFO] [stderr] 
[INFO] [stderr] warning: associated function is never used: `pressure`
[INFO] [stderr]   --> src/main.rs:94:8
[INFO] [stderr]    |
[INFO] [stderr] 94 |     fn pressure(self) -> Array2::<f64> {
[INFO] [stderr]    |        ^^^^^^^^
[INFO] [stderr] 
[INFO] [stderr] warning: associated function is never used: `sound_speed`
[INFO] [stderr]   --> src/main.rs:97:8
[INFO] [stderr]    |
[INFO] [stderr] 97 |     fn sound_speed(self) -> Array2::<f64> {
[INFO] [stderr]    |        ^^^^^^^^^^^
[INFO] [stderr] 
[INFO] [stderr] warning: associated function is never used: `eigenval_x_p`
[INFO] [stderr]    --> src/main.rs:102:8
[INFO] [stderr]     |
[INFO] [stderr] 102 |     fn eigenval_x_p(self) -> Array2::<f64> {
[INFO] [stderr]     |        ^^^^^^^^^^^^
[INFO] [stderr] 
[INFO] [stderr] warning: associated function is never used: `eigenval_x_m`
[INFO] [stderr]    --> src/main.rs:105:8
[INFO] [stderr]     |
[INFO] [stderr] 105 |     fn eigenval_x_m(self) -> Array2::<f64> {
[INFO] [stderr]     |        ^^^^^^^^^^^^
[INFO] [stderr] 
[INFO] [stderr] warning: associated function is never used: `eigenval_y_p`
[INFO] [stderr]    --> src/main.rs:108:8
[INFO] [stderr]     |
[INFO] [stderr] 108 |     fn eigenval_y_p(self) -> Array2::<f64> {
[INFO] [stderr]     |        ^^^^^^^^^^^^
[INFO] [stderr] 
[INFO] [stderr] warning: associated function is never used: `eigenval_y_m`
[INFO] [stderr]    --> src/main.rs:111:8
[INFO] [stderr]     |
[INFO] [stderr] 111 |     fn eigenval_y_m(self) -> Array2::<f64> {
[INFO] [stderr]     |        ^^^^^^^^^^^^
[INFO] [stderr] 
[INFO] [stderr] warning: associated function is never used: `max_signal_speed`
[INFO] [stderr]    --> src/main.rs:114:8
[INFO] [stderr]     |
[INFO] [stderr] 114 |     fn max_signal_speed(self) -> f64 {
[INFO] [stderr]     |        ^^^^^^^^^^^^^^^^
[INFO] [stderr] 
[INFO] [stderr] warning: associated function is never used: `lorentz`
[INFO] [stderr]    --> src/main.rs:117:8
[INFO] [stderr]     |
[INFO] [stderr] 117 |     fn lorentz(self, gxx: &Array2<f64>, gxy: &Array2<f64>, gyy: &Array2<f64>) -> Array2::<f64> {
[INFO] [stderr]     |        ^^^^^^^
[INFO] [stderr] 
[INFO] [stderr] warning: associated function is never used: `primtocon`
[INFO] [stderr]    --> src/main.rs:123:8
[INFO] [stderr]     |
[INFO] [stderr] 123 |     fn primtocon(self, gxx: Array2<f64>, gxy: Array2<f64>, gyy: Array2<f64>) -> Conserved {
[INFO] [stderr]     |        ^^^^^^^^^
[INFO] [stderr] 
[INFO] [stderr] warning: unused `Result` that must be used
[INFO] [stderr]    --> src/main.rs:174:9
[INFO] [stderr]     |
[INFO] [stderr] 174 |         write_npy("test.npy", &zeros);
[INFO] [stderr]     |         ^^^^^^^^^^^^^^^^^^^^^^^^^^^^^^
[INFO] [stderr]     |
[INFO] [stderr]     = note: `#[warn(unused_must_use)]` on by default
[INFO] [stderr]     = note: this `Result` may be an `Err` variant, which should be handled
[INFO] [stderr] 
[INFO] [stderr] warning: unused `Result` that must be used
[INFO] [stderr]    --> src/main.rs:184:9
[INFO] [stderr]     |
[INFO] [stderr] 184 |         npz.add_array("data", &zeros);
[INFO] [stderr]     |         ^^^^^^^^^^^^^^^^^^^^^^^^^^^^^^
[INFO] [stderr]     |
[INFO] [stderr]     = note: this `Result` may be an `Err` variant, which should be handled
[INFO] [stderr] 
[INFO] [stderr] warning: unused `Result` that must be used
[INFO] [stderr]    --> src/main.rs:185:9
[INFO] [stderr]     |
[INFO] [stderr] 185 |         npz.add_array("time", &time);
[INFO] [stderr]     |         ^^^^^^^^^^^^^^^^^^^^^^^^^^^^^
[INFO] [stderr]     |
[INFO] [stderr]     = note: this `Result` may be an `Err` variant, which should be handled
[INFO] [stderr] 
[INFO] [stderr] warning: unused `Result` that must be used
[INFO] [stderr]    --> src/main.rs:186:9
[INFO] [stderr]     |
[INFO] [stderr] 186 |         npz.finish();
[INFO] [stderr]     |         ^^^^^^^^^^^^^
[INFO] [stderr]     |
[INFO] [stderr]     = note: this `Result` may be an `Err` variant, which should be handled
[INFO] [stderr] 
[INFO] [stderr] warning: 27 warnings emitted
[INFO] [stderr] 
[INFO] [stderr]     Finished test [unoptimized + debuginfo] target(s) in 3.48s
[INFO] [stderr]      Running unittests (/opt/rustwide/target/debug/deps/cdhydro-d7ef8d43660927e9)
[INFO] [stdout] 
[INFO] [stdout] running 4 tests
[INFO] [stdout] test tests::test_ndarray_add ... ok
[INFO] [stdout] test tests::test_ndarray_mul ... ok
[INFO] [stdout] test tests::test_ndarray_npy_read_write ... FAILED
[INFO] [stdout] test tests::test_ndarray_npz_read_write ... FAILED
[INFO] [stdout] 
[INFO] [stdout] failures:
[INFO] [stdout] 
[INFO] [stdout] ---- tests::test_ndarray_npy_read_write stdout ----
[INFO] [stdout] [0, 0, 0, 0, 0]
[INFO] [stdout] [0, 0, 0, 0, 0]
[INFO] [stdout] [0, 0, 0, 0, 0]
[INFO] [stdout] [0, 0, 0, 0, 0]
[INFO] [stdout] [0, 0, 0, 0, 0]
[INFO] [stdout] thread 'tests::test_ndarray_npy_read_write' panicked at 'called `Result::unwrap()` on an `Err` value: Io(Os { code: 2, kind: NotFound, message: "No such file or directory" })', src/main.rs:175:57
[INFO] [stdout] stack backtrace:
[INFO] [stdout]    0:     0x5605d7031d30 - std::backtrace_rs::backtrace::libunwind::trace::h34055254b57d8e79
[INFO] [stdout]                                at /rustc/a178d0322ce20e33eac124758e837cbd80a6f633/library/std/src/../../backtrace/src/backtrace/libunwind.rs:90:5
[INFO] [stdout]    1:     0x5605d7031d30 - std::backtrace_rs::backtrace::trace_unsynchronized::h8f1e3fbd9afff6ec
[INFO] [stdout]                                at /rustc/a178d0322ce20e33eac124758e837cbd80a6f633/library/std/src/../../backtrace/src/backtrace/mod.rs:66:5
[INFO] [stdout]    2:     0x5605d7031d30 - std::sys_common::backtrace::_print_fmt::h3a99a796b770c360
[INFO] [stdout]                                at /rustc/a178d0322ce20e33eac124758e837cbd80a6f633/library/std/src/sys_common/backtrace.rs:67:5
[INFO] [stdout]    3:     0x5605d7031d30 - <std::sys_common::backtrace::_print::DisplayBacktrace as core::fmt::Display>::fmt::h32d1f94a80615d18
[INFO] [stdout]                                at /rustc/a178d0322ce20e33eac124758e837cbd80a6f633/library/std/src/sys_common/backtrace.rs:46:22
[INFO] [stdout]    4:     0x5605d705623c - core::fmt::write::h306731c068f7162c
[INFO] [stdout]                                at /rustc/a178d0322ce20e33eac124758e837cbd80a6f633/library/core/src/fmt/mod.rs:1110:17
[INFO] [stdout]    5:     0x5605d702ec55 - std::io::Write::write_fmt::h87f19b0a2cd190bc
[INFO] [stdout]                                at /rustc/a178d0322ce20e33eac124758e837cbd80a6f633/library/std/src/io/mod.rs:1588:15
[INFO] [stdout]    6:     0x5605d7033e9b - std::sys_common::backtrace::_print::h5abaa2601a852287
[INFO] [stdout]                                at /rustc/a178d0322ce20e33eac124758e837cbd80a6f633/library/std/src/sys_common/backtrace.rs:49:5
[INFO] [stdout]    7:     0x5605d7033e9b - std::sys_common::backtrace::print::h8d81445442bb638f
[INFO] [stdout]                                at /rustc/a178d0322ce20e33eac124758e837cbd80a6f633/library/std/src/sys_common/backtrace.rs:36:9
[INFO] [stdout]    8:     0x5605d7033e9b - std::panicking::default_hook::{{closure}}::hcfe804496a9fa747
[INFO] [stdout]                                at /rustc/a178d0322ce20e33eac124758e837cbd80a6f633/library/std/src/panicking.rs:208:50
[INFO] [stdout]    9:     0x5605d70339ac - std::panicking::default_hook::hbea8e3ccf2ba8901
[INFO] [stdout]                                at /rustc/a178d0322ce20e33eac124758e837cbd80a6f633/library/std/src/panicking.rs:222:9
[INFO] [stdout]   10:     0x5605d7034564 - std::panicking::rust_panic_with_hook::h7ee9e1a2d0f8975a
[INFO] [stdout]                                at /rustc/a178d0322ce20e33eac124758e837cbd80a6f633/library/std/src/panicking.rs:622:17
[INFO] [stdout]   11:     0x5605d7034047 - std::panicking::begin_panic_handler::{{closure}}::h8ab3b4491718b2c7
[INFO] [stdout]                                at /rustc/a178d0322ce20e33eac124758e837cbd80a6f633/library/std/src/panicking.rs:519:13
[INFO] [stdout]   12:     0x5605d703222c - std::sys_common::backtrace::__rust_end_short_backtrace::hd489062ffa586a9f
[INFO] [stdout]                                at /rustc/a178d0322ce20e33eac124758e837cbd80a6f633/library/std/src/sys_common/backtrace.rs:141:18
[INFO] [stdout]   13:     0x5605d7033fa9 - rust_begin_unwind
[INFO] [stdout]                                at /rustc/a178d0322ce20e33eac124758e837cbd80a6f633/library/std/src/panicking.rs:515:5
[INFO] [stdout]   14:     0x5605d6e88ab1 - core::panicking::panic_fmt::hca6330e3e14086b4
[INFO] [stdout]                                at /rustc/a178d0322ce20e33eac124758e837cbd80a6f633/library/core/src/panicking.rs:92:14
[INFO] [stdout]   15:     0x5605d6e88ba3 - core::result::unwrap_failed::h6160d2b4bfbb0e87
[INFO] [stdout]                                at /rustc/a178d0322ce20e33eac124758e837cbd80a6f633/library/core/src/result.rs:1355:5
[INFO] [stdout]   16:     0x5605d6ed2875 - core::result::Result<T,E>::unwrap::hca1e21402a78d006
[INFO] [stdout]                                at /rustc/a178d0322ce20e33eac124758e837cbd80a6f633/library/core/src/result.rs:1037:23
[INFO] [stdout]   17:     0x5605d6ec1eba - cdhydro::tests::test_ndarray_npy_read_write::hdec40f1eac2448a6
[INFO] [stdout]                                at /opt/rustwide/workdir/src/main.rs:175:36
[INFO] [stdout]   18:     0x5605d6ec1c4a - cdhydro::tests::test_ndarray_npy_read_write::{{closure}}::h61ca26bc9e8f06c3
[INFO] [stdout]                                at /opt/rustwide/workdir/src/main.rs:169:5
[INFO] [stdout]   19:     0x5605d6ebaece - core::ops::function::FnOnce::call_once::h17d0e3ecdad141ad
[INFO] [stdout]                                at /rustc/a178d0322ce20e33eac124758e837cbd80a6f633/library/core/src/ops/function.rs:227:5
[INFO] [stdout]   20:     0x5605d6f0efc3 - core::ops::function::FnOnce::call_once::h152e7e439ff59e19
[INFO] [stdout]                                at /rustc/a178d0322ce20e33eac124758e837cbd80a6f633/library/core/src/ops/function.rs:227:5
[INFO] [stdout]   21:     0x5605d6f0efc3 - test::__rust_begin_short_backtrace::h0908f3b1fdbb72ab
[INFO] [stdout]                                at /rustc/a178d0322ce20e33eac124758e837cbd80a6f633/library/test/src/lib.rs:577:5
[INFO] [stdout]   22:     0x5605d6f0da80 - <alloc::boxed::Box<F,A> as core::ops::function::FnOnce<Args>>::call_once::hf6d2a51e5587546c
[INFO] [stdout]                                at /rustc/a178d0322ce20e33eac124758e837cbd80a6f633/library/alloc/src/boxed.rs:1575:9
[INFO] [stdout]   23:     0x5605d6f0da80 - <std::panic::AssertUnwindSafe<F> as core::ops::function::FnOnce<()>>::call_once::h8af660f3a89ef593
[INFO] [stdout]                                at /rustc/a178d0322ce20e33eac124758e837cbd80a6f633/library/std/src/panic.rs:347:9
[INFO] [stdout]   24:     0x5605d6f0da80 - std::panicking::try::do_call::hd36aef60f84b6d36
[INFO] [stdout]                                at /rustc/a178d0322ce20e33eac124758e837cbd80a6f633/library/std/src/panicking.rs:401:40
[INFO] [stdout]   25:     0x5605d6f0da80 - std::panicking::try::h9932b4480e69817c
[INFO] [stdout]                                at /rustc/a178d0322ce20e33eac124758e837cbd80a6f633/library/std/src/panicking.rs:365:19
[INFO] [stdout]   26:     0x5605d6f0da80 - std::panic::catch_unwind::h6aa177099cfff5f8
[INFO] [stdout]                                at /rustc/a178d0322ce20e33eac124758e837cbd80a6f633/library/std/src/panic.rs:434:14
[INFO] [stdout]   27:     0x5605d6f0da80 - test::run_test_in_process::h5884d6f2d99e20c3
[INFO] [stdout]                                at /rustc/a178d0322ce20e33eac124758e837cbd80a6f633/library/test/src/lib.rs:600:18
[INFO] [stdout]   28:     0x5605d6f0da80 - test::run_test::run_test_inner::{{closure}}::h6fdc58c6d5f5b6e3
[INFO] [stdout]                                at /rustc/a178d0322ce20e33eac124758e837cbd80a6f633/library/test/src/lib.rs:492:39
[INFO] [stdout]   29:     0x5605d6ee7132 - test::run_test::run_test_inner::{{closure}}::h408365d67a78ade8
[INFO] [stdout]                                at /rustc/a178d0322ce20e33eac124758e837cbd80a6f633/library/test/src/lib.rs:519:37
[INFO] [stdout]   30:     0x5605d6ee7132 - std::sys_common::backtrace::__rust_begin_short_backtrace::hb560b77c4f701523
[INFO] [stdout]                                at /rustc/a178d0322ce20e33eac124758e837cbd80a6f633/library/std/src/sys_common/backtrace.rs:125:18
[INFO] [stdout]   31:     0x5605d6eeace8 - std::thread::Builder::spawn_unchecked::{{closure}}::{{closure}}::hf2e7831dad93c597
[INFO] [stdout]                                at /rustc/a178d0322ce20e33eac124758e837cbd80a6f633/library/std/src/thread/mod.rs:481:17
[INFO] [stdout]   32:     0x5605d6eeace8 - <std::panic::AssertUnwindSafe<F> as core::ops::function::FnOnce<()>>::call_once::hd2e08783d8be4d02
[INFO] [stdout]                                at /rustc/a178d0322ce20e33eac124758e837cbd80a6f633/library/std/src/panic.rs:347:9
[INFO] [stdout]   33:     0x5605d6eeace8 - std::panicking::try::do_call::h062597b7acfd6b82
[INFO] [stdout]                                at /rustc/a178d0322ce20e33eac124758e837cbd80a6f633/library/std/src/panicking.rs:401:40
[INFO] [stdout]   34:     0x5605d6eeace8 - std::panicking::try::h0d7b79db04c14552
[INFO] [stdout]                                at /rustc/a178d0322ce20e33eac124758e837cbd80a6f633/library/std/src/panicking.rs:365:19
[INFO] [stdout]   35:     0x5605d6eeace8 - std::panic::catch_unwind::hb01a0b5e7c8cd43b
[INFO] [stdout]                                at /rustc/a178d0322ce20e33eac124758e837cbd80a6f633/library/std/src/panic.rs:434:14
[INFO] [stdout]   36:     0x5605d6eeace8 - std::thread::Builder::spawn_unchecked::{{closure}}::h5bde48cc887e0d1e
[INFO] [stdout]                                at /rustc/a178d0322ce20e33eac124758e837cbd80a6f633/library/std/src/thread/mod.rs:480:30
[INFO] [stdout]   37:     0x5605d6eeace8 - core::ops::function::FnOnce::call_once{{vtable.shim}}::h745ea30807a29e55
[INFO] [stdout]                                at /rustc/a178d0322ce20e33eac124758e837cbd80a6f633/library/core/src/ops/function.rs:227:5
[INFO] [stdout]   38:     0x5605d7039027 - <alloc::boxed::Box<F,A> as core::ops::function::FnOnce<Args>>::call_once::h7ece6cfefaff1005
[INFO] [stdout]                                at /rustc/a178d0322ce20e33eac124758e837cbd80a6f633/library/alloc/src/boxed.rs:1575:9
[INFO] [stdout]   39:     0x5605d7039027 - <alloc::boxed::Box<F,A> as core::ops::function::FnOnce<Args>>::call_once::hb8b48e55c21f193e
[INFO] [stdout]                                at /rustc/a178d0322ce20e33eac124758e837cbd80a6f633/library/alloc/src/boxed.rs:1575:9
[INFO] [stdout]   40:     0x5605d7039027 - std::sys::unix::thread::Thread::new::thread_start::h8c7c4450dba62914
[INFO] [stdout]                                at /rustc/a178d0322ce20e33eac124758e837cbd80a6f633/library/std/src/sys/unix/thread.rs:71:17
[INFO] [stdout]   41:     0x7f7879993609 - start_thread
[INFO] [stdout]   42:     0x7f7879765293 - clone
[INFO] [stdout]   43:                0x0 - <unknown>
[INFO] [stdout] 
[INFO] [stdout] ---- tests::test_ndarray_npz_read_write stdout ----
[INFO] [stdout] thread 'tests::test_ndarray_npz_read_write' panicked at 'called `Result::unwrap()` on an `Err` value: Os { code: 30, kind: Other, message: "Read-only file system" }', src/main.rs:183:63
[INFO] [stdout] stack backtrace:
[INFO] [stdout]    0:     0x5605d7031d30 - std::backtrace_rs::backtrace::libunwind::trace::h34055254b57d8e79
[INFO] [stdout]                                at /rustc/a178d0322ce20e33eac124758e837cbd80a6f633/library/std/src/../../backtrace/src/backtrace/libunwind.rs:90:5
[INFO] [stdout]    1:     0x5605d7031d30 - std::backtrace_rs::backtrace::trace_unsynchronized::h8f1e3fbd9afff6ec
[INFO] [stdout]                                at /rustc/a178d0322ce20e33eac124758e837cbd80a6f633/library/std/src/../../backtrace/src/backtrace/mod.rs:66:5
[INFO] [stdout]    2:     0x5605d7031d30 - std::sys_common::backtrace::_print_fmt::h3a99a796b770c360
[INFO] [stdout]                                at /rustc/a178d0322ce20e33eac124758e837cbd80a6f633/library/std/src/sys_common/backtrace.rs:67:5
[INFO] [stdout]    3:     0x5605d7031d30 - <std::sys_common::backtrace::_print::DisplayBacktrace as core::fmt::Display>::fmt::h32d1f94a80615d18
[INFO] [stdout]                                at /rustc/a178d0322ce20e33eac124758e837cbd80a6f633/library/std/src/sys_common/backtrace.rs:46:22
[INFO] [stdout]    4:     0x5605d705623c - core::fmt::write::h306731c068f7162c
[INFO] [stdout]                                at /rustc/a178d0322ce20e33eac124758e837cbd80a6f633/library/core/src/fmt/mod.rs:1110:17
[INFO] [stdout]    5:     0x5605d702ec55 - std::io::Write::write_fmt::h87f19b0a2cd190bc
[INFO] [stdout]                                at /rustc/a178d0322ce20e33eac124758e837cbd80a6f633/library/std/src/io/mod.rs:1588:15
[INFO] [stdout]    6:     0x5605d7033e9b - std::sys_common::backtrace::_print::h5abaa2601a852287
[INFO] [stdout]                                at /rustc/a178d0322ce20e33eac124758e837cbd80a6f633/library/std/src/sys_common/backtrace.rs:49:5
[INFO] [stdout]    7:     0x5605d7033e9b - std::sys_common::backtrace::print::h8d81445442bb638f
[INFO] [stdout]                                at /rustc/a178d0322ce20e33eac124758e837cbd80a6f633/library/std/src/sys_common/backtrace.rs:36:9
[INFO] [stdout]    8:     0x5605d7033e9b - std::panicking::default_hook::{{closure}}::hcfe804496a9fa747
[INFO] [stdout]                                at /rustc/a178d0322ce20e33eac124758e837cbd80a6f633/library/std/src/panicking.rs:208:50
[INFO] [stdout]    9:     0x5605d70339ac - std::panicking::default_hook::hbea8e3ccf2ba8901
[INFO] [stdout]                                at /rustc/a178d0322ce20e33eac124758e837cbd80a6f633/library/std/src/panicking.rs:222:9
[INFO] [stdout]   10:     0x5605d7034564 - std::panicking::rust_panic_with_hook::h7ee9e1a2d0f8975a
[INFO] [stdout]                                at /rustc/a178d0322ce20e33eac124758e837cbd80a6f633/library/std/src/panicking.rs:622:17
[INFO] [stdout]   11:     0x5605d7034047 - std::panicking::begin_panic_handler::{{closure}}::h8ab3b4491718b2c7
[INFO] [stdout]                                at /rustc/a178d0322ce20e33eac124758e837cbd80a6f633/library/std/src/panicking.rs:519:13
[INFO] [stdout]   12:     0x5605d703222c - std::sys_common::backtrace::__rust_end_short_backtrace::hd489062ffa586a9f
[INFO] [stdout]                                at /rustc/a178d0322ce20e33eac124758e837cbd80a6f633/library/std/src/sys_common/backtrace.rs:141:18
[INFO] [stdout]   13:     0x5605d7033fa9 - rust_begin_unwind
[INFO] [stdout]                                at /rustc/a178d0322ce20e33eac124758e837cbd80a6f633/library/std/src/panicking.rs:515:5
[INFO] [stdout]   14:     0x5605d6e88ab1 - core::panicking::panic_fmt::hca6330e3e14086b4
[INFO] [stdout]                                at /rustc/a178d0322ce20e33eac124758e837cbd80a6f633/library/core/src/panicking.rs:92:14
[INFO] [stdout]   15:     0x5605d6e88ba3 - core::result::unwrap_failed::h6160d2b4bfbb0e87
[INFO] [stdout]                                at /rustc/a178d0322ce20e33eac124758e837cbd80a6f633/library/core/src/result.rs:1355:5
[INFO] [stdout]   16:     0x5605d6ed279e - core::result::Result<T,E>::unwrap::hc4bc3daa478e7371
[INFO] [stdout]                                at /rustc/a178d0322ce20e33eac124758e837cbd80a6f633/library/core/src/result.rs:1037:23
[INFO] [stdout]   17:     0x5605d6ec2084 - cdhydro::tests::test_ndarray_npz_read_write::ha0e797393305f0ce
[INFO] [stdout]                                at /opt/rustwide/workdir/src/main.rs:183:38
[INFO] [stdout]   18:     0x5605d6ec1fba - cdhydro::tests::test_ndarray_npz_read_write::{{closure}}::hef7a05328a1c43cc
[INFO] [stdout]                                at /opt/rustwide/workdir/src/main.rs:180:5
[INFO] [stdout]   19:     0x5605d6ebb03e - core::ops::function::FnOnce::call_once::h6dc8157648a73279
[INFO] [stdout]                                at /rustc/a178d0322ce20e33eac124758e837cbd80a6f633/library/core/src/ops/function.rs:227:5
[INFO] [stdout]   20:     0x5605d6f0efc3 - core::ops::function::FnOnce::call_once::h152e7e439ff59e19
[INFO] [stdout]                                at /rustc/a178d0322ce20e33eac124758e837cbd80a6f633/library/core/src/ops/function.rs:227:5
[INFO] [stdout]   21:     0x5605d6f0efc3 - test::__rust_begin_short_backtrace::h0908f3b1fdbb72ab
[INFO] [stdout]                                at /rustc/a178d0322ce20e33eac124758e837cbd80a6f633/library/test/src/lib.rs:577:5
[INFO] [stdout]   22:     0x5605d6f0da80 - <alloc::boxed::Box<F,A> as core::ops::function::FnOnce<Args>>::call_once::hf6d2a51e5587546c
[INFO] [stdout]                                at /rustc/a178d0322ce20e33eac124758e837cbd80a6f633/library/alloc/src/boxed.rs:1575:9
[INFO] [stdout]   23:     0x5605d6f0da80 - <std::panic::AssertUnwindSafe<F> as core::ops::function::FnOnce<()>>::call_once::h8af660f3a89ef593
[INFO] [stdout]                                at /rustc/a178d0322ce20e33eac124758e837cbd80a6f633/library/std/src/panic.rs:347:9
[INFO] [stdout]   24:     0x5605d6f0da80 - std::panicking::try::do_call::hd36aef60f84b6d36
[INFO] [stdout]                                at /rustc/a178d0322ce20e33eac124758e837cbd80a6f633/library/std/src/panicking.rs:401:40
[INFO] [stdout]   25:     0x5605d6f0da80 - std::panicking::try::h9932b4480e69817c
[INFO] [stdout]                                at /rustc/a178d0322ce20e33eac124758e837cbd80a6f633/library/std/src/panicking.rs:365:19
[INFO] [stdout]   26:     0x5605d6f0da80 - std::panic::catch_unwind::h6aa177099cfff5f8
[INFO] [stdout]                                at /rustc/a178d0322ce20e33eac124758e837cbd80a6f633/library/std/src/panic.rs:434:14
[INFO] [stdout]   27:     0x5605d6f0da80 - test::run_test_in_process::h5884d6f2d99e20c3
[INFO] [stdout]                                at /rustc/a178d0322ce20e33eac124758e837cbd80a6f633/library/test/src/lib.rs:600:18
[INFO] [stdout]   28:     0x5605d6f0da80 - test::run_test::run_test_inner::{{closure}}::h6fdc58c6d5f5b6e3
[INFO] [stdout]                                at /rustc/a178d0322ce20e33eac124758e837cbd80a6f633/library/test/src/lib.rs:492:39
[INFO] [stdout]   29:     0x5605d6ee7132 - test::run_test::run_test_inner::{{closure}}::h408365d67a78ade8
[INFO] [stdout]                                at /rustc/a178d0322ce20e33eac124758e837cbd80a6f633/library/test/src/lib.rs:519:37
[INFO] [stdout]   30:     0x5605d6ee7132 - std::sys_common::backtrace::__rust_begin_short_backtrace::hb560b77c4f701523
[INFO] [stdout]                                at /rustc/a178d0322ce20e33eac124758e837cbd80a6f633/library/std/src/sys_common/backtrace.rs:125:18
[INFO] [stdout]   31:     0x5605d6eeace8 - std::thread::Builder::spawn_unchecked::{{closure}}::{{closure}}::hf2e7831dad93c597
[INFO] [stdout]                                at /rustc/a178d0322ce20e33eac124758e837cbd80a6f633/library/std/src/thread/mod.rs:481:17
[INFO] [stdout]   32:     0x5605d6eeace8 - <std::panic::AssertUnwindSafe<F> as core::ops::function::FnOnce<()>>::call_once::hd2e08783d8be4d02
[INFO] [stdout]                                at /rustc/a178d0322ce20e33eac124758e837cbd80a6f633/library/std/src/panic.rs:347:9
[INFO] [stdout]   33:     0x5605d6eeace8 - std::panicking::try::do_call::h062597b7acfd6b82
[INFO] [stdout]                                at /rustc/a178d0322ce20e33eac124758e837cbd80a6f633/library/std/src/panicking.rs:401:40
[INFO] [stdout]   34:     0x5605d6eeace8 - std::panicking::try::h0d7b79db04c14552
[INFO] [stdout]                                at /rustc/a178d0322ce20e33eac124758e837cbd80a6f633/library/std/src/panicking.rs:365:19
[INFO] [stdout]   35:     0x5605d6eeace8 - std::panic::catch_unwind::hb01a0b5e7c8cd43b
[INFO] [stdout]                                at /rustc/a178d0322ce20e33eac124758e837cbd80a6f633/library/std/src/panic.rs:434:14
[INFO] [stdout]   36:     0x5605d6eeace8 - std::thread::Builder::spawn_unchecked::{{closure}}::h5bde48cc887e0d1e
[INFO] [stdout]                                at /rustc/a178d0322ce20e33eac124758e837cbd80a6f633/library/std/src/thread/mod.rs:480:30
[INFO] [stdout]   37:     0x5605d6eeace8 - core::ops::function::FnOnce::call_once{{vtable.shim}}::h745ea30807a29e55
[INFO] [stdout]                                at /rustc/a178d0322ce20e33eac124758e837cbd80a6f633/library/core/src/ops/function.rs:227:5
[INFO] [stdout]   38:     0x5605d7039027 - <alloc::boxed::Box<F,A> as core::ops::function::FnOnce<Args>>::call_once::h7ece6cfefaff1005
[INFO] [stdout]                                at /rustc/a178d0322ce20e33eac124758e837cbd80a6f633/library/alloc/src/boxed.rs:1575:9
[INFO] [stdout]   39:     0x5605d7039027 - <alloc::boxed::Box<F,A> as core::ops::function::FnOnce<Args>>::call_once::hb8b48e55c21f193e
[INFO] [stdout]                                at /rustc/a178d0322ce20e33eac124758e837cbd80a6f633/library/alloc/src/boxed.rs:1575:9
[INFO] [stdout]   40:     0x5605d7039027 - std::sys::unix::thread::Thread::new::thread_start::h8c7c4450dba62914
[INFO] [stdout]                                at /rustc/a178d0322ce20e33eac124758e837cbd80a6f633/library/std/src/sys/unix/thread.rs:71:17
[INFO] [stdout]   41:     0x7f7879993609 - start_thread
[INFO] [stdout]   42:     0x7f7879765293 - clone
[INFO] [stdout]   43:                0x0 - <unknown>
[INFO] [stdout] 
[INFO] [stdout] 
[INFO] [stdout] failures:
[INFO] [stdout]     tests::test_ndarray_npy_read_write
[INFO] [stdout]     tests::test_ndarray_npz_read_write
[INFO] [stdout] 
[INFO] [stdout] test result: FAILED. 2 passed; 2 failed; 0 ignored; 0 measured; 0 filtered out; finished in 0.02s
[INFO] [stdout] 
[INFO] [stderr] error: test failed, to rerun pass '--bin cdhydro'
[INFO] running `Command { std: "docker" "inspect" "69ff03a97b969917e4f17dde92ac18c3833c0420f79ed16143a1dddc8bd870e1", kill_on_drop: false }`
[INFO] running `Command { std: "docker" "rm" "-f" "69ff03a97b969917e4f17dde92ac18c3833c0420f79ed16143a1dddc8bd870e1", kill_on_drop: false }`
[INFO] [stdout] 69ff03a97b969917e4f17dde92ac18c3833c0420f79ed16143a1dddc8bd870e1
