[INFO] cloning repository https://github.com/juliD/Stresstest
[INFO] running `Command { std: "git" "-c" "credential.helper=" "-c" "credential.helper=/workspace/cargo-home/bin/git-credential-null" "clone" "--bare" "https://github.com/juliD/Stresstest" "/workspace/cache/git-repos/https%3A%2F%2Fgithub.com%2FjuliD%2FStresstest", kill_on_drop: false }`
[INFO] [stderr] Cloning into bare repository '/workspace/cache/git-repos/https%3A%2F%2Fgithub.com%2FjuliD%2FStresstest'...
[INFO] running `Command { std: "git" "rev-parse" "HEAD", kill_on_drop: false }`
[INFO] [stdout] ea82038054b91eaf8c75b9f6ed7b2f9f910ede97
[INFO] testing juliD/Stresstest against 1.54.0 for beta-1.55-1
[INFO] running `Command { std: "git" "clone" "/workspace/cache/git-repos/https%3A%2F%2Fgithub.com%2FjuliD%2FStresstest" "/workspace/builds/worker-9/source", kill_on_drop: false }`
[INFO] [stderr] Cloning into '/workspace/builds/worker-9/source'...
[INFO] [stderr] done.
[INFO] validating manifest of git repo https://github.com/juliD/Stresstest on toolchain 1.54.0
[INFO] running `Command { std: "/workspace/cargo-home/bin/cargo" "+1.54.0" "metadata" "--manifest-path" "Cargo.toml" "--no-deps", kill_on_drop: false }`
[INFO] started tweaking git repo https://github.com/juliD/Stresstest
[INFO] finished tweaking git repo https://github.com/juliD/Stresstest
[INFO] tweaked toml for git repo https://github.com/juliD/Stresstest written to /workspace/builds/worker-9/source/Cargo.toml
[INFO] crate git repo https://github.com/juliD/Stresstest already has a lockfile, it will not be regenerated
[INFO] running `Command { std: "/workspace/cargo-home/bin/cargo" "+1.54.0" "fetch" "--manifest-path" "Cargo.toml", kill_on_drop: false }`
[INFO] running `Command { std: "docker" "create" "-v" "/var/lib/crater-agent-workspace/builds/worker-9/target:/opt/rustwide/target:rw,Z" "-v" "/var/lib/crater-agent-workspace/builds/worker-9/source:/opt/rustwide/workdir:ro,Z" "-v" "/var/lib/crater-agent-workspace/cargo-home:/opt/rustwide/cargo-home:ro,Z" "-v" "/var/lib/crater-agent-workspace/rustup-home:/opt/rustwide/rustup-home:ro,Z" "-e" "SOURCE_DIR=/opt/rustwide/workdir" "-e" "CARGO_TARGET_DIR=/opt/rustwide/target" "-e" "CARGO_HOME=/opt/rustwide/cargo-home" "-e" "RUSTUP_HOME=/opt/rustwide/rustup-home" "-w" "/opt/rustwide/workdir" "-m" "1610612736" "--user" "0:0" "--network" "none" "ghcr.io/rust-lang/crates-build-env/linux@sha256:34b6a614d2c27851fe6cbf88fbd1137609cefab8b10d0615aaeb6fd47975d74e" "/opt/rustwide/cargo-home/bin/cargo" "+1.54.0" "metadata" "--no-deps" "--format-version=1", kill_on_drop: false }`
[INFO] [stdout] 37beafb8eec51e2c2283c2c0d5a1cd8e101fad294b132ba9205ad2d6cb974107
[INFO] running `Command { std: "docker" "start" "-a" "37beafb8eec51e2c2283c2c0d5a1cd8e101fad294b132ba9205ad2d6cb974107", kill_on_drop: false }`
[INFO] running `Command { std: "docker" "inspect" "37beafb8eec51e2c2283c2c0d5a1cd8e101fad294b132ba9205ad2d6cb974107", kill_on_drop: false }`
[INFO] running `Command { std: "docker" "rm" "-f" "37beafb8eec51e2c2283c2c0d5a1cd8e101fad294b132ba9205ad2d6cb974107", kill_on_drop: false }`
[INFO] [stdout] 37beafb8eec51e2c2283c2c0d5a1cd8e101fad294b132ba9205ad2d6cb974107
[INFO] running `Command { std: "docker" "create" "-v" "/var/lib/crater-agent-workspace/builds/worker-9/target:/opt/rustwide/target:rw,Z" "-v" "/var/lib/crater-agent-workspace/builds/worker-9/source:/opt/rustwide/workdir:ro,Z" "-v" "/var/lib/crater-agent-workspace/cargo-home:/opt/rustwide/cargo-home:ro,Z" "-v" "/var/lib/crater-agent-workspace/rustup-home:/opt/rustwide/rustup-home:ro,Z" "-e" "SOURCE_DIR=/opt/rustwide/workdir" "-e" "CARGO_TARGET_DIR=/opt/rustwide/target" "-e" "CARGO_INCREMENTAL=0" "-e" "RUST_BACKTRACE=full" "-e" "RUSTFLAGS=--cap-lints=warn" "-e" "CARGO_HOME=/opt/rustwide/cargo-home" "-e" "RUSTUP_HOME=/opt/rustwide/rustup-home" "-w" "/opt/rustwide/workdir" "-m" "1610612736" "--user" "0:0" "--network" "none" "ghcr.io/rust-lang/crates-build-env/linux@sha256:34b6a614d2c27851fe6cbf88fbd1137609cefab8b10d0615aaeb6fd47975d74e" "/opt/rustwide/cargo-home/bin/cargo" "+1.54.0" "build" "--frozen" "--message-format=json", kill_on_drop: false }`
[INFO] [stdout] 07a3c93b4b6f5cfbc251830bf5507735aa587d4132877e6348b228ea871229b6
[INFO] running `Command { std: "docker" "start" "-a" "07a3c93b4b6f5cfbc251830bf5507735aa587d4132877e6348b228ea871229b6", kill_on_drop: false }`
[INFO] [stderr]    Compiling actor_model v1.0.0 (/opt/rustwide/workdir)
[INFO] [stderr]     Finished dev [unoptimized + debuginfo] target(s) in 0.76s
[INFO] running `Command { std: "docker" "inspect" "07a3c93b4b6f5cfbc251830bf5507735aa587d4132877e6348b228ea871229b6", kill_on_drop: false }`
[INFO] running `Command { std: "docker" "rm" "-f" "07a3c93b4b6f5cfbc251830bf5507735aa587d4132877e6348b228ea871229b6", kill_on_drop: false }`
[INFO] [stdout] 07a3c93b4b6f5cfbc251830bf5507735aa587d4132877e6348b228ea871229b6
[INFO] running `Command { std: "docker" "create" "-v" "/var/lib/crater-agent-workspace/builds/worker-9/target:/opt/rustwide/target:rw,Z" "-v" "/var/lib/crater-agent-workspace/builds/worker-9/source:/opt/rustwide/workdir:ro,Z" "-v" "/var/lib/crater-agent-workspace/cargo-home:/opt/rustwide/cargo-home:ro,Z" "-v" "/var/lib/crater-agent-workspace/rustup-home:/opt/rustwide/rustup-home:ro,Z" "-e" "SOURCE_DIR=/opt/rustwide/workdir" "-e" "CARGO_TARGET_DIR=/opt/rustwide/target" "-e" "CARGO_INCREMENTAL=0" "-e" "RUST_BACKTRACE=full" "-e" "RUSTFLAGS=--cap-lints=warn" "-e" "CARGO_HOME=/opt/rustwide/cargo-home" "-e" "RUSTUP_HOME=/opt/rustwide/rustup-home" "-w" "/opt/rustwide/workdir" "-m" "1610612736" "--user" "0:0" "--network" "none" "ghcr.io/rust-lang/crates-build-env/linux@sha256:34b6a614d2c27851fe6cbf88fbd1137609cefab8b10d0615aaeb6fd47975d74e" "/opt/rustwide/cargo-home/bin/cargo" "+1.54.0" "test" "--frozen" "--no-run" "--message-format=json", kill_on_drop: false }`
[INFO] [stdout] 145469532e9d0448ebd57659612ccbc87973876396a3672a1619bc5bfb58cbc4
[INFO] running `Command { std: "docker" "start" "-a" "145469532e9d0448ebd57659612ccbc87973876396a3672a1619bc5bfb58cbc4", kill_on_drop: false }`
[INFO] [stderr]    Compiling actor_model v1.0.0 (/opt/rustwide/workdir)
[INFO] [stderr]     Finished test [unoptimized + debuginfo] target(s) in 0.79s
[INFO] running `Command { std: "docker" "inspect" "145469532e9d0448ebd57659612ccbc87973876396a3672a1619bc5bfb58cbc4", kill_on_drop: false }`
[INFO] running `Command { std: "docker" "rm" "-f" "145469532e9d0448ebd57659612ccbc87973876396a3672a1619bc5bfb58cbc4", kill_on_drop: false }`
[INFO] [stdout] 145469532e9d0448ebd57659612ccbc87973876396a3672a1619bc5bfb58cbc4
[INFO] running `Command { std: "docker" "create" "-v" "/var/lib/crater-agent-workspace/builds/worker-9/target:/opt/rustwide/target:rw,Z" "-v" "/var/lib/crater-agent-workspace/builds/worker-9/source:/opt/rustwide/workdir:ro,Z" "-v" "/var/lib/crater-agent-workspace/cargo-home:/opt/rustwide/cargo-home:ro,Z" "-v" "/var/lib/crater-agent-workspace/rustup-home:/opt/rustwide/rustup-home:ro,Z" "-e" "SOURCE_DIR=/opt/rustwide/workdir" "-e" "CARGO_TARGET_DIR=/opt/rustwide/target" "-e" "CARGO_INCREMENTAL=0" "-e" "RUST_BACKTRACE=full" "-e" "RUSTFLAGS=--cap-lints=warn" "-e" "CARGO_HOME=/opt/rustwide/cargo-home" "-e" "RUSTUP_HOME=/opt/rustwide/rustup-home" "-w" "/opt/rustwide/workdir" "-m" "1610612736" "--user" "0:0" "--network" "none" "ghcr.io/rust-lang/crates-build-env/linux@sha256:34b6a614d2c27851fe6cbf88fbd1137609cefab8b10d0615aaeb6fd47975d74e" "/opt/rustwide/cargo-home/bin/cargo" "+1.54.0" "test" "--frozen", kill_on_drop: false }`
[INFO] [stdout] 4c9698ae32a0a95fa137c95e5d4bdbf0313d4a945987c8cd5d9815af356d9251
[INFO] running `Command { std: "docker" "start" "-a" "4c9698ae32a0a95fa137c95e5d4bdbf0313d4a945987c8cd5d9815af356d9251", kill_on_drop: false }`
[INFO] [stderr]     Finished test [unoptimized + debuginfo] target(s) in 0.01s
[INFO] [stdout] 
[INFO] [stderr]      Running unittests (/opt/rustwide/target/debug/deps/actor_model-00d664a80e7196b2)
[INFO] [stdout] running 0 tests
[INFO] [stderr]      Running unittests (/opt/rustwide/target/debug/deps/actor_model-0e1c1cd6bbe17bb6)
[INFO] [stdout] 
[INFO] [stdout] test result: ok. 0 passed; 0 failed; 0 ignored; 0 measured; 0 filtered out; finished in 0.00s
[INFO] [stdout] 
[INFO] [stdout] 
[INFO] [stdout] running 0 tests
[INFO] [stdout] 
[INFO] [stdout] test result: ok. 0 passed; 0 failed; 0 ignored; 0 measured; 0 filtered out; finished in 0.00s
[INFO] [stdout] 
[INFO] [stderr]    Doc-tests actor_model
[INFO] [stdout] 
[INFO] [stdout] running 2 tests
[INFO] [stdout] test src/actor_system.rs - actor_system::ActorSystem::register_actor (line 44) ... FAILED
[INFO] [stdout] test src/actor_system.rs - actor_system::ActorSystem::register_actor (line 48) ... FAILED
[INFO] [stdout] 
[INFO] [stdout] failures:
[INFO] [stdout] 
[INFO] [stdout] ---- src/actor_system.rs - actor_system::ActorSystem::register_actor (line 44) stdout ----
[INFO] [stdout] error[E0433]: failed to resolve: use of undeclared type `MyActor`
[INFO] [stdout]  --> src/actor_system.rs:45:40
[INFO] [stdout]   |
[INFO] [stdout] 3 | let addr = ActorSystem::register_actor(MyActor::new(), parent_addr);
[INFO] [stdout]   |                                        ^^^^^^^ use of undeclared type `MyActor`
[INFO] [stdout] 
[INFO] [stdout] error[E0433]: failed to resolve: use of undeclared type `ActorSystem`
[INFO] [stdout]  --> src/actor_system.rs:45:12
[INFO] [stdout]   |
[INFO] [stdout] 3 | let addr = ActorSystem::register_actor(MyActor::new(), parent_addr);
[INFO] [stdout]   |            ^^^^^^^^^^^ not found in this scope
[INFO] [stdout]   |
[INFO] [stdout] help: consider importing this struct
[INFO] [stdout]   |
[INFO] [stdout] 2 | use actor_model::actor_system::ActorSystem;
[INFO] [stdout]   |
[INFO] [stdout] 
[INFO] [stdout] error[E0425]: cannot find value `parent_addr` in this scope
[INFO] [stdout]  --> src/actor_system.rs:45:56
[INFO] [stdout]   |
[INFO] [stdout] 3 | let addr = ActorSystem::register_actor(MyActor::new(), parent_addr);
[INFO] [stdout]   |                                                        ^^^^^^^^^^^ not found in this scope
[INFO] [stdout] 
[INFO] [stdout] error: aborting due to 3 previous errors
[INFO] [stdout] 
[INFO] [stdout] Some errors have detailed explanations: E0425, E0433.
[INFO] [stdout] For more information about an error, try `rustc --explain E0425`.
[INFO] [stdout] Couldn't compile the test.
[INFO] [stdout] ---- src/actor_system.rs - actor_system::ActorSystem::register_actor (line 48) stdout ----
[INFO] [stdout] error[E0425]: cannot find value `addr` in this scope
[INFO] [stdout]  --> src/actor_system.rs:49:1
[INFO] [stdout]   |
[INFO] [stdout] 3 | addr.senda(MyMessage("hello"));
[INFO] [stdout]   | ^^^^ not found in this scope
[INFO] [stdout] 
[INFO] [stdout] error[E0425]: cannot find function, tuple struct or tuple variant `MyMessage` in this scope
[INFO] [stdout]  --> src/actor_system.rs:49:12
[INFO] [stdout]   |
[INFO] [stdout] 3 | addr.senda(MyMessage("hello"));
[INFO] [stdout]   |            ^^^^^^^^^ not found in this scope
[INFO] [stdout] 
[INFO] [stdout] error: aborting due to 2 previous errors
[INFO] [stdout] 
[INFO] [stdout] For more information about this error, try `rustc --explain E0425`.
[INFO] [stdout] Couldn't compile the test.
[INFO] [stdout] 
[INFO] [stdout] failures:
[INFO] [stdout]     src/actor_system.rs - actor_system::ActorSystem::register_actor (line 44)
[INFO] [stdout]     src/actor_system.rs - actor_system::ActorSystem::register_actor (line 48)
[INFO] [stdout] 
[INFO] [stdout] test result: FAILED. 0 passed; 2 failed; 0 ignored; 0 measured; 0 filtered out; finished in 0.13s
[INFO] [stdout] 
[INFO] [stderr] error: test failed, to rerun pass '--doc'
[INFO] running `Command { std: "docker" "inspect" "4c9698ae32a0a95fa137c95e5d4bdbf0313d4a945987c8cd5d9815af356d9251", kill_on_drop: false }`
[INFO] running `Command { std: "docker" "rm" "-f" "4c9698ae32a0a95fa137c95e5d4bdbf0313d4a945987c8cd5d9815af356d9251", kill_on_drop: false }`
[INFO] [stdout] 4c9698ae32a0a95fa137c95e5d4bdbf0313d4a945987c8cd5d9815af356d9251
