[INFO] cloning repository https://github.com/jugglerchris/rlua
[INFO] running `Command { std: "git" "-c" "credential.helper=" "-c" "credential.helper=/workspace/cargo-home/bin/git-credential-null" "clone" "--bare" "https://github.com/jugglerchris/rlua" "/workspace/cache/git-repos/https%3A%2F%2Fgithub.com%2Fjugglerchris%2Frlua", kill_on_drop: false }`
[INFO] [stderr] Cloning into bare repository '/workspace/cache/git-repos/https%3A%2F%2Fgithub.com%2Fjugglerchris%2Frlua'...
[INFO] running `Command { std: "git" "rev-parse" "HEAD", kill_on_drop: false }`
[INFO] [stdout] 25bd7e6bffef9597466a98bfca80a3056c9e6320
[INFO] testing jugglerchris/rlua against beta-2021-08-01 for beta-1.55-1
[INFO] running `Command { std: "git" "clone" "/workspace/cache/git-repos/https%3A%2F%2Fgithub.com%2Fjugglerchris%2Frlua" "/workspace/builds/worker-0/source", kill_on_drop: false }`
[INFO] [stderr] Cloning into '/workspace/builds/worker-0/source'...
[INFO] [stderr] done.
[INFO] validating manifest of git repo https://github.com/jugglerchris/rlua on toolchain beta-2021-08-01
[INFO] running `Command { std: "/workspace/cargo-home/bin/cargo" "+beta-2021-08-01" "metadata" "--manifest-path" "Cargo.toml" "--no-deps", kill_on_drop: false }`
[INFO] started tweaking git repo https://github.com/jugglerchris/rlua
[INFO] finished tweaking git repo https://github.com/jugglerchris/rlua
[INFO] tweaked toml for git repo https://github.com/jugglerchris/rlua written to /workspace/builds/worker-0/source/Cargo.toml
[INFO] running `Command { std: "/workspace/cargo-home/bin/cargo" "+beta-2021-08-01" "generate-lockfile" "--manifest-path" "Cargo.toml" "-Zno-index-update", kill_on_drop: false }`
[INFO] running `Command { std: "/workspace/cargo-home/bin/cargo" "+beta-2021-08-01" "fetch" "--manifest-path" "Cargo.toml", kill_on_drop: false }`
[INFO] [stderr]     Blocking waiting for file lock on package cache
[INFO] [stderr]     Blocking waiting for file lock on package cache
[INFO] [stderr]  Downloading crates ...
[INFO] [stderr]   Downloaded tester v0.7.0
[INFO] [stderr]   Downloaded compiletest_rs v0.4.1
[INFO] running `Command { std: "docker" "create" "-v" "/var/lib/crater-agent-workspace/builds/worker-0/target:/opt/rustwide/target:rw,Z" "-v" "/var/lib/crater-agent-workspace/builds/worker-0/source:/opt/rustwide/workdir:ro,Z" "-v" "/var/lib/crater-agent-workspace/cargo-home:/opt/rustwide/cargo-home:ro,Z" "-v" "/var/lib/crater-agent-workspace/rustup-home:/opt/rustwide/rustup-home:ro,Z" "-e" "SOURCE_DIR=/opt/rustwide/workdir" "-e" "CARGO_TARGET_DIR=/opt/rustwide/target" "-e" "CARGO_HOME=/opt/rustwide/cargo-home" "-e" "RUSTUP_HOME=/opt/rustwide/rustup-home" "-w" "/opt/rustwide/workdir" "-m" "1610612736" "--user" "0:0" "--network" "none" "ghcr.io/rust-lang/crates-build-env/linux@sha256:34b6a614d2c27851fe6cbf88fbd1137609cefab8b10d0615aaeb6fd47975d74e" "/opt/rustwide/cargo-home/bin/cargo" "+beta-2021-08-01" "metadata" "--no-deps" "--format-version=1", kill_on_drop: false }`
[INFO] [stdout] 8630b925c29957b0794fd69ba870ebb8420d72f4a3d470b771cafd27fb4f4d24
[INFO] running `Command { std: "docker" "start" "-a" "8630b925c29957b0794fd69ba870ebb8420d72f4a3d470b771cafd27fb4f4d24", kill_on_drop: false }`
[INFO] running `Command { std: "docker" "inspect" "8630b925c29957b0794fd69ba870ebb8420d72f4a3d470b771cafd27fb4f4d24", kill_on_drop: false }`
[INFO] running `Command { std: "docker" "rm" "-f" "8630b925c29957b0794fd69ba870ebb8420d72f4a3d470b771cafd27fb4f4d24", kill_on_drop: false }`
[INFO] [stdout] 8630b925c29957b0794fd69ba870ebb8420d72f4a3d470b771cafd27fb4f4d24
[INFO] running `Command { std: "docker" "create" "-v" "/var/lib/crater-agent-workspace/builds/worker-0/target:/opt/rustwide/target:rw,Z" "-v" "/var/lib/crater-agent-workspace/builds/worker-0/source:/opt/rustwide/workdir:ro,Z" "-v" "/var/lib/crater-agent-workspace/cargo-home:/opt/rustwide/cargo-home:ro,Z" "-v" "/var/lib/crater-agent-workspace/rustup-home:/opt/rustwide/rustup-home:ro,Z" "-e" "SOURCE_DIR=/opt/rustwide/workdir" "-e" "CARGO_TARGET_DIR=/opt/rustwide/target" "-e" "CARGO_INCREMENTAL=0" "-e" "RUST_BACKTRACE=full" "-e" "RUSTFLAGS=--cap-lints=warn" "-e" "CARGO_HOME=/opt/rustwide/cargo-home" "-e" "RUSTUP_HOME=/opt/rustwide/rustup-home" "-w" "/opt/rustwide/workdir" "-m" "1610612736" "--user" "0:0" "--network" "none" "ghcr.io/rust-lang/crates-build-env/linux@sha256:34b6a614d2c27851fe6cbf88fbd1137609cefab8b10d0615aaeb6fd47975d74e" "/opt/rustwide/cargo-home/bin/cargo" "+beta-2021-08-01" "build" "--frozen" "--message-format=json", kill_on_drop: false }`
[INFO] [stdout] c8415ed42a6e3d592360afc780abf6cbb1f0bddfb73729ed43cc2496c78ded2b
[INFO] running `Command { std: "docker" "start" "-a" "c8415ed42a6e3d592360afc780abf6cbb1f0bddfb73729ed43cc2496c78ded2b", kill_on_drop: false }`
[INFO] [stderr]     Blocking waiting for file lock on package cache
[INFO] [stderr]    Compiling syn v1.0.74
[INFO] [stderr]    Compiling serde_derive v1.0.127
[INFO] [stderr]    Compiling serde v1.0.127
[INFO] [stderr]    Compiling regex-automata v0.1.10
[INFO] [stderr]    Compiling rlua v0.17.1-alpha.0 (/opt/rustwide/workdir)
[INFO] [stderr]    Compiling bstr v0.2.16
[INFO] [stderr]     Finished dev [unoptimized + debuginfo] target(s) in 31.92s
[INFO] running `Command { std: "docker" "inspect" "c8415ed42a6e3d592360afc780abf6cbb1f0bddfb73729ed43cc2496c78ded2b", kill_on_drop: false }`
[INFO] running `Command { std: "docker" "rm" "-f" "c8415ed42a6e3d592360afc780abf6cbb1f0bddfb73729ed43cc2496c78ded2b", kill_on_drop: false }`
[INFO] [stdout] c8415ed42a6e3d592360afc780abf6cbb1f0bddfb73729ed43cc2496c78ded2b
[INFO] running `Command { std: "docker" "create" "-v" "/var/lib/crater-agent-workspace/builds/worker-0/target:/opt/rustwide/target:rw,Z" "-v" "/var/lib/crater-agent-workspace/builds/worker-0/source:/opt/rustwide/workdir:ro,Z" "-v" "/var/lib/crater-agent-workspace/cargo-home:/opt/rustwide/cargo-home:ro,Z" "-v" "/var/lib/crater-agent-workspace/rustup-home:/opt/rustwide/rustup-home:ro,Z" "-e" "SOURCE_DIR=/opt/rustwide/workdir" "-e" "CARGO_TARGET_DIR=/opt/rustwide/target" "-e" "CARGO_INCREMENTAL=0" "-e" "RUST_BACKTRACE=full" "-e" "RUSTFLAGS=--cap-lints=warn" "-e" "CARGO_HOME=/opt/rustwide/cargo-home" "-e" "RUSTUP_HOME=/opt/rustwide/rustup-home" "-w" "/opt/rustwide/workdir" "-m" "1610612736" "--user" "0:0" "--network" "none" "ghcr.io/rust-lang/crates-build-env/linux@sha256:34b6a614d2c27851fe6cbf88fbd1137609cefab8b10d0615aaeb6fd47975d74e" "/opt/rustwide/cargo-home/bin/cargo" "+beta-2021-08-01" "test" "--frozen" "--no-run" "--message-format=json", kill_on_drop: false }`
[INFO] [stdout] 92af7854b2cfcef1739b75674da01044702b9df38ef3f33f827a09bdaecbbd11
[INFO] running `Command { std: "docker" "start" "-a" "92af7854b2cfcef1739b75674da01044702b9df38ef3f33f827a09bdaecbbd11", kill_on_drop: false }`
[INFO] [stderr]     Blocking waiting for file lock on package cache
[INFO] [stderr]    Compiling semver v1.0.4
[INFO] [stderr]    Compiling serde_json v1.0.66
[INFO] [stderr]    Compiling scopeguard v1.1.0
[INFO] [stderr]    Compiling anyhow v1.0.42
[INFO] [stderr]    Compiling plotters-backend v0.3.2
[INFO] [stderr]    Compiling compiletest_rs v0.4.1
[INFO] [stderr]    Compiling half v1.7.1
[INFO] [stderr]    Compiling diff v0.1.12
[INFO] [stderr]    Compiling oorandom v11.1.3
[INFO] [stderr]    Compiling itertools v0.10.1
[INFO] [stderr]    Compiling dirs-sys v0.3.6
[INFO] [stderr]    Compiling num_cpus v1.13.0
[INFO] [stderr]    Compiling csv-core v0.1.10
[INFO] [stderr]    Compiling filetime v0.2.14
[INFO] [stderr]    Compiling clap v2.33.3
[INFO] [stderr]    Compiling nix v0.18.0
[INFO] [stderr]    Compiling atty v0.2.14
[INFO] [stderr]    Compiling dirs-next v1.0.2
[INFO] [stderr]    Compiling csv v1.1.6
[INFO] [stderr]    Compiling serde_cbor v0.11.1
[INFO] [stderr]    Compiling dirs v2.0.2
[INFO] [stderr]    Compiling crossbeam-epoch v0.9.5
[INFO] [stderr]    Compiling term v0.6.1
[INFO] [stderr]    Compiling plotters-svg v0.3.1
[INFO] [stderr]    Compiling plotters v0.3.1
[INFO] [stderr]    Compiling crossbeam-deque v0.8.1
[INFO] [stderr]    Compiling rustc_version v0.4.0
[INFO] [stderr]    Compiling tester v0.7.0
[INFO] [stderr]    Compiling rayon-core v1.9.1
[INFO] [stderr]    Compiling cast v0.2.7
[INFO] [stderr]    Compiling rayon v1.5.1
[INFO] [stderr]    Compiling criterion-plot v0.4.4
[INFO] [stderr]    Compiling tinytemplate v1.2.1
[INFO] [stderr]    Compiling rustfix v0.5.1
[INFO] [stderr]    Compiling rustyline v6.3.0
[INFO] [stderr]    Compiling criterion v0.3.5
[INFO] [stderr]    Compiling rlua v0.17.1-alpha.0 (/opt/rustwide/workdir)
[INFO] [stdout] warning: unnecessary trailing semicolon
[INFO] [stdout]   --> tests/userdata.rs:12:35
[INFO] [stdout]    |
[INFO] [stdout] 12 |     impl UserData for UserData1 {};
[INFO] [stdout]    |                                   ^ help: remove this semicolon
[INFO] [stdout]    |
[INFO] [stdout]    = note: `#[warn(redundant_semicolons)]` on by default
[INFO] [stdout] 
[INFO] [stdout] 
[INFO] [stdout] warning: unnecessary trailing semicolon
[INFO] [stdout]   --> tests/userdata.rs:13:35
[INFO] [stdout]    |
[INFO] [stdout] 13 |     impl UserData for UserData2 {};
[INFO] [stdout]    |                                   ^ help: remove this semicolon
[INFO] [stdout] 
[INFO] [stdout] 
[INFO] [stdout] warning: 2 warnings emitted
[INFO] [stdout] 
[INFO] [stdout] 
[INFO] [stderr]     Finished test [unoptimized + debuginfo] target(s) in 35.17s
[INFO] running `Command { std: "docker" "inspect" "92af7854b2cfcef1739b75674da01044702b9df38ef3f33f827a09bdaecbbd11", kill_on_drop: false }`
[INFO] running `Command { std: "docker" "rm" "-f" "92af7854b2cfcef1739b75674da01044702b9df38ef3f33f827a09bdaecbbd11", kill_on_drop: false }`
[INFO] [stdout] 92af7854b2cfcef1739b75674da01044702b9df38ef3f33f827a09bdaecbbd11
[INFO] running `Command { std: "docker" "create" "-v" "/var/lib/crater-agent-workspace/builds/worker-0/target:/opt/rustwide/target:rw,Z" "-v" "/var/lib/crater-agent-workspace/builds/worker-0/source:/opt/rustwide/workdir:ro,Z" "-v" "/var/lib/crater-agent-workspace/cargo-home:/opt/rustwide/cargo-home:ro,Z" "-v" "/var/lib/crater-agent-workspace/rustup-home:/opt/rustwide/rustup-home:ro,Z" "-e" "SOURCE_DIR=/opt/rustwide/workdir" "-e" "CARGO_TARGET_DIR=/opt/rustwide/target" "-e" "CARGO_INCREMENTAL=0" "-e" "RUST_BACKTRACE=full" "-e" "RUSTFLAGS=--cap-lints=warn" "-e" "CARGO_HOME=/opt/rustwide/cargo-home" "-e" "RUSTUP_HOME=/opt/rustwide/rustup-home" "-w" "/opt/rustwide/workdir" "-m" "1610612736" "--user" "0:0" "--network" "none" "ghcr.io/rust-lang/crates-build-env/linux@sha256:34b6a614d2c27851fe6cbf88fbd1137609cefab8b10d0615aaeb6fd47975d74e" "/opt/rustwide/cargo-home/bin/cargo" "+beta-2021-08-01" "test" "--frozen", kill_on_drop: false }`
[INFO] [stdout] 56c90b1255bdb2b226974a5392c91218e24426a600be39a96934035bd9c9eec0
[INFO] running `Command { std: "docker" "start" "-a" "56c90b1255bdb2b226974a5392c91218e24426a600be39a96934035bd9c9eec0", kill_on_drop: false }`
[INFO] [stderr] warning: unnecessary trailing semicolon
[INFO] [stderr]   --> tests/userdata.rs:12:35
[INFO] [stderr]    |
[INFO] [stderr] 12 |     impl UserData for UserData1 {};
[INFO] [stderr]    |                                   ^ help: remove this semicolon
[INFO] [stderr]    |
[INFO] [stderr]    = note: `#[warn(redundant_semicolons)]` on by default
[INFO] [stderr] 
[INFO] [stderr] warning: unnecessary trailing semicolon
[INFO] [stderr]   --> tests/userdata.rs:13:35
[INFO] [stderr]    |
[INFO] [stderr] 13 |     impl UserData for UserData2 {};
[INFO] [stderr]    |                                   ^ help: remove this semicolon
[INFO] [stderr] 
[INFO] [stderr] warning: `rlua` (test "userdata") generated 2 warnings
[INFO] [stderr]     Finished test [unoptimized + debuginfo] target(s) in 0.09s
[INFO] [stdout] 
[INFO] [stderr]      Running unittests (/opt/rustwide/target/debug/deps/rlua-c08a0c0b4f5d3743)
[INFO] [stdout] running 0 tests
[INFO] [stderr]      Running tests/byte_string.rs (/opt/rustwide/target/debug/deps/byte_string-7eb587262e24f47c)
[INFO] [stdout] 
[INFO] [stdout] test result: ok. 0 passed; 0 failed; 0 ignored; 0 measured; 0 filtered out; finished in 0.00s
[INFO] [stdout] 
[INFO] [stdout] 
[INFO] [stdout] running 1 test
[INFO] [stdout] test byte_string_round_trip ... ok
[INFO] [stdout] 
[INFO] [stdout] test result: ok. 1 passed; 0 failed; 0 ignored; 0 measured; 0 filtered out; finished in 0.00s
[INFO] [stdout] 
[INFO] [stderr]      Running tests/compile-fail.rs (/opt/rustwide/target/debug/deps/compile_fail-ec0695af18064bb4)
[INFO] [stdout] 
[INFO] [stdout] running 1 test
[INFO] [stdout] 
[INFO] [stdout] running 13 tests
[INFO] [stdout] test [compile-fail] compile-fail/scope_userdata_borrow.rs ... ok
[INFO] [stdout] test [compile-fail] compile-fail/userdata_borrow.rs ... ok
[INFO] [stdout] test [compile-fail] compile-fail/context_invariance_inner.rs ... ok
[INFO] [stdout] test [compile-fail] compile-fail/function_borrow.rs ... ok
[INFO] [stdout] test [compile-fail] compile-fail/static_context_lifetime.rs ... ok
[INFO] [stdout] test [compile-fail] compile-fail/scope_mutable_aliasing.rs ... ok
[INFO] [stdout] test [compile-fail] compile-fail/scope_callback_outer.rs ... FAILED
[INFO] [stdout] test [compile-fail] compile-fail/scope_callback_capture.rs ... FAILED
[INFO] [stdout] test [compile-fail] compile-fail/context_invariance_outer.rs ... ok
[INFO] [stdout] test [compile-fail] compile-fail/lua_norefunwindsafe.rs ... FAILED
[INFO] [stdout] test [compile-fail] compile-fail/scope_invariance.rs ... ok
[INFO] [stdout] test [compile-fail] compile-fail/scope_callback_inner.rs ... FAILED
[INFO] [stdout] test [compile-fail] compile-fail/context_nounwindsafe.rs ... FAILED
[INFO] [stdout] 
[INFO] [stdout] failures:
[INFO] [stdout] 
[INFO] [stdout] failures:
[INFO] [stdout]     [compile-fail] compile-fail/context_nounwindsafe.rs
[INFO] [stdout]     [compile-fail] compile-fail/lua_norefunwindsafe.rs
[INFO] [stdout]     [compile-fail] compile-fail/scope_callback_capture.rs
[INFO] [stdout]     [compile-fail] compile-fail/scope_callback_inner.rs
[INFO] [stdout]     [compile-fail] compile-fail/scope_callback_outer.rs
[INFO] [stdout] 
[INFO] [stdout] test result: FAILED. 8 passed; 5 failed; 0 ignored; 0 measured; 0 filtered out
[INFO] [stdout] 
[INFO] [stdout] test compile_test ... FAILED
[INFO] [stdout] 
[INFO] [stdout] failures:
[INFO] [stdout] 
[INFO] [stdout] ---- compile_test stdout ----
[INFO] [stdout] 
[INFO] [stdout] error: tests/compile-fail/scope_callback_outer.rs:13: unexpected error: '13:21: 18:19: borrowed data escapes outside of closure [E0521]'
[INFO] [stdout] 
[INFO] [stdout] error: tests/compile-fail/scope_callback_outer.rs:16: unexpected error: '16:21: 16:26: `outer` does not live long enough [E0597]'
[INFO] [stdout] 
[INFO] [stdout] error: tests/compile-fail/scope_callback_outer.rs:13: expected error not found: borrowed data cannot be stored outside of its closure
[INFO] [stdout] 
[INFO] [stdout] error: 2 unexpected errors found, 1 expected errors not found
[INFO] [stdout] status: exit status: 1
[INFO] [stdout] command: "rustc" "tests/compile-fail/scope_callback_outer.rs" "-L" "/tmp" "--target=x86_64-unknown-linux-gnu" "--error-format" "json" "-C" "prefer-dynamic" "-o" "/tmp/scope_callback_outer.stage-id" "-L" "/opt/rustwide/target/debug/build/rlua-09e9074671a9cbff/out" "-L" "/opt/rustwide/target/debug/deps" "-L" "/opt/rustwide/target/debug" "-L" "/opt/rustwide/rustup-home/toolchains/beta-2021-08-01-x86_64-unknown-linux-gnu/lib/rustlib/x86_64-unknown-linux-gnu/lib" "-L" "/opt/rustwide/rustup-home/toolchains/beta-2021-08-01-x86_64-unknown-linux-gnu/lib" "-L" "/tmp/scope_callback_outer.stage-id.aux" "-A" "unused"
[INFO] [stdout] unexpected errors (from JSON output): [
[INFO] [stdout]     Error {
[INFO] [stdout]         line_num: 13,
[INFO] [stdout]         kind: Some(
[INFO] [stdout]             Error,
[INFO] [stdout]         ),
[INFO] [stdout]         msg: "13:21: 18:19: borrowed data escapes outside of closure [E0521]",
[INFO] [stdout]     },
[INFO] [stdout]     Error {
[INFO] [stdout]         line_num: 16,
[INFO] [stdout]         kind: Some(
[INFO] [stdout]             Error,
[INFO] [stdout]         ),
[INFO] [stdout]         msg: "16:21: 16:26: `outer` does not live long enough [E0597]",
[INFO] [stdout]     },
[INFO] [stdout] ]
[INFO] [stdout] 
[INFO] [stdout] not found errors (from test file): [
[INFO] [stdout]     Error {
[INFO] [stdout]         line_num: 13,
[INFO] [stdout]         kind: Some(
[INFO] [stdout]             Error,
[INFO] [stdout]         ),
[INFO] [stdout]         msg: "borrowed data cannot be stored outside of its closure",
[INFO] [stdout]     },
[INFO] [stdout] ]
[INFO] [stdout] 
[INFO] [stdout] thread '[compile-fail] compile-fail/scope_callback_outer.rs' panicked at 'explicit panic', /opt/rustwide/cargo-home/registry/src/github.com-1ecc6299db9ec823/compiletest_rs-0.4.1/src/runtest.rs:1091:13
[INFO] [stdout] stack backtrace:
[INFO] [stdout]    0:     0x562db41a75a0 - std::backtrace_rs::backtrace::libunwind::trace::hff4d1766e93f64f1
[INFO] [stdout]                                at /rustc/53fd98ca776cb875bc9e5514f56b52eb74f9e7a9/library/std/src/../../backtrace/src/backtrace/libunwind.rs:90:5
[INFO] [stdout]    1:     0x562db41a75a0 - std::backtrace_rs::backtrace::trace_unsynchronized::h56bbc8eb78770bcb
[INFO] [stdout]                                at /rustc/53fd98ca776cb875bc9e5514f56b52eb74f9e7a9/library/std/src/../../backtrace/src/backtrace/mod.rs:66:5
[INFO] [stdout]    2:     0x562db41a75a0 - std::sys_common::backtrace::_print_fmt::h5c8e75464faca780
[INFO] [stdout]                                at /rustc/53fd98ca776cb875bc9e5514f56b52eb74f9e7a9/library/std/src/sys_common/backtrace.rs:67:5
[INFO] [stdout]    3:     0x562db41a75a0 - <std::sys_common::backtrace::_print::DisplayBacktrace as core::fmt::Display>::fmt::h48b88277def8b362
[INFO] [stdout]                                at /rustc/53fd98ca776cb875bc9e5514f56b52eb74f9e7a9/library/std/src/sys_common/backtrace.rs:46:22
[INFO] [stdout]    4:     0x562db41cc6ac - core::fmt::write::h3381b3176fe2b3d3
[INFO] [stdout]                                at /rustc/53fd98ca776cb875bc9e5514f56b52eb74f9e7a9/library/core/src/fmt/mod.rs:1115:17
[INFO] [stdout]    5:     0x562db41a3745 - std::io::Write::write_fmt::h5f34a676f60246b5
[INFO] [stdout]                                at /rustc/53fd98ca776cb875bc9e5514f56b52eb74f9e7a9/library/std/src/io/mod.rs:1665:15
[INFO] [stdout]    6:     0x562db41aa29b - std::sys_common::backtrace::_print::ha537687d6c17dd0d
[INFO] [stdout]                                at /rustc/53fd98ca776cb875bc9e5514f56b52eb74f9e7a9/library/std/src/sys_common/backtrace.rs:49:5
[INFO] [stdout]    7:     0x562db41aa29b - std::sys_common::backtrace::print::h61376ae57d131d72
[INFO] [stdout]                                at /rustc/53fd98ca776cb875bc9e5514f56b52eb74f9e7a9/library/std/src/sys_common/backtrace.rs:36:9
[INFO] [stdout]    8:     0x562db41aa29b - std::panicking::default_hook::{{closure}}::h0f7208c0b9644a54
[INFO] [stdout]                                at /rustc/53fd98ca776cb875bc9e5514f56b52eb74f9e7a9/library/std/src/panicking.rs:208:50
[INFO] [stdout]    9:     0x562db41a9dac - std::panicking::default_hook::hdac7fc06578c14ce
[INFO] [stdout]                                at /rustc/53fd98ca776cb875bc9e5514f56b52eb74f9e7a9/library/std/src/panicking.rs:222:9
[INFO] [stdout]   10:     0x562db41aa964 - std::panicking::rust_panic_with_hook::h72b21c283da3d1ef
[INFO] [stdout]                                at /rustc/53fd98ca776cb875bc9e5514f56b52eb74f9e7a9/library/std/src/panicking.rs:622:17
[INFO] [stdout]   11:     0x562db3ff6f63 - std::panicking::begin_panic::{{closure}}::h1b438d5a276bca75
[INFO] [stdout]                                at /rustc/53fd98ca776cb875bc9e5514f56b52eb74f9e7a9/library/std/src/panicking.rs:542:9
[INFO] [stdout]   12:     0x562db3ff6de9 - std::sys_common::backtrace::__rust_end_short_backtrace::h235e96b756cf2c42
[INFO] [stdout]                                at /rustc/53fd98ca776cb875bc9e5514f56b52eb74f9e7a9/library/std/src/sys_common/backtrace.rs:141:18
[INFO] [stdout]   13:     0x562db3ff6e99 - std::panicking::begin_panic::h4d31eb4f6570976c
[INFO] [stdout]                                at /rustc/53fd98ca776cb875bc9e5514f56b52eb74f9e7a9/library/std/src/panicking.rs:541:12
[INFO] [stdout]   14:     0x562db3e69069 - compiletest_rs::runtest::TestCx::check_expected_errors::h9feef3995e7a4cf1
[INFO] [stdout]                                at /opt/rustwide/cargo-home/registry/src/github.com-1ecc6299db9ec823/compiletest_rs-0.4.1/src/runtest.rs:1091:13
[INFO] [stdout]   15:     0x562db3e5abc1 - compiletest_rs::runtest::TestCx::run_cfail_test::h4b645a0484a6f906
[INFO] [stdout]                                at /opt/rustwide/cargo-home/registry/src/github.com-1ecc6299db9ec823/compiletest_rs-0.4.1/src/runtest.rs:178:13
[INFO] [stdout]   16:     0x562db3e5a74c - compiletest_rs::runtest::TestCx::run_revision::hc1c6f6581e2efa8f
[INFO] [stdout]                                at /opt/rustwide/cargo-home/registry/src/github.com-1ecc6299db9ec823/compiletest_rs-0.4.1/src/runtest.rs:131:26
[INFO] [stdout]   17:     0x562db3e5a3dd - compiletest_rs::runtest::run::h94518c9d26124e2a
[INFO] [stdout]                                at /opt/rustwide/cargo-home/registry/src/github.com-1ecc6299db9ec823/compiletest_rs-0.4.1/src/runtest.rs:83:9
[INFO] [stdout]   18:     0x562db3dc8f15 - compiletest_rs::make_test_closure::{{closure}}::hc954248cd354d520
[INFO] [stdout]                                at /opt/rustwide/cargo-home/registry/src/github.com-1ecc6299db9ec823/compiletest_rs-0.4.1/src/lib.rs:296:9
[INFO] [stdout]   19:     0x562db3e3cece - core::ops::function::FnOnce::call_once{{vtable.shim}}::h225603dab84669bb
[INFO] [stdout]                                at /rustc/53fd98ca776cb875bc9e5514f56b52eb74f9e7a9/library/core/src/ops/function.rs:227:5
[INFO] [stdout]   20:     0x562db4101f1d - <alloc::boxed::Box<F,A> as core::ops::function::FnOnce<Args>>::call_once::hea17a9c63d5ab9e2
[INFO] [stdout]                                at /rustc/53fd98ca776cb875bc9e5514f56b52eb74f9e7a9/library/alloc/src/boxed.rs:1572:9
[INFO] [stdout]   21:     0x562db40ca674 - tester::__rust_begin_short_backtrace::h0055823f45091de2
[INFO] [stdout]                                at /opt/rustwide/cargo-home/registry/src/github.com-1ecc6299db9ec823/tester-0.7.0/src/lib.rs:543:5
[INFO] [stdout]   22:     0x562db40c9e83 - tester::run_test::{{closure}}::h32945d674526d24e
[INFO] [stdout]                                at /opt/rustwide/cargo-home/registry/src/github.com-1ecc6299db9ec823/tester-0.7.0/src/lib.rs:527:34
[INFO] [stdout]   23:     0x562db40e01e8 - core::ops::function::FnOnce::call_once{{vtable.shim}}::h669f3be39ade1bca
[INFO] [stdout]                                at /rustc/53fd98ca776cb875bc9e5514f56b52eb74f9e7a9/library/core/src/ops/function.rs:227:5
[INFO] [stdout]   24:     0x562db4101f1d - <alloc::boxed::Box<F,A> as core::ops::function::FnOnce<Args>>::call_once::hea17a9c63d5ab9e2
[INFO] [stdout]                                at /rustc/53fd98ca776cb875bc9e5514f56b52eb74f9e7a9/library/alloc/src/boxed.rs:1572:9
[INFO] [stdout]   25:     0x562db409f924 - <std::panic::AssertUnwindSafe<F> as core::ops::function::FnOnce<()>>::call_once::heab52ebd376d99b4
[INFO] [stdout]                                at /rustc/53fd98ca776cb875bc9e5514f56b52eb74f9e7a9/library/std/src/panic.rs:347:9
[INFO] [stdout]   26:     0x562db40bf99d - std::panicking::try::do_call::hfc045098bbc38e98
[INFO] [stdout]                                at /rustc/53fd98ca776cb875bc9e5514f56b52eb74f9e7a9/library/std/src/panicking.rs:401:40
[INFO] [stdout]   27:     0x562db40c31ad - __rust_try
[INFO] [stdout]   28:     0x562db40bf72d - std::panicking::try::h7a98ed2980d360b9
[INFO] [stdout]                                at /rustc/53fd98ca776cb875bc9e5514f56b52eb74f9e7a9/library/std/src/panicking.rs:365:19
[INFO] [stdout]   29:     0x562db40a11c4 - std::panic::catch_unwind::h7dc999159826d0e2
[INFO] [stdout]                                at /rustc/53fd98ca776cb875bc9e5514f56b52eb74f9e7a9/library/std/src/panic.rs:434:14
[INFO] [stdout]   30:     0x562db40ca8cc - tester::run_test_in_process::h120ed6f74b0737ca
[INFO] [stdout]                                at /opt/rustwide/cargo-home/registry/src/github.com-1ecc6299db9ec823/tester-0.7.0/src/lib.rs:578:18
[INFO] [stdout]   31:     0x562db40ca5b4 - tester::run_test::run_test_inner::{{closure}}::hff05fed3b77a999c
[INFO] [stdout]                                at /opt/rustwide/cargo-home/registry/src/github.com-1ecc6299db9ec823/tester-0.7.0/src/lib.rs:474:21
[INFO] [stdout]   32:     0x562db40bec03 - std::sys_common::backtrace::__rust_begin_short_backtrace::h2cd0d25469ec0782
[INFO] [stdout]                                at /rustc/53fd98ca776cb875bc9e5514f56b52eb74f9e7a9/library/std/src/sys_common/backtrace.rs:125:18
[INFO] [stdout]   33:     0x562db40dc690 - std::thread::Builder::spawn_unchecked::{{closure}}::{{closure}}::hf60ab33fc34ac5ac
[INFO] [stdout]                                at /rustc/53fd98ca776cb875bc9e5514f56b52eb74f9e7a9/library/std/src/thread/mod.rs:476:17
[INFO] [stdout]   34:     0x562db409f8a4 - <std::panic::AssertUnwindSafe<F> as core::ops::function::FnOnce<()>>::call_once::hcaf6d82c56242c4e
[INFO] [stdout]                                at /rustc/53fd98ca776cb875bc9e5514f56b52eb74f9e7a9/library/std/src/panic.rs:347:9
[INFO] [stdout]   35:     0x562db40bf8a2 - std::panicking::try::do_call::h6282427aa28e3086
[INFO] [stdout]                                at /rustc/53fd98ca776cb875bc9e5514f56b52eb74f9e7a9/library/std/src/panicking.rs:401:40
[INFO] [stdout]   36:     0x562db40c31ad - __rust_try
[INFO] [stdout]   37:     0x562db40bf387 - std::panicking::try::h09b1f48443a1fb74
[INFO] [stdout]                                at /rustc/53fd98ca776cb875bc9e5514f56b52eb74f9e7a9/library/std/src/panicking.rs:365:19
[INFO] [stdout]   38:     0x562db40a1164 - std::panic::catch_unwind::h3f4ba4d3dc052aa0
[INFO] [stdout]                                at /rustc/53fd98ca776cb875bc9e5514f56b52eb74f9e7a9/library/std/src/panic.rs:434:14
[INFO] [stdout]   39:     0x562db40dc49e - std::thread::Builder::spawn_unchecked::{{closure}}::h88f085e4ccace875
[INFO] [stdout]                                at /rustc/53fd98ca776cb875bc9e5514f56b52eb74f9e7a9/library/std/src/thread/mod.rs:475:30
[INFO] [stdout]   40:     0x562db40e01bf - core::ops::function::FnOnce::call_once{{vtable.shim}}::h1d316b3c94e9bac1
[INFO] [stdout]                                at /rustc/53fd98ca776cb875bc9e5514f56b52eb74f9e7a9/library/core/src/ops/function.rs:227:5
[INFO] [stdout]   41:     0x562db41b08f7 - <alloc::boxed::Box<F,A> as core::ops::function::FnOnce<Args>>::call_once::h65c29e4642be2358
[INFO] [stdout]                                at /rustc/53fd98ca776cb875bc9e5514f56b52eb74f9e7a9/library/alloc/src/boxed.rs:1572:9
[INFO] [stdout]   42:     0x562db41b08f7 - <alloc::boxed::Box<F,A> as core::ops::function::FnOnce<Args>>::call_once::hd0f8f7fbbd9fffbf
[INFO] [stdout]                                at /rustc/53fd98ca776cb875bc9e5514f56b52eb74f9e7a9/library/alloc/src/boxed.rs:1572:9
[INFO] [stdout]   43:     0x562db41b08f7 - std::sys::unix::thread::Thread::new::thread_start::h2fd22fee3ca77b65
[INFO] [stdout]                                at /rustc/53fd98ca776cb875bc9e5514f56b52eb74f9e7a9/library/std/src/sys/unix/thread.rs:74:17
[INFO] [stdout]   44:     0x7f288faab609 - start_thread
[INFO] [stdout]   45:     0x7f288f87d293 - clone
[INFO] [stdout]   46:                0x0 - <unknown>
[INFO] [stdout] 
[INFO] [stdout] error: tests/compile-fail/scope_callback_capture.rs:13: unexpected error: '13:21: 22:19: borrowed data escapes outside of closure [E0521]'
[INFO] [stdout] 
[INFO] [stdout] error: tests/compile-fail/scope_callback_capture.rs:14: expected error not found: cannot infer an appropriate lifetime for autoref due to conflicting
[INFO] [stdout] 
[INFO] [stdout] error: 1 unexpected errors found, 1 expected errors not found
[INFO] [stdout] status: exit status: 1
[INFO] [stdout] command: "rustc" "tests/compile-fail/scope_callback_capture.rs" "-L" "/tmp" "--target=x86_64-unknown-linux-gnu" "--error-format" "json" "-C" "prefer-dynamic" "-o" "/tmp/scope_callback_capture.stage-id" "-L" "/opt/rustwide/target/debug/build/rlua-09e9074671a9cbff/out" "-L" "/opt/rustwide/target/debug/deps" "-L" "/opt/rustwide/target/debug" "-L" "/opt/rustwide/rustup-home/toolchains/beta-2021-08-01-x86_64-unknown-linux-gnu/lib/rustlib/x86_64-unknown-linux-gnu/lib" "-L" "/opt/rustwide/rustup-home/toolchains/beta-2021-08-01-x86_64-unknown-linux-gnu/lib" "-L" "/tmp/scope_callback_capture.stage-id.aux" "-A" "unused"
[INFO] [stdout] unexpected errors (from JSON output): [
[INFO] [stdout]     Error {
[INFO] [stdout]         line_num: 13,
[INFO] [stdout]         kind: Some(
[INFO] [stdout]             Error,
[INFO] [stdout]         ),
[INFO] [stdout]         msg: "13:21: 22:19: borrowed data escapes outside of closure [E0521]",
[INFO] [stdout]     },
[INFO] [stdout] ]
[INFO] [stdout] 
[INFO] [stdout] not found errors (from test file): [
[INFO] [stdout]     Error {
[INFO] [stdout]         line_num: 14,
[INFO] [stdout]         kind: Some(
[INFO] [stdout]             Error,
[INFO] [stdout]         ),
[INFO] [stdout]         msg: "cannot infer an appropriate lifetime for autoref due to conflicting",
[INFO] [stdout]     },
[INFO] [stdout] ]
[INFO] [stdout] 
[INFO] [stdout] thread '[compile-fail] compile-fail/scope_callback_capture.rs' panicked at 'explicit panic', /opt/rustwide/cargo-home/registry/src/github.com-1ecc6299db9ec823/compiletest_rs-0.4.1/src/runtest.rs:1091:13
[INFO] [stdout] stack backtrace:
[INFO] [stdout]    0:     0x562db41a75a0 - std::backtrace_rs::backtrace::libunwind::trace::hff4d1766e93f64f1
[INFO] [stdout]                                at /rustc/53fd98ca776cb875bc9e5514f56b52eb74f9e7a9/library/std/src/../../backtrace/src/backtrace/libunwind.rs:90:5
[INFO] [stdout]    1:     0x562db41a75a0 - std::backtrace_rs::backtrace::trace_unsynchronized::h56bbc8eb78770bcb
[INFO] [stdout]                                at /rustc/53fd98ca776cb875bc9e5514f56b52eb74f9e7a9/library/std/src/../../backtrace/src/backtrace/mod.rs:66:5
[INFO] [stdout]    2:     0x562db41a75a0 - std::sys_common::backtrace::_print_fmt::h5c8e75464faca780
[INFO] [stdout]                                at /rustc/53fd98ca776cb875bc9e5514f56b52eb74f9e7a9/library/std/src/sys_common/backtrace.rs:67:5
[INFO] [stdout]    3:     0x562db41a75a0 - <std::sys_common::backtrace::_print::DisplayBacktrace as core::fmt::Display>::fmt::h48b88277def8b362
[INFO] [stdout]                                at /rustc/53fd98ca776cb875bc9e5514f56b52eb74f9e7a9/library/std/src/sys_common/backtrace.rs:46:22
[INFO] [stdout]    4:     0x562db41cc6ac - core::fmt::write::h3381b3176fe2b3d3
[INFO] [stdout]                                at /rustc/53fd98ca776cb875bc9e5514f56b52eb74f9e7a9/library/core/src/fmt/mod.rs:1115:17
[INFO] [stdout]    5:     0x562db41a3745 - std::io::Write::write_fmt::h5f34a676f60246b5
[INFO] [stdout]                                at /rustc/53fd98ca776cb875bc9e5514f56b52eb74f9e7a9/library/std/src/io/mod.rs:1665:15
[INFO] [stdout]    6:     0x562db41aa29b - std::sys_common::backtrace::_print::ha537687d6c17dd0d
[INFO] [stdout]                                at /rustc/53fd98ca776cb875bc9e5514f56b52eb74f9e7a9/library/std/src/sys_common/backtrace.rs:49:5
[INFO] [stdout]    7:     0x562db41aa29b - std::sys_common::backtrace::print::h61376ae57d131d72
[INFO] [stdout]                                at /rustc/53fd98ca776cb875bc9e5514f56b52eb74f9e7a9/library/std/src/sys_common/backtrace.rs:36:9
[INFO] [stdout]    8:     0x562db41aa29b - std::panicking::default_hook::{{closure}}::h0f7208c0b9644a54
[INFO] [stdout]                                at /rustc/53fd98ca776cb875bc9e5514f56b52eb74f9e7a9/library/std/src/panicking.rs:208:50
[INFO] [stdout]    9:     0x562db41a9dac - std::panicking::default_hook::hdac7fc06578c14ce
[INFO] [stdout]                                at /rustc/53fd98ca776cb875bc9e5514f56b52eb74f9e7a9/library/std/src/panicking.rs:222:9
[INFO] [stdout]   10:     0x562db41aa964 - std::panicking::rust_panic_with_hook::h72b21c283da3d1ef
[INFO] [stdout]                                at /rustc/53fd98ca776cb875bc9e5514f56b52eb74f9e7a9/library/std/src/panicking.rs:622:17
[INFO] [stdout]   11:     0x562db3ff6f63 - std::panicking::begin_panic::{{closure}}::h1b438d5a276bca75
[INFO] [stdout]                                at /rustc/53fd98ca776cb875bc9e5514f56b52eb74f9e7a9/library/std/src/panicking.rs:542:9
[INFO] [stdout]   12:     0x562db3ff6de9 - std::sys_common::backtrace::__rust_end_short_backtrace::h235e96b756cf2c42
[INFO] [stdout]                                at /rustc/53fd98ca776cb875bc9e5514f56b52eb74f9e7a9/library/std/src/sys_common/backtrace.rs:141:18
[INFO] [stdout]   13:     0x562db3ff6e99 - std::panicking::begin_panic::h4d31eb4f6570976c
[INFO] [stdout]                                at /rustc/53fd98ca776cb875bc9e5514f56b52eb74f9e7a9/library/std/src/panicking.rs:541:12
[INFO] [stdout]   14:     0x562db3e69069 - compiletest_rs::runtest::TestCx::check_expected_errors::h9feef3995e7a4cf1
[INFO] [stdout]                                at /opt/rustwide/cargo-home/registry/src/github.com-1ecc6299db9ec823/compiletest_rs-0.4.1/src/runtest.rs:1091:13
[INFO] [stdout]   15:     0x562db3e5abc1 - compiletest_rs::runtest::TestCx::run_cfail_test::h4b645a0484a6f906
[INFO] [stdout]                                at /opt/rustwide/cargo-home/registry/src/github.com-1ecc6299db9ec823/compiletest_rs-0.4.1/src/runtest.rs:178:13
[INFO] [stdout]   16:     0x562db3e5a74c - compiletest_rs::runtest::TestCx::run_revision::hc1c6f6581e2efa8f
[INFO] [stdout]                                at /opt/rustwide/cargo-home/registry/src/github.com-1ecc6299db9ec823/compiletest_rs-0.4.1/src/runtest.rs:131:26
[INFO] [stdout]   17:     0x562db3e5a3dd - compiletest_rs::runtest::run::h94518c9d26124e2a
[INFO] [stdout]                                at /opt/rustwide/cargo-home/registry/src/github.com-1ecc6299db9ec823/compiletest_rs-0.4.1/src/runtest.rs:83:9
[INFO] [stdout]   18:     0x562db3dc8f15 - compiletest_rs::make_test_closure::{{closure}}::hc954248cd354d520
[INFO] [stdout]                                at /opt/rustwide/cargo-home/registry/src/github.com-1ecc6299db9ec823/compiletest_rs-0.4.1/src/lib.rs:296:9
[INFO] [stdout]   19:     0x562db3e3cece - core::ops::function::FnOnce::call_once{{vtable.shim}}::h225603dab84669bb
[INFO] [stdout]                                at /rustc/53fd98ca776cb875bc9e5514f56b52eb74f9e7a9/library/core/src/ops/function.rs:227:5
[INFO] [stdout]   20:     0x562db4101f1d - <alloc::boxed::Box<F,A> as core::ops::function::FnOnce<Args>>::call_once::hea17a9c63d5ab9e2
[INFO] [stdout]                                at /rustc/53fd98ca776cb875bc9e5514f56b52eb74f9e7a9/library/alloc/src/boxed.rs:1572:9
[INFO] [stdout]   21:     0x562db40ca674 - tester::__rust_begin_short_backtrace::h0055823f45091de2
[INFO] [stdout]                                at /opt/rustwide/cargo-home/registry/src/github.com-1ecc6299db9ec823/tester-0.7.0/src/lib.rs:543:5
[INFO] [stdout]   22:     0x562db40c9e83 - tester::run_test::{{closure}}::h32945d674526d24e
[INFO] [stdout]                                at /opt/rustwide/cargo-home/registry/src/github.com-1ecc6299db9ec823/tester-0.7.0/src/lib.rs:527:34
[INFO] [stdout]   23:     0x562db40e01e8 - core::ops::function::FnOnce::call_once{{vtable.shim}}::h669f3be39ade1bca
[INFO] [stdout]                                at /rustc/53fd98ca776cb875bc9e5514f56b52eb74f9e7a9/library/core/src/ops/function.rs:227:5
[INFO] [stdout]   24:     0x562db4101f1d - <alloc::boxed::Box<F,A> as core::ops::function::FnOnce<Args>>::call_once::hea17a9c63d5ab9e2
[INFO] [stdout]                                at /rustc/53fd98ca776cb875bc9e5514f56b52eb74f9e7a9/library/alloc/src/boxed.rs:1572:9
[INFO] [stdout]   25:     0x562db409f924 - <std::panic::AssertUnwindSafe<F> as core::ops::function::FnOnce<()>>::call_once::heab52ebd376d99b4
[INFO] [stdout]                                at /rustc/53fd98ca776cb875bc9e5514f56b52eb74f9e7a9/library/std/src/panic.rs:347:9
[INFO] [stdout]   26:     0x562db40bf99d - std::panicking::try::do_call::hfc045098bbc38e98
[INFO] [stdout]                                at /rustc/53fd98ca776cb875bc9e5514f56b52eb74f9e7a9/library/std/src/panicking.rs:401:40
[INFO] [stdout]   27:     0x562db40c31ad - __rust_try
[INFO] [stdout]   28:     0x562db40bf72d - std::panicking::try::h7a98ed2980d360b9
[INFO] [stdout]                                at /rustc/53fd98ca776cb875bc9e5514f56b52eb74f9e7a9/library/std/src/panicking.rs:365:19
[INFO] [stdout]   29:     0x562db40a11c4 - std::panic::catch_unwind::h7dc999159826d0e2
[INFO] [stdout]                                at /rustc/53fd98ca776cb875bc9e5514f56b52eb74f9e7a9/library/std/src/panic.rs:434:14
[INFO] [stdout]   30:     0x562db40ca8cc - tester::run_test_in_process::h120ed6f74b0737ca
[INFO] [stdout]                                at /opt/rustwide/cargo-home/registry/src/github.com-1ecc6299db9ec823/tester-0.7.0/src/lib.rs:578:18
[INFO] [stdout]   31:     0x562db40ca5b4 - tester::run_test::run_test_inner::{{closure}}::hff05fed3b77a999c
[INFO] [stdout]                                at /opt/rustwide/cargo-home/registry/src/github.com-1ecc6299db9ec823/tester-0.7.0/src/lib.rs:474:21
[INFO] [stdout]   32:     0x562db40bec03 - std::sys_common::backtrace::__rust_begin_short_backtrace::h2cd0d25469ec0782
[INFO] [stdout]                                at /rustc/53fd98ca776cb875bc9e5514f56b52eb74f9e7a9/library/std/src/sys_common/backtrace.rs:125:18
[INFO] [stdout]   33:     0x562db40dc690 - std::thread::Builder::spawn_unchecked::{{closure}}::{{closure}}::hf60ab33fc34ac5ac
[INFO] [stdout]                                at /rustc/53fd98ca776cb875bc9e5514f56b52eb74f9e7a9/library/std/src/thread/mod.rs:476:17
[INFO] [stdout]   34:     0x562db409f8a4 - <std::panic::AssertUnwindSafe<F> as core::ops::function::FnOnce<()>>::call_once::hcaf6d82c56242c4e
[INFO] [stdout]                                at /rustc/53fd98ca776cb875bc9e5514f56b52eb74f9e7a9/library/std/src/panic.rs:347:9
[INFO] [stdout]   35:     0x562db40bf8a2 - std::panicking::try::do_call::h6282427aa28e3086
[INFO] [stdout]                                at /rustc/53fd98ca776cb875bc9e5514f56b52eb74f9e7a9/library/std/src/panicking.rs:401:40
[INFO] [stdout]   36:     0x562db40c31ad - __rust_try
[INFO] [stdout]   37:     0x562db40bf387 - std::panicking::try::h09b1f48443a1fb74
[INFO] [stdout]                                at /rustc/53fd98ca776cb875bc9e5514f56b52eb74f9e7a9/library/std/src/panicking.rs:365:19
[INFO] [stdout]   38:     0x562db40a1164 - std::panic::catch_unwind::h3f4ba4d3dc052aa0
[INFO] [stdout]                                at /rustc/53fd98ca776cb875bc9e5514f56b52eb74f9e7a9/library/std/src/panic.rs:434:14
[INFO] [stdout]   39:     0x562db40dc49e - std::thread::Builder::spawn_unchecked::{{closure}}::h88f085e4ccace875
[INFO] [stdout]                                at /rustc/53fd98ca776cb875bc9e5514f56b52eb74f9e7a9/library/std/src/thread/mod.rs:475:30
[INFO] [stdout]   40:     0x562db40e01bf - core::ops::function::FnOnce::call_once{{vtable.shim}}::h1d316b3c94e9bac1
[INFO] [stdout]                                at /rustc/53fd98ca776cb875bc9e5514f56b52eb74f9e7a9/library/core/src/ops/function.rs:227:5
[INFO] [stdout]   41:     0x562db41b08f7 - <alloc::boxed::Box<F,A> as core::ops::function::FnOnce<Args>>::call_once::h65c29e4642be2358
[INFO] [stdout]                                at /rustc/53fd98ca776cb875bc9e5514f56b52eb74f9e7a9/library/alloc/src/boxed.rs:1572:9
[INFO] [stdout]   42:     0x562db41b08f7 - <alloc::boxed::Box<F,A> as core::ops::function::FnOnce<Args>>::call_once::hd0f8f7fbbd9fffbf
[INFO] [stdout]                                at /rustc/53fd98ca776cb875bc9e5514f56b52eb74f9e7a9/library/alloc/src/boxed.rs:1572:9
[INFO] [stdout]   43:     0x562db41b08f7 - std::sys::unix::thread::Thread::new::thread_start::h2fd22fee3ca77b65
[INFO] [stdout]                                at /rustc/53fd98ca776cb875bc9e5514f56b52eb74f9e7a9/library/std/src/sys/unix/thread.rs:74:17
[INFO] [stdout]   44:     0x7f288faab609 - start_thread
[INFO] [stdout]   45:     0x7f288f87d293 - clone
[INFO] [stdout]   46:                0x0 - <unknown>
[INFO] [stdout] 
[INFO] [stdout] error: tests/compile-fail/lua_norefunwindsafe.rs:9: unexpected error: '9:5: 9:17: the type `UnsafeCell<()>` may contain interior mutability and a reference may not be safely transferrable across a catch_unwind boundary [E0277]'
[INFO] [stdout] 
[INFO] [stdout] error: tests/compile-fail/lua_norefunwindsafe.rs:9: expected error not found: the type `std::cell::UnsafeCell<()>` may contain interior mutability and a reference
[INFO] [stdout] 
[INFO] [stdout] error: 1 unexpected errors found, 1 expected errors not found
[INFO] [stdout] status: exit status: 1
[INFO] [stdout] command: "rustc" "tests/compile-fail/lua_norefunwindsafe.rs" "-L" "/tmp" "--target=x86_64-unknown-linux-gnu" "--error-format" "json" "-C" "prefer-dynamic" "-o" "/tmp/lua_norefunwindsafe.stage-id" "-L" "/opt/rustwide/target/debug/build/rlua-09e9074671a9cbff/out" "-L" "/opt/rustwide/target/debug/deps" "-L" "/opt/rustwide/target/debug" "-L" "/opt/rustwide/rustup-home/toolchains/beta-2021-08-01-x86_64-unknown-linux-gnu/lib/rustlib/x86_64-unknown-linux-gnu/lib" "-L" "/opt/rustwide/rustup-home/toolchains/beta-2021-08-01-x86_64-unknown-linux-gnu/lib" "-L" "/tmp/lua_norefunwindsafe.stage-id.aux" "-A" "unused"
[INFO] [stdout] unexpected errors (from JSON output): [
[INFO] [stdout]     Error {
[INFO] [stdout]         line_num: 9,
[INFO] [stdout]         kind: Some(
[INFO] [stdout]             Error,
[INFO] [stdout]         ),
[INFO] [stdout]         msg: "9:5: 9:17: the type `UnsafeCell<()>` may contain interior mutability and a reference may not be safely transferrable across a catch_unwind boundary [E0277]",
[INFO] [stdout]     },
[INFO] [stdout] ]
[INFO] [stdout] 
[INFO] [stdout] not found errors (from test file): [
[INFO] [stdout]     Error {
[INFO] [stdout]         line_num: 9,
[INFO] [stdout]         kind: Some(
[INFO] [stdout]             Error,
[INFO] [stdout]         ),
[INFO] [stdout]         msg: "the type `std::cell::UnsafeCell<()>` may contain interior mutability and a reference",
[INFO] [stdout]     },
[INFO] [stdout] ]
[INFO] [stdout] 
[INFO] [stdout] thread '[compile-fail] compile-fail/lua_norefunwindsafe.rs' panicked at 'explicit panic', /opt/rustwide/cargo-home/registry/src/github.com-1ecc6299db9ec823/compiletest_rs-0.4.1/src/runtest.rs:1091:13
[INFO] [stdout] stack backtrace:
[INFO] [stdout]    0:     0x562db41a75a0 - std::backtrace_rs::backtrace::libunwind::trace::hff4d1766e93f64f1
[INFO] [stdout]                                at /rustc/53fd98ca776cb875bc9e5514f56b52eb74f9e7a9/library/std/src/../../backtrace/src/backtrace/libunwind.rs:90:5
[INFO] [stdout]    1:     0x562db41a75a0 - std::backtrace_rs::backtrace::trace_unsynchronized::h56bbc8eb78770bcb
[INFO] [stdout]                                at /rustc/53fd98ca776cb875bc9e5514f56b52eb74f9e7a9/library/std/src/../../backtrace/src/backtrace/mod.rs:66:5
[INFO] [stdout]    2:     0x562db41a75a0 - std::sys_common::backtrace::_print_fmt::h5c8e75464faca780
[INFO] [stdout]                                at /rustc/53fd98ca776cb875bc9e5514f56b52eb74f9e7a9/library/std/src/sys_common/backtrace.rs:67:5
[INFO] [stdout]    3:     0x562db41a75a0 - <std::sys_common::backtrace::_print::DisplayBacktrace as core::fmt::Display>::fmt::h48b88277def8b362
[INFO] [stdout]                                at /rustc/53fd98ca776cb875bc9e5514f56b52eb74f9e7a9/library/std/src/sys_common/backtrace.rs:46:22
[INFO] [stdout]    4:     0x562db41cc6ac - core::fmt::write::h3381b3176fe2b3d3
[INFO] [stdout]                                at /rustc/53fd98ca776cb875bc9e5514f56b52eb74f9e7a9/library/core/src/fmt/mod.rs:1115:17
[INFO] [stdout]    5:     0x562db41a3745 - std::io::Write::write_fmt::h5f34a676f60246b5
[INFO] [stdout]                                at /rustc/53fd98ca776cb875bc9e5514f56b52eb74f9e7a9/library/std/src/io/mod.rs:1665:15
[INFO] [stdout]    6:     0x562db41aa29b - std::sys_common::backtrace::_print::ha537687d6c17dd0d
[INFO] [stdout]                                at /rustc/53fd98ca776cb875bc9e5514f56b52eb74f9e7a9/library/std/src/sys_common/backtrace.rs:49:5
[INFO] [stdout]    7:     0x562db41aa29b - std::sys_common::backtrace::print::h61376ae57d131d72
[INFO] [stdout]                                at /rustc/53fd98ca776cb875bc9e5514f56b52eb74f9e7a9/library/std/src/sys_common/backtrace.rs:36:9
[INFO] [stdout]    8:     0x562db41aa29b - std::panicking::default_hook::{{closure}}::h0f7208c0b9644a54
[INFO] [stdout]                                at /rustc/53fd98ca776cb875bc9e5514f56b52eb74f9e7a9/library/std/src/panicking.rs:208:50
[INFO] [stdout]    9:     0x562db41a9dac - std::panicking::default_hook::hdac7fc06578c14ce
[INFO] [stdout]                                at /rustc/53fd98ca776cb875bc9e5514f56b52eb74f9e7a9/library/std/src/panicking.rs:222:9
[INFO] [stdout]   10:     0x562db41aa964 - std::panicking::rust_panic_with_hook::h72b21c283da3d1ef
[INFO] [stdout]                                at /rustc/53fd98ca776cb875bc9e5514f56b52eb74f9e7a9/library/std/src/panicking.rs:622:17
[INFO] [stdout]   11:     0x562db3ff6f63 - std::panicking::begin_panic::{{closure}}::h1b438d5a276bca75
[INFO] [stdout]                                at /rustc/53fd98ca776cb875bc9e5514f56b52eb74f9e7a9/library/std/src/panicking.rs:542:9
[INFO] [stdout]   12:     0x562db3ff6de9 - std::sys_common::backtrace::__rust_end_short_backtrace::h235e96b756cf2c42
[INFO] [stdout]                                at /rustc/53fd98ca776cb875bc9e5514f56b52eb74f9e7a9/library/std/src/sys_common/backtrace.rs:141:18
[INFO] [stdout]   13:     0x562db3ff6e99 - std::panicking::begin_panic::h4d31eb4f6570976c
[INFO] [stdout]                                at /rustc/53fd98ca776cb875bc9e5514f56b52eb74f9e7a9/library/std/src/panicking.rs:541:12
[INFO] [stdout]   14:     0x562db3e69069 - compiletest_rs::runtest::TestCx::check_expected_errors::h9feef3995e7a4cf1
[INFO] [stdout]                                at /opt/rustwide/cargo-home/registry/src/github.com-1ecc6299db9ec823/compiletest_rs-0.4.1/src/runtest.rs:1091:13
[INFO] [stdout]   15:     0x562db3e5abc1 - compiletest_rs::runtest::TestCx::run_cfail_test::h4b645a0484a6f906
[INFO] [stdout]                                at /opt/rustwide/cargo-home/registry/src/github.com-1ecc6299db9ec823/compiletest_rs-0.4.1/src/runtest.rs:178:13
[INFO] [stdout]   16:     0x562db3e5a74c - compiletest_rs::runtest::TestCx::run_revision::hc1c6f6581e2efa8f
[INFO] [stdout]                                at /opt/rustwide/cargo-home/registry/src/github.com-1ecc6299db9ec823/compiletest_rs-0.4.1/src/runtest.rs:131:26
[INFO] [stdout]   17:     0x562db3e5a3dd - compiletest_rs::runtest::run::h94518c9d26124e2a
[INFO] [stdout]                                at /opt/rustwide/cargo-home/registry/src/github.com-1ecc6299db9ec823/compiletest_rs-0.4.1/src/runtest.rs:83:9
[INFO] [stdout]   18:     0x562db3dc8f15 - compiletest_rs::make_test_closure::{{closure}}::hc954248cd354d520
[INFO] [stdout]                                at /opt/rustwide/cargo-home/registry/src/github.com-1ecc6299db9ec823/compiletest_rs-0.4.1/src/lib.rs:296:9
[INFO] [stdout]   19:     0x562db3e3cece - core::ops::function::FnOnce::call_once{{vtable.shim}}::h225603dab84669bb
[INFO] [stdout]                                at /rustc/53fd98ca776cb875bc9e5514f56b52eb74f9e7a9/library/core/src/ops/function.rs:227:5
[INFO] [stdout]   20:     0x562db4101f1d - <alloc::boxed::Box<F,A> as core::ops::function::FnOnce<Args>>::call_once::hea17a9c63d5ab9e2
[INFO] [stdout]                                at /rustc/53fd98ca776cb875bc9e5514f56b52eb74f9e7a9/library/alloc/src/boxed.rs:1572:9
[INFO] [stdout]   21:     0x562db40ca674 - tester::__rust_begin_short_backtrace::h0055823f45091de2
[INFO] [stdout]                                at /opt/rustwide/cargo-home/registry/src/github.com-1ecc6299db9ec823/tester-0.7.0/src/lib.rs:543:5
[INFO] [stdout]   22:     0x562db40c9e83 - tester::run_test::{{closure}}::h32945d674526d24e
[INFO] [stdout]                                at /opt/rustwide/cargo-home/registry/src/github.com-1ecc6299db9ec823/tester-0.7.0/src/lib.rs:527:34
[INFO] [stdout]   23:     0x562db40e01e8 - core::ops::function::FnOnce::call_once{{vtable.shim}}::h669f3be39ade1bca
[INFO] [stdout]                                at /rustc/53fd98ca776cb875bc9e5514f56b52eb74f9e7a9/library/core/src/ops/function.rs:227:5
[INFO] [stdout]   24:     0x562db4101f1d - <alloc::boxed::Box<F,A> as core::ops::function::FnOnce<Args>>::call_once::hea17a9c63d5ab9e2
[INFO] [stdout]                                at /rustc/53fd98ca776cb875bc9e5514f56b52eb74f9e7a9/library/alloc/src/boxed.rs:1572:9
[INFO] [stdout]   25:     0x562db409f924 - <std::panic::AssertUnwindSafe<F> as core::ops::function::FnOnce<()>>::call_once::heab52ebd376d99b4
[INFO] [stdout]                                at /rustc/53fd98ca776cb875bc9e5514f56b52eb74f9e7a9/library/std/src/panic.rs:347:9
[INFO] [stdout]   26:     0x562db40bf99d - std::panicking::try::do_call::hfc045098bbc38e98
[INFO] [stdout]                                at /rustc/53fd98ca776cb875bc9e5514f56b52eb74f9e7a9/library/std/src/panicking.rs:401:40
[INFO] [stdout]   27:     0x562db40c31ad - __rust_try
[INFO] [stdout]   28:     0x562db40bf72d - std::panicking::try::h7a98ed2980d360b9
[INFO] [stdout]                                at /rustc/53fd98ca776cb875bc9e5514f56b52eb74f9e7a9/library/std/src/panicking.rs:365:19
[INFO] [stdout]   29:     0x562db40a11c4 - std::panic::catch_unwind::h7dc999159826d0e2
[INFO] [stdout]                                at /rustc/53fd98ca776cb875bc9e5514f56b52eb74f9e7a9/library/std/src/panic.rs:434:14
[INFO] [stdout]   30:     0x562db40ca8cc - tester::run_test_in_process::h120ed6f74b0737ca
[INFO] [stdout]                                at /opt/rustwide/cargo-home/registry/src/github.com-1ecc6299db9ec823/tester-0.7.0/src/lib.rs:578:18
[INFO] [stdout]   31:     0x562db40ca5b4 - tester::run_test::run_test_inner::{{closure}}::hff05fed3b77a999c
[INFO] [stdout]                                at /opt/rustwide/cargo-home/registry/src/github.com-1ecc6299db9ec823/tester-0.7.0/src/lib.rs:474:21
[INFO] [stdout]   32:     0x562db40bec03 - std::sys_common::backtrace::__rust_begin_short_backtrace::h2cd0d25469ec0782
[INFO] [stdout]                                at /rustc/53fd98ca776cb875bc9e5514f56b52eb74f9e7a9/library/std/src/sys_common/backtrace.rs:125:18
[INFO] [stdout]   33:     0x562db40dc690 - std::thread::Builder::spawn_unchecked::{{closure}}::{{closure}}::hf60ab33fc34ac5ac
[INFO] [stdout]                                at /rustc/53fd98ca776cb875bc9e5514f56b52eb74f9e7a9/library/std/src/thread/mod.rs:476:17
[INFO] [stdout]   34:     0x562db409f8a4 - <std::panic::AssertUnwindSafe<F> as core::ops::function::FnOnce<()>>::call_once::hcaf6d82c56242c4e
[INFO] [stdout]                                at /rustc/53fd98ca776cb875bc9e5514f56b52eb74f9e7a9/library/std/src/panic.rs:347:9
[INFO] [stdout]   35:     0x562db40bf8a2 - std::panicking::try::do_call::h6282427aa28e3086
[INFO] [stdout]                                at /rustc/53fd98ca776cb875bc9e5514f56b52eb74f9e7a9/library/std/src/panicking.rs:401:40
[INFO] [stdout]   36:     0x562db40c31ad - __rust_try
[INFO] [stdout]   37:     0x562db40bf387 - std::panicking::try::h09b1f48443a1fb74
[INFO] [stdout]                                at /rustc/53fd98ca776cb875bc9e5514f56b52eb74f9e7a9/library/std/src/panicking.rs:365:19
[INFO] [stdout]   38:     0x562db40a1164 - std::panic::catch_unwind::h3f4ba4d3dc052aa0
[INFO] [stdout]                                at /rustc/53fd98ca776cb875bc9e5514f56b52eb74f9e7a9/library/std/src/panic.rs:434:14
[INFO] [stdout]   39:     0x562db40dc49e - std::thread::Builder::spawn_unchecked::{{closure}}::h88f085e4ccace875
[INFO] [stdout]                                at /rustc/53fd98ca776cb875bc9e5514f56b52eb74f9e7a9/library/std/src/thread/mod.rs:475:30
[INFO] [stdout]   40:     0x562db40e01bf - core::ops::function::FnOnce::call_once{{vtable.shim}}::h1d316b3c94e9bac1
[INFO] [stdout]                                at /rustc/53fd98ca776cb875bc9e5514f56b52eb74f9e7a9/library/core/src/ops/function.rs:227:5
[INFO] [stdout]   41:     0x562db41b08f7 - <alloc::boxed::Box<F,A> as core::ops::function::FnOnce<Args>>::call_once::h65c29e4642be2358
[INFO] [stdout]                                at /rustc/53fd98ca776cb875bc9e5514f56b52eb74f9e7a9/library/alloc/src/boxed.rs:1572:9
[INFO] [stdout]   42:     0x562db41b08f7 - <alloc::boxed::Box<F,A> as core::ops::function::FnOnce<Args>>::call_once::hd0f8f7fbbd9fffbf
[INFO] [stdout]                                at /rustc/53fd98ca776cb875bc9e5514f56b52eb74f9e7a9/library/alloc/src/boxed.rs:1572:9
[INFO] [stdout]   43:     0x562db41b08f7 - std::sys::unix::thread::Thread::new::thread_start::h2fd22fee3ca77b65
[INFO] [stdout]                                at /rustc/53fd98ca776cb875bc9e5514f56b52eb74f9e7a9/library/std/src/sys/unix/thread.rs:74:17
[INFO] [stdout]   44:     0x7f288faab609 - start_thread
[INFO] [stdout]   45:     0x7f288f87d293 - clone
[INFO] [stdout]   46:                0x0 - <unknown>
[INFO] [stdout] 
[INFO] [stdout] error: tests/compile-fail/scope_callback_inner.rs:13: unexpected error: '13:21: 19:19: borrowed data escapes outside of closure [E0521]'
[INFO] [stdout] 
[INFO] [stdout] error: tests/compile-fail/scope_callback_inner.rs:14: unexpected error: '14:38: 14:51: closure may outlive the current function, but it borrows `inner`, which is owned by the current function [E0373]'
[INFO] [stdout] 
[INFO] [stdout] error: tests/compile-fail/scope_callback_inner.rs:14: expected error not found: cannot infer an appropriate lifetime for autoref due to conflicting
[INFO] [stdout] 
[INFO] [stdout] error: 2 unexpected errors found, 1 expected errors not found
[INFO] [stdout] status: exit status: 1
[INFO] [stdout] command: "rustc" "tests/compile-fail/scope_callback_inner.rs" "-L" "/tmp" "--target=x86_64-unknown-linux-gnu" "--error-format" "json" "-C" "prefer-dynamic" "-o" "/tmp/scope_callback_inner.stage-id" "-L" "/opt/rustwide/target/debug/build/rlua-09e9074671a9cbff/out" "-L" "/opt/rustwide/target/debug/deps" "-L" "/opt/rustwide/target/debug" "-L" "/opt/rustwide/rustup-home/toolchains/beta-2021-08-01-x86_64-unknown-linux-gnu/lib/rustlib/x86_64-unknown-linux-gnu/lib" "-L" "/opt/rustwide/rustup-home/toolchains/beta-2021-08-01-x86_64-unknown-linux-gnu/lib" "-L" "/tmp/scope_callback_inner.stage-id.aux" "-A" "unused"
[INFO] [stdout] unexpected errors (from JSON output): [
[INFO] [stdout]     Error {
[INFO] [stdout]         line_num: 13,
[INFO] [stdout]         kind: Some(
[INFO] [stdout]             Error,
[INFO] [stdout]         ),
[INFO] [stdout]         msg: "13:21: 19:19: borrowed data escapes outside of closure [E0521]",
[INFO] [stdout]     },
[INFO] [stdout]     Error {
[INFO] [stdout]         line_num: 14,
[INFO] [stdout]         kind: Some(
[INFO] [stdout]             Error,
[INFO] [stdout]         ),
[INFO] [stdout]         msg: "14:38: 14:51: closure may outlive the current function, but it borrows `inner`, which is owned by the current function [E0373]",
[INFO] [stdout]     },
[INFO] [stdout] ]
[INFO] [stdout] 
[INFO] [stdout] not found errors (from test file): [
[INFO] [stdout]     Error {
[INFO] [stdout]         line_num: 14,
[INFO] [stdout]         kind: Some(
[INFO] [stdout]             Error,
[INFO] [stdout]         ),
[INFO] [stdout]         msg: "cannot infer an appropriate lifetime for autoref due to conflicting",
[INFO] [stdout]     },
[INFO] [stdout] ]
[INFO] [stdout] 
[INFO] [stdout] thread '[compile-fail] compile-fail/scope_callback_inner.rs' panicked at 'explicit panic', /opt/rustwide/cargo-home/registry/src/github.com-1ecc6299db9ec823/compiletest_rs-0.4.1/src/runtest.rs:1091:13
[INFO] [stdout] stack backtrace:
[INFO] [stdout]    0:     0x562db41a75a0 - std::backtrace_rs::backtrace::libunwind::trace::hff4d1766e93f64f1
[INFO] [stdout]                                at /rustc/53fd98ca776cb875bc9e5514f56b52eb74f9e7a9/library/std/src/../../backtrace/src/backtrace/libunwind.rs:90:5
[INFO] [stdout]    1:     0x562db41a75a0 - std::backtrace_rs::backtrace::trace_unsynchronized::h56bbc8eb78770bcb
[INFO] [stdout]                                at /rustc/53fd98ca776cb875bc9e5514f56b52eb74f9e7a9/library/std/src/../../backtrace/src/backtrace/mod.rs:66:5
[INFO] [stdout]    2:     0x562db41a75a0 - std::sys_common::backtrace::_print_fmt::h5c8e75464faca780
[INFO] [stdout]                                at /rustc/53fd98ca776cb875bc9e5514f56b52eb74f9e7a9/library/std/src/sys_common/backtrace.rs:67:5
[INFO] [stdout]    3:     0x562db41a75a0 - <std::sys_common::backtrace::_print::DisplayBacktrace as core::fmt::Display>::fmt::h48b88277def8b362
[INFO] [stdout]                                at /rustc/53fd98ca776cb875bc9e5514f56b52eb74f9e7a9/library/std/src/sys_common/backtrace.rs:46:22
[INFO] [stdout]    4:     0x562db41cc6ac - core::fmt::write::h3381b3176fe2b3d3
[INFO] [stdout]                                at /rustc/53fd98ca776cb875bc9e5514f56b52eb74f9e7a9/library/core/src/fmt/mod.rs:1115:17
[INFO] [stdout]    5:     0x562db41a3745 - std::io::Write::write_fmt::h5f34a676f60246b5
[INFO] [stdout]                                at /rustc/53fd98ca776cb875bc9e5514f56b52eb74f9e7a9/library/std/src/io/mod.rs:1665:15
[INFO] [stdout]    6:     0x562db41aa29b - std::sys_common::backtrace::_print::ha537687d6c17dd0d
[INFO] [stdout]                                at /rustc/53fd98ca776cb875bc9e5514f56b52eb74f9e7a9/library/std/src/sys_common/backtrace.rs:49:5
[INFO] [stdout]    7:     0x562db41aa29b - std::sys_common::backtrace::print::h61376ae57d131d72
[INFO] [stdout]                                at /rustc/53fd98ca776cb875bc9e5514f56b52eb74f9e7a9/library/std/src/sys_common/backtrace.rs:36:9
[INFO] [stdout]    8:     0x562db41aa29b - std::panicking::default_hook::{{closure}}::h0f7208c0b9644a54
[INFO] [stdout]                                at /rustc/53fd98ca776cb875bc9e5514f56b52eb74f9e7a9/library/std/src/panicking.rs:208:50
[INFO] [stdout]    9:     0x562db41a9dac - std::panicking::default_hook::hdac7fc06578c14ce
[INFO] [stdout]                                at /rustc/53fd98ca776cb875bc9e5514f56b52eb74f9e7a9/library/std/src/panicking.rs:222:9
[INFO] [stdout]   10:     0x562db41aa964 - std::panicking::rust_panic_with_hook::h72b21c283da3d1ef
[INFO] [stdout]                                at /rustc/53fd98ca776cb875bc9e5514f56b52eb74f9e7a9/library/std/src/panicking.rs:622:17
[INFO] [stdout]   11:     0x562db3ff6f63 - std::panicking::begin_panic::{{closure}}::h1b438d5a276bca75
[INFO] [stdout]                                at /rustc/53fd98ca776cb875bc9e5514f56b52eb74f9e7a9/library/std/src/panicking.rs:542:9
[INFO] [stdout]   12:     0x562db3ff6de9 - std::sys_common::backtrace::__rust_end_short_backtrace::h235e96b756cf2c42
[INFO] [stdout]                                at /rustc/53fd98ca776cb875bc9e5514f56b52eb74f9e7a9/library/std/src/sys_common/backtrace.rs:141:18
[INFO] [stdout]   13:     0x562db3ff6e99 - std::panicking::begin_panic::h4d31eb4f6570976c
[INFO] [stdout]                                at /rustc/53fd98ca776cb875bc9e5514f56b52eb74f9e7a9/library/std/src/panicking.rs:541:12
[INFO] [stdout]   14:     0x562db3e69069 - compiletest_rs::runtest::TestCx::check_expected_errors::h9feef3995e7a4cf1
[INFO] [stdout]                                at /opt/rustwide/cargo-home/registry/src/github.com-1ecc6299db9ec823/compiletest_rs-0.4.1/src/runtest.rs:1091:13
[INFO] [stdout]   15:     0x562db3e5abc1 - compiletest_rs::runtest::TestCx::run_cfail_test::h4b645a0484a6f906
[INFO] [stdout]                                at /opt/rustwide/cargo-home/registry/src/github.com-1ecc6299db9ec823/compiletest_rs-0.4.1/src/runtest.rs:178:13
[INFO] [stdout]   16:     0x562db3e5a74c - compiletest_rs::runtest::TestCx::run_revision::hc1c6f6581e2efa8f
[INFO] [stdout]                                at /opt/rustwide/cargo-home/registry/src/github.com-1ecc6299db9ec823/compiletest_rs-0.4.1/src/runtest.rs:131:26
[INFO] [stdout]   17:     0x562db3e5a3dd - compiletest_rs::runtest::run::h94518c9d26124e2a
[INFO] [stdout]                                at /opt/rustwide/cargo-home/registry/src/github.com-1ecc6299db9ec823/compiletest_rs-0.4.1/src/runtest.rs:83:9
[INFO] [stdout]   18:     0x562db3dc8f15 - compiletest_rs::make_test_closure::{{closure}}::hc954248cd354d520
[INFO] [stdout]                                at /opt/rustwide/cargo-home/registry/src/github.com-1ecc6299db9ec823/compiletest_rs-0.4.1/src/lib.rs:296:9
[INFO] [stdout]   19:     0x562db3e3cece - core::ops::function::FnOnce::call_once{{vtable.shim}}::h225603dab84669bb
[INFO] [stdout]                                at /rustc/53fd98ca776cb875bc9e5514f56b52eb74f9e7a9/library/core/src/ops/function.rs:227:5
[INFO] [stdout]   20:     0x562db4101f1d - <alloc::boxed::Box<F,A> as core::ops::function::FnOnce<Args>>::call_once::hea17a9c63d5ab9e2
[INFO] [stdout]                                at /rustc/53fd98ca776cb875bc9e5514f56b52eb74f9e7a9/library/alloc/src/boxed.rs:1572:9
[INFO] [stdout]   21:     0x562db40ca674 - tester::__rust_begin_short_backtrace::h0055823f45091de2
[INFO] [stdout]                                at /opt/rustwide/cargo-home/registry/src/github.com-1ecc6299db9ec823/tester-0.7.0/src/lib.rs:543:5
[INFO] [stdout]   22:     0x562db40c9e83 - tester::run_test::{{closure}}::h32945d674526d24e
[INFO] [stdout]                                at /opt/rustwide/cargo-home/registry/src/github.com-1ecc6299db9ec823/tester-0.7.0/src/lib.rs:527:34
[INFO] [stdout]   23:     0x562db40e01e8 - core::ops::function::FnOnce::call_once{{vtable.shim}}::h669f3be39ade1bca
[INFO] [stdout]                                at /rustc/53fd98ca776cb875bc9e5514f56b52eb74f9e7a9/library/core/src/ops/function.rs:227:5
[INFO] [stdout]   24:     0x562db4101f1d - <alloc::boxed::Box<F,A> as core::ops::function::FnOnce<Args>>::call_once::hea17a9c63d5ab9e2
[INFO] [stdout]                                at /rustc/53fd98ca776cb875bc9e5514f56b52eb74f9e7a9/library/alloc/src/boxed.rs:1572:9
[INFO] [stdout]   25:     0x562db409f924 - <std::panic::AssertUnwindSafe<F> as core::ops::function::FnOnce<()>>::call_once::heab52ebd376d99b4
[INFO] [stdout]                                at /rustc/53fd98ca776cb875bc9e5514f56b52eb74f9e7a9/library/std/src/panic.rs:347:9
[INFO] [stdout]   26:     0x562db40bf99d - std::panicking::try::do_call::hfc045098bbc38e98
[INFO] [stdout]                                at /rustc/53fd98ca776cb875bc9e5514f56b52eb74f9e7a9/library/std/src/panicking.rs:401:40
[INFO] [stdout]   27:     0x562db40c31ad - __rust_try
[INFO] [stdout]   28:     0x562db40bf72d - std::panicking::try::h7a98ed2980d360b9
[INFO] [stdout]                                at /rustc/53fd98ca776cb875bc9e5514f56b52eb74f9e7a9/library/std/src/panicking.rs:365:19
[INFO] [stdout]   29:     0x562db40a11c4 - std::panic::catch_unwind::h7dc999159826d0e2
[INFO] [stdout]                                at /rustc/53fd98ca776cb875bc9e5514f56b52eb74f9e7a9/library/std/src/panic.rs:434:14
[INFO] [stdout]   30:     0x562db40ca8cc - tester::run_test_in_process::h120ed6f74b0737ca
[INFO] [stdout]                                at /opt/rustwide/cargo-home/registry/src/github.com-1ecc6299db9ec823/tester-0.7.0/src/lib.rs:578:18
[INFO] [stdout]   31:     0x562db40ca5b4 - tester::run_test::run_test_inner::{{closure}}::hff05fed3b77a999c
[INFO] [stdout]                                at /opt/rustwide/cargo-home/registry/src/github.com-1ecc6299db9ec823/tester-0.7.0/src/lib.rs:474:21
[INFO] [stdout]   32:     0x562db40bec03 - std::sys_common::backtrace::__rust_begin_short_backtrace::h2cd0d25469ec0782
[INFO] [stdout]                                at /rustc/53fd98ca776cb875bc9e5514f56b52eb74f9e7a9/library/std/src/sys_common/backtrace.rs:125:18
[INFO] [stdout]   33:     0x562db40dc690 - std::thread::Builder::spawn_unchecked::{{closure}}::{{closure}}::hf60ab33fc34ac5ac
[INFO] [stdout]                                at /rustc/53fd98ca776cb875bc9e5514f56b52eb74f9e7a9/library/std/src/thread/mod.rs:476:17
[INFO] [stdout]   34:     0x562db409f8a4 - <std::panic::AssertUnwindSafe<F> as core::ops::function::FnOnce<()>>::call_once::hcaf6d82c56242c4e
[INFO] [stdout]                                at /rustc/53fd98ca776cb875bc9e5514f56b52eb74f9e7a9/library/std/src/panic.rs:347:9
[INFO] [stdout]   35:     0x562db40bf8a2 - std::panicking::try::do_call::h6282427aa28e3086
[INFO] [stdout]                                at /rustc/53fd98ca776cb875bc9e5514f56b52eb74f9e7a9/library/std/src/panicking.rs:401:40
[INFO] [stdout]   36:     0x562db40c31ad - __rust_try
[INFO] [stdout]   37:     0x562db40bf387 - std::panicking::try::h09b1f48443a1fb74
[INFO] [stdout]                                at /rustc/53fd98ca776cb875bc9e5514f56b52eb74f9e7a9/library/std/src/panicking.rs:365:19
[INFO] [stdout]   38:     0x562db40a1164 - std::panic::catch_unwind::h3f4ba4d3dc052aa0
[INFO] [stdout]                                at /rustc/53fd98ca776cb875bc9e5514f56b52eb74f9e7a9/library/std/src/panic.rs:434:14
[INFO] [stdout]   39:     0x562db40dc49e - std::thread::Builder::spawn_unchecked::{{closure}}::h88f085e4ccace875
[INFO] [stdout]                                at /rustc/53fd98ca776cb875bc9e5514f56b52eb74f9e7a9/library/std/src/thread/mod.rs:475:30
[INFO] [stdout]   40:     0x562db40e01bf - core::ops::function::FnOnce::call_once{{vtable.shim}}::h1d316b3c94e9bac1
[INFO] [stdout]                                at /rustc/53fd98ca776cb875bc9e5514f56b52eb74f9e7a9/library/core/src/ops/function.rs:227:5
[INFO] [stdout]   41:     0x562db41b08f7 - <alloc::boxed::Box<F,A> as core::ops::function::FnOnce<Args>>::call_once::h65c29e4642be2358
[INFO] [stdout]                                at /rustc/53fd98ca776cb875bc9e5514f56b52eb74f9e7a9/library/alloc/src/boxed.rs:1572:9
[INFO] [stdout]   42:     0x562db41b08f7 - <alloc::boxed::Box<F,A> as core::ops::function::FnOnce<Args>>::call_once::hd0f8f7fbbd9fffbf
[INFO] [stdout]                                at /rustc/53fd98ca776cb875bc9e5514f56b52eb74f9e7a9/library/alloc/src/boxed.rs:1572:9
[INFO] [stdout]   43:     0x562db41b08f7 - std::sys::unix::thread::Thread::new::thread_start::h2fd22fee3ca77b65
[INFO] [stdout]                                at /rustc/53fd98ca776cb875bc9e5514f56b52eb74f9e7a9/library/std/src/sys/unix/thread.rs:74:17
[INFO] [stdout]   44:     0x7f288faab609 - start_thread
[INFO] [stdout]   45:     0x7f288f87d293 - clone
[INFO] [stdout]   46:                0x0 - <unknown>
[INFO] [stdout] 
[INFO] [stdout] error: tests/compile-fail/context_nounwindsafe.rs:9: unexpected error: '9:9: 9:21: the type `UnsafeCell<()>` may contain interior mutability and a reference may not be safely transferrable across a catch_unwind boundary [E0277]'
[INFO] [stdout] 
[INFO] [stdout] error: tests/compile-fail/context_nounwindsafe.rs:9: expected error not found: the type `std::cell::UnsafeCell<()>` may contain interior mutability and a reference
[INFO] [stdout] 
[INFO] [stdout] error: 1 unexpected errors found, 1 expected errors not found
[INFO] [stdout] status: exit status: 1
[INFO] [stdout] command: "rustc" "tests/compile-fail/context_nounwindsafe.rs" "-L" "/tmp" "--target=x86_64-unknown-linux-gnu" "--error-format" "json" "-C" "prefer-dynamic" "-o" "/tmp/context_nounwindsafe.stage-id" "-L" "/opt/rustwide/target/debug/build/rlua-09e9074671a9cbff/out" "-L" "/opt/rustwide/target/debug/deps" "-L" "/opt/rustwide/target/debug" "-L" "/opt/rustwide/rustup-home/toolchains/beta-2021-08-01-x86_64-unknown-linux-gnu/lib/rustlib/x86_64-unknown-linux-gnu/lib" "-L" "/opt/rustwide/rustup-home/toolchains/beta-2021-08-01-x86_64-unknown-linux-gnu/lib" "-L" "/tmp/context_nounwindsafe.stage-id.aux" "-A" "unused"
[INFO] [stdout] unexpected errors (from JSON output): [
[INFO] [stdout]     Error {
[INFO] [stdout]         line_num: 9,
[INFO] [stdout]         kind: Some(
[INFO] [stdout]             Error,
[INFO] [stdout]         ),
[INFO] [stdout]         msg: "9:9: 9:21: the type `UnsafeCell<()>` may contain interior mutability and a reference may not be safely transferrable across a catch_unwind boundary [E0277]",
[INFO] [stdout]     },
[INFO] [stdout] ]
[INFO] [stdout] 
[INFO] [stdout] not found errors (from test file): [
[INFO] [stdout]     Error {
[INFO] [stdout]         line_num: 9,
[INFO] [stdout]         kind: Some(
[INFO] [stdout]             Error,
[INFO] [stdout]         ),
[INFO] [stdout]         msg: "the type `std::cell::UnsafeCell<()>` may contain interior mutability and a reference",
[INFO] [stdout]     },
[INFO] [stdout] ]
[INFO] [stdout] 
[INFO] [stdout] thread '[compile-fail] compile-fail/context_nounwindsafe.rs' panicked at 'explicit panic', /opt/rustwide/cargo-home/registry/src/github.com-1ecc6299db9ec823/compiletest_rs-0.4.1/src/runtest.rs:1091:13
[INFO] [stdout] stack backtrace:
[INFO] [stdout]    0:     0x562db41a75a0 - std::backtrace_rs::backtrace::libunwind::trace::hff4d1766e93f64f1
[INFO] [stdout]                                at /rustc/53fd98ca776cb875bc9e5514f56b52eb74f9e7a9/library/std/src/../../backtrace/src/backtrace/libunwind.rs:90:5
[INFO] [stdout]    1:     0x562db41a75a0 - std::backtrace_rs::backtrace::trace_unsynchronized::h56bbc8eb78770bcb
[INFO] [stdout]                                at /rustc/53fd98ca776cb875bc9e5514f56b52eb74f9e7a9/library/std/src/../../backtrace/src/backtrace/mod.rs:66:5
[INFO] [stdout]    2:     0x562db41a75a0 - std::sys_common::backtrace::_print_fmt::h5c8e75464faca780
[INFO] [stdout]                                at /rustc/53fd98ca776cb875bc9e5514f56b52eb74f9e7a9/library/std/src/sys_common/backtrace.rs:67:5
[INFO] [stdout]    3:     0x562db41a75a0 - <std::sys_common::backtrace::_print::DisplayBacktrace as core::fmt::Display>::fmt::h48b88277def8b362
[INFO] [stdout]                                at /rustc/53fd98ca776cb875bc9e5514f56b52eb74f9e7a9/library/std/src/sys_common/backtrace.rs:46:22
[INFO] [stdout]    4:     0x562db41cc6ac - core::fmt::write::h3381b3176fe2b3d3
[INFO] [stdout]                                at /rustc/53fd98ca776cb875bc9e5514f56b52eb74f9e7a9/library/core/src/fmt/mod.rs:1115:17
[INFO] [stdout]    5:     0x562db41a3745 - std::io::Write::write_fmt::h5f34a676f60246b5
[INFO] [stdout]                                at /rustc/53fd98ca776cb875bc9e5514f56b52eb74f9e7a9/library/std/src/io/mod.rs:1665:15
[INFO] [stdout]    6:     0x562db41aa29b - std::sys_common::backtrace::_print::ha537687d6c17dd0d
[INFO] [stdout]                                at /rustc/53fd98ca776cb875bc9e5514f56b52eb74f9e7a9/library/std/src/sys_common/backtrace.rs:49:5
[INFO] [stdout]    7:     0x562db41aa29b - std::sys_common::backtrace::print::h61376ae57d131d72
[INFO] [stdout]                                at /rustc/53fd98ca776cb875bc9e5514f56b52eb74f9e7a9/library/std/src/sys_common/backtrace.rs:36:9
[INFO] [stdout]    8:     0x562db41aa29b - std::panicking::default_hook::{{closure}}::h0f7208c0b9644a54
[INFO] [stdout]                                at /rustc/53fd98ca776cb875bc9e5514f56b52eb74f9e7a9/library/std/src/panicking.rs:208:50
[INFO] [stdout]    9:     0x562db41a9dac - std::panicking::default_hook::hdac7fc06578c14ce
[INFO] [stdout]                                at /rustc/53fd98ca776cb875bc9e5514f56b52eb74f9e7a9/library/std/src/panicking.rs:222:9
[INFO] [stdout]   10:     0x562db41aa964 - std::panicking::rust_panic_with_hook::h72b21c283da3d1ef
[INFO] [stdout]                                at /rustc/53fd98ca776cb875bc9e5514f56b52eb74f9e7a9/library/std/src/panicking.rs:622:17
[INFO] [stdout]   11:     0x562db3ff6f63 - std::panicking::begin_panic::{{closure}}::h1b438d5a276bca75
[INFO] [stdout]                                at /rustc/53fd98ca776cb875bc9e5514f56b52eb74f9e7a9/library/std/src/panicking.rs:542:9
[INFO] [stdout]   12:     0x562db3ff6de9 - std::sys_common::backtrace::__rust_end_short_backtrace::h235e96b756cf2c42
[INFO] [stdout]                                at /rustc/53fd98ca776cb875bc9e5514f56b52eb74f9e7a9/library/std/src/sys_common/backtrace.rs:141:18
[INFO] [stdout]   13:     0x562db3ff6e99 - std::panicking::begin_panic::h4d31eb4f6570976c
[INFO] [stdout]                                at /rustc/53fd98ca776cb875bc9e5514f56b52eb74f9e7a9/library/std/src/panicking.rs:541:12
[INFO] [stdout]   14:     0x562db3e69069 - compiletest_rs::runtest::TestCx::check_expected_errors::h9feef3995e7a4cf1
[INFO] [stdout]                                at /opt/rustwide/cargo-home/registry/src/github.com-1ecc6299db9ec823/compiletest_rs-0.4.1/src/runtest.rs:1091:13
[INFO] [stdout]   15:     0x562db3e5abc1 - compiletest_rs::runtest::TestCx::run_cfail_test::h4b645a0484a6f906
[INFO] [stdout]                                at /opt/rustwide/cargo-home/registry/src/github.com-1ecc6299db9ec823/compiletest_rs-0.4.1/src/runtest.rs:178:13
[INFO] [stdout]   16:     0x562db3e5a74c - compiletest_rs::runtest::TestCx::run_revision::hc1c6f6581e2efa8f
[INFO] [stdout]                                at /opt/rustwide/cargo-home/registry/src/github.com-1ecc6299db9ec823/compiletest_rs-0.4.1/src/runtest.rs:131:26
[INFO] [stdout]   17:     0x562db3e5a3dd - compiletest_rs::runtest::run::h94518c9d26124e2a
[INFO] [stdout]                                at /opt/rustwide/cargo-home/registry/src/github.com-1ecc6299db9ec823/compiletest_rs-0.4.1/src/runtest.rs:83:9
[INFO] [stdout]   18:     0x562db3dc8f15 - compiletest_rs::make_test_closure::{{closure}}::hc954248cd354d520
[INFO] [stdout]                                at /opt/rustwide/cargo-home/registry/src/github.com-1ecc6299db9ec823/compiletest_rs-0.4.1/src/lib.rs:296:9
[INFO] [stdout]   19:     0x562db3e3cece - core::ops::function::FnOnce::call_once{{vtable.shim}}::h225603dab84669bb
[INFO] [stdout]                                at /rustc/53fd98ca776cb875bc9e5514f56b52eb74f9e7a9/library/core/src/ops/function.rs:227:5
[INFO] [stdout]   20:     0x562db4101f1d - <alloc::boxed::Box<F,A> as core::ops::function::FnOnce<Args>>::call_once::hea17a9c63d5ab9e2
[INFO] [stdout]                                at /rustc/53fd98ca776cb875bc9e5514f56b52eb74f9e7a9/library/alloc/src/boxed.rs:1572:9
[INFO] [stdout]   21:     0x562db40ca674 - tester::__rust_begin_short_backtrace::h0055823f45091de2
[INFO] [stdout]                                at /opt/rustwide/cargo-home/registry/src/github.com-1ecc6299db9ec823/tester-0.7.0/src/lib.rs:543:5
[INFO] [stdout]   22:     0x562db40c9e83 - tester::run_test::{{closure}}::h32945d674526d24e
[INFO] [stdout]                                at /opt/rustwide/cargo-home/registry/src/github.com-1ecc6299db9ec823/tester-0.7.0/src/lib.rs:527:34
[INFO] [stdout]   23:     0x562db40e01e8 - core::ops::function::FnOnce::call_once{{vtable.shim}}::h669f3be39ade1bca
[INFO] [stdout]                                at /rustc/53fd98ca776cb875bc9e5514f56b52eb74f9e7a9/library/core/src/ops/function.rs:227:5
[INFO] [stdout]   24:     0x562db4101f1d - <alloc::boxed::Box<F,A> as core::ops::function::FnOnce<Args>>::call_once::hea17a9c63d5ab9e2
[INFO] [stdout]                                at /rustc/53fd98ca776cb875bc9e5514f56b52eb74f9e7a9/library/alloc/src/boxed.rs:1572:9
[INFO] [stdout]   25:     0x562db409f924 - <std::panic::AssertUnwindSafe<F> as core::ops::function::FnOnce<()>>::call_once::heab52ebd376d99b4
[INFO] [stdout]                                at /rustc/53fd98ca776cb875bc9e5514f56b52eb74f9e7a9/library/std/src/panic.rs:347:9
[INFO] [stdout]   26:     0x562db40bf99d - std::panicking::try::do_call::hfc045098bbc38e98
[INFO] [stdout]                                at /rustc/53fd98ca776cb875bc9e5514f56b52eb74f9e7a9/library/std/src/panicking.rs:401:40
[INFO] [stdout]   27:     0x562db40c31ad - __rust_try
[INFO] [stdout]   28:     0x562db40bf72d - std::panicking::try::h7a98ed2980d360b9
[INFO] [stdout]                                at /rustc/53fd98ca776cb875bc9e5514f56b52eb74f9e7a9/library/std/src/panicking.rs:365:19
[INFO] [stdout]   29:     0x562db40a11c4 - std::panic::catch_unwind::h7dc999159826d0e2
[INFO] [stdout]                                at /rustc/53fd98ca776cb875bc9e5514f56b52eb74f9e7a9/library/std/src/panic.rs:434:14
[INFO] [stdout]   30:     0x562db40ca8cc - tester::run_test_in_process::h120ed6f74b0737ca
[INFO] [stdout]                                at /opt/rustwide/cargo-home/registry/src/github.com-1ecc6299db9ec823/tester-0.7.0/src/lib.rs:578:18
[INFO] [stdout]   31:     0x562db40ca5b4 - tester::run_test::run_test_inner::{{closure}}::hff05fed3b77a999c
[INFO] [stdout]                                at /opt/rustwide/cargo-home/registry/src/github.com-1ecc6299db9ec823/tester-0.7.0/src/lib.rs:474:21
[INFO] [stdout]   32:     0x562db40bec03 - std::sys_common::backtrace::__rust_begin_short_backtrace::h2cd0d25469ec0782
[INFO] [stdout]                                at /rustc/53fd98ca776cb875bc9e5514f56b52eb74f9e7a9/library/std/src/sys_common/backtrace.rs:125:18
[INFO] [stdout]   33:     0x562db40dc690 - std::thread::Builder::spawn_unchecked::{{closure}}::{{closure}}::hf60ab33fc34ac5ac
[INFO] [stdout]                                at /rustc/53fd98ca776cb875bc9e5514f56b52eb74f9e7a9/library/std/src/thread/mod.rs:476:17
[INFO] [stdout]   34:     0x562db409f8a4 - <std::panic::AssertUnwindSafe<F> as core::ops::function::FnOnce<()>>::call_once::hcaf6d82c56242c4e
[INFO] [stdout]                                at /rustc/53fd98ca776cb875bc9e5514f56b52eb74f9e7a9/library/std/src/panic.rs:347:9
[INFO] [stdout]   35:     0x562db40bf8a2 - std::panicking::try::do_call::h6282427aa28e3086
[INFO] [stdout]                                at /rustc/53fd98ca776cb875bc9e5514f56b52eb74f9e7a9/library/std/src/panicking.rs:401:40
[INFO] [stdout]   36:     0x562db40c31ad - __rust_try
[INFO] [stdout]   37:     0x562db40bf387 - std::panicking::try::h09b1f48443a1fb74
[INFO] [stdout]                                at /rustc/53fd98ca776cb875bc9e5514f56b52eb74f9e7a9/library/std/src/panicking.rs:365:19
[INFO] [stdout]   38:     0x562db40a1164 - std::panic::catch_unwind::h3f4ba4d3dc052aa0
[INFO] [stdout]                                at /rustc/53fd98ca776cb875bc9e5514f56b52eb74f9e7a9/library/std/src/panic.rs:434:14
[INFO] [stdout]   39:     0x562db40dc49e - std::thread::Builder::spawn_unchecked::{{closure}}::h88f085e4ccace875
[INFO] [stdout]                                at /rustc/53fd98ca776cb875bc9e5514f56b52eb74f9e7a9/library/std/src/thread/mod.rs:475:30
[INFO] [stdout]   40:     0x562db40e01bf - core::ops::function::FnOnce::call_once{{vtable.shim}}::h1d316b3c94e9bac1
[INFO] [stdout]                                at /rustc/53fd98ca776cb875bc9e5514f56b52eb74f9e7a9/library/core/src/ops/function.rs:227:5
[INFO] [stdout]   41:     0x562db41b08f7 - <alloc::boxed::Box<F,A> as core::ops::function::FnOnce<Args>>::call_once::h65c29e4642be2358
[INFO] [stdout]                                at /rustc/53fd98ca776cb875bc9e5514f56b52eb74f9e7a9/library/alloc/src/boxed.rs:1572:9
[INFO] [stdout]   42:     0x562db41b08f7 - <alloc::boxed::Box<F,A> as core::ops::function::FnOnce<Args>>::call_once::hd0f8f7fbbd9fffbf
[INFO] [stdout]                                at /rustc/53fd98ca776cb875bc9e5514f56b52eb74f9e7a9/library/alloc/src/boxed.rs:1572:9
[INFO] [stdout]   43:     0x562db41b08f7 - std::sys::unix::thread::Thread::new::thread_start::h2fd22fee3ca77b65
[INFO] [stdout]                                at /rustc/53fd98ca776cb875bc9e5514f56b52eb74f9e7a9/library/std/src/sys/unix/thread.rs:74:17
[INFO] [stdout]   44:     0x7f288faab609 - start_thread
[INFO] [stdout]   45:     0x7f288f87d293 - clone
[INFO] [stdout]   46:                0x0 - <unknown>
[INFO] [stdout] thread 'compile_test' panicked at 'Some tests failed', /opt/rustwide/cargo-home/registry/src/github.com-1ecc6299db9ec823/compiletest_rs-0.4.1/src/lib.rs:105:22
[INFO] [stdout] stack backtrace:
[INFO] [stdout]    0:     0x562db41a75a0 - std::backtrace_rs::backtrace::libunwind::trace::hff4d1766e93f64f1
[INFO] [stdout]                                at /rustc/53fd98ca776cb875bc9e5514f56b52eb74f9e7a9/library/std/src/../../backtrace/src/backtrace/libunwind.rs:90:5
[INFO] [stdout]    1:     0x562db41a75a0 - std::backtrace_rs::backtrace::trace_unsynchronized::h56bbc8eb78770bcb
[INFO] [stdout]                                at /rustc/53fd98ca776cb875bc9e5514f56b52eb74f9e7a9/library/std/src/../../backtrace/src/backtrace/mod.rs:66:5
[INFO] [stdout]    2:     0x562db41a75a0 - std::sys_common::backtrace::_print_fmt::h5c8e75464faca780
[INFO] [stdout]                                at /rustc/53fd98ca776cb875bc9e5514f56b52eb74f9e7a9/library/std/src/sys_common/backtrace.rs:67:5
[INFO] [stdout]    3:     0x562db41a75a0 - <std::sys_common::backtrace::_print::DisplayBacktrace as core::fmt::Display>::fmt::h48b88277def8b362
[INFO] [stdout]                                at /rustc/53fd98ca776cb875bc9e5514f56b52eb74f9e7a9/library/std/src/sys_common/backtrace.rs:46:22
[INFO] [stdout]    4:     0x562db41cc6ac - core::fmt::write::h3381b3176fe2b3d3
[INFO] [stdout]                                at /rustc/53fd98ca776cb875bc9e5514f56b52eb74f9e7a9/library/core/src/fmt/mod.rs:1115:17
[INFO] [stdout]    5:     0x562db41a3745 - std::io::Write::write_fmt::h5f34a676f60246b5
[INFO] [stdout]                                at /rustc/53fd98ca776cb875bc9e5514f56b52eb74f9e7a9/library/std/src/io/mod.rs:1665:15
[INFO] [stdout]    6:     0x562db41aa29b - std::sys_common::backtrace::_print::ha537687d6c17dd0d
[INFO] [stdout]                                at /rustc/53fd98ca776cb875bc9e5514f56b52eb74f9e7a9/library/std/src/sys_common/backtrace.rs:49:5
[INFO] [stdout]    7:     0x562db41aa29b - std::sys_common::backtrace::print::h61376ae57d131d72
[INFO] [stdout]                                at /rustc/53fd98ca776cb875bc9e5514f56b52eb74f9e7a9/library/std/src/sys_common/backtrace.rs:36:9
[INFO] [stdout]    8:     0x562db41aa29b - std::panicking::default_hook::{{closure}}::h0f7208c0b9644a54
[INFO] [stdout]                                at /rustc/53fd98ca776cb875bc9e5514f56b52eb74f9e7a9/library/std/src/panicking.rs:208:50
[INFO] [stdout]    9:     0x562db41a9dac - std::panicking::default_hook::hdac7fc06578c14ce
[INFO] [stdout]                                at /rustc/53fd98ca776cb875bc9e5514f56b52eb74f9e7a9/library/std/src/panicking.rs:222:9
[INFO] [stdout]   10:     0x562db41aa964 - std::panicking::rust_panic_with_hook::h72b21c283da3d1ef
[INFO] [stdout]                                at /rustc/53fd98ca776cb875bc9e5514f56b52eb74f9e7a9/library/std/src/panicking.rs:622:17
[INFO] [stdout]   11:     0x562db3ff6f63 - std::panicking::begin_panic::{{closure}}::h1b438d5a276bca75
[INFO] [stdout]                                at /rustc/53fd98ca776cb875bc9e5514f56b52eb74f9e7a9/library/std/src/panicking.rs:542:9
[INFO] [stdout]   12:     0x562db3ff6de9 - std::sys_common::backtrace::__rust_end_short_backtrace::h235e96b756cf2c42
[INFO] [stdout]                                at /rustc/53fd98ca776cb875bc9e5514f56b52eb74f9e7a9/library/std/src/sys_common/backtrace.rs:141:18
[INFO] [stdout]   13:     0x562db3ff6e99 - std::panicking::begin_panic::h4d31eb4f6570976c
[INFO] [stdout]                                at /rustc/53fd98ca776cb875bc9e5514f56b52eb74f9e7a9/library/std/src/panicking.rs:541:12
[INFO] [stdout]   14:     0x562db3dc5d0f - compiletest_rs::run_tests::hcc435e92dfbff603
[INFO] [stdout]                                at /opt/rustwide/cargo-home/registry/src/github.com-1ecc6299db9ec823/compiletest_rs-0.4.1/src/lib.rs:105:22
[INFO] [stdout]   15:     0x562db3dc0489 - compile_fail::run_mode::h78fa246c32e5daab
[INFO] [stdout]                                at /opt/rustwide/workdir/tests/compile-fail.rs:11:5
[INFO] [stdout]   16:     0x562db3dc04e2 - compile_fail::compile_test::h4b0848dffd6e64b2
[INFO] [stdout]                                at /opt/rustwide/workdir/tests/compile-fail.rs:16:5
[INFO] [stdout]   17:     0x562db3dc04ba - compile_fail::compile_test::{{closure}}::h3476fe9313f9cc35
[INFO] [stdout]                                at /opt/rustwide/workdir/tests/compile-fail.rs:15:1
[INFO] [stdout]   18:     0x562db3dc0a0e - core::ops::function::FnOnce::call_once::hb9f84f77f4cb7c7d
[INFO] [stdout]                                at /rustc/53fd98ca776cb875bc9e5514f56b52eb74f9e7a9/library/core/src/ops/function.rs:227:5
[INFO] [stdout]   19:     0x562db41874e3 - core::ops::function::FnOnce::call_once::hbb52c4519d3137b0
[INFO] [stdout]                                at /rustc/53fd98ca776cb875bc9e5514f56b52eb74f9e7a9/library/core/src/ops/function.rs:227:5
[INFO] [stdout]   20:     0x562db41874e3 - test::__rust_begin_short_backtrace::h86fe3a2a5a5121af
[INFO] [stdout]                                at /rustc/53fd98ca776cb875bc9e5514f56b52eb74f9e7a9/library/test/src/lib.rs:578:5
[INFO] [stdout]   21:     0x562db4185f98 - <alloc::boxed::Box<F,A> as core::ops::function::FnOnce<Args>>::call_once::hfd956bc3d57399be
[INFO] [stdout]                                at /rustc/53fd98ca776cb875bc9e5514f56b52eb74f9e7a9/library/alloc/src/boxed.rs:1572:9
[INFO] [stdout]   22:     0x562db4185f98 - <std::panic::AssertUnwindSafe<F> as core::ops::function::FnOnce<()>>::call_once::h40dc93e0ddb5938a
[INFO] [stdout]                                at /rustc/53fd98ca776cb875bc9e5514f56b52eb74f9e7a9/library/std/src/panic.rs:347:9
[INFO] [stdout]   23:     0x562db4185f98 - std::panicking::try::do_call::h90d07750cb47c562
[INFO] [stdout]                                at /rustc/53fd98ca776cb875bc9e5514f56b52eb74f9e7a9/library/std/src/panicking.rs:401:40
[INFO] [stdout]   24:     0x562db4185f98 - std::panicking::try::h063c84733ad2a629
[INFO] [stdout]                                at /rustc/53fd98ca776cb875bc9e5514f56b52eb74f9e7a9/library/std/src/panicking.rs:365:19
[INFO] [stdout]   25:     0x562db4185f98 - std::panic::catch_unwind::h0c464836a84e7c08
[INFO] [stdout]                                at /rustc/53fd98ca776cb875bc9e5514f56b52eb74f9e7a9/library/std/src/panic.rs:434:14
[INFO] [stdout]   26:     0x562db4185f98 - test::run_test_in_process::h5cb06ef620b157fc
[INFO] [stdout]                                at /rustc/53fd98ca776cb875bc9e5514f56b52eb74f9e7a9/library/test/src/lib.rs:601:18
[INFO] [stdout]   27:     0x562db4185f98 - test::run_test::run_test_inner::{{closure}}::h76f677f4b93f9828
[INFO] [stdout]                                at /rustc/53fd98ca776cb875bc9e5514f56b52eb74f9e7a9/library/test/src/lib.rs:493:39
[INFO] [stdout]   28:     0x562db415472d - test::run_test::run_test_inner::{{closure}}::h366d01fe04f4d67a
[INFO] [stdout]                                at /rustc/53fd98ca776cb875bc9e5514f56b52eb74f9e7a9/library/test/src/lib.rs:520:37
[INFO] [stdout]   29:     0x562db415472d - std::sys_common::backtrace::__rust_begin_short_backtrace::h7dfa0de4eb395af2
[INFO] [stdout]                                at /rustc/53fd98ca776cb875bc9e5514f56b52eb74f9e7a9/library/std/src/sys_common/backtrace.rs:125:18
[INFO] [stdout]   30:     0x562db4158ef8 - std::thread::Builder::spawn_unchecked::{{closure}}::{{closure}}::hf0a74bb58798037f
[INFO] [stdout]                                at /rustc/53fd98ca776cb875bc9e5514f56b52eb74f9e7a9/library/std/src/thread/mod.rs:476:17
[INFO] [stdout]   31:     0x562db4158ef8 - <std::panic::AssertUnwindSafe<F> as core::ops::function::FnOnce<()>>::call_once::hb024e854818586ac
[INFO] [stdout]                                at /rustc/53fd98ca776cb875bc9e5514f56b52eb74f9e7a9/library/std/src/panic.rs:347:9
[INFO] [stdout]   32:     0x562db4158ef8 - std::panicking::try::do_call::hb2dd9f1d0d48e41d
[INFO] [stdout]                                at /rustc/53fd98ca776cb875bc9e5514f56b52eb74f9e7a9/library/std/src/panicking.rs:401:40
[INFO] [stdout]   33:     0x562db4158ef8 - std::panicking::try::h4717ae7bac8b2bf3
[INFO] [stdout]                                at /rustc/53fd98ca776cb875bc9e5514f56b52eb74f9e7a9/library/std/src/panicking.rs:365:19
[INFO] [stdout]   34:     0x562db4158ef8 - std::panic::catch_unwind::h0dc8a061326ce8d8
[INFO] [stdout]                                at /rustc/53fd98ca776cb875bc9e5514f56b52eb74f9e7a9/library/std/src/panic.rs:434:14
[INFO] [stdout]   35:     0x562db4158ef8 - std::thread::Builder::spawn_unchecked::{{closure}}::haa369e2d6fd00aa1
[INFO] [stdout]                                at /rustc/53fd98ca776cb875bc9e5514f56b52eb74f9e7a9/library/std/src/thread/mod.rs:475:30
[INFO] [stdout]   36:     0x562db4158ef8 - core::ops::function::FnOnce::call_once{{vtable.shim}}::h36dcf3de8b056f17
[INFO] [stdout]                                at /rustc/53fd98ca776cb875bc9e5514f56b52eb74f9e7a9/library/core/src/ops/function.rs:227:5
[INFO] [stdout]   37:     0x562db41b08f7 - <alloc::boxed::Box<F,A> as core::ops::function::FnOnce<Args>>::call_once::h65c29e4642be2358
[INFO] [stdout]                                at /rustc/53fd98ca776cb875bc9e5514f56b52eb74f9e7a9/library/alloc/src/boxed.rs:1572:9
[INFO] [stdout]   38:     0x562db41b08f7 - <alloc::boxed::Box<F,A> as core::ops::function::FnOnce<Args>>::call_once::hd0f8f7fbbd9fffbf
[INFO] [stdout]                                at /rustc/53fd98ca776cb875bc9e5514f56b52eb74f9e7a9/library/alloc/src/boxed.rs:1572:9
[INFO] [stdout]   39:     0x562db41b08f7 - std::sys::unix::thread::Thread::new::thread_start::h2fd22fee3ca77b65
[INFO] [stdout]                                at /rustc/53fd98ca776cb875bc9e5514f56b52eb74f9e7a9/library/std/src/sys/unix/thread.rs:74:17
[INFO] [stdout]   40:     0x7f288faab609 - start_thread
[INFO] [stdout]   41:     0x7f288f87d293 - clone
[INFO] [stdout]   42:                0x0 - <unknown>
[INFO] [stdout] 
[INFO] [stdout] 
[INFO] [stdout] failures:
[INFO] [stdout]     compile_test
[INFO] [stdout] 
[INFO] [stdout] test result: FAILED. 0 passed; 1 failed; 0 ignored; 0 measured; 0 filtered out; finished in 1.65s
[INFO] [stdout] 
[INFO] [stderr] error: test failed, to rerun pass '--test compile-fail'
[INFO] running `Command { std: "docker" "inspect" "56c90b1255bdb2b226974a5392c91218e24426a600be39a96934035bd9c9eec0", kill_on_drop: false }`
[INFO] running `Command { std: "docker" "rm" "-f" "56c90b1255bdb2b226974a5392c91218e24426a600be39a96934035bd9c9eec0", kill_on_drop: false }`
[INFO] [stdout] 56c90b1255bdb2b226974a5392c91218e24426a600be39a96934035bd9c9eec0
