[INFO] cloning repository https://github.com/jsmnbom/polyblock-tui
[INFO] running `Command { std: "git" "-c" "credential.helper=" "-c" "credential.helper=/workspace/cargo-home/bin/git-credential-null" "clone" "--bare" "https://github.com/jsmnbom/polyblock-tui" "/workspace/cache/git-repos/https%3A%2F%2Fgithub.com%2Fjsmnbom%2Fpolyblock-tui", kill_on_drop: false }`
[INFO] [stderr] Cloning into bare repository '/workspace/cache/git-repos/https%3A%2F%2Fgithub.com%2Fjsmnbom%2Fpolyblock-tui'...
[INFO] running `Command { std: "git" "rev-parse" "HEAD", kill_on_drop: false }`
[INFO] [stdout] 3a79aa81f0b64ca9661bf525b81582f955f9b108
[INFO] testing jsmnbom/polyblock-tui against 1.54.0 for beta-1.55-1
[INFO] running `Command { std: "git" "clone" "/workspace/cache/git-repos/https%3A%2F%2Fgithub.com%2Fjsmnbom%2Fpolyblock-tui" "/workspace/builds/worker-7/source", kill_on_drop: false }`
[INFO] [stderr] Cloning into '/workspace/builds/worker-7/source'...
[INFO] [stderr] done.
[INFO] validating manifest of git repo https://github.com/jsmnbom/polyblock-tui on toolchain 1.54.0
[INFO] running `Command { std: "/workspace/cargo-home/bin/cargo" "+1.54.0" "metadata" "--manifest-path" "Cargo.toml" "--no-deps", kill_on_drop: false }`
[INFO] started tweaking git repo https://github.com/jsmnbom/polyblock-tui
[INFO] finished tweaking git repo https://github.com/jsmnbom/polyblock-tui
[INFO] tweaked toml for git repo https://github.com/jsmnbom/polyblock-tui written to /workspace/builds/worker-7/source/Cargo.toml
[INFO] crate git repo https://github.com/jsmnbom/polyblock-tui already has a lockfile, it will not be regenerated
[INFO] running `Command { std: "/workspace/cargo-home/bin/cargo" "+1.54.0" "fetch" "--manifest-path" "Cargo.toml", kill_on_drop: false }`
[INFO] [stderr]     Blocking waiting for file lock on package cache
[INFO] [stderr]  Downloading crates ...
[INFO] [stderr]   Downloaded array_tool v1.0.3
[INFO] [stderr]   Downloaded structopt v0.3.13
[INFO] [stderr]   Downloaded structopt-derive v0.4.6
[INFO] [stderr]   Downloaded tui v0.9.1
[INFO] [stderr]   Downloaded better-panic v0.2.0
[INFO] [stderr]   Downloaded parking_lot_core v0.7.1
[INFO] [stderr]   Downloaded async-compression v0.3.2
[INFO] [stderr]   Downloaded crossterm v0.17.3
[INFO] running `Command { std: "docker" "create" "-v" "/var/lib/crater-agent-workspace/builds/worker-7/target:/opt/rustwide/target:rw,Z" "-v" "/var/lib/crater-agent-workspace/builds/worker-7/source:/opt/rustwide/workdir:ro,Z" "-v" "/var/lib/crater-agent-workspace/cargo-home:/opt/rustwide/cargo-home:ro,Z" "-v" "/var/lib/crater-agent-workspace/rustup-home:/opt/rustwide/rustup-home:ro,Z" "-e" "SOURCE_DIR=/opt/rustwide/workdir" "-e" "CARGO_TARGET_DIR=/opt/rustwide/target" "-e" "CARGO_HOME=/opt/rustwide/cargo-home" "-e" "RUSTUP_HOME=/opt/rustwide/rustup-home" "-w" "/opt/rustwide/workdir" "-m" "1610612736" "--user" "0:0" "--network" "none" "ghcr.io/rust-lang/crates-build-env/linux@sha256:34b6a614d2c27851fe6cbf88fbd1137609cefab8b10d0615aaeb6fd47975d74e" "/opt/rustwide/cargo-home/bin/cargo" "+1.54.0" "metadata" "--no-deps" "--format-version=1", kill_on_drop: false }`
[INFO] [stdout] ed11e9a73446fc57b6d12b8b4be8c08d1d25f2818208ad47367b2489eef9bb8e
[INFO] running `Command { std: "docker" "start" "-a" "ed11e9a73446fc57b6d12b8b4be8c08d1d25f2818208ad47367b2489eef9bb8e", kill_on_drop: false }`
[INFO] running `Command { std: "docker" "inspect" "ed11e9a73446fc57b6d12b8b4be8c08d1d25f2818208ad47367b2489eef9bb8e", kill_on_drop: false }`
[INFO] running `Command { std: "docker" "rm" "-f" "ed11e9a73446fc57b6d12b8b4be8c08d1d25f2818208ad47367b2489eef9bb8e", kill_on_drop: false }`
[INFO] [stdout] ed11e9a73446fc57b6d12b8b4be8c08d1d25f2818208ad47367b2489eef9bb8e
[INFO] running `Command { std: "docker" "create" "-v" "/var/lib/crater-agent-workspace/builds/worker-7/target:/opt/rustwide/target:rw,Z" "-v" "/var/lib/crater-agent-workspace/builds/worker-7/source:/opt/rustwide/workdir:ro,Z" "-v" "/var/lib/crater-agent-workspace/cargo-home:/opt/rustwide/cargo-home:ro,Z" "-v" "/var/lib/crater-agent-workspace/rustup-home:/opt/rustwide/rustup-home:ro,Z" "-e" "SOURCE_DIR=/opt/rustwide/workdir" "-e" "CARGO_TARGET_DIR=/opt/rustwide/target" "-e" "CARGO_INCREMENTAL=0" "-e" "RUST_BACKTRACE=full" "-e" "RUSTFLAGS=--cap-lints=warn" "-e" "CARGO_HOME=/opt/rustwide/cargo-home" "-e" "RUSTUP_HOME=/opt/rustwide/rustup-home" "-w" "/opt/rustwide/workdir" "-m" "1610612736" "--user" "0:0" "--network" "none" "ghcr.io/rust-lang/crates-build-env/linux@sha256:34b6a614d2c27851fe6cbf88fbd1137609cefab8b10d0615aaeb6fd47975d74e" "/opt/rustwide/cargo-home/bin/cargo" "+1.54.0" "build" "--frozen" "--message-format=json", kill_on_drop: false }`
[INFO] [stdout] 5f3b1148f1afd3c4708f7aa5f5d309b85ac03edab0d4242cef9617b2e33ac217
[INFO] running `Command { std: "docker" "start" "-a" "5f3b1148f1afd3c4708f7aa5f5d309b85ac03edab0d4242cef9617b2e33ac217", kill_on_drop: false }`
[INFO] [stderr]    Compiling syn v1.0.17
[INFO] [stderr]    Compiling arc-swap v0.4.5
[INFO] [stderr]    Compiling proc-macro-nested v0.1.4
[INFO] [stderr]    Compiling smallvec v1.3.0
[INFO] [stderr]    Compiling proc-macro-hack v0.5.15
[INFO] [stderr]    Compiling openssl v0.10.29
[INFO] [stderr]    Compiling byteorder v1.3.4
[INFO] [stderr]    Compiling ryu v1.0.3
[INFO] [stderr]    Compiling podio v0.1.6
[INFO] [stderr]    Compiling cassowary v0.3.0
[INFO] [stderr]    Compiling open v1.4.0
[INFO] [stderr]    Compiling array_tool v1.0.3
[INFO] [stderr]    Compiling openssl-sys v0.9.55
[INFO] [stderr]    Compiling futures-channel v0.3.4
[INFO] [stderr]    Compiling http v0.2.1
[INFO] [stderr]    Compiling backtrace-sys v0.1.36
[INFO] [stderr]    Compiling bzip2-sys v0.1.8+1.0.8
[INFO] [stderr]    Compiling num-integer v0.1.42
[INFO] [stderr]    Compiling itertools v0.9.0
[INFO] [stderr]    Compiling getrandom v0.1.14
[INFO] [stderr]    Compiling flate2 v1.0.14
[INFO] [stderr]    Compiling inotify-sys v0.1.3
[INFO] [stderr]    Compiling clicolors-control v1.0.1
[INFO] [stderr]    Compiling termios v0.3.2
[INFO] [stderr]    Compiling dirs-sys v0.3.4
[INFO] [stderr]    Compiling filetime v0.2.9
[INFO] [stderr]    Compiling which v3.1.1
[INFO] [stderr]    Compiling mio v0.6.21
[INFO] [stderr]    Compiling mime_guess v2.0.3
[INFO] [stderr]    Compiling env_logger v0.7.1
[INFO] [stderr]    Compiling console v0.9.2
[INFO] [stderr]    Compiling unicode-normalization v0.1.12
[INFO] [stderr]    Compiling parking_lot_core v0.7.1
[INFO] [stderr]    Compiling inotify v0.7.0
[INFO] [stderr]    Compiling signal-hook-registry v1.2.0
[INFO] [stderr]    Compiling directories v2.0.2
[INFO] [stderr]    Compiling mio-uds v0.6.7
[INFO] [stderr]    Compiling mio-extras v2.0.6
[INFO] [stderr]    Compiling rand_core v0.5.1
[INFO] [stderr]    Compiling parking_lot v0.10.2
[INFO] [stderr]    Compiling async-compression v0.3.2
[INFO] [stderr]    Compiling signal-hook v0.1.13
[INFO] [stderr]    Compiling idna v0.2.0
[INFO] [stderr]    Compiling notify v4.0.15
[INFO] [stderr]    Compiling rand_chacha v0.2.2
[INFO] [stderr]    Compiling native-tls v0.2.4
[INFO] [stderr]    Compiling block-buffer v0.7.3
[INFO] [stderr]    Compiling bzip2 v0.3.3
[INFO] [stderr]    Compiling crossterm v0.17.3
[INFO] [stderr]    Compiling rand v0.7.3
[INFO] [stderr]    Compiling sha-1 v0.8.2
[INFO] [stderr]    Compiling url v2.1.1
[INFO] [stderr]    Compiling zip v0.5.5
[INFO] [stderr]    Compiling backtrace v0.3.46
[INFO] [stderr]    Compiling tui v0.9.1
[INFO] [stderr]    Compiling http-body v0.3.1
[INFO] [stderr]    Compiling better-panic v0.2.0
[INFO] [stderr]    Compiling syn-mid v0.5.0
[INFO] [stderr]    Compiling futures-macro v0.3.4
[INFO] [stderr]    Compiling serde_derive v1.0.106
[INFO] [stderr]    Compiling tokio-macros v0.2.5
[INFO] [stderr]    Compiling pin-project-internal v0.4.9
[INFO] [stderr]    Compiling proc-macro-error-attr v1.0.2
[INFO] [stderr]    Compiling async-trait v0.1.30
[INFO] [stderr]    Compiling proc-macro-error v1.0.2
[INFO] [stderr]    Compiling tokio v0.2.18
[INFO] [stderr]    Compiling structopt-derive v0.4.6
[INFO] [stderr]    Compiling futures-util v0.3.4
[INFO] [stderr]    Compiling pin-project v0.4.9
[INFO] [stderr]    Compiling futures-executor v0.3.4
[INFO] [stderr]    Compiling structopt v0.3.13
[INFO] [stderr]    Compiling futures v0.3.4
[INFO] [stderr]    Compiling tokio-util v0.3.1
[INFO] [stderr]    Compiling tokio-tls v0.3.0
[INFO] [stderr]    Compiling h2 v0.2.4
[INFO] [stderr]    Compiling serde v1.0.106
[INFO] [stderr]    Compiling hyper v0.13.5
[INFO] [stderr]    Compiling serde_urlencoded v0.6.1
[INFO] [stderr]    Compiling serde_json v1.0.51
[INFO] [stderr]    Compiling uuid v0.8.1
[INFO] [stderr]    Compiling toml v0.5.6
[INFO] [stderr]    Compiling chrono v0.4.11
[INFO] [stderr]    Compiling hyper-tls v0.4.1
[INFO] [stderr]    Compiling reqwest v0.10.4
[INFO] [stderr]    Compiling polyblock-tui v0.1.0 (/opt/rustwide/workdir)
[INFO] [stdout] warning: unused import: `anyhow`
[INFO] [stdout]  --> src/instance.rs:1:16
[INFO] [stdout]   |
[INFO] [stdout] 1 | use ::anyhow::{anyhow, Context};
[INFO] [stdout]   |                ^^^^^^
[INFO] [stdout]   |
[INFO] [stdout]   = note: `#[warn(unused_imports)]` on by default
[INFO] [stdout] 
[INFO] [stdout] 
[INFO] [stdout] warning: unused import: `crate::util`
[INFO] [stdout]   --> src/mods/mod.rs:10:5
[INFO] [stdout]    |
[INFO] [stdout] 10 | use crate::util;
[INFO] [stdout]    |     ^^^^^^^^^^^
[INFO] [stdout] 
[INFO] [stdout] 
[INFO] [stdout] warning: associated function is never used: `mods_directory`
[INFO] [stdout]   --> src/instance.rs:62:12
[INFO] [stdout]    |
[INFO] [stdout] 62 |     pub fn mods_directory(&self) -> PathBuf {
[INFO] [stdout]    |            ^^^^^^^^^^^^^^
[INFO] [stdout]    |
[INFO] [stdout]    = note: `#[warn(dead_code)]` on by default
[INFO] [stdout] 
[INFO] [stdout] 
[INFO] [stdout] warning: associated function is never used: `update_mod_file_info`
[INFO] [stdout]   --> src/instance.rs:66:12
[INFO] [stdout]    |
[INFO] [stdout] 66 |     pub fn update_mod_file_info(&mut self) -> ::anyhow::Result<()> {
[INFO] [stdout]    |            ^^^^^^^^^^^^^^^^^^^^
[INFO] [stdout] 
[INFO] [stdout] 
[INFO] [stdout] warning: associated function is never used: `conflicting_mods`
[INFO] [stdout]    --> src/instance.rs:115:12
[INFO] [stdout]     |
[INFO] [stdout] 115 |     pub fn conflicting_mods(&self, other: &ModInfo) -> Vec<(&PathBuf, &ModInfo)> {
[INFO] [stdout]     |            ^^^^^^^^^^^^^^^^
[INFO] [stdout] 
[INFO] [stdout] 
[INFO] [stdout] warning: associated function is never used: `mods_by_mod_ids`
[INFO] [stdout]    --> src/instance.rs:151:12
[INFO] [stdout]     |
[INFO] [stdout] 151 |     pub fn mods_by_mod_ids<S: AsRef<str>>(&self, mod_ids: Vec<S>) -> Vec<(&PathBuf, &ModInfo)> {
[INFO] [stdout]     |            ^^^^^^^^^^^^^^^
[INFO] [stdout] 
[INFO] [stdout] 
[INFO] [stdout] warning: associated function is never used: `fetch_files`
[INFO] [stdout]   --> src/mods/curse.rs:16:18
[INFO] [stdout]    |
[INFO] [stdout] 16 |     pub async fn fetch_files(project_id: u64) -> ::anyhow::Result<Vec<AddonFile>> {
[INFO] [stdout]    |                  ^^^^^^^^^^^
[INFO] [stdout] 
[INFO] [stdout] 
[INFO] [stdout] warning: associated function is never used: `from_file`
[INFO] [stdout]   --> src/mods/file_info.rs:33:12
[INFO] [stdout]    |
[INFO] [stdout] 33 |     pub fn from_file<P: AsRef<Path>>(path: P) -> ::anyhow::Result<Self> {
[INFO] [stdout]    |            ^^^^^^^^^
[INFO] [stdout] 
[INFO] [stdout] 
[INFO] [stdout] warning: associated function is never used: `from_mc_mod_info`
[INFO] [stdout]   --> src/mods/file_info.rs:68:8
[INFO] [stdout]    |
[INFO] [stdout] 68 |     fn from_mc_mod_info(mc_mod_info_str: &str) -> ::anyhow::Result<Self> {
[INFO] [stdout]    |        ^^^^^^^^^^^^^^^^
[INFO] [stdout] 
[INFO] [stdout] 
[INFO] [stdout] warning: associated function is never used: `from_mods_toml`
[INFO] [stdout]    --> src/mods/file_info.rs:104:8
[INFO] [stdout]     |
[INFO] [stdout] 104 |     fn from_mods_toml(
[INFO] [stdout]     |        ^^^^^^^^^^^^^^
[INFO] [stdout] 
[INFO] [stdout] 
[INFO] [stdout] warning: associated function is never used: `from_file`
[INFO] [stdout]   --> src/mods/mod.rs:21:12
[INFO] [stdout]    |
[INFO] [stdout] 21 |     pub fn from_file<P: AsRef<Path>>(path: P) -> ::anyhow::Result<Self> {
[INFO] [stdout]    |            ^^^^^^^^^
[INFO] [stdout] 
[INFO] [stdout] 
[INFO] [stdout] warning: function is never used: `is_all_same`
[INFO] [stdout]   --> src/util/mod.rs:95:8
[INFO] [stdout]    |
[INFO] [stdout] 95 | pub fn is_all_same<T: Eq>(slice: &[T]) -> bool {
[INFO] [stdout]    |        ^^^^^^^^^^^
[INFO] [stdout] 
[INFO] [stdout] 
[INFO] [stdout] warning: panic message is not a string literal
[INFO] [stdout]    --> src/main.rs:174:24
[INFO] [stdout]     |
[INFO] [stdout] 174 |                 panic!(format!("{:?}", e));
[INFO] [stdout]     |                        ^^^^^^^^^^^^^^^^^^
[INFO] [stdout]     |
[INFO] [stdout]     = note: `#[warn(non_fmt_panic)]` on by default
[INFO] [stdout]     = note: this is no longer accepted in Rust 2021
[INFO] [stdout]     = note: the panic!() macro supports formatting, so there's no need for the format!() macro here
[INFO] [stdout] help: remove the `format!(..)` macro call
[INFO] [stdout]     |
[INFO] [stdout] 174 |                 panic!("{:?}", e);
[INFO] [stdout]     |                       --       --
[INFO] [stdout] 
[INFO] [stdout] 
[INFO] [stdout] warning: 13 warnings emitted
[INFO] [stdout] 
[INFO] [stdout] 
[INFO] [stderr]     Finished dev [unoptimized + debuginfo] target(s) in 55.16s
[INFO] running `Command { std: "docker" "inspect" "5f3b1148f1afd3c4708f7aa5f5d309b85ac03edab0d4242cef9617b2e33ac217", kill_on_drop: false }`
[INFO] running `Command { std: "docker" "rm" "-f" "5f3b1148f1afd3c4708f7aa5f5d309b85ac03edab0d4242cef9617b2e33ac217", kill_on_drop: false }`
[INFO] [stdout] 5f3b1148f1afd3c4708f7aa5f5d309b85ac03edab0d4242cef9617b2e33ac217
[INFO] running `Command { std: "docker" "create" "-v" "/var/lib/crater-agent-workspace/builds/worker-7/target:/opt/rustwide/target:rw,Z" "-v" "/var/lib/crater-agent-workspace/builds/worker-7/source:/opt/rustwide/workdir:ro,Z" "-v" "/var/lib/crater-agent-workspace/cargo-home:/opt/rustwide/cargo-home:ro,Z" "-v" "/var/lib/crater-agent-workspace/rustup-home:/opt/rustwide/rustup-home:ro,Z" "-e" "SOURCE_DIR=/opt/rustwide/workdir" "-e" "CARGO_TARGET_DIR=/opt/rustwide/target" "-e" "CARGO_INCREMENTAL=0" "-e" "RUST_BACKTRACE=full" "-e" "RUSTFLAGS=--cap-lints=warn" "-e" "CARGO_HOME=/opt/rustwide/cargo-home" "-e" "RUSTUP_HOME=/opt/rustwide/rustup-home" "-w" "/opt/rustwide/workdir" "-m" "1610612736" "--user" "0:0" "--network" "none" "ghcr.io/rust-lang/crates-build-env/linux@sha256:34b6a614d2c27851fe6cbf88fbd1137609cefab8b10d0615aaeb6fd47975d74e" "/opt/rustwide/cargo-home/bin/cargo" "+1.54.0" "test" "--frozen" "--no-run" "--message-format=json", kill_on_drop: false }`
[INFO] [stdout] 0723e7dcede3cf6121be354f20eb79c057f66885f67a45cdb2ec846584e0ec21
[INFO] running `Command { std: "docker" "start" "-a" "0723e7dcede3cf6121be354f20eb79c057f66885f67a45cdb2ec846584e0ec21", kill_on_drop: false }`
[INFO] [stderr]    Compiling polyblock-tui v0.1.0 (/opt/rustwide/workdir)
[INFO] [stdout] warning: unused import: `anyhow`
[INFO] [stdout]  --> src/instance.rs:1:16
[INFO] [stdout]   |
[INFO] [stdout] 1 | use ::anyhow::{anyhow, Context};
[INFO] [stdout]   |                ^^^^^^
[INFO] [stdout]   |
[INFO] [stdout]   = note: `#[warn(unused_imports)]` on by default
[INFO] [stdout] 
[INFO] [stdout] 
[INFO] [stdout] warning: unused import: `crate::util`
[INFO] [stdout]   --> src/mods/mod.rs:10:5
[INFO] [stdout]    |
[INFO] [stdout] 10 | use crate::util;
[INFO] [stdout]    |     ^^^^^^^^^^^
[INFO] [stdout] 
[INFO] [stdout] 
[INFO] [stdout] warning: associated function is never used: `mods_directory`
[INFO] [stdout]   --> src/instance.rs:62:12
[INFO] [stdout]    |
[INFO] [stdout] 62 |     pub fn mods_directory(&self) -> PathBuf {
[INFO] [stdout]    |            ^^^^^^^^^^^^^^
[INFO] [stdout]    |
[INFO] [stdout]    = note: `#[warn(dead_code)]` on by default
[INFO] [stdout] 
[INFO] [stdout] 
[INFO] [stdout] warning: associated function is never used: `update_mod_file_info`
[INFO] [stdout]   --> src/instance.rs:66:12
[INFO] [stdout]    |
[INFO] [stdout] 66 |     pub fn update_mod_file_info(&mut self) -> ::anyhow::Result<()> {
[INFO] [stdout]    |            ^^^^^^^^^^^^^^^^^^^^
[INFO] [stdout] 
[INFO] [stdout] 
[INFO] [stdout] warning: associated function is never used: `conflicting_mods`
[INFO] [stdout]    --> src/instance.rs:115:12
[INFO] [stdout]     |
[INFO] [stdout] 115 |     pub fn conflicting_mods(&self, other: &ModInfo) -> Vec<(&PathBuf, &ModInfo)> {
[INFO] [stdout]     |            ^^^^^^^^^^^^^^^^
[INFO] [stdout] 
[INFO] [stdout] 
[INFO] [stdout] warning: associated function is never used: `mods_by_mod_ids`
[INFO] [stdout]    --> src/instance.rs:151:12
[INFO] [stdout]     |
[INFO] [stdout] 151 |     pub fn mods_by_mod_ids<S: AsRef<str>>(&self, mod_ids: Vec<S>) -> Vec<(&PathBuf, &ModInfo)> {
[INFO] [stdout]     |            ^^^^^^^^^^^^^^^
[INFO] [stdout] 
[INFO] [stdout] 
[INFO] [stdout] warning: associated function is never used: `fetch_files`
[INFO] [stdout]   --> src/mods/curse.rs:16:18
[INFO] [stdout]    |
[INFO] [stdout] 16 |     pub async fn fetch_files(project_id: u64) -> ::anyhow::Result<Vec<AddonFile>> {
[INFO] [stdout]    |                  ^^^^^^^^^^^
[INFO] [stdout] 
[INFO] [stdout] 
[INFO] [stdout] warning: associated function is never used: `from_file`
[INFO] [stdout]   --> src/mods/mod.rs:21:12
[INFO] [stdout]    |
[INFO] [stdout] 21 |     pub fn from_file<P: AsRef<Path>>(path: P) -> ::anyhow::Result<Self> {
[INFO] [stdout]    |            ^^^^^^^^^
[INFO] [stdout] 
[INFO] [stdout] 
[INFO] [stdout] warning: function is never used: `is_all_same`
[INFO] [stdout]   --> src/util/mod.rs:95:8
[INFO] [stdout]    |
[INFO] [stdout] 95 | pub fn is_all_same<T: Eq>(slice: &[T]) -> bool {
[INFO] [stdout]    |        ^^^^^^^^^^^
[INFO] [stdout] 
[INFO] [stdout] 
[INFO] [stdout] warning: panic message is not a string literal
[INFO] [stdout]    --> src/main.rs:174:24
[INFO] [stdout]     |
[INFO] [stdout] 174 |                 panic!(format!("{:?}", e));
[INFO] [stdout]     |                        ^^^^^^^^^^^^^^^^^^
[INFO] [stdout]     |
[INFO] [stdout]     = note: `#[warn(non_fmt_panic)]` on by default
[INFO] [stdout]     = note: this is no longer accepted in Rust 2021
[INFO] [stdout]     = note: the panic!() macro supports formatting, so there's no need for the format!() macro here
[INFO] [stdout] help: remove the `format!(..)` macro call
[INFO] [stdout]     |
[INFO] [stdout] 174 |                 panic!("{:?}", e);
[INFO] [stdout]     |                       --       --
[INFO] [stdout] 
[INFO] [stdout] 
[INFO] [stdout] warning: 10 warnings emitted
[INFO] [stdout] 
[INFO] [stdout] 
[INFO] [stderr]     Finished test [unoptimized + debuginfo] target(s) in 9.05s
[INFO] running `Command { std: "docker" "inspect" "0723e7dcede3cf6121be354f20eb79c057f66885f67a45cdb2ec846584e0ec21", kill_on_drop: false }`
[INFO] running `Command { std: "docker" "rm" "-f" "0723e7dcede3cf6121be354f20eb79c057f66885f67a45cdb2ec846584e0ec21", kill_on_drop: false }`
[INFO] [stdout] 0723e7dcede3cf6121be354f20eb79c057f66885f67a45cdb2ec846584e0ec21
[INFO] running `Command { std: "docker" "create" "-v" "/var/lib/crater-agent-workspace/builds/worker-7/target:/opt/rustwide/target:rw,Z" "-v" "/var/lib/crater-agent-workspace/builds/worker-7/source:/opt/rustwide/workdir:ro,Z" "-v" "/var/lib/crater-agent-workspace/cargo-home:/opt/rustwide/cargo-home:ro,Z" "-v" "/var/lib/crater-agent-workspace/rustup-home:/opt/rustwide/rustup-home:ro,Z" "-e" "SOURCE_DIR=/opt/rustwide/workdir" "-e" "CARGO_TARGET_DIR=/opt/rustwide/target" "-e" "CARGO_INCREMENTAL=0" "-e" "RUST_BACKTRACE=full" "-e" "RUSTFLAGS=--cap-lints=warn" "-e" "CARGO_HOME=/opt/rustwide/cargo-home" "-e" "RUSTUP_HOME=/opt/rustwide/rustup-home" "-w" "/opt/rustwide/workdir" "-m" "1610612736" "--user" "0:0" "--network" "none" "ghcr.io/rust-lang/crates-build-env/linux@sha256:34b6a614d2c27851fe6cbf88fbd1137609cefab8b10d0615aaeb6fd47975d74e" "/opt/rustwide/cargo-home/bin/cargo" "+1.54.0" "test" "--frozen", kill_on_drop: false }`
[INFO] [stdout] 7ccca73259ab03a1740b2273daed3eb77189e36c0fc5e32f83dd4a1ba956fc45
[INFO] running `Command { std: "docker" "start" "-a" "7ccca73259ab03a1740b2273daed3eb77189e36c0fc5e32f83dd4a1ba956fc45", kill_on_drop: false }`
[INFO] [stderr]     Blocking waiting for file lock on package cache
[INFO] [stderr] warning: unused import: `anyhow`
[INFO] [stderr]  --> src/instance.rs:1:16
[INFO] [stderr]   |
[INFO] [stderr] 1 | use ::anyhow::{anyhow, Context};
[INFO] [stderr]   |                ^^^^^^
[INFO] [stderr]   |
[INFO] [stderr]   = note: `#[warn(unused_imports)]` on by default
[INFO] [stderr] 
[INFO] [stderr] warning: unused import: `crate::util`
[INFO] [stderr]   --> src/mods/mod.rs:10:5
[INFO] [stderr]    |
[INFO] [stderr] 10 | use crate::util;
[INFO] [stderr]    |     ^^^^^^^^^^^
[INFO] [stderr] 
[INFO] [stderr] warning: associated function is never used: `mods_directory`
[INFO] [stderr]   --> src/instance.rs:62:12
[INFO] [stderr]    |
[INFO] [stderr] 62 |     pub fn mods_directory(&self) -> PathBuf {
[INFO] [stderr]    |            ^^^^^^^^^^^^^^
[INFO] [stderr]    |
[INFO] [stderr]    = note: `#[warn(dead_code)]` on by default
[INFO] [stderr] 
[INFO] [stderr] warning: associated function is never used: `update_mod_file_info`
[INFO] [stderr]   --> src/instance.rs:66:12
[INFO] [stderr]    |
[INFO] [stderr] 66 |     pub fn update_mod_file_info(&mut self) -> ::anyhow::Result<()> {
[INFO] [stderr]    |            ^^^^^^^^^^^^^^^^^^^^
[INFO] [stderr] 
[INFO] [stderr] warning: associated function is never used: `conflicting_mods`
[INFO] [stderr]    --> src/instance.rs:115:12
[INFO] [stderr]     |
[INFO] [stderr] 115 |     pub fn conflicting_mods(&self, other: &ModInfo) -> Vec<(&PathBuf, &ModInfo)> {
[INFO] [stderr]     |            ^^^^^^^^^^^^^^^^
[INFO] [stderr] 
[INFO] [stderr] warning: associated function is never used: `mods_by_mod_ids`
[INFO] [stderr]    --> src/instance.rs:151:12
[INFO] [stderr]     |
[INFO] [stderr] 151 |     pub fn mods_by_mod_ids<S: AsRef<str>>(&self, mod_ids: Vec<S>) -> Vec<(&PathBuf, &ModInfo)> {
[INFO] [stderr]     |            ^^^^^^^^^^^^^^^
[INFO] [stderr] 
[INFO] [stderr] warning: associated function is never used: `fetch_files`
[INFO] [stderr]   --> src/mods/curse.rs:16:18
[INFO] [stderr]    |
[INFO] [stderr] 16 |     pub async fn fetch_files(project_id: u64) -> ::anyhow::Result<Vec<AddonFile>> {
[INFO] [stderr]    |                  ^^^^^^^^^^^
[INFO] [stderr] 
[INFO] [stderr] warning: associated function is never used: `from_file`
[INFO] [stderr]   --> src/mods/mod.rs:21:12
[INFO] [stderr]    |
[INFO] [stderr] 21 |     pub fn from_file<P: AsRef<Path>>(path: P) -> ::anyhow::Result<Self> {
[INFO] [stderr]    |            ^^^^^^^^^
[INFO] [stderr] 
[INFO] [stderr] warning: function is never used: `is_all_same`
[INFO] [stderr]   --> src/util/mod.rs:95:8
[INFO] [stderr]    |
[INFO] [stderr] 95 | pub fn is_all_same<T: Eq>(slice: &[T]) -> bool {
[INFO] [stderr]    |        ^^^^^^^^^^^
[INFO] [stderr] 
[INFO] [stderr] warning: panic message is not a string literal
[INFO] [stderr]    --> src/main.rs:174:24
[INFO] [stderr]     |
[INFO] [stderr] 174 |                 panic!(format!("{:?}", e));
[INFO] [stderr]     |                        ^^^^^^^^^^^^^^^^^^
[INFO] [stderr]     |
[INFO] [stderr]     = note: `#[warn(non_fmt_panic)]` on by default
[INFO] [stderr]     = note: this is no longer accepted in Rust 2021
[INFO] [stderr]     = note: the panic!() macro supports formatting, so there's no need for the format!() macro here
[INFO] [stderr] help: remove the `format!(..)` macro call
[INFO] [stderr]     |
[INFO] [stderr] 174 |                 panic!("{:?}", e);
[INFO] [stderr]     |                       --       --
[INFO] [stderr] 
[INFO] [stderr] warning: 10 warnings emitted
[INFO] [stderr] 
[INFO] [stderr]     Finished test [unoptimized + debuginfo] target(s) in 0.16s
[INFO] [stderr]      Running unittests (/opt/rustwide/target/debug/deps/polyblock_tui-06de83f848568d1f)
[INFO] [stdout] 
[INFO] [stdout] running 6 tests
[INFO] [stdout] test util::java::tests::test_parse_maven_with_ext ... ok
[INFO] [stdout] test util::java::tests::test_parse_maven_with_ext_and_extra ... ok
[INFO] [stdout] test util::java::tests::test_parse_manifest ... ok
[INFO] [stdout] test util::java::tests::test_parse_maven ... ok
[INFO] [stdout] test mods::file_info::tests::get_mod_info_pre_1_13 ... FAILED
[INFO] [stdout] test mods::file_info::tests::get_mod_info_post_1_13 ... FAILED
[INFO] [stdout] 
[INFO] [stdout] failures:
[INFO] [stdout] 
[INFO] [stdout] ---- mods::file_info::tests::get_mod_info_pre_1_13 stdout ----
[INFO] [stdout] thread 'mods::file_info::tests::get_mod_info_pre_1_13' panicked at 'called `Result::unwrap()` on an `Err` value: No such file or directory (os error 2)', src/mods/file_info.rs:190:50
[INFO] [stdout] stack backtrace:
[INFO] [stdout]    0:     0x55d1eaaab8c0 - std::backtrace_rs::backtrace::libunwind::trace::h34055254b57d8e79
[INFO] [stdout]                                at /rustc/a178d0322ce20e33eac124758e837cbd80a6f633/library/std/src/../../backtrace/src/backtrace/libunwind.rs:90:5
[INFO] [stdout]    1:     0x55d1eaaab8c0 - std::backtrace_rs::backtrace::trace_unsynchronized::h8f1e3fbd9afff6ec
[INFO] [stdout]                                at /rustc/a178d0322ce20e33eac124758e837cbd80a6f633/library/std/src/../../backtrace/src/backtrace/mod.rs:66:5
[INFO] [stdout]    2:     0x55d1eaaab8c0 - std::sys_common::backtrace::_print_fmt::h3a99a796b770c360
[INFO] [stdout]                                at /rustc/a178d0322ce20e33eac124758e837cbd80a6f633/library/std/src/sys_common/backtrace.rs:67:5
[INFO] [stdout]    3:     0x55d1eaaab8c0 - <std::sys_common::backtrace::_print::DisplayBacktrace as core::fmt::Display>::fmt::h32d1f94a80615d18
[INFO] [stdout]                                at /rustc/a178d0322ce20e33eac124758e837cbd80a6f633/library/std/src/sys_common/backtrace.rs:46:22
[INFO] [stdout]    4:     0x55d1eaacf66c - core::fmt::write::h306731c068f7162c
[INFO] [stdout]                                at /rustc/a178d0322ce20e33eac124758e837cbd80a6f633/library/core/src/fmt/mod.rs:1110:17
[INFO] [stdout]    5:     0x55d1eaaa8665 - std::io::Write::write_fmt::h87f19b0a2cd190bc
[INFO] [stdout]                                at /rustc/a178d0322ce20e33eac124758e837cbd80a6f633/library/std/src/io/mod.rs:1588:15
[INFO] [stdout]    6:     0x55d1eaaada4b - std::sys_common::backtrace::_print::h5abaa2601a852287
[INFO] [stdout]                                at /rustc/a178d0322ce20e33eac124758e837cbd80a6f633/library/std/src/sys_common/backtrace.rs:49:5
[INFO] [stdout]    7:     0x55d1eaaada4b - std::sys_common::backtrace::print::h8d81445442bb638f
[INFO] [stdout]                                at /rustc/a178d0322ce20e33eac124758e837cbd80a6f633/library/std/src/sys_common/backtrace.rs:36:9
[INFO] [stdout]    8:     0x55d1eaaada4b - std::panicking::default_hook::{{closure}}::hcfe804496a9fa747
[INFO] [stdout]                                at /rustc/a178d0322ce20e33eac124758e837cbd80a6f633/library/std/src/panicking.rs:208:50
[INFO] [stdout]    9:     0x55d1eaaad55c - std::panicking::default_hook::hbea8e3ccf2ba8901
[INFO] [stdout]                                at /rustc/a178d0322ce20e33eac124758e837cbd80a6f633/library/std/src/panicking.rs:222:9
[INFO] [stdout]   10:     0x55d1eaaae114 - std::panicking::rust_panic_with_hook::h7ee9e1a2d0f8975a
[INFO] [stdout]                                at /rustc/a178d0322ce20e33eac124758e837cbd80a6f633/library/std/src/panicking.rs:622:17
[INFO] [stdout]   11:     0x55d1eaaadbf7 - std::panicking::begin_panic_handler::{{closure}}::h8ab3b4491718b2c7
[INFO] [stdout]                                at /rustc/a178d0322ce20e33eac124758e837cbd80a6f633/library/std/src/panicking.rs:519:13
[INFO] [stdout]   12:     0x55d1eaaabdbc - std::sys_common::backtrace::__rust_end_short_backtrace::hd489062ffa586a9f
[INFO] [stdout]                                at /rustc/a178d0322ce20e33eac124758e837cbd80a6f633/library/std/src/sys_common/backtrace.rs:141:18
[INFO] [stdout]   13:     0x55d1eaaadb59 - rust_begin_unwind
[INFO] [stdout]                                at /rustc/a178d0322ce20e33eac124758e837cbd80a6f633/library/std/src/panicking.rs:515:5
[INFO] [stdout]   14:     0x55d1ea926b51 - core::panicking::panic_fmt::hca6330e3e14086b4
[INFO] [stdout]                                at /rustc/a178d0322ce20e33eac124758e837cbd80a6f633/library/core/src/panicking.rs:92:14
[INFO] [stdout]   15:     0x55d1ea926c43 - core::result::unwrap_failed::h6160d2b4bfbb0e87
[INFO] [stdout]                                at /rustc/a178d0322ce20e33eac124758e837cbd80a6f633/library/core/src/result.rs:1355:5
[INFO] [stdout]   16:     0x55d1ea976adc - core::result::Result<T,E>::unwrap::h8f7a80cf1e3328f7
[INFO] [stdout]                                at /rustc/a178d0322ce20e33eac124758e837cbd80a6f633/library/core/src/result.rs:1037:23
[INFO] [stdout]   17:     0x55d1ea947347 - polyblock_tui::mods::file_info::tests::get_mod_info_pre_1_13::ha3ff0135de03f826
[INFO] [stdout]                                at /opt/rustwide/workdir/src/mods/file_info.rs:190:20
[INFO] [stdout]   18:     0x55d1ea94723a - polyblock_tui::mods::file_info::tests::get_mod_info_pre_1_13::{{closure}}::h86ab2a2fe16890ae
[INFO] [stdout]                                at /opt/rustwide/workdir/src/mods/file_info.rs:187:5
[INFO] [stdout]   19:     0x55d1ea95703e - core::ops::function::FnOnce::call_once::h544b0d03b1fb102e
[INFO] [stdout]                                at /rustc/a178d0322ce20e33eac124758e837cbd80a6f633/library/core/src/ops/function.rs:227:5
[INFO] [stdout]   20:     0x55d1eaa174b3 - core::ops::function::FnOnce::call_once::h152e7e439ff59e19
[INFO] [stdout]                                at /rustc/a178d0322ce20e33eac124758e837cbd80a6f633/library/core/src/ops/function.rs:227:5
[INFO] [stdout]   21:     0x55d1eaa174b3 - test::__rust_begin_short_backtrace::h0908f3b1fdbb72ab
[INFO] [stdout]                                at /rustc/a178d0322ce20e33eac124758e837cbd80a6f633/library/test/src/lib.rs:577:5
[INFO] [stdout]   22:     0x55d1eaa15f70 - <alloc::boxed::Box<F,A> as core::ops::function::FnOnce<Args>>::call_once::hf6d2a51e5587546c
[INFO] [stdout]                                at /rustc/a178d0322ce20e33eac124758e837cbd80a6f633/library/alloc/src/boxed.rs:1575:9
[INFO] [stdout]   23:     0x55d1eaa15f70 - <std::panic::AssertUnwindSafe<F> as core::ops::function::FnOnce<()>>::call_once::h8af660f3a89ef593
[INFO] [stdout]                                at /rustc/a178d0322ce20e33eac124758e837cbd80a6f633/library/std/src/panic.rs:347:9
[INFO] [stdout]   24:     0x55d1eaa15f70 - std::panicking::try::do_call::hd36aef60f84b6d36
[INFO] [stdout]                                at /rustc/a178d0322ce20e33eac124758e837cbd80a6f633/library/std/src/panicking.rs:401:40
[INFO] [stdout]   25:     0x55d1eaa15f70 - std::panicking::try::h9932b4480e69817c
[INFO] [stdout]                                at /rustc/a178d0322ce20e33eac124758e837cbd80a6f633/library/std/src/panicking.rs:365:19
[INFO] [stdout]   26:     0x55d1eaa15f70 - std::panic::catch_unwind::h6aa177099cfff5f8
[INFO] [stdout]                                at /rustc/a178d0322ce20e33eac124758e837cbd80a6f633/library/std/src/panic.rs:434:14
[INFO] [stdout]   27:     0x55d1eaa15f70 - test::run_test_in_process::h5884d6f2d99e20c3
[INFO] [stdout]                                at /rustc/a178d0322ce20e33eac124758e837cbd80a6f633/library/test/src/lib.rs:600:18
[INFO] [stdout]   28:     0x55d1eaa15f70 - test::run_test::run_test_inner::{{closure}}::h6fdc58c6d5f5b6e3
[INFO] [stdout]                                at /rustc/a178d0322ce20e33eac124758e837cbd80a6f633/library/test/src/lib.rs:492:39
[INFO] [stdout]   29:     0x55d1ea9ef622 - test::run_test::run_test_inner::{{closure}}::h408365d67a78ade8
[INFO] [stdout]                                at /rustc/a178d0322ce20e33eac124758e837cbd80a6f633/library/test/src/lib.rs:519:37
[INFO] [stdout]   30:     0x55d1ea9ef622 - std::sys_common::backtrace::__rust_begin_short_backtrace::hb560b77c4f701523
[INFO] [stdout]                                at /rustc/a178d0322ce20e33eac124758e837cbd80a6f633/library/std/src/sys_common/backtrace.rs:125:18
[INFO] [stdout]   31:     0x55d1ea9f31d8 - std::thread::Builder::spawn_unchecked::{{closure}}::{{closure}}::hf2e7831dad93c597
[INFO] [stdout]                                at /rustc/a178d0322ce20e33eac124758e837cbd80a6f633/library/std/src/thread/mod.rs:481:17
[INFO] [stdout]   32:     0x55d1ea9f31d8 - <std::panic::AssertUnwindSafe<F> as core::ops::function::FnOnce<()>>::call_once::hd2e08783d8be4d02
[INFO] [stdout]                                at /rustc/a178d0322ce20e33eac124758e837cbd80a6f633/library/std/src/panic.rs:347:9
[INFO] [stdout]   33:     0x55d1ea9f31d8 - std::panicking::try::do_call::h062597b7acfd6b82
[INFO] [stdout]                                at /rustc/a178d0322ce20e33eac124758e837cbd80a6f633/library/std/src/panicking.rs:401:40
[INFO] [stdout]   34:     0x55d1ea9f31d8 - std::panicking::try::h0d7b79db04c14552
[INFO] [stdout]                                at /rustc/a178d0322ce20e33eac124758e837cbd80a6f633/library/std/src/panicking.rs:365:19
[INFO] [stdout]   35:     0x55d1ea9f31d8 - std::panic::catch_unwind::hb01a0b5e7c8cd43b
[INFO] [stdout]                                at /rustc/a178d0322ce20e33eac124758e837cbd80a6f633/library/std/src/panic.rs:434:14
[INFO] [stdout]   36:     0x55d1ea9f31d8 - std::thread::Builder::spawn_unchecked::{{closure}}::h5bde48cc887e0d1e
[INFO] [stdout]                                at /rustc/a178d0322ce20e33eac124758e837cbd80a6f633/library/std/src/thread/mod.rs:480:30
[INFO] [stdout]   37:     0x55d1ea9f31d8 - core::ops::function::FnOnce::call_once{{vtable.shim}}::h745ea30807a29e55
[INFO] [stdout]                                at /rustc/a178d0322ce20e33eac124758e837cbd80a6f633/library/core/src/ops/function.rs:227:5
[INFO] [stdout]   38:     0x55d1eaab2bd7 - <alloc::boxed::Box<F,A> as core::ops::function::FnOnce<Args>>::call_once::h7ece6cfefaff1005
[INFO] [stdout]                                at /rustc/a178d0322ce20e33eac124758e837cbd80a6f633/library/alloc/src/boxed.rs:1575:9
[INFO] [stdout]   39:     0x55d1eaab2bd7 - <alloc::boxed::Box<F,A> as core::ops::function::FnOnce<Args>>::call_once::hb8b48e55c21f193e
[INFO] [stdout]                                at /rustc/a178d0322ce20e33eac124758e837cbd80a6f633/library/alloc/src/boxed.rs:1575:9
[INFO] [stdout]   40:     0x55d1eaab2bd7 - std::sys::unix::thread::Thread::new::thread_start::h8c7c4450dba62914
[INFO] [stdout]                                at /rustc/a178d0322ce20e33eac124758e837cbd80a6f633/library/std/src/sys/unix/thread.rs:71:17
[INFO] [stdout]   41:     0x7f7d54f77609 - start_thread
[INFO] [stdout]   42:     0x7f7d5543f293 - clone
[INFO] [stdout]   43:                0x0 - <unknown>
[INFO] [stdout] 
[INFO] [stdout] ---- mods::file_info::tests::get_mod_info_post_1_13 stdout ----
[INFO] [stdout] thread 'mods::file_info::tests::get_mod_info_post_1_13' panicked at 'called `Result::unwrap()` on an `Err` value: No such file or directory (os error 2)', src/mods/file_info.rs:171:50
[INFO] [stdout] stack backtrace:
[INFO] [stdout]    0:     0x55d1eaaab8c0 - std::backtrace_rs::backtrace::libunwind::trace::h34055254b57d8e79
[INFO] [stdout]                                at /rustc/a178d0322ce20e33eac124758e837cbd80a6f633/library/std/src/../../backtrace/src/backtrace/libunwind.rs:90:5
[INFO] [stdout]    1:     0x55d1eaaab8c0 - std::backtrace_rs::backtrace::trace_unsynchronized::h8f1e3fbd9afff6ec
[INFO] [stdout]                                at /rustc/a178d0322ce20e33eac124758e837cbd80a6f633/library/std/src/../../backtrace/src/backtrace/mod.rs:66:5
[INFO] [stdout]    2:     0x55d1eaaab8c0 - std::sys_common::backtrace::_print_fmt::h3a99a796b770c360
[INFO] [stdout]                                at /rustc/a178d0322ce20e33eac124758e837cbd80a6f633/library/std/src/sys_common/backtrace.rs:67:5
[INFO] [stdout]    3:     0x55d1eaaab8c0 - <std::sys_common::backtrace::_print::DisplayBacktrace as core::fmt::Display>::fmt::h32d1f94a80615d18
[INFO] [stdout]                                at /rustc/a178d0322ce20e33eac124758e837cbd80a6f633/library/std/src/sys_common/backtrace.rs:46:22
[INFO] [stdout]    4:     0x55d1eaacf66c - core::fmt::write::h306731c068f7162c
[INFO] [stdout]                                at /rustc/a178d0322ce20e33eac124758e837cbd80a6f633/library/core/src/fmt/mod.rs:1110:17
[INFO] [stdout]    5:     0x55d1eaaa8665 - std::io::Write::write_fmt::h87f19b0a2cd190bc
[INFO] [stdout]                                at /rustc/a178d0322ce20e33eac124758e837cbd80a6f633/library/std/src/io/mod.rs:1588:15
[INFO] [stdout]    6:     0x55d1eaaada4b - std::sys_common::backtrace::_print::h5abaa2601a852287
[INFO] [stdout]                                at /rustc/a178d0322ce20e33eac124758e837cbd80a6f633/library/std/src/sys_common/backtrace.rs:49:5
[INFO] [stdout]    7:     0x55d1eaaada4b - std::sys_common::backtrace::print::h8d81445442bb638f
[INFO] [stdout]                                at /rustc/a178d0322ce20e33eac124758e837cbd80a6f633/library/std/src/sys_common/backtrace.rs:36:9
[INFO] [stdout]    8:     0x55d1eaaada4b - std::panicking::default_hook::{{closure}}::hcfe804496a9fa747
[INFO] [stdout]                                at /rustc/a178d0322ce20e33eac124758e837cbd80a6f633/library/std/src/panicking.rs:208:50
[INFO] [stdout]    9:     0x55d1eaaad55c - std::panicking::default_hook::hbea8e3ccf2ba8901
[INFO] [stdout]                                at /rustc/a178d0322ce20e33eac124758e837cbd80a6f633/library/std/src/panicking.rs:222:9
[INFO] [stdout]   10:     0x55d1eaaae114 - std::panicking::rust_panic_with_hook::h7ee9e1a2d0f8975a
[INFO] [stdout]                                at /rustc/a178d0322ce20e33eac124758e837cbd80a6f633/library/std/src/panicking.rs:622:17
[INFO] [stdout]   11:     0x55d1eaaadbf7 - std::panicking::begin_panic_handler::{{closure}}::h8ab3b4491718b2c7
[INFO] [stdout]                                at /rustc/a178d0322ce20e33eac124758e837cbd80a6f633/library/std/src/panicking.rs:519:13
[INFO] [stdout]   12:     0x55d1eaaabdbc - std::sys_common::backtrace::__rust_end_short_backtrace::hd489062ffa586a9f
[INFO] [stdout]                                at /rustc/a178d0322ce20e33eac124758e837cbd80a6f633/library/std/src/sys_common/backtrace.rs:141:18
[INFO] [stdout]   13:     0x55d1eaaadb59 - rust_begin_unwind
[INFO] [stdout]                                at /rustc/a178d0322ce20e33eac124758e837cbd80a6f633/library/std/src/panicking.rs:515:5
[INFO] [stdout]   14:     0x55d1ea926b51 - core::panicking::panic_fmt::hca6330e3e14086b4
[INFO] [stdout]                                at /rustc/a178d0322ce20e33eac124758e837cbd80a6f633/library/core/src/panicking.rs:92:14
[INFO] [stdout]   15:     0x55d1ea926c43 - core::result::unwrap_failed::h6160d2b4bfbb0e87
[INFO] [stdout]                                at /rustc/a178d0322ce20e33eac124758e837cbd80a6f633/library/core/src/result.rs:1355:5
[INFO] [stdout]   16:     0x55d1ea976adc - core::result::Result<T,E>::unwrap::h8f7a80cf1e3328f7
[INFO] [stdout]                                at /rustc/a178d0322ce20e33eac124758e837cbd80a6f633/library/core/src/result.rs:1037:23
[INFO] [stdout]   17:     0x55d1ea946d07 - polyblock_tui::mods::file_info::tests::get_mod_info_post_1_13::he00ed59d02496a5e
[INFO] [stdout]                                at /opt/rustwide/workdir/src/mods/file_info.rs:171:20
[INFO] [stdout]   18:     0x55d1ea946bfa - polyblock_tui::mods::file_info::tests::get_mod_info_post_1_13::{{closure}}::h6eb9a4e9f8848a79
[INFO] [stdout]                                at /opt/rustwide/workdir/src/mods/file_info.rs:168:5
[INFO] [stdout]   19:     0x55d1ea9571be - core::ops::function::FnOnce::call_once::he967f82e975842dc
[INFO] [stdout]                                at /rustc/a178d0322ce20e33eac124758e837cbd80a6f633/library/core/src/ops/function.rs:227:5
[INFO] [stdout]   20:     0x55d1eaa174b3 - core::ops::function::FnOnce::call_once::h152e7e439ff59e19
[INFO] [stdout]                                at /rustc/a178d0322ce20e33eac124758e837cbd80a6f633/library/core/src/ops/function.rs:227:5
[INFO] [stdout]   21:     0x55d1eaa174b3 - test::__rust_begin_short_backtrace::h0908f3b1fdbb72ab
[INFO] [stdout]                                at /rustc/a178d0322ce20e33eac124758e837cbd80a6f633/library/test/src/lib.rs:577:5
[INFO] [stdout]   22:     0x55d1eaa15f70 - <alloc::boxed::Box<F,A> as core::ops::function::FnOnce<Args>>::call_once::hf6d2a51e5587546c
[INFO] [stdout]                                at /rustc/a178d0322ce20e33eac124758e837cbd80a6f633/library/alloc/src/boxed.rs:1575:9
[INFO] [stdout]   23:     0x55d1eaa15f70 - <std::panic::AssertUnwindSafe<F> as core::ops::function::FnOnce<()>>::call_once::h8af660f3a89ef593
[INFO] [stdout]                                at /rustc/a178d0322ce20e33eac124758e837cbd80a6f633/library/std/src/panic.rs:347:9
[INFO] [stdout]   24:     0x55d1eaa15f70 - std::panicking::try::do_call::hd36aef60f84b6d36
[INFO] [stdout]                                at /rustc/a178d0322ce20e33eac124758e837cbd80a6f633/library/std/src/panicking.rs:401:40
[INFO] [stdout]   25:     0x55d1eaa15f70 - std::panicking::try::h9932b4480e69817c
[INFO] [stdout]                                at /rustc/a178d0322ce20e33eac124758e837cbd80a6f633/library/std/src/panicking.rs:365:19
[INFO] [stdout]   26:     0x55d1eaa15f70 - std::panic::catch_unwind::h6aa177099cfff5f8
[INFO] [stdout]                                at /rustc/a178d0322ce20e33eac124758e837cbd80a6f633/library/std/src/panic.rs:434:14
[INFO] [stdout]   27:     0x55d1eaa15f70 - test::run_test_in_process::h5884d6f2d99e20c3
[INFO] [stdout]                                at /rustc/a178d0322ce20e33eac124758e837cbd80a6f633/library/test/src/lib.rs:600:18
[INFO] [stdout]   28:     0x55d1eaa15f70 - test::run_test::run_test_inner::{{closure}}::h6fdc58c6d5f5b6e3
[INFO] [stdout]                                at /rustc/a178d0322ce20e33eac124758e837cbd80a6f633/library/test/src/lib.rs:492:39
[INFO] [stdout]   29:     0x55d1ea9ef622 - test::run_test::run_test_inner::{{closure}}::h408365d67a78ade8
[INFO] [stdout]                                at /rustc/a178d0322ce20e33eac124758e837cbd80a6f633/library/test/src/lib.rs:519:37
[INFO] [stdout]   30:     0x55d1ea9ef622 - std::sys_common::backtrace::__rust_begin_short_backtrace::hb560b77c4f701523
[INFO] [stdout]                                at /rustc/a178d0322ce20e33eac124758e837cbd80a6f633/library/std/src/sys_common/backtrace.rs:125:18
[INFO] [stdout]   31:     0x55d1ea9f31d8 - std::thread::Builder::spawn_unchecked::{{closure}}::{{closure}}::hf2e7831dad93c597
[INFO] [stdout]                                at /rustc/a178d0322ce20e33eac124758e837cbd80a6f633/library/std/src/thread/mod.rs:481:17
[INFO] [stdout]   32:     0x55d1ea9f31d8 - <std::panic::AssertUnwindSafe<F> as core::ops::function::FnOnce<()>>::call_once::hd2e08783d8be4d02
[INFO] [stdout]                                at /rustc/a178d0322ce20e33eac124758e837cbd80a6f633/library/std/src/panic.rs:347:9
[INFO] [stdout]   33:     0x55d1ea9f31d8 - std::panicking::try::do_call::h062597b7acfd6b82
[INFO] [stdout]                                at /rustc/a178d0322ce20e33eac124758e837cbd80a6f633/library/std/src/panicking.rs:401:40
[INFO] [stdout]   34:     0x55d1ea9f31d8 - std::panicking::try::h0d7b79db04c14552
[INFO] [stdout]                                at /rustc/a178d0322ce20e33eac124758e837cbd80a6f633/library/std/src/panicking.rs:365:19
[INFO] [stdout]   35:     0x55d1ea9f31d8 - std::panic::catch_unwind::hb01a0b5e7c8cd43b
[INFO] [stdout]                                at /rustc/a178d0322ce20e33eac124758e837cbd80a6f633/library/std/src/panic.rs:434:14
[INFO] [stdout]   36:     0x55d1ea9f31d8 - std::thread::Builder::spawn_unchecked::{{closure}}::h5bde48cc887e0d1e
[INFO] [stdout]                                at /rustc/a178d0322ce20e33eac124758e837cbd80a6f633/library/std/src/thread/mod.rs:480:30
[INFO] [stdout]   37:     0x55d1ea9f31d8 - core::ops::function::FnOnce::call_once{{vtable.shim}}::h745ea30807a29e55
[INFO] [stdout]                                at /rustc/a178d0322ce20e33eac124758e837cbd80a6f633/library/core/src/ops/function.rs:227:5
[INFO] [stdout]   38:     0x55d1eaab2bd7 - <alloc::boxed::Box<F,A> as core::ops::function::FnOnce<Args>>::call_once::h7ece6cfefaff1005
[INFO] [stdout]                                at /rustc/a178d0322ce20e33eac124758e837cbd80a6f633/library/alloc/src/boxed.rs:1575:9
[INFO] [stdout]   39:     0x55d1eaab2bd7 - <alloc::boxed::Box<F,A> as core::ops::function::FnOnce<Args>>::call_once::hb8b48e55c21f193e
[INFO] [stdout]                                at /rustc/a178d0322ce20e33eac124758e837cbd80a6f633/library/alloc/src/boxed.rs:1575:9
[INFO] [stdout]   40:     0x55d1eaab2bd7 - std::sys::unix::thread::Thread::new::thread_start::h8c7c4450dba62914
[INFO] [stdout]                                at /rustc/a178d0322ce20e33eac124758e837cbd80a6f633/library/std/src/sys/unix/thread.rs:71:17
[INFO] [stdout]   41:     0x7f7d54f77609 - start_thread
[INFO] [stdout]   42:     0x7f7d5543f293 - clone
[INFO] [stdout]   43:                0x0 - <unknown>
[INFO] [stdout] 
[INFO] [stdout] 
[INFO] [stdout] failures:
[INFO] [stdout]     mods::file_info::tests::get_mod_info_post_1_13
[INFO] [stdout]     mods::file_info::tests::get_mod_info_pre_1_13
[INFO] [stdout] 
[INFO] [stdout] test result: FAILED. 4 passed; 2 failed; 0 ignored; 0 measured; 0 filtered out; finished in 0.05s
[INFO] [stdout] 
[INFO] [stderr] error: test failed, to rerun pass '--bin polyblock-tui'
[INFO] running `Command { std: "docker" "inspect" "7ccca73259ab03a1740b2273daed3eb77189e36c0fc5e32f83dd4a1ba956fc45", kill_on_drop: false }`
[INFO] running `Command { std: "docker" "rm" "-f" "7ccca73259ab03a1740b2273daed3eb77189e36c0fc5e32f83dd4a1ba956fc45", kill_on_drop: false }`
[INFO] [stdout] 7ccca73259ab03a1740b2273daed3eb77189e36c0fc5e32f83dd4a1ba956fc45
