[INFO] cloning repository https://github.com/jrtabash/stock_portfolio
[INFO] running `Command { std: "git" "-c" "credential.helper=" "-c" "credential.helper=/workspace/cargo-home/bin/git-credential-null" "clone" "--bare" "https://github.com/jrtabash/stock_portfolio" "/workspace/cache/git-repos/https%3A%2F%2Fgithub.com%2Fjrtabash%2Fstock_portfolio", kill_on_drop: false }`
[INFO] [stderr] Cloning into bare repository '/workspace/cache/git-repos/https%3A%2F%2Fgithub.com%2Fjrtabash%2Fstock_portfolio'...
[INFO] running `Command { std: "git" "rev-parse" "HEAD", kill_on_drop: false }`
[INFO] [stdout] ddf2b61add9a555ae2d5a937b53676bc1ff51ee8
[INFO] testing jrtabash/stock_portfolio against 1.54.0 for beta-1.55-1
[INFO] running `Command { std: "git" "clone" "/workspace/cache/git-repos/https%3A%2F%2Fgithub.com%2Fjrtabash%2Fstock_portfolio" "/workspace/builds/worker-7/source", kill_on_drop: false }`
[INFO] [stderr] Cloning into '/workspace/builds/worker-7/source'...
[INFO] [stderr] done.
[INFO] validating manifest of git repo https://github.com/jrtabash/stock_portfolio on toolchain 1.54.0
[INFO] running `Command { std: "/workspace/cargo-home/bin/cargo" "+1.54.0" "metadata" "--manifest-path" "Cargo.toml" "--no-deps", kill_on_drop: false }`
[INFO] started tweaking git repo https://github.com/jrtabash/stock_portfolio
[INFO] finished tweaking git repo https://github.com/jrtabash/stock_portfolio
[INFO] tweaked toml for git repo https://github.com/jrtabash/stock_portfolio written to /workspace/builds/worker-7/source/Cargo.toml
[INFO] crate git repo https://github.com/jrtabash/stock_portfolio already has a lockfile, it will not be regenerated
[INFO] running `Command { std: "/workspace/cargo-home/bin/cargo" "+1.54.0" "fetch" "--manifest-path" "Cargo.toml", kill_on_drop: false }`
[INFO] [stderr]     Blocking waiting for file lock on package cache
[INFO] running `Command { std: "docker" "create" "-v" "/var/lib/crater-agent-workspace/builds/worker-7/target:/opt/rustwide/target:rw,Z" "-v" "/var/lib/crater-agent-workspace/builds/worker-7/source:/opt/rustwide/workdir:ro,Z" "-v" "/var/lib/crater-agent-workspace/cargo-home:/opt/rustwide/cargo-home:ro,Z" "-v" "/var/lib/crater-agent-workspace/rustup-home:/opt/rustwide/rustup-home:ro,Z" "-e" "SOURCE_DIR=/opt/rustwide/workdir" "-e" "CARGO_TARGET_DIR=/opt/rustwide/target" "-e" "CARGO_HOME=/opt/rustwide/cargo-home" "-e" "RUSTUP_HOME=/opt/rustwide/rustup-home" "-w" "/opt/rustwide/workdir" "-m" "1610612736" "--user" "0:0" "--network" "none" "ghcr.io/rust-lang/crates-build-env/linux@sha256:34b6a614d2c27851fe6cbf88fbd1137609cefab8b10d0615aaeb6fd47975d74e" "/opt/rustwide/cargo-home/bin/cargo" "+1.54.0" "metadata" "--no-deps" "--format-version=1", kill_on_drop: false }`
[INFO] [stdout] 2066f34942c852be4e752adf5a82390ea9245ba18b9fdb8e1b6bb2b3a33a2d71
[INFO] running `Command { std: "docker" "start" "-a" "2066f34942c852be4e752adf5a82390ea9245ba18b9fdb8e1b6bb2b3a33a2d71", kill_on_drop: false }`
[INFO] running `Command { std: "docker" "inspect" "2066f34942c852be4e752adf5a82390ea9245ba18b9fdb8e1b6bb2b3a33a2d71", kill_on_drop: false }`
[INFO] running `Command { std: "docker" "rm" "-f" "2066f34942c852be4e752adf5a82390ea9245ba18b9fdb8e1b6bb2b3a33a2d71", kill_on_drop: false }`
[INFO] [stdout] 2066f34942c852be4e752adf5a82390ea9245ba18b9fdb8e1b6bb2b3a33a2d71
[INFO] running `Command { std: "docker" "create" "-v" "/var/lib/crater-agent-workspace/builds/worker-7/target:/opt/rustwide/target:rw,Z" "-v" "/var/lib/crater-agent-workspace/builds/worker-7/source:/opt/rustwide/workdir:ro,Z" "-v" "/var/lib/crater-agent-workspace/cargo-home:/opt/rustwide/cargo-home:ro,Z" "-v" "/var/lib/crater-agent-workspace/rustup-home:/opt/rustwide/rustup-home:ro,Z" "-e" "SOURCE_DIR=/opt/rustwide/workdir" "-e" "CARGO_TARGET_DIR=/opt/rustwide/target" "-e" "CARGO_INCREMENTAL=0" "-e" "RUST_BACKTRACE=full" "-e" "RUSTFLAGS=--cap-lints=warn" "-e" "CARGO_HOME=/opt/rustwide/cargo-home" "-e" "RUSTUP_HOME=/opt/rustwide/rustup-home" "-w" "/opt/rustwide/workdir" "-m" "1610612736" "--user" "0:0" "--network" "none" "ghcr.io/rust-lang/crates-build-env/linux@sha256:34b6a614d2c27851fe6cbf88fbd1137609cefab8b10d0615aaeb6fd47975d74e" "/opt/rustwide/cargo-home/bin/cargo" "+1.54.0" "build" "--frozen" "--message-format=json", kill_on_drop: false }`
[INFO] [stdout] 14ddfab75a56b2f5f762e1ca98ccc15175519446b51c3fd6a0c5bad5d111200b
[INFO] running `Command { std: "docker" "start" "-a" "14ddfab75a56b2f5f762e1ca98ccc15175519446b51c3fd6a0c5bad5d111200b", kill_on_drop: false }`
[INFO] [stderr]    Compiling libc v0.2.86
[INFO] [stderr]    Compiling curl v0.4.34
[INFO] [stderr]    Compiling num-integer v0.1.44
[INFO] [stderr]    Compiling libz-sys v1.1.2
[INFO] [stderr]    Compiling openssl-sys v0.9.60
[INFO] [stderr]    Compiling curl-sys v0.4.40+curl-7.75.0
[INFO] [stderr]    Compiling socket2 v0.3.19
[INFO] [stderr]    Compiling time v0.1.44
[INFO] [stderr]    Compiling atty v0.2.14
[INFO] [stderr]    Compiling clap v2.33.3
[INFO] [stderr]    Compiling chrono v0.4.19
[INFO] [stderr]    Compiling stock_portfolio v0.1.1 (/opt/rustwide/workdir)
[INFO] [stderr]     Finished dev [unoptimized + debuginfo] target(s) in 17.33s
[INFO] running `Command { std: "docker" "inspect" "14ddfab75a56b2f5f762e1ca98ccc15175519446b51c3fd6a0c5bad5d111200b", kill_on_drop: false }`
[INFO] running `Command { std: "docker" "rm" "-f" "14ddfab75a56b2f5f762e1ca98ccc15175519446b51c3fd6a0c5bad5d111200b", kill_on_drop: false }`
[INFO] [stdout] 14ddfab75a56b2f5f762e1ca98ccc15175519446b51c3fd6a0c5bad5d111200b
[INFO] running `Command { std: "docker" "create" "-v" "/var/lib/crater-agent-workspace/builds/worker-7/target:/opt/rustwide/target:rw,Z" "-v" "/var/lib/crater-agent-workspace/builds/worker-7/source:/opt/rustwide/workdir:ro,Z" "-v" "/var/lib/crater-agent-workspace/cargo-home:/opt/rustwide/cargo-home:ro,Z" "-v" "/var/lib/crater-agent-workspace/rustup-home:/opt/rustwide/rustup-home:ro,Z" "-e" "SOURCE_DIR=/opt/rustwide/workdir" "-e" "CARGO_TARGET_DIR=/opt/rustwide/target" "-e" "CARGO_INCREMENTAL=0" "-e" "RUST_BACKTRACE=full" "-e" "RUSTFLAGS=--cap-lints=warn" "-e" "CARGO_HOME=/opt/rustwide/cargo-home" "-e" "RUSTUP_HOME=/opt/rustwide/rustup-home" "-w" "/opt/rustwide/workdir" "-m" "1610612736" "--user" "0:0" "--network" "none" "ghcr.io/rust-lang/crates-build-env/linux@sha256:34b6a614d2c27851fe6cbf88fbd1137609cefab8b10d0615aaeb6fd47975d74e" "/opt/rustwide/cargo-home/bin/cargo" "+1.54.0" "test" "--frozen" "--no-run" "--message-format=json", kill_on_drop: false }`
[INFO] [stdout] 8c649d10d3af3cafcf52a17d7b635b983d6fb08bc33a730acc523beccba02593
[INFO] running `Command { std: "docker" "start" "-a" "8c649d10d3af3cafcf52a17d7b635b983d6fb08bc33a730acc523beccba02593", kill_on_drop: false }`
[INFO] [stderr]    Compiling stock_portfolio v0.1.1 (/opt/rustwide/workdir)
[INFO] [stderr]     Finished test [unoptimized + debuginfo] target(s) in 3.35s
[INFO] running `Command { std: "docker" "inspect" "8c649d10d3af3cafcf52a17d7b635b983d6fb08bc33a730acc523beccba02593", kill_on_drop: false }`
[INFO] running `Command { std: "docker" "rm" "-f" "8c649d10d3af3cafcf52a17d7b635b983d6fb08bc33a730acc523beccba02593", kill_on_drop: false }`
[INFO] [stdout] 8c649d10d3af3cafcf52a17d7b635b983d6fb08bc33a730acc523beccba02593
[INFO] running `Command { std: "docker" "create" "-v" "/var/lib/crater-agent-workspace/builds/worker-7/target:/opt/rustwide/target:rw,Z" "-v" "/var/lib/crater-agent-workspace/builds/worker-7/source:/opt/rustwide/workdir:ro,Z" "-v" "/var/lib/crater-agent-workspace/cargo-home:/opt/rustwide/cargo-home:ro,Z" "-v" "/var/lib/crater-agent-workspace/rustup-home:/opt/rustwide/rustup-home:ro,Z" "-e" "SOURCE_DIR=/opt/rustwide/workdir" "-e" "CARGO_TARGET_DIR=/opt/rustwide/target" "-e" "CARGO_INCREMENTAL=0" "-e" "RUST_BACKTRACE=full" "-e" "RUSTFLAGS=--cap-lints=warn" "-e" "CARGO_HOME=/opt/rustwide/cargo-home" "-e" "RUSTUP_HOME=/opt/rustwide/rustup-home" "-w" "/opt/rustwide/workdir" "-m" "1610612736" "--user" "0:0" "--network" "none" "ghcr.io/rust-lang/crates-build-env/linux@sha256:34b6a614d2c27851fe6cbf88fbd1137609cefab8b10d0615aaeb6fd47975d74e" "/opt/rustwide/cargo-home/bin/cargo" "+1.54.0" "test" "--frozen", kill_on_drop: false }`
[INFO] [stdout] b525d7ee44912adf0dec0defb371cfcb7677e3cd3ba5b0f2e78cd13d2153e7d6
[INFO] running `Command { std: "docker" "start" "-a" "b525d7ee44912adf0dec0defb371cfcb7677e3cd3ba5b0f2e78cd13d2153e7d6", kill_on_drop: false }`
[INFO] [stderr]     Finished test [unoptimized + debuginfo] target(s) in 0.03s
[INFO] [stderr]      Running unittests (/opt/rustwide/target/debug/deps/stock_portfolio-ca0f123fc5016d92)
[INFO] [stdout] 
[INFO] [stdout] running 23 tests
[INFO] [stdout] test portfolio::stocks_cache::tests::test_stocks_cache_from_cache_file ... ok
[INFO] [stdout] test sputil::datetime::tests::test_parse_date_error ... ok
[INFO] [stdout] test yfinance::types::tests::test_interval ... ok
[INFO] [stdout] test portfolio::stock_type::tests::test_stock_type ... ok
[INFO] [stdout] test sputil::datetime::tests::test_count_days ... ok
[INFO] [stdout] test portfolio::stocks_cache::tests::test_stocks_cache ... ok
[INFO] [stdout] test sputil::datetime::tests::test_today_plus_delta ... ok
[INFO] [stdout] test sputil::datetime::tests::test_earliest_date ... ok
[INFO] [stdout] test sputil::price_type::tests::test_price_cmp ... ok
[INFO] [stdout] test yfinance::types::tests::test_events ... ok
[INFO] [stdout] test portfolio::stocks_cache::tests::test_stocks_cache_from_csv ... ok
[INFO] [stdout] test sputil::datetime::tests::test_parse_date ... ok
[INFO] [stdout] test sputil::datetime::tests::test_make_date ... ok
[INFO] [stdout] test sputil::datetime::tests::test_today ... ok
[INFO] [stdout] test sputil::datetime::tests::test_is_friday ... ok
[INFO] [stdout] test portfolio::stock::tests::test_stock_getters ... ok
[INFO] [stdout] test portfolio::stock::tests::test_stock_set_latest_price ... ok
[INFO] [stdout] test portfolio::stocks_cache::tests::test_cache_entry ... ok
[INFO] [stdout] test portfolio::stock::tests::test_stock_new ... ok
[INFO] [stdout] test portfolio::stock::tests::test_stock_display ... ok
[INFO] [stdout] test portfolio::stocks_cache::tests::test_cache_entry_is_updated ... ok
[INFO] [stdout] test sputil::datetime::tests::test_is_weekend ... ok
[INFO] [stderr] error: test failed, to rerun pass '--lib'
[INFO] [stdout] test sputil::datetime::tests::test_date2timestamp ... FAILED
[INFO] [stdout] 
[INFO] [stdout] failures:
[INFO] [stdout] 
[INFO] [stdout] ---- sputil::datetime::tests::test_date2timestamp stdout ----
[INFO] [stdout] thread 'sputil::datetime::tests::test_date2timestamp' panicked at 'assertion failed: `(left == right)`
[INFO] [stdout]   left: `1613520000`,
[INFO] [stdout]  right: `1613541600`', src/sputil/datetime.rs:77:9
[INFO] [stdout] stack backtrace:
[INFO] [stdout]    0:     0x5595ec9bc0c0 - std::backtrace_rs::backtrace::libunwind::trace::h34055254b57d8e79
[INFO] [stdout]                                at /rustc/a178d0322ce20e33eac124758e837cbd80a6f633/library/std/src/../../backtrace/src/backtrace/libunwind.rs:90:5
[INFO] [stdout]    1:     0x5595ec9bc0c0 - std::backtrace_rs::backtrace::trace_unsynchronized::h8f1e3fbd9afff6ec
[INFO] [stdout]                                at /rustc/a178d0322ce20e33eac124758e837cbd80a6f633/library/std/src/../../backtrace/src/backtrace/mod.rs:66:5
[INFO] [stdout]    2:     0x5595ec9bc0c0 - std::sys_common::backtrace::_print_fmt::h3a99a796b770c360
[INFO] [stdout]                                at /rustc/a178d0322ce20e33eac124758e837cbd80a6f633/library/std/src/sys_common/backtrace.rs:67:5
[INFO] [stdout]    3:     0x5595ec9bc0c0 - <std::sys_common::backtrace::_print::DisplayBacktrace as core::fmt::Display>::fmt::h32d1f94a80615d18
[INFO] [stdout]                                at /rustc/a178d0322ce20e33eac124758e837cbd80a6f633/library/std/src/sys_common/backtrace.rs:46:22
[INFO] [stdout]    4:     0x5595ec9e006c - core::fmt::write::h306731c068f7162c
[INFO] [stdout]                                at /rustc/a178d0322ce20e33eac124758e837cbd80a6f633/library/core/src/fmt/mod.rs:1110:17
[INFO] [stdout]    5:     0x5595ec9b8f15 - std::io::Write::write_fmt::h87f19b0a2cd190bc
[INFO] [stdout]                                at /rustc/a178d0322ce20e33eac124758e837cbd80a6f633/library/std/src/io/mod.rs:1588:15
[INFO] [stdout]    6:     0x5595ec9be22b - std::sys_common::backtrace::_print::h5abaa2601a852287
[INFO] [stdout]                                at /rustc/a178d0322ce20e33eac124758e837cbd80a6f633/library/std/src/sys_common/backtrace.rs:49:5
[INFO] [stdout]    7:     0x5595ec9be22b - std::sys_common::backtrace::print::h8d81445442bb638f
[INFO] [stdout]                                at /rustc/a178d0322ce20e33eac124758e837cbd80a6f633/library/std/src/sys_common/backtrace.rs:36:9
[INFO] [stdout]    8:     0x5595ec9be22b - std::panicking::default_hook::{{closure}}::hcfe804496a9fa747
[INFO] [stdout]                                at /rustc/a178d0322ce20e33eac124758e837cbd80a6f633/library/std/src/panicking.rs:208:50
[INFO] [stdout]    9:     0x5595ec9bdd3c - std::panicking::default_hook::hbea8e3ccf2ba8901
[INFO] [stdout]                                at /rustc/a178d0322ce20e33eac124758e837cbd80a6f633/library/std/src/panicking.rs:222:9
[INFO] [stdout]   10:     0x5595ec9be8f4 - std::panicking::rust_panic_with_hook::h7ee9e1a2d0f8975a
[INFO] [stdout]                                at /rustc/a178d0322ce20e33eac124758e837cbd80a6f633/library/std/src/panicking.rs:622:17
[INFO] [stdout]   11:     0x5595ec9be3d7 - std::panicking::begin_panic_handler::{{closure}}::h8ab3b4491718b2c7
[INFO] [stdout]                                at /rustc/a178d0322ce20e33eac124758e837cbd80a6f633/library/std/src/panicking.rs:519:13
[INFO] [stdout]   12:     0x5595ec9bc5bc - std::sys_common::backtrace::__rust_end_short_backtrace::hd489062ffa586a9f
[INFO] [stdout]                                at /rustc/a178d0322ce20e33eac124758e837cbd80a6f633/library/std/src/sys_common/backtrace.rs:141:18
[INFO] [stdout]   13:     0x5595ec9be339 - rust_begin_unwind
[INFO] [stdout]                                at /rustc/a178d0322ce20e33eac124758e837cbd80a6f633/library/std/src/panicking.rs:515:5
[INFO] [stdout]   14:     0x5595ec909371 - core::panicking::panic_fmt::hca6330e3e14086b4
[INFO] [stdout]                                at /rustc/a178d0322ce20e33eac124758e837cbd80a6f633/library/core/src/panicking.rs:92:14
[INFO] [stdout]   15:     0x5595ec9de988 - core::panicking::assert_failed_inner::h33b45280069a80ed
[INFO] [stdout]   16:     0x5595ec96ceea - core::panicking::assert_failed::h5bd0c558016c2071
[INFO] [stdout]                                at /rustc/a178d0322ce20e33eac124758e837cbd80a6f633/library/core/src/panicking.rs:117:5
[INFO] [stdout]   17:     0x5595ec9148e0 - stock_portfolio::sputil::datetime::tests::test_date2timestamp::h11f90580e3be6e57
[INFO] [stdout]                                at /opt/rustwide/workdir/src/sputil/datetime.rs:77:9
[INFO] [stdout]   18:     0x5595ec9147aa - stock_portfolio::sputil::datetime::tests::test_date2timestamp::{{closure}}::hb7539ae9fc837913
[INFO] [stdout]                                at /opt/rustwide/workdir/src/sputil/datetime.rs:75:5
[INFO] [stdout]   19:     0x5595ec90f94e - core::ops::function::FnOnce::call_once::h858ac8d4fe55a0f4
[INFO] [stdout]                                at /rustc/a178d0322ce20e33eac124758e837cbd80a6f633/library/core/src/ops/function.rs:227:5
[INFO] [stdout]   20:     0x5595ec942f03 - core::ops::function::FnOnce::call_once::h152e7e439ff59e19
[INFO] [stdout]                                at /rustc/a178d0322ce20e33eac124758e837cbd80a6f633/library/core/src/ops/function.rs:227:5
[INFO] [stdout]   21:     0x5595ec942f03 - test::__rust_begin_short_backtrace::h0908f3b1fdbb72ab
[INFO] [stdout]                                at /rustc/a178d0322ce20e33eac124758e837cbd80a6f633/library/test/src/lib.rs:577:5
[INFO] [stdout]   22:     0x5595ec9419c0 - <alloc::boxed::Box<F,A> as core::ops::function::FnOnce<Args>>::call_once::hf6d2a51e5587546c
[INFO] [stdout]                                at /rustc/a178d0322ce20e33eac124758e837cbd80a6f633/library/alloc/src/boxed.rs:1575:9
[INFO] [stdout]   23:     0x5595ec9419c0 - <std::panic::AssertUnwindSafe<F> as core::ops::function::FnOnce<()>>::call_once::h8af660f3a89ef593
[INFO] [stdout]                                at /rustc/a178d0322ce20e33eac124758e837cbd80a6f633/library/std/src/panic.rs:347:9
[INFO] [stdout]   24:     0x5595ec9419c0 - std::panicking::try::do_call::hd36aef60f84b6d36
[INFO] [stdout]                                at /rustc/a178d0322ce20e33eac124758e837cbd80a6f633/library/std/src/panicking.rs:401:40
[INFO] [stdout]   25:     0x5595ec9419c0 - std::panicking::try::h9932b4480e69817c
[INFO] [stdout]                                at /rustc/a178d0322ce20e33eac124758e837cbd80a6f633/library/std/src/panicking.rs:365:19
[INFO] [stdout]   26:     0x5595ec9419c0 - std::panic::catch_unwind::h6aa177099cfff5f8
[INFO] [stdout]                                at /rustc/a178d0322ce20e33eac124758e837cbd80a6f633/library/std/src/panic.rs:434:14
[INFO] [stdout]   27:     0x5595ec9419c0 - test::run_test_in_process::h5884d6f2d99e20c3
[INFO] [stdout]                                at /rustc/a178d0322ce20e33eac124758e837cbd80a6f633/library/test/src/lib.rs:600:18
[INFO] [stdout]   28:     0x5595ec9419c0 - test::run_test::run_test_inner::{{closure}}::h6fdc58c6d5f5b6e3
[INFO] [stdout]                                at /rustc/a178d0322ce20e33eac124758e837cbd80a6f633/library/test/src/lib.rs:492:39
[INFO] [stdout]   29:     0x5595ec91b072 - test::run_test::run_test_inner::{{closure}}::h408365d67a78ade8
[INFO] [stdout]                                at /rustc/a178d0322ce20e33eac124758e837cbd80a6f633/library/test/src/lib.rs:519:37
[INFO] [stdout]   30:     0x5595ec91b072 - std::sys_common::backtrace::__rust_begin_short_backtrace::hb560b77c4f701523
[INFO] [stdout]                                at /rustc/a178d0322ce20e33eac124758e837cbd80a6f633/library/std/src/sys_common/backtrace.rs:125:18
[INFO] [stdout]   31:     0x5595ec91ec28 - std::thread::Builder::spawn_unchecked::{{closure}}::{{closure}}::hf2e7831dad93c597
[INFO] [stdout]                                at /rustc/a178d0322ce20e33eac124758e837cbd80a6f633/library/std/src/thread/mod.rs:481:17
[INFO] [stdout]   32:     0x5595ec91ec28 - <std::panic::AssertUnwindSafe<F> as core::ops::function::FnOnce<()>>::call_once::hd2e08783d8be4d02
[INFO] [stdout]                                at /rustc/a178d0322ce20e33eac124758e837cbd80a6f633/library/std/src/panic.rs:347:9
[INFO] [stdout]   33:     0x5595ec91ec28 - std::panicking::try::do_call::h062597b7acfd6b82
[INFO] [stdout]                                at /rustc/a178d0322ce20e33eac124758e837cbd80a6f633/library/std/src/panicking.rs:401:40
[INFO] [stdout]   34:     0x5595ec91ec28 - std::panicking::try::h0d7b79db04c14552
[INFO] [stdout]                                at /rustc/a178d0322ce20e33eac124758e837cbd80a6f633/library/std/src/panicking.rs:365:19
[INFO] [stdout]   35:     0x5595ec91ec28 - std::panic::catch_unwind::hb01a0b5e7c8cd43b
[INFO] [stdout]                                at /rustc/a178d0322ce20e33eac124758e837cbd80a6f633/library/std/src/panic.rs:434:14
[INFO] [stdout]   36:     0x5595ec91ec28 - std::thread::Builder::spawn_unchecked::{{closure}}::h5bde48cc887e0d1e
[INFO] [stdout]                                at /rustc/a178d0322ce20e33eac124758e837cbd80a6f633/library/std/src/thread/mod.rs:480:30
[INFO] [stdout]   37:     0x5595ec91ec28 - core::ops::function::FnOnce::call_once{{vtable.shim}}::h745ea30807a29e55
[INFO] [stdout]                                at /rustc/a178d0322ce20e33eac124758e837cbd80a6f633/library/core/src/ops/function.rs:227:5
[INFO] [stdout]   38:     0x5595ec9c3417 - <alloc::boxed::Box<F,A> as core::ops::function::FnOnce<Args>>::call_once::h7ece6cfefaff1005
[INFO] [stdout]                                at /rustc/a178d0322ce20e33eac124758e837cbd80a6f633/library/alloc/src/boxed.rs:1575:9
[INFO] [stdout]   39:     0x5595ec9c3417 - <alloc::boxed::Box<F,A> as core::ops::function::FnOnce<Args>>::call_once::hb8b48e55c21f193e
[INFO] [stdout]                                at /rustc/a178d0322ce20e33eac124758e837cbd80a6f633/library/alloc/src/boxed.rs:1575:9
[INFO] [stdout]   40:     0x5595ec9c3417 - std::sys::unix::thread::Thread::new::thread_start::h8c7c4450dba62914
[INFO] [stdout]                                at /rustc/a178d0322ce20e33eac124758e837cbd80a6f633/library/std/src/sys/unix/thread.rs:71:17
[INFO] [stdout]   41:     0x7fe0898c9609 - start_thread
[INFO] [stdout]   42:     0x7fe089699293 - clone
[INFO] [stdout]   43:                0x0 - <unknown>
[INFO] [stdout] 
[INFO] [stdout] 
[INFO] [stdout] failures:
[INFO] [stdout]     sputil::datetime::tests::test_date2timestamp
[INFO] [stdout] 
[INFO] [stdout] test result: FAILED. 22 passed; 1 failed; 0 ignored; 0 measured; 0 filtered out; finished in 0.03s
[INFO] [stdout] 
[INFO] running `Command { std: "docker" "inspect" "b525d7ee44912adf0dec0defb371cfcb7677e3cd3ba5b0f2e78cd13d2153e7d6", kill_on_drop: false }`
[INFO] running `Command { std: "docker" "rm" "-f" "b525d7ee44912adf0dec0defb371cfcb7677e3cd3ba5b0f2e78cd13d2153e7d6", kill_on_drop: false }`
[INFO] [stdout] b525d7ee44912adf0dec0defb371cfcb7677e3cd3ba5b0f2e78cd13d2153e7d6
