[INFO] cloning repository https://github.com/jottabyte/rust-baseball
[INFO] running `Command { std: "git" "-c" "credential.helper=" "-c" "credential.helper=/workspace/cargo-home/bin/git-credential-null" "clone" "--bare" "https://github.com/jottabyte/rust-baseball" "/workspace/cache/git-repos/https%3A%2F%2Fgithub.com%2Fjottabyte%2Frust-baseball", kill_on_drop: false }`
[INFO] [stderr] Cloning into bare repository '/workspace/cache/git-repos/https%3A%2F%2Fgithub.com%2Fjottabyte%2Frust-baseball'...
[INFO] running `Command { std: "git" "rev-parse" "HEAD", kill_on_drop: false }`
[INFO] [stdout] 76954e54cf58bd521c26f19f056a3e8f451e1dc6
[INFO] testing jottabyte/rust-baseball against beta-2021-08-01 for beta-1.55-1
[INFO] running `Command { std: "git" "clone" "/workspace/cache/git-repos/https%3A%2F%2Fgithub.com%2Fjottabyte%2Frust-baseball" "/workspace/builds/worker-5/source", kill_on_drop: false }`
[INFO] [stderr] Cloning into '/workspace/builds/worker-5/source'...
[INFO] [stderr] done.
[INFO] validating manifest of git repo https://github.com/jottabyte/rust-baseball on toolchain beta-2021-08-01
[INFO] running `Command { std: "/workspace/cargo-home/bin/cargo" "+beta-2021-08-01" "metadata" "--manifest-path" "Cargo.toml" "--no-deps", kill_on_drop: false }`
[INFO] started tweaking git repo https://github.com/jottabyte/rust-baseball
[INFO] finished tweaking git repo https://github.com/jottabyte/rust-baseball
[INFO] tweaked toml for git repo https://github.com/jottabyte/rust-baseball written to /workspace/builds/worker-5/source/Cargo.toml
[INFO] running `Command { std: "/workspace/cargo-home/bin/cargo" "+beta-2021-08-01" "generate-lockfile" "--manifest-path" "Cargo.toml" "-Zno-index-update", kill_on_drop: false }`
[INFO] [stderr]     Updating git repository `https://github.com/That3Percent/tree-buf/`
[INFO] running `Command { std: "/workspace/cargo-home/bin/cargo" "+beta-2021-08-01" "fetch" "--manifest-path" "Cargo.toml", kill_on_drop: false }`
[INFO] [stderr]     Blocking waiting for file lock on package cache
[INFO] [stderr]  Downloading crates ...
[INFO] [stderr]   Downloaded curl v0.4.38
[INFO] [stderr]   Downloaded curl-sys v0.4.45+curl-7.78.0
[INFO] [stderr]   Downloaded flume v0.9.2
[INFO] [stderr]   Downloaded sluice v0.5.4
[INFO] [stderr]   Downloaded gibbon v0.1.3
[INFO] [stderr]   Downloaded zigzag v0.1.0
[INFO] [stderr]   Downloaded transmute v0.1.1
[INFO] [stderr]   Downloaded coercible_errors v0.1.4
[INFO] [stderr]   Downloaded simple-16 v0.1.1
[INFO] [stderr]   Downloaded isahc v0.9.14
[INFO] running `Command { std: "docker" "create" "-v" "/var/lib/crater-agent-workspace/builds/worker-5/target:/opt/rustwide/target:rw,Z" "-v" "/var/lib/crater-agent-workspace/builds/worker-5/source:/opt/rustwide/workdir:ro,Z" "-v" "/var/lib/crater-agent-workspace/cargo-home:/opt/rustwide/cargo-home:ro,Z" "-v" "/var/lib/crater-agent-workspace/rustup-home:/opt/rustwide/rustup-home:ro,Z" "-e" "SOURCE_DIR=/opt/rustwide/workdir" "-e" "CARGO_TARGET_DIR=/opt/rustwide/target" "-e" "CARGO_HOME=/opt/rustwide/cargo-home" "-e" "RUSTUP_HOME=/opt/rustwide/rustup-home" "-w" "/opt/rustwide/workdir" "-m" "1610612736" "--user" "0:0" "--network" "none" "ghcr.io/rust-lang/crates-build-env/linux@sha256:34b6a614d2c27851fe6cbf88fbd1137609cefab8b10d0615aaeb6fd47975d74e" "/opt/rustwide/cargo-home/bin/cargo" "+beta-2021-08-01" "metadata" "--no-deps" "--format-version=1", kill_on_drop: false }`
[INFO] [stdout] 726c908c0cec8d3464b9dc92f20fb933968a307df48aba42d85088ef766a0ceb
[INFO] running `Command { std: "docker" "start" "-a" "726c908c0cec8d3464b9dc92f20fb933968a307df48aba42d85088ef766a0ceb", kill_on_drop: false }`
[INFO] running `Command { std: "docker" "inspect" "726c908c0cec8d3464b9dc92f20fb933968a307df48aba42d85088ef766a0ceb", kill_on_drop: false }`
[INFO] running `Command { std: "docker" "rm" "-f" "726c908c0cec8d3464b9dc92f20fb933968a307df48aba42d85088ef766a0ceb", kill_on_drop: false }`
[INFO] [stdout] 726c908c0cec8d3464b9dc92f20fb933968a307df48aba42d85088ef766a0ceb
[INFO] running `Command { std: "docker" "create" "-v" "/var/lib/crater-agent-workspace/builds/worker-5/target:/opt/rustwide/target:rw,Z" "-v" "/var/lib/crater-agent-workspace/builds/worker-5/source:/opt/rustwide/workdir:ro,Z" "-v" "/var/lib/crater-agent-workspace/cargo-home:/opt/rustwide/cargo-home:ro,Z" "-v" "/var/lib/crater-agent-workspace/rustup-home:/opt/rustwide/rustup-home:ro,Z" "-e" "SOURCE_DIR=/opt/rustwide/workdir" "-e" "CARGO_TARGET_DIR=/opt/rustwide/target" "-e" "CARGO_INCREMENTAL=0" "-e" "RUST_BACKTRACE=full" "-e" "RUSTFLAGS=--cap-lints=warn" "-e" "CARGO_HOME=/opt/rustwide/cargo-home" "-e" "RUSTUP_HOME=/opt/rustwide/rustup-home" "-w" "/opt/rustwide/workdir" "-m" "1610612736" "--user" "0:0" "--network" "none" "ghcr.io/rust-lang/crates-build-env/linux@sha256:34b6a614d2c27851fe6cbf88fbd1137609cefab8b10d0615aaeb6fd47975d74e" "/opt/rustwide/cargo-home/bin/cargo" "+beta-2021-08-01" "build" "--frozen" "--message-format=json", kill_on_drop: false }`
[INFO] [stdout] c21e76115754d947d37c541455a8c59fc431d64caeaeb6d25c7a94d63acb7e2d
[INFO] running `Command { std: "docker" "start" "-a" "c21e76115754d947d37c541455a8c59fc431d64caeaeb6d25c7a94d63acb7e2d", kill_on_drop: false }`
[INFO] [stderr]    Compiling futures-core v0.3.16
[INFO] [stderr]    Compiling futures-channel v0.3.16
[INFO] [stderr]    Compiling futures-io v0.3.16
[INFO] [stderr]    Compiling serde_derive v1.0.127
[INFO] [stderr]    Compiling serde v1.0.127
[INFO] [stderr]    Compiling slab v0.4.4
[INFO] [stderr]    Compiling curl v0.4.38
[INFO] [stderr]    Compiling serde_json v1.0.66
[INFO] [stderr]    Compiling isahc v0.9.14
[INFO] [stderr]    Compiling transmute v0.1.1
[INFO] [stderr]    Compiling simple-16 v0.1.1
[INFO] [stderr]    Compiling gibbon v0.1.3
[INFO] [stderr]    Compiling openssl-sys v0.9.65
[INFO] [stderr]    Compiling libnghttp2-sys v0.1.6+1.43.0
[INFO] [stderr]    Compiling libz-sys v1.1.3
[INFO] [stderr]    Compiling curl-sys v0.4.45+curl-7.78.0
[INFO] [stderr]    Compiling backtrace v0.3.61
[INFO] [stderr]    Compiling error-chain v0.12.4
[INFO] [stderr]    Compiling tracing-core v0.1.18
[INFO] [stderr]    Compiling memoffset v0.6.4
[INFO] [stderr]    Compiling csv-core v0.1.10
[INFO] [stderr]    Compiling num_cpus v1.13.0
[INFO] [stderr]    Compiling crossbeam-channel v0.5.1
[INFO] [stderr]    Compiling socket2 v0.4.1
[INFO] [stderr]    Compiling zigzag v0.1.0
[INFO] [stderr]    Compiling Inflector v0.11.4
[INFO] [stderr]    Compiling crossbeam-epoch v0.9.5
[INFO] [stderr]    Compiling tracing v0.1.26
[INFO] [stderr]    Compiling tree-buf-macros v0.7.0 (https://github.com/That3Percent/tree-buf/?rev=e3bf1fa19e4a114308fda17a9062e7eb0bd90d3c#e3bf1fa1)
[INFO] [stderr]    Compiling crossbeam-deque v0.8.1
[INFO] [stderr]    Compiling futures-lite v1.12.0
[INFO] [stderr]    Compiling flume v0.9.2
[INFO] [stderr]    Compiling tracing-futures v0.2.5
[INFO] [stderr]    Compiling rayon-core v1.9.1
[INFO] [stderr]    Compiling futures-util v0.3.16
[INFO] [stderr]    Compiling sluice v0.5.4
[INFO] [stderr]    Compiling rayon v1.5.1
[INFO] [stderr]    Compiling coercible_errors v0.1.4
[INFO] [stderr]    Compiling tree-buf v0.8.0 (https://github.com/That3Percent/tree-buf/?rev=e3bf1fa19e4a114308fda17a9062e7eb0bd90d3c#e3bf1fa1)
[INFO] [stderr]    Compiling futures-executor v0.3.16
[INFO] [stderr]    Compiling futures v0.3.16
[INFO] [stderr]    Compiling bstr v0.2.16
[INFO] [stderr]    Compiling csv v1.1.6
[INFO] [stderr]    Compiling boss v0.0.4 (/opt/rustwide/workdir)
[INFO] [stdout] warning: derive helper attribute is used before it is introduced
[INFO] [stdout]   --> src/play_by_play.rs:73:3
[INFO] [stdout]    |
[INFO] [stdout] 73 | #[serde(rename_all="camelCase")]
[INFO] [stdout]    |   ^^^^^
[INFO] [stdout] 74 | #[derive(Debug, Deserialize)]
[INFO] [stdout]    |                 ----------- the attribute is introduced here
[INFO] [stdout]    |
[INFO] [stdout]    = note: `#[warn(legacy_derive_helpers)]` on by default
[INFO] [stdout]    = warning: this was previously accepted by the compiler but is being phased out; it will become a hard error in a future release!
[INFO] [stdout]    = note: for more information, see issue #79202 <https://github.com/rust-lang/rust/issues/79202>
[INFO] [stdout] 
[INFO] [stdout] 
[INFO] [stdout] warning: derive helper attribute is used before it is introduced
[INFO] [stdout]    --> src/players.rs:175:3
[INFO] [stdout]     |
[INFO] [stdout] 175 | #[serde(rename_all="camelCase")]
[INFO] [stdout]     |   ^^^^^
[INFO] [stdout] 176 | #[derive(Deserialize, Debug, Clone)]
[INFO] [stdout]     |          ----------- the attribute is introduced here
[INFO] [stdout]     |
[INFO] [stdout]     = warning: this was previously accepted by the compiler but is being phased out; it will become a hard error in a future release!
[INFO] [stdout]     = note: for more information, see issue #79202 <https://github.com/rust-lang/rust/issues/79202>
[INFO] [stdout] 
[INFO] [stdout] 
[INFO] [stdout] warning: derive helper attribute is used before it is introduced
[INFO] [stdout]    --> src/players.rs:182:3
[INFO] [stdout]     |
[INFO] [stdout] 182 | #[serde(rename_all="camelCase")]
[INFO] [stdout]     |   ^^^^^
[INFO] [stdout] 183 | #[derive(Deserialize, Debug, Clone)]
[INFO] [stdout]     |          ----------- the attribute is introduced here
[INFO] [stdout]     |
[INFO] [stdout]     = warning: this was previously accepted by the compiler but is being phased out; it will become a hard error in a future release!
[INFO] [stdout]     = note: for more information, see issue #79202 <https://github.com/rust-lang/rust/issues/79202>
[INFO] [stdout] 
[INFO] [stdout] 
[INFO] [stdout] warning: derive helper attribute is used before it is introduced
[INFO] [stdout]    --> src/venues.rs:274:3
[INFO] [stdout]     |
[INFO] [stdout] 274 | #[serde(rename_all="camelCase")]
[INFO] [stdout]     |   ^^^^^
[INFO] [stdout] 275 | #[derive(Deserialize, Debug, Clone)]
[INFO] [stdout]     |          ----------- the attribute is introduced here
[INFO] [stdout]     |
[INFO] [stdout]     = warning: this was previously accepted by the compiler but is being phased out; it will become a hard error in a future release!
[INFO] [stdout]     = note: for more information, see issue #79202 <https://github.com/rust-lang/rust/issues/79202>
[INFO] [stdout] 
[INFO] [stdout] 
[INFO] [stdout] warning: derive helper attribute is used before it is introduced
[INFO] [stdout]    --> src/venues.rs:289:3
[INFO] [stdout]     |
[INFO] [stdout] 289 | #[serde(rename_all="camelCase")]
[INFO] [stdout]     |   ^^^^^
[INFO] [stdout] 290 | #[derive(Deserialize, Debug, Clone)]
[INFO] [stdout]     |          ----------- the attribute is introduced here
[INFO] [stdout]     |
[INFO] [stdout]     = warning: this was previously accepted by the compiler but is being phased out; it will become a hard error in a future release!
[INFO] [stdout]     = note: for more information, see issue #79202 <https://github.com/rust-lang/rust/issues/79202>
[INFO] [stdout] 
[INFO] [stdout] 
[INFO] [stdout] warning: 5 warnings emitted
[INFO] [stdout] 
[INFO] [stdout] 
[INFO] [stderr]     Finished dev [unoptimized + debuginfo] target(s) in 1m 26s
[INFO] running `Command { std: "docker" "inspect" "c21e76115754d947d37c541455a8c59fc431d64caeaeb6d25c7a94d63acb7e2d", kill_on_drop: false }`
[INFO] running `Command { std: "docker" "rm" "-f" "c21e76115754d947d37c541455a8c59fc431d64caeaeb6d25c7a94d63acb7e2d", kill_on_drop: false }`
[INFO] [stdout] c21e76115754d947d37c541455a8c59fc431d64caeaeb6d25c7a94d63acb7e2d
[INFO] running `Command { std: "docker" "create" "-v" "/var/lib/crater-agent-workspace/builds/worker-5/target:/opt/rustwide/target:rw,Z" "-v" "/var/lib/crater-agent-workspace/builds/worker-5/source:/opt/rustwide/workdir:ro,Z" "-v" "/var/lib/crater-agent-workspace/cargo-home:/opt/rustwide/cargo-home:ro,Z" "-v" "/var/lib/crater-agent-workspace/rustup-home:/opt/rustwide/rustup-home:ro,Z" "-e" "SOURCE_DIR=/opt/rustwide/workdir" "-e" "CARGO_TARGET_DIR=/opt/rustwide/target" "-e" "CARGO_INCREMENTAL=0" "-e" "RUST_BACKTRACE=full" "-e" "RUSTFLAGS=--cap-lints=warn" "-e" "CARGO_HOME=/opt/rustwide/cargo-home" "-e" "RUSTUP_HOME=/opt/rustwide/rustup-home" "-w" "/opt/rustwide/workdir" "-m" "1610612736" "--user" "0:0" "--network" "none" "ghcr.io/rust-lang/crates-build-env/linux@sha256:34b6a614d2c27851fe6cbf88fbd1137609cefab8b10d0615aaeb6fd47975d74e" "/opt/rustwide/cargo-home/bin/cargo" "+beta-2021-08-01" "test" "--frozen" "--no-run" "--message-format=json", kill_on_drop: false }`
[INFO] [stdout] 8eeb95e60e4c6cbcd92cb20a5b10040fc644c785ed452ece06d47cd6bd3f0632
[INFO] running `Command { std: "docker" "start" "-a" "8eeb95e60e4c6cbcd92cb20a5b10040fc644c785ed452ece06d47cd6bd3f0632", kill_on_drop: false }`
[INFO] [stderr]    Compiling boss v0.0.4 (/opt/rustwide/workdir)
[INFO] [stdout] warning: derive helper attribute is used before it is introduced
[INFO] [stdout]   --> src/play_by_play.rs:73:3
[INFO] [stdout]    |
[INFO] [stdout] 73 | #[serde(rename_all="camelCase")]
[INFO] [stdout]    |   ^^^^^
[INFO] [stdout] 74 | #[derive(Debug, Deserialize)]
[INFO] [stdout]    |                 ----------- the attribute is introduced here
[INFO] [stdout]    |
[INFO] [stdout]    = note: `#[warn(legacy_derive_helpers)]` on by default
[INFO] [stdout]    = warning: this was previously accepted by the compiler but is being phased out; it will become a hard error in a future release!
[INFO] [stdout]    = note: for more information, see issue #79202 <https://github.com/rust-lang/rust/issues/79202>
[INFO] [stdout] 
[INFO] [stdout] 
[INFO] [stdout] warning: derive helper attribute is used before it is introduced
[INFO] [stdout]    --> src/players.rs:175:3
[INFO] [stdout]     |
[INFO] [stdout] 175 | #[serde(rename_all="camelCase")]
[INFO] [stdout]     |   ^^^^^
[INFO] [stdout] 176 | #[derive(Deserialize, Debug, Clone)]
[INFO] [stdout]     |          ----------- the attribute is introduced here
[INFO] [stdout]     |
[INFO] [stdout]     = warning: this was previously accepted by the compiler but is being phased out; it will become a hard error in a future release!
[INFO] [stdout]     = note: for more information, see issue #79202 <https://github.com/rust-lang/rust/issues/79202>
[INFO] [stdout] 
[INFO] [stdout] 
[INFO] [stdout] warning: derive helper attribute is used before it is introduced
[INFO] [stdout]    --> src/players.rs:182:3
[INFO] [stdout]     |
[INFO] [stdout] 182 | #[serde(rename_all="camelCase")]
[INFO] [stdout]     |   ^^^^^
[INFO] [stdout] 183 | #[derive(Deserialize, Debug, Clone)]
[INFO] [stdout]     |          ----------- the attribute is introduced here
[INFO] [stdout]     |
[INFO] [stdout]     = warning: this was previously accepted by the compiler but is being phased out; it will become a hard error in a future release!
[INFO] [stdout]     = note: for more information, see issue #79202 <https://github.com/rust-lang/rust/issues/79202>
[INFO] [stdout] 
[INFO] [stdout] 
[INFO] [stdout] warning: derive helper attribute is used before it is introduced
[INFO] [stdout]    --> src/venues.rs:274:3
[INFO] [stdout]     |
[INFO] [stdout] 274 | #[serde(rename_all="camelCase")]
[INFO] [stdout]     |   ^^^^^
[INFO] [stdout] 275 | #[derive(Deserialize, Debug, Clone)]
[INFO] [stdout]     |          ----------- the attribute is introduced here
[INFO] [stdout]     |
[INFO] [stdout]     = warning: this was previously accepted by the compiler but is being phased out; it will become a hard error in a future release!
[INFO] [stdout]     = note: for more information, see issue #79202 <https://github.com/rust-lang/rust/issues/79202>
[INFO] [stdout] 
[INFO] [stdout] 
[INFO] [stdout] warning: derive helper attribute is used before it is introduced
[INFO] [stdout]    --> src/venues.rs:289:3
[INFO] [stdout]     |
[INFO] [stdout] 289 | #[serde(rename_all="camelCase")]
[INFO] [stdout]     |   ^^^^^
[INFO] [stdout] 290 | #[derive(Deserialize, Debug, Clone)]
[INFO] [stdout]     |          ----------- the attribute is introduced here
[INFO] [stdout]     |
[INFO] [stdout]     = warning: this was previously accepted by the compiler but is being phased out; it will become a hard error in a future release!
[INFO] [stdout]     = note: for more information, see issue #79202 <https://github.com/rust-lang/rust/issues/79202>
[INFO] [stdout] 
[INFO] [stdout] 
[INFO] [stdout] warning: 5 warnings emitted
[INFO] [stdout] 
[INFO] [stdout] 
[INFO] [stdout] warning: derive helper attribute is used before it is introduced
[INFO] [stdout]   --> src/play_by_play.rs:73:3
[INFO] [stdout]    |
[INFO] [stdout] 73 | #[serde(rename_all="camelCase")]
[INFO] [stdout]    |   ^^^^^
[INFO] [stdout] 74 | #[derive(Debug, Deserialize)]
[INFO] [stdout]    |                 ----------- the attribute is introduced here
[INFO] [stdout]    |
[INFO] [stdout]    = note: `#[warn(legacy_derive_helpers)]` on by default
[INFO] [stdout]    = warning: this was previously accepted by the compiler but is being phased out; it will become a hard error in a future release!
[INFO] [stdout]    = note: for more information, see issue #79202 <https://github.com/rust-lang/rust/issues/79202>
[INFO] [stdout] 
[INFO] [stdout] 
[INFO] [stdout] warning: derive helper attribute is used before it is introduced
[INFO] [stdout]    --> src/players.rs:175:3
[INFO] [stdout]     |
[INFO] [stdout] 175 | #[serde(rename_all="camelCase")]
[INFO] [stdout]     |   ^^^^^
[INFO] [stdout] 176 | #[derive(Deserialize, Debug, Clone)]
[INFO] [stdout]     |          ----------- the attribute is introduced here
[INFO] [stdout]     |
[INFO] [stdout]     = warning: this was previously accepted by the compiler but is being phased out; it will become a hard error in a future release!
[INFO] [stdout]     = note: for more information, see issue #79202 <https://github.com/rust-lang/rust/issues/79202>
[INFO] [stdout] 
[INFO] [stdout] 
[INFO] [stdout] warning: derive helper attribute is used before it is introduced
[INFO] [stdout]    --> src/players.rs:182:3
[INFO] [stdout]     |
[INFO] [stdout] 182 | #[serde(rename_all="camelCase")]
[INFO] [stdout]     |   ^^^^^
[INFO] [stdout] 183 | #[derive(Deserialize, Debug, Clone)]
[INFO] [stdout]     |          ----------- the attribute is introduced here
[INFO] [stdout]     |
[INFO] [stdout]     = warning: this was previously accepted by the compiler but is being phased out; it will become a hard error in a future release!
[INFO] [stdout]     = note: for more information, see issue #79202 <https://github.com/rust-lang/rust/issues/79202>
[INFO] [stdout] 
[INFO] [stdout] 
[INFO] [stdout] warning: derive helper attribute is used before it is introduced
[INFO] [stdout]    --> src/venues.rs:274:3
[INFO] [stdout]     |
[INFO] [stdout] 274 | #[serde(rename_all="camelCase")]
[INFO] [stdout]     |   ^^^^^
[INFO] [stdout] 275 | #[derive(Deserialize, Debug, Clone)]
[INFO] [stdout]     |          ----------- the attribute is introduced here
[INFO] [stdout]     |
[INFO] [stdout]     = warning: this was previously accepted by the compiler but is being phased out; it will become a hard error in a future release!
[INFO] [stdout]     = note: for more information, see issue #79202 <https://github.com/rust-lang/rust/issues/79202>
[INFO] [stdout] 
[INFO] [stdout] 
[INFO] [stdout] warning: derive helper attribute is used before it is introduced
[INFO] [stdout]    --> src/venues.rs:289:3
[INFO] [stdout]     |
[INFO] [stdout] 289 | #[serde(rename_all="camelCase")]
[INFO] [stdout]     |   ^^^^^
[INFO] [stdout] 290 | #[derive(Deserialize, Debug, Clone)]
[INFO] [stdout]     |          ----------- the attribute is introduced here
[INFO] [stdout]     |
[INFO] [stdout]     = warning: this was previously accepted by the compiler but is being phased out; it will become a hard error in a future release!
[INFO] [stdout]     = note: for more information, see issue #79202 <https://github.com/rust-lang/rust/issues/79202>
[INFO] [stdout] 
[INFO] [stdout] 
[INFO] [stdout] warning: 5 warnings emitted
[INFO] [stdout] 
[INFO] [stdout] 
[INFO] [stderr]     Finished test [unoptimized + debuginfo] target(s) in 15.19s
[INFO] running `Command { std: "docker" "inspect" "8eeb95e60e4c6cbcd92cb20a5b10040fc644c785ed452ece06d47cd6bd3f0632", kill_on_drop: false }`
[INFO] running `Command { std: "docker" "rm" "-f" "8eeb95e60e4c6cbcd92cb20a5b10040fc644c785ed452ece06d47cd6bd3f0632", kill_on_drop: false }`
[INFO] [stdout] 8eeb95e60e4c6cbcd92cb20a5b10040fc644c785ed452ece06d47cd6bd3f0632
[INFO] running `Command { std: "docker" "create" "-v" "/var/lib/crater-agent-workspace/builds/worker-5/target:/opt/rustwide/target:rw,Z" "-v" "/var/lib/crater-agent-workspace/builds/worker-5/source:/opt/rustwide/workdir:ro,Z" "-v" "/var/lib/crater-agent-workspace/cargo-home:/opt/rustwide/cargo-home:ro,Z" "-v" "/var/lib/crater-agent-workspace/rustup-home:/opt/rustwide/rustup-home:ro,Z" "-e" "SOURCE_DIR=/opt/rustwide/workdir" "-e" "CARGO_TARGET_DIR=/opt/rustwide/target" "-e" "CARGO_INCREMENTAL=0" "-e" "RUST_BACKTRACE=full" "-e" "RUSTFLAGS=--cap-lints=warn" "-e" "CARGO_HOME=/opt/rustwide/cargo-home" "-e" "RUSTUP_HOME=/opt/rustwide/rustup-home" "-w" "/opt/rustwide/workdir" "-m" "1610612736" "--user" "0:0" "--network" "none" "ghcr.io/rust-lang/crates-build-env/linux@sha256:34b6a614d2c27851fe6cbf88fbd1137609cefab8b10d0615aaeb6fd47975d74e" "/opt/rustwide/cargo-home/bin/cargo" "+beta-2021-08-01" "test" "--frozen", kill_on_drop: false }`
[INFO] [stdout] a2bea9bc03194fdac094c24e101b1b1043136a988bcca064acc6f8d3478aa290
[INFO] running `Command { std: "docker" "start" "-a" "a2bea9bc03194fdac094c24e101b1b1043136a988bcca064acc6f8d3478aa290", kill_on_drop: false }`
[INFO] [stderr] warning: derive helper attribute is used before it is introduced
[INFO] [stderr]   --> src/play_by_play.rs:73:3
[INFO] [stderr]    |
[INFO] [stderr] 73 | #[serde(rename_all="camelCase")]
[INFO] [stderr]    |   ^^^^^
[INFO] [stderr] 74 | #[derive(Debug, Deserialize)]
[INFO] [stderr]    |                 ----------- the attribute is introduced here
[INFO] [stderr]    |
[INFO] [stderr]    = note: `#[warn(legacy_derive_helpers)]` on by default
[INFO] [stderr]    = warning: this was previously accepted by the compiler but is being phased out; it will become a hard error in a future release!
[INFO] [stderr]    = note: for more information, see issue #79202 <https://github.com/rust-lang/rust/issues/79202>
[INFO] [stderr] 
[INFO] [stderr] warning: derive helper attribute is used before it is introduced
[INFO] [stderr]    --> src/players.rs:175:3
[INFO] [stderr]     |
[INFO] [stderr] 175 | #[serde(rename_all="camelCase")]
[INFO] [stderr]     |   ^^^^^
[INFO] [stderr] 176 | #[derive(Deserialize, Debug, Clone)]
[INFO] [stderr]     |          ----------- the attribute is introduced here
[INFO] [stderr]     |
[INFO] [stderr]     = warning: this was previously accepted by the compiler but is being phased out; it will become a hard error in a future release!
[INFO] [stderr]     = note: for more information, see issue #79202 <https://github.com/rust-lang/rust/issues/79202>
[INFO] [stderr] 
[INFO] [stderr] warning: derive helper attribute is used before it is introduced
[INFO] [stderr]    --> src/players.rs:182:3
[INFO] [stderr]     |
[INFO] [stderr] 182 | #[serde(rename_all="camelCase")]
[INFO] [stderr]     |   ^^^^^
[INFO] [stderr] 183 | #[derive(Deserialize, Debug, Clone)]
[INFO] [stderr]     |          ----------- the attribute is introduced here
[INFO] [stderr]     |
[INFO] [stderr]     = warning: this was previously accepted by the compiler but is being phased out; it will become a hard error in a future release!
[INFO] [stderr]     = note: for more information, see issue #79202 <https://github.com/rust-lang/rust/issues/79202>
[INFO] [stderr] 
[INFO] [stderr] warning: derive helper attribute is used before it is introduced
[INFO] [stderr]    --> src/venues.rs:274:3
[INFO] [stderr]     |
[INFO] [stderr] 274 | #[serde(rename_all="camelCase")]
[INFO] [stderr]     |   ^^^^^
[INFO] [stderr] 275 | #[derive(Deserialize, Debug, Clone)]
[INFO] [stderr]     |          ----------- the attribute is introduced here
[INFO] [stderr]     |
[INFO] [stderr]     = warning: this was previously accepted by the compiler but is being phased out; it will become a hard error in a future release!
[INFO] [stderr]     = note: for more information, see issue #79202 <https://github.com/rust-lang/rust/issues/79202>
[INFO] [stderr] 
[INFO] [stderr] warning: derive helper attribute is used before it is introduced
[INFO] [stderr]    --> src/venues.rs:289:3
[INFO] [stderr]     |
[INFO] [stderr] 289 | #[serde(rename_all="camelCase")]
[INFO] [stderr]     |   ^^^^^
[INFO] [stderr] 290 | #[derive(Deserialize, Debug, Clone)]
[INFO] [stderr]     |          ----------- the attribute is introduced here
[INFO] [stderr]     |
[INFO] [stderr]     = warning: this was previously accepted by the compiler but is being phased out; it will become a hard error in a future release!
[INFO] [stderr]     = note: for more information, see issue #79202 <https://github.com/rust-lang/rust/issues/79202>
[INFO] [stderr] 
[INFO] [stderr] warning: `boss` (lib) generated 5 warnings
[INFO] [stderr] warning: `boss` (lib test) generated 5 warnings (5 duplicates)
[INFO] [stderr]     Finished test [unoptimized + debuginfo] target(s) in 0.12s
[INFO] [stderr]      Running unittests (/opt/rustwide/target/debug/deps/boss-c2a084c8dd38692d)
[INFO] [stdout] 
[INFO] [stderr]      Running unittests (/opt/rustwide/target/debug/deps/boss-1178bbb6165c400f)
[INFO] [stdout] running 0 tests
[INFO] [stdout] 
[INFO] [stdout] test result: ok. 0 passed; 0 failed; 0 ignored; 0 measured; 0 filtered out; finished in 0.00s
[INFO] [stdout] 
[INFO] [stdout] 
[INFO] [stdout] running 0 tests
[INFO] [stdout] 
[INFO] [stdout] test result: ok. 0 passed; 0 failed; 0 ignored; 0 measured; 0 filtered out; finished in 0.00s
[INFO] [stdout] 
[INFO] [stderr]      Running unittests (/opt/rustwide/target/debug/deps/tree_buf_test-3993840dc9a30890)
[INFO] [stdout] 
[INFO] [stdout] running 0 tests
[INFO] [stdout] 
[INFO] [stdout] test result: ok. 0 passed; 0 failed; 0 ignored; 0 measured; 0 filtered out; finished in 0.00s
[INFO] [stdout] 
[INFO] [stderr]    Doc-tests boss
[INFO] [stdout] 
[INFO] [stdout] running 2 tests
[INFO] [stdout] test src/run_expectancy.rs - run_expectancy::RE288 (line 11) ... FAILED
[INFO] [stdout] test src/run_expectancy.rs - run_expectancy::RE288 (line 5) ... FAILED
[INFO] [stdout] 
[INFO] [stdout] failures:
[INFO] [stdout] 
[INFO] [stdout] ---- src/run_expectancy.rs - run_expectancy::RE288 (line 11) stdout ----
[INFO] [stdout] error: unexpected closing delimiter: `)`
[INFO] [stdout]  --> src/run_expectancy.rs:14:2
[INFO] [stdout]   |
[INFO] [stdout] 5 | 3) Simulate seasons based on the above probabilities.
[INFO] [stdout]   |  ^ unexpected closing delimiter
[INFO] [stdout] 
[INFO] [stdout] error: mismatched closing delimiter: `)`
[INFO] [stdout]  --> src/run_expectancy.rs:12:2
[INFO] [stdout]   |
[INFO] [stdout] 2 | fn main() { #[allow(non_snake_case)] fn _doctest_main_src_run_expectancy_rs_11_0() {
[INFO] [stdout]   |                                                                                    - unclosed delimiter
[INFO] [stdout] 3 | 1) For each venue, season and sport_id, calculate the probability of each high-level event type (ball, strike, in-play)
[INFO] [stdout]   |  ^ mismatched closing delimiter
[INFO] [stdout] 
[INFO] [stdout] error: mismatched closing delimiter: `)`
[INFO] [stdout]  --> src/run_expectancy.rs:13:2
[INFO] [stdout]   |
[INFO] [stdout] 2 | fn main() { #[allow(non_snake_case)] fn _doctest_main_src_run_expectancy_rs_11_0() {
[INFO] [stdout]   |           - unclosed delimiter
[INFO] [stdout] 3 | 1) For each venue, season and sport_id, calculate the probability of each high-level event type (ball, strike, in-play)
[INFO] [stdout] 4 | 2) The in-play probability (specifically single/double/triple) is dependent on the ball-strike-out state.
[INFO] [stdout]   |  ^ mismatched closing delimiter
[INFO] [stdout] 
[INFO] [stdout] error: aborting due to 3 previous errors
[INFO] [stdout] 
[INFO] [stdout] Couldn't compile the test.
[INFO] [stdout] ---- src/run_expectancy.rs - run_expectancy::RE288 (line 5) stdout ----
[INFO] [stdout] error: unexpected closing delimiter: `}`
[INFO] [stdout]  --> src/run_expectancy.rs:9:1
[INFO] [stdout]   |
[INFO] [stdout] 6 | } _doctest_main_src_run_expectancy_rs_5_0() }
[INFO] [stdout]   | ^ unexpected closing delimiter
[INFO] [stdout] 
[INFO] [stdout] error: mismatched closing delimiter: `)`
[INFO] [stdout]  --> src/run_expectancy.rs:6:2
[INFO] [stdout]   |
[INFO] [stdout] 2 | fn main() { #[allow(non_snake_case)] fn _doctest_main_src_run_expectancy_rs_5_0() {
[INFO] [stdout]   |                                                                                   - unclosed delimiter
[INFO] [stdout] 3 | 1) For each venue, season and sport_id, calculate the average number of runs scored for after reaching a specific 288 state. <br/>
[INFO] [stdout]   |  ^ mismatched closing delimiter
[INFO] [stdout] 
[INFO] [stdout] error: mismatched closing delimiter: `)`
[INFO] [stdout]  --> src/run_expectancy.rs:7:2
[INFO] [stdout]   |
[INFO] [stdout] 2 | fn main() { #[allow(non_snake_case)] fn _doctest_main_src_run_expectancy_rs_5_0() {
[INFO] [stdout]   |           - unclosed delimiter
[INFO] [stdout] 3 | 1) For each venue, season and sport_id, calculate the average number of runs scored for after reaching a specific 288 state. <br/>
[INFO] [stdout] 4 | 2) Then we make sure that for items that have sample size < 30, we take the average of the two neighbours. Neighbours will be classified
[INFO] [stdout]   |  ^ mismatched closing delimiter
[INFO] [stdout] 
[INFO] [stdout] error: aborting due to 3 previous errors
[INFO] [stdout] 
[INFO] [stdout] Couldn't compile the test.
[INFO] [stdout] 
[INFO] [stdout] failures:
[INFO] [stdout]     src/run_expectancy.rs - run_expectancy::RE288 (line 11)
[INFO] [stdout]     src/run_expectancy.rs - run_expectancy::RE288 (line 5)
[INFO] [stdout] 
[INFO] [stdout] test result: FAILED. 0 passed; 2 failed; 0 ignored; 0 measured; 0 filtered out; finished in 0.09s
[INFO] [stdout] 
[INFO] [stderr] error: test failed, to rerun pass '--doc'
[INFO] running `Command { std: "docker" "inspect" "a2bea9bc03194fdac094c24e101b1b1043136a988bcca064acc6f8d3478aa290", kill_on_drop: false }`
[INFO] running `Command { std: "docker" "rm" "-f" "a2bea9bc03194fdac094c24e101b1b1043136a988bcca064acc6f8d3478aa290", kill_on_drop: false }`
[INFO] [stdout] a2bea9bc03194fdac094c24e101b1b1043136a988bcca064acc6f8d3478aa290
