[INFO] cloning repository https://github.com/jopdorp/gamedorp
[INFO] running `Command { std: "git" "-c" "credential.helper=" "-c" "credential.helper=/workspace/cargo-home/bin/git-credential-null" "clone" "--bare" "https://github.com/jopdorp/gamedorp" "/workspace/cache/git-repos/https%3A%2F%2Fgithub.com%2Fjopdorp%2Fgamedorp", kill_on_drop: false }`
[INFO] [stderr] Cloning into bare repository '/workspace/cache/git-repos/https%3A%2F%2Fgithub.com%2Fjopdorp%2Fgamedorp'...
[INFO] running `Command { std: "git" "rev-parse" "HEAD", kill_on_drop: false }`
[INFO] [stdout] c5ce633f02f450fdc2d2b2390f80ba4add8069c9
[INFO] testing jopdorp/gamedorp against beta-2021-08-01 for beta-1.55-1
[INFO] running `Command { std: "git" "clone" "/workspace/cache/git-repos/https%3A%2F%2Fgithub.com%2Fjopdorp%2Fgamedorp" "/workspace/builds/worker-13/source", kill_on_drop: false }`
[INFO] [stderr] Cloning into '/workspace/builds/worker-13/source'...
[INFO] [stderr] done.
[INFO] validating manifest of git repo https://github.com/jopdorp/gamedorp on toolchain beta-2021-08-01
[INFO] running `Command { std: "/workspace/cargo-home/bin/cargo" "+beta-2021-08-01" "metadata" "--manifest-path" "Cargo.toml" "--no-deps", kill_on_drop: false }`
[INFO] started tweaking git repo https://github.com/jopdorp/gamedorp
[INFO] finished tweaking git repo https://github.com/jopdorp/gamedorp
[INFO] tweaked toml for git repo https://github.com/jopdorp/gamedorp written to /workspace/builds/worker-13/source/Cargo.toml
[INFO] crate git repo https://github.com/jopdorp/gamedorp already has a lockfile, it will not be regenerated
[INFO] running `Command { std: "/workspace/cargo-home/bin/cargo" "+beta-2021-08-01" "fetch" "--manifest-path" "Cargo.toml", kill_on_drop: false }`
[INFO] [stderr]  Downloading crates ...
[INFO] [stderr]   Downloaded ascii v0.5.4
[INFO] [stderr]   Downloaded time v0.1.41
[INFO] [stderr]   Downloaded redox_syscall v0.1.44
[INFO] [stderr]   Downloaded libc v0.2.45
[INFO] running `Command { std: "docker" "create" "-v" "/var/lib/crater-agent-workspace/builds/worker-13/target:/opt/rustwide/target:rw,Z" "-v" "/var/lib/crater-agent-workspace/builds/worker-13/source:/opt/rustwide/workdir:ro,Z" "-v" "/var/lib/crater-agent-workspace/cargo-home:/opt/rustwide/cargo-home:ro,Z" "-v" "/var/lib/crater-agent-workspace/rustup-home:/opt/rustwide/rustup-home:ro,Z" "-e" "SOURCE_DIR=/opt/rustwide/workdir" "-e" "CARGO_TARGET_DIR=/opt/rustwide/target" "-e" "CARGO_HOME=/opt/rustwide/cargo-home" "-e" "RUSTUP_HOME=/opt/rustwide/rustup-home" "-w" "/opt/rustwide/workdir" "-m" "1610612736" "--user" "0:0" "--network" "none" "ghcr.io/rust-lang/crates-build-env/linux@sha256:34b6a614d2c27851fe6cbf88fbd1137609cefab8b10d0615aaeb6fd47975d74e" "/opt/rustwide/cargo-home/bin/cargo" "+beta-2021-08-01" "metadata" "--no-deps" "--format-version=1", kill_on_drop: false }`
[INFO] [stdout] 4db09632ff42214257bca4c23cdffde81e49affabc2d3d448cd220d5cf1ece75
[INFO] [stderr] WARNING: Your kernel does not support swap limit capabilities or the cgroup is not mounted. Memory limited without swap.
[INFO] running `Command { std: "docker" "start" "-a" "4db09632ff42214257bca4c23cdffde81e49affabc2d3d448cd220d5cf1ece75", kill_on_drop: false }`
[INFO] running `Command { std: "docker" "inspect" "4db09632ff42214257bca4c23cdffde81e49affabc2d3d448cd220d5cf1ece75", kill_on_drop: false }`
[INFO] running `Command { std: "docker" "rm" "-f" "4db09632ff42214257bca4c23cdffde81e49affabc2d3d448cd220d5cf1ece75", kill_on_drop: false }`
[INFO] [stdout] 4db09632ff42214257bca4c23cdffde81e49affabc2d3d448cd220d5cf1ece75
[INFO] running `Command { std: "docker" "create" "-v" "/var/lib/crater-agent-workspace/builds/worker-13/target:/opt/rustwide/target:rw,Z" "-v" "/var/lib/crater-agent-workspace/builds/worker-13/source:/opt/rustwide/workdir:ro,Z" "-v" "/var/lib/crater-agent-workspace/cargo-home:/opt/rustwide/cargo-home:ro,Z" "-v" "/var/lib/crater-agent-workspace/rustup-home:/opt/rustwide/rustup-home:ro,Z" "-e" "SOURCE_DIR=/opt/rustwide/workdir" "-e" "CARGO_TARGET_DIR=/opt/rustwide/target" "-e" "CARGO_INCREMENTAL=0" "-e" "RUST_BACKTRACE=full" "-e" "RUSTFLAGS=--cap-lints=warn" "-e" "CARGO_HOME=/opt/rustwide/cargo-home" "-e" "RUSTUP_HOME=/opt/rustwide/rustup-home" "-w" "/opt/rustwide/workdir" "-m" "1610612736" "--user" "0:0" "--network" "none" "ghcr.io/rust-lang/crates-build-env/linux@sha256:34b6a614d2c27851fe6cbf88fbd1137609cefab8b10d0615aaeb6fd47975d74e" "/opt/rustwide/cargo-home/bin/cargo" "+beta-2021-08-01" "build" "--frozen" "--message-format=json", kill_on_drop: false }`
[INFO] [stdout] ad4403dbf9cbf13993c7c08290c20577aa15cadebb0f8d61b9c18c4768cca12f
[INFO] [stderr] WARNING: Your kernel does not support swap limit capabilities or the cgroup is not mounted. Memory limited without swap.
[INFO] running `Command { std: "docker" "start" "-a" "ad4403dbf9cbf13993c7c08290c20577aa15cadebb0f8d61b9c18c4768cca12f", kill_on_drop: false }`
[INFO] [stderr]    Compiling ascii v0.5.4
[INFO] [stderr]    Compiling bit-vec v0.5.0
[INFO] [stderr]    Compiling sdl2-sys v0.31.0
[INFO] [stderr]    Compiling time v0.1.41
[INFO] [stderr]    Compiling num-bigint v0.1.44
[INFO] [stderr]    Compiling num-rational v0.1.42
[INFO] [stderr]    Compiling num v0.1.42
[INFO] [stderr]    Compiling sdl2 v0.31.0
[INFO] [stderr]    Compiling gb-rs v0.3.0 (/opt/rustwide/workdir)
[INFO] [stdout] warning: `...` range patterns are deprecated
[INFO] [stdout]   --> src/cartridge/models.rs:81:19
[INFO] [stdout]    |
[INFO] [stdout] 81 |             0x0000...0x1fff =>
[INFO] [stdout]    |                   ^^^ help: use `..=` for an inclusive range
[INFO] [stdout]    |
[INFO] [stdout]    = note: `#[warn(ellipsis_inclusive_range_patterns)]` on by default
[INFO] [stdout]    = warning: this is accepted in the current edition (Rust 2015) but is a hard error in Rust 2021!
[INFO] [stdout]    = note: for more information, see issue #80165 <https://github.com/rust-lang/rust/issues/80165>
[INFO] [stdout] 
[INFO] [stdout] 
[INFO] [stdout] warning: `...` range patterns are deprecated
[INFO] [stdout]   --> src/cartridge/models.rs:88:19
[INFO] [stdout]    |
[INFO] [stdout] 88 |             0x2000...0x3fff => {
[INFO] [stdout]    |                   ^^^ help: use `..=` for an inclusive range
[INFO] [stdout]    |
[INFO] [stdout]    = warning: this is accepted in the current edition (Rust 2015) but is a hard error in Rust 2021!
[INFO] [stdout]    = note: for more information, see issue #80165 <https://github.com/rust-lang/rust/issues/80165>
[INFO] [stdout] 
[INFO] [stdout] 
[INFO] [stdout] warning: `...` range patterns are deprecated
[INFO] [stdout]   --> src/cartridge/models.rs:96:19
[INFO] [stdout]    |
[INFO] [stdout] 96 |             0x4000...0x5fff => {
[INFO] [stdout]    |                   ^^^ help: use `..=` for an inclusive range
[INFO] [stdout]    |
[INFO] [stdout]    = warning: this is accepted in the current edition (Rust 2015) but is a hard error in Rust 2021!
[INFO] [stdout]    = note: for more information, see issue #80165 <https://github.com/rust-lang/rust/issues/80165>
[INFO] [stdout] 
[INFO] [stdout] 
[INFO] [stdout] warning: `...` range patterns are deprecated
[INFO] [stdout]    --> src/cartridge/models.rs:109:19
[INFO] [stdout]     |
[INFO] [stdout] 109 |             0x6000...0x7fff =>
[INFO] [stdout]     |                   ^^^ help: use `..=` for an inclusive range
[INFO] [stdout]     |
[INFO] [stdout]     = warning: this is accepted in the current edition (Rust 2015) but is a hard error in Rust 2021!
[INFO] [stdout]     = note: for more information, see issue #80165 <https://github.com/rust-lang/rust/issues/80165>
[INFO] [stdout] 
[INFO] [stdout] 
[INFO] [stdout] warning: `...` range patterns are deprecated
[INFO] [stdout]    --> src/cartridge/models.rs:158:19
[INFO] [stdout]     |
[INFO] [stdout] 158 |             0x0000...0x1fff =>
[INFO] [stdout]     |                   ^^^ help: use `..=` for an inclusive range
[INFO] [stdout]     |
[INFO] [stdout]     = warning: this is accepted in the current edition (Rust 2015) but is a hard error in Rust 2021!
[INFO] [stdout]     = note: for more information, see issue #80165 <https://github.com/rust-lang/rust/issues/80165>
[INFO] [stdout] 
[INFO] [stdout] 
[INFO] [stdout] warning: `...` range patterns are deprecated
[INFO] [stdout]    --> src/cartridge/models.rs:165:19
[INFO] [stdout]     |
[INFO] [stdout] 165 |             0x2000...0x3fff => {
[INFO] [stdout]     |                   ^^^ help: use `..=` for an inclusive range
[INFO] [stdout]     |
[INFO] [stdout]     = warning: this is accepted in the current edition (Rust 2015) but is a hard error in Rust 2021!
[INFO] [stdout]     = note: for more information, see issue #80165 <https://github.com/rust-lang/rust/issues/80165>
[INFO] [stdout] 
[INFO] [stdout] 
[INFO] [stdout] warning: `...` range patterns are deprecated
[INFO] [stdout]    --> src/cartridge/models.rs:186:19
[INFO] [stdout]     |
[INFO] [stdout] 186 |             0x0000...0x1fff =>
[INFO] [stdout]     |                   ^^^ help: use `..=` for an inclusive range
[INFO] [stdout]     |
[INFO] [stdout]     = warning: this is accepted in the current edition (Rust 2015) but is a hard error in Rust 2021!
[INFO] [stdout]     = note: for more information, see issue #80165 <https://github.com/rust-lang/rust/issues/80165>
[INFO] [stdout] 
[INFO] [stdout] 
[INFO] [stdout] warning: `...` range patterns are deprecated
[INFO] [stdout]    --> src/cartridge/models.rs:193:19
[INFO] [stdout]     |
[INFO] [stdout] 193 |             0x2000...0x3fff =>
[INFO] [stdout]     |                   ^^^ help: use `..=` for an inclusive range
[INFO] [stdout]     |
[INFO] [stdout]     = warning: this is accepted in the current edition (Rust 2015) but is a hard error in Rust 2021!
[INFO] [stdout]     = note: for more information, see issue #80165 <https://github.com/rust-lang/rust/issues/80165>
[INFO] [stdout] 
[INFO] [stdout] 
[INFO] [stdout] warning: `...` range patterns are deprecated
[INFO] [stdout]    --> src/cartridge/models.rs:198:19
[INFO] [stdout]     |
[INFO] [stdout] 198 |             0x4000...0x5fff =>
[INFO] [stdout]     |                   ^^^ help: use `..=` for an inclusive range
[INFO] [stdout]     |
[INFO] [stdout]     = warning: this is accepted in the current edition (Rust 2015) but is a hard error in Rust 2021!
[INFO] [stdout]     = note: for more information, see issue #80165 <https://github.com/rust-lang/rust/issues/80165>
[INFO] [stdout] 
[INFO] [stdout] 
[INFO] [stdout] warning: `...` range patterns are deprecated
[INFO] [stdout]    --> src/cartridge/models.rs:203:19
[INFO] [stdout]     |
[INFO] [stdout] 203 |             0x6000...0x7fff => debug!("Unhandled RTC access"),
[INFO] [stdout]     |                   ^^^ help: use `..=` for an inclusive range
[INFO] [stdout]     |
[INFO] [stdout]     = warning: this is accepted in the current edition (Rust 2015) but is a hard error in Rust 2021!
[INFO] [stdout]     = note: for more information, see issue #80165 <https://github.com/rust-lang/rust/issues/80165>
[INFO] [stdout] 
[INFO] [stdout] 
[INFO] [stdout] warning: `...` range patterns are deprecated
[INFO] [stdout]    --> src/cartridge/models.rs:220:13
[INFO] [stdout]     |
[INFO] [stdout] 220 |         0x01...0x03 => mbc1::MODEL,
[INFO] [stdout]     |             ^^^ help: use `..=` for an inclusive range
[INFO] [stdout]     |
[INFO] [stdout]     = warning: this is accepted in the current edition (Rust 2015) but is a hard error in Rust 2021!
[INFO] [stdout]     = note: for more information, see issue #80165 <https://github.com/rust-lang/rust/issues/80165>
[INFO] [stdout] 
[INFO] [stdout] 
[INFO] [stdout] warning: `...` range patterns are deprecated
[INFO] [stdout]    --> src/cartridge/models.rs:221:13
[INFO] [stdout]     |
[INFO] [stdout] 221 |         0x05...0x06 => mbc2::MODEL,
[INFO] [stdout]     |             ^^^ help: use `..=` for an inclusive range
[INFO] [stdout]     |
[INFO] [stdout]     = warning: this is accepted in the current edition (Rust 2015) but is a hard error in Rust 2021!
[INFO] [stdout]     = note: for more information, see issue #80165 <https://github.com/rust-lang/rust/issues/80165>
[INFO] [stdout] 
[INFO] [stdout] 
[INFO] [stdout] warning: `...` range patterns are deprecated
[INFO] [stdout]    --> src/cartridge/models.rs:222:13
[INFO] [stdout]     |
[INFO] [stdout] 222 |         0x0f...0x13 => mbc3::MODEL,
[INFO] [stdout]     |             ^^^ help: use `..=` for an inclusive range
[INFO] [stdout]     |
[INFO] [stdout]     = warning: this is accepted in the current edition (Rust 2015) but is a hard error in Rust 2021!
[INFO] [stdout]     = note: for more information, see issue #80165 <https://github.com/rust-lang/rust/issues/80165>
[INFO] [stdout] 
[INFO] [stdout] 
[INFO] [stdout] warning: use of deprecated macro `try`: use the `?` operator instead
[INFO] [stdout]   --> src/cartridge/mod.rs:52:9
[INFO] [stdout]    |
[INFO] [stdout] 52 |         try!((&mut source)
[INFO] [stdout]    |         ^^^
[INFO] [stdout]    |
[INFO] [stdout]    = note: `#[warn(deprecated)]` on by default
[INFO] [stdout] 
[INFO] [stdout] 
[INFO] [stdout] warning: use of deprecated macro `try`: use the `?` operator instead
[INFO] [stdout]   --> src/cartridge/mod.rs:97:9
[INFO] [stdout]    |
[INFO] [stdout] 97 |         try!(cartridge.init_ram());
[INFO] [stdout]    |         ^^^
[INFO] [stdout] 
[INFO] [stdout] 
[INFO] [stdout] warning: use of deprecated macro `try`: use the `?` operator instead
[INFO] [stdout]   --> src/cartridge/mod.rs:47:26
[INFO] [stdout]    |
[INFO] [stdout] 47 |         let mut source = try!(File::open(rom_path));
[INFO] [stdout]    |                          ^^^
[INFO] [stdout] 
[INFO] [stdout] 
[INFO] [stdout] warning: use of deprecated macro `try`: use the `?` operator instead
[INFO] [stdout]   --> src/cartridge/mod.rs:90:25
[INFO] [stdout]    |
[INFO] [stdout] 90 |                 let r = try!(source.read(&mut cartridge.rom[off..]));
[INFO] [stdout]    |                         ^^^
[INFO] [stdout] 
[INFO] [stdout] 
[INFO] [stdout] warning: use of deprecated macro `try`: use the `?` operator instead
[INFO] [stdout]    --> src/cartridge/mod.rs:122:29
[INFO] [stdout]     |
[INFO] [stdout] 122 |         let mut save_file = try!(OpenOptions::new()
[INFO] [stdout]     |                             ^^^
[INFO] [stdout] 
[INFO] [stdout] 
[INFO] [stdout] warning: use of deprecated macro `try`: use the `?` operator instead
[INFO] [stdout]    --> src/cartridge/mod.rs:128:25
[INFO] [stdout]     |
[INFO] [stdout] 128 |         let save_size = try!(save_file.metadata()).len();
[INFO] [stdout]     |                         ^^^
[INFO] [stdout] 
[INFO] [stdout] 
[INFO] [stdout] warning: use of deprecated macro `try`: use the `?` operator instead
[INFO] [stdout]    --> src/cartridge/mod.rs:136:13
[INFO] [stdout]     |
[INFO] [stdout] 136 |             try!(save_file.write_all(&self.ram));
[INFO] [stdout]     |             ^^^
[INFO] [stdout] 
[INFO] [stdout] 
[INFO] [stdout] warning: use of deprecated macro `try`: use the `?` operator instead
[INFO] [stdout]    --> src/cartridge/mod.rs:139:13
[INFO] [stdout]     |
[INFO] [stdout] 139 |             try!((&mut save_file)
[INFO] [stdout]     |             ^^^
[INFO] [stdout] 
[INFO] [stdout] 
[INFO] [stdout] warning: use of deprecated macro `try`: use the `?` operator instead
[INFO] [stdout]    --> src/cartridge/mod.rs:164:13
[INFO] [stdout]     |
[INFO] [stdout] 164 |             try!(f.seek(SeekFrom::Start(0)));
[INFO] [stdout]     |             ^^^
[INFO] [stdout] 
[INFO] [stdout] 
[INFO] [stdout] warning: use of deprecated macro `try`: use the `?` operator instead
[INFO] [stdout]    --> src/cartridge/mod.rs:165:13
[INFO] [stdout]     |
[INFO] [stdout] 165 |             try!(f.write_all(&self.ram));
[INFO] [stdout]     |             ^^^
[INFO] [stdout] 
[INFO] [stdout] 
[INFO] [stdout] warning: use of deprecated macro `try`: use the `?` operator instead
[INFO] [stdout]    --> src/cartridge/mod.rs:382:9
[INFO] [stdout]     |
[INFO] [stdout] 382 |         try!(write!(
[INFO] [stdout]     |         ^^^
[INFO] [stdout] 
[INFO] [stdout] 
[INFO] [stdout] warning: use of deprecated macro `try`: use the `?` operator instead
[INFO] [stdout]    --> src/gb_rs_cpu/mod.rs:454:9
[INFO] [stdout]     |
[INFO] [stdout] 454 |         try!(writeln!(f, "Registers:"));
[INFO] [stdout]     |         ^^^
[INFO] [stdout] 
[INFO] [stdout] 
[INFO] [stdout] warning: use of deprecated macro `try`: use the `?` operator instead
[INFO] [stdout]    --> src/gb_rs_cpu/mod.rs:456:9
[INFO] [stdout]     |
[INFO] [stdout] 456 |         try!(writeln!(
[INFO] [stdout]     |         ^^^
[INFO] [stdout] 
[INFO] [stdout] 
[INFO] [stdout] warning: use of deprecated macro `try`: use the `?` operator instead
[INFO] [stdout]    --> src/gb_rs_cpu/mod.rs:464:9
[INFO] [stdout]     |
[INFO] [stdout] 464 |         try!(writeln!(
[INFO] [stdout]     |         ^^^
[INFO] [stdout] 
[INFO] [stdout] 
[INFO] [stdout] warning: use of deprecated macro `try`: use the `?` operator instead
[INFO] [stdout]    --> src/gb_rs_cpu/mod.rs:472:9
[INFO] [stdout]     |
[INFO] [stdout] 472 |         try!(writeln!(
[INFO] [stdout]     |         ^^^
[INFO] [stdout] 
[INFO] [stdout] 
[INFO] [stdout] warning: use of deprecated macro `try`: use the `?` operator instead
[INFO] [stdout]    --> src/gb_rs_cpu/mod.rs:479:9
[INFO] [stdout]     |
[INFO] [stdout] 479 |         try!(writeln!(
[INFO] [stdout]     |         ^^^
[INFO] [stdout] 
[INFO] [stdout] 
[INFO] [stdout] warning: use of deprecated macro `try`: use the `?` operator instead
[INFO] [stdout]    --> src/gb_rs_cpu/mod.rs:486:9
[INFO] [stdout]     |
[INFO] [stdout] 486 |         try!(writeln!(
[INFO] [stdout]     |         ^^^
[INFO] [stdout] 
[INFO] [stdout] 
[INFO] [stdout] warning: use of deprecated macro `try`: use the `?` operator instead
[INFO] [stdout]    --> src/gb_rs_cpu/mod.rs:493:9
[INFO] [stdout]     |
[INFO] [stdout] 493 |         try!(writeln!(
[INFO] [stdout]     |         ^^^
[INFO] [stdout] 
[INFO] [stdout] 
[INFO] [stdout] warning: use of deprecated macro `try`: use the `?` operator instead
[INFO] [stdout]    --> src/gb_rs_cpu/mod.rs:504:9
[INFO] [stdout]     |
[INFO] [stdout] 504 |         try!(writeln!(f, "Flags:"));
[INFO] [stdout]     |         ^^^
[INFO] [stdout] 
[INFO] [stdout] 
[INFO] [stdout] warning: use of deprecated macro `try`: use the `?` operator instead
[INFO] [stdout]    --> src/gb_rs_cpu/mod.rs:506:9
[INFO] [stdout]     |
[INFO] [stdout] 506 |         try!(writeln!(
[INFO] [stdout]     |         ^^^
[INFO] [stdout] 
[INFO] [stdout] 
[INFO] [stdout] warning: use of deprecated macro `try`: use the `?` operator instead
[INFO] [stdout]    --> src/gb_rs_cpu/mod.rs:512:9
[INFO] [stdout]     |
[INFO] [stdout] 512 |         try!(writeln!(
[INFO] [stdout]     |         ^^^
[INFO] [stdout] 
[INFO] [stdout] 
[INFO] [stdout] warning: trait objects without an explicit `dyn` are deprecated
[INFO] [stdout]   --> src/gpu/mod.rs:11:23
[INFO] [stdout]    |
[INFO] [stdout] 11 |     display: &'a mut (Display + 'a),
[INFO] [stdout]    |                       ^^^^^^^^^^^^ help: use `dyn`: `dyn Display + 'a`
[INFO] [stdout]    |
[INFO] [stdout]    = note: `#[warn(bare_trait_objects)]` on by default
[INFO] [stdout]    = warning: this is accepted in the current edition (Rust 2015) but is a hard error in Rust 2021!
[INFO] [stdout]    = note: for more information, see issue #80165 <https://github.com/rust-lang/rust/issues/80165>
[INFO] [stdout] 
[INFO] [stdout] 
[INFO] [stdout] warning: trait objects without an explicit `dyn` are deprecated
[INFO] [stdout]    --> src/gpu/mod.rs:119:37
[INFO] [stdout]     |
[INFO] [stdout] 119 |     pub fn new<'n>(display: &'n mut Display) -> Gpu<'n> {
[INFO] [stdout]     |                                     ^^^^^^^ help: use `dyn`: `dyn Display`
[INFO] [stdout]     |
[INFO] [stdout]     = warning: this is accepted in the current edition (Rust 2015) but is a hard error in Rust 2021!
[INFO] [stdout]     = note: for more information, see issue #80165 <https://github.com/rust-lang/rust/issues/80165>
[INFO] [stdout] 
[INFO] [stdout] 
[INFO] [stdout] warning: `...` range patterns are deprecated
[INFO] [stdout]    --> src/io/mod.rs:293:26
[INFO] [stdout]     |
[INFO] [stdout] 293 |             NR3_RAM_START...NR3_RAM_END => {
[INFO] [stdout]     |                          ^^^ help: use `..=` for an inclusive range
[INFO] [stdout]     |
[INFO] [stdout]     = warning: this is accepted in the current edition (Rust 2015) but is a hard error in Rust 2021!
[INFO] [stdout]     = note: for more information, see issue #80165 <https://github.com/rust-lang/rust/issues/80165>
[INFO] [stdout] 
[INFO] [stdout] 
[INFO] [stdout] warning: `...` range patterns are deprecated
[INFO] [stdout]    --> src/io/mod.rs:366:26
[INFO] [stdout]     |
[INFO] [stdout] 366 |             NR3_RAM_START...NR3_RAM_END => {
[INFO] [stdout]     |                          ^^^ help: use `..=` for an inclusive range
[INFO] [stdout]     |
[INFO] [stdout]     = warning: this is accepted in the current edition (Rust 2015) but is a hard error in Rust 2021!
[INFO] [stdout]     = note: for more information, see issue #80165 <https://github.com/rust-lang/rust/issues/80165>
[INFO] [stdout] 
[INFO] [stdout] 
[INFO] [stdout] warning: trait objects without an explicit `dyn` are deprecated
[INFO] [stdout]   --> src/main.rs:71:22
[INFO] [stdout]    |
[INFO] [stdout] 71 |     let mut cpu: Box<CanRunInstruction> = if argv.len() > 2 && &argv[2] == "gb-rs" {
[INFO] [stdout]    |                      ^^^^^^^^^^^^^^^^^ help: use `dyn`: `dyn CanRunInstruction`
[INFO] [stdout]    |
[INFO] [stdout]    = warning: this is accepted in the current edition (Rust 2015) but is a hard error in Rust 2021!
[INFO] [stdout]    = note: for more information, see issue #80165 <https://github.com/rust-lang/rust/issues/80165>
[INFO] [stdout] 
[INFO] [stdout] 
[INFO] [stdout] warning: 39 warnings emitted
[INFO] [stdout] 
[INFO] [stdout] 
[INFO] [stderr]     Finished dev [unoptimized + debuginfo] target(s) in 17.66s
[INFO] running `Command { std: "docker" "inspect" "ad4403dbf9cbf13993c7c08290c20577aa15cadebb0f8d61b9c18c4768cca12f", kill_on_drop: false }`
[INFO] running `Command { std: "docker" "rm" "-f" "ad4403dbf9cbf13993c7c08290c20577aa15cadebb0f8d61b9c18c4768cca12f", kill_on_drop: false }`
[INFO] [stdout] ad4403dbf9cbf13993c7c08290c20577aa15cadebb0f8d61b9c18c4768cca12f
[INFO] running `Command { std: "docker" "create" "-v" "/var/lib/crater-agent-workspace/builds/worker-13/target:/opt/rustwide/target:rw,Z" "-v" "/var/lib/crater-agent-workspace/builds/worker-13/source:/opt/rustwide/workdir:ro,Z" "-v" "/var/lib/crater-agent-workspace/cargo-home:/opt/rustwide/cargo-home:ro,Z" "-v" "/var/lib/crater-agent-workspace/rustup-home:/opt/rustwide/rustup-home:ro,Z" "-e" "SOURCE_DIR=/opt/rustwide/workdir" "-e" "CARGO_TARGET_DIR=/opt/rustwide/target" "-e" "CARGO_INCREMENTAL=0" "-e" "RUST_BACKTRACE=full" "-e" "RUSTFLAGS=--cap-lints=warn" "-e" "CARGO_HOME=/opt/rustwide/cargo-home" "-e" "RUSTUP_HOME=/opt/rustwide/rustup-home" "-w" "/opt/rustwide/workdir" "-m" "1610612736" "--user" "0:0" "--network" "none" "ghcr.io/rust-lang/crates-build-env/linux@sha256:34b6a614d2c27851fe6cbf88fbd1137609cefab8b10d0615aaeb6fd47975d74e" "/opt/rustwide/cargo-home/bin/cargo" "+beta-2021-08-01" "test" "--frozen" "--no-run" "--message-format=json", kill_on_drop: false }`
[INFO] [stderr] WARNING: Your kernel does not support swap limit capabilities or the cgroup is not mounted. Memory limited without swap.
[INFO] [stdout] 3dad1653bdf0f6924b1d732513a2db45c68be8ea1608a0769cb031c7ff704635
[INFO] running `Command { std: "docker" "start" "-a" "3dad1653bdf0f6924b1d732513a2db45c68be8ea1608a0769cb031c7ff704635", kill_on_drop: false }`
[INFO] [stderr]    Compiling gb-rs v0.3.0 (/opt/rustwide/workdir)
[INFO] [stdout] warning: `...` range patterns are deprecated
[INFO] [stdout]   --> src/cartridge/models.rs:81:19
[INFO] [stdout]    |
[INFO] [stdout] 81 |             0x0000...0x1fff =>
[INFO] [stdout]    |                   ^^^ help: use `..=` for an inclusive range
[INFO] [stdout]    |
[INFO] [stdout]    = note: `#[warn(ellipsis_inclusive_range_patterns)]` on by default
[INFO] [stdout]    = warning: this is accepted in the current edition (Rust 2015) but is a hard error in Rust 2021!
[INFO] [stdout]    = note: for more information, see issue #80165 <https://github.com/rust-lang/rust/issues/80165>
[INFO] [stdout] 
[INFO] [stdout] 
[INFO] [stdout] warning: `...` range patterns are deprecated
[INFO] [stdout]   --> src/cartridge/models.rs:88:19
[INFO] [stdout]    |
[INFO] [stdout] 88 |             0x2000...0x3fff => {
[INFO] [stdout]    |                   ^^^ help: use `..=` for an inclusive range
[INFO] [stdout]    |
[INFO] [stdout]    = warning: this is accepted in the current edition (Rust 2015) but is a hard error in Rust 2021!
[INFO] [stdout]    = note: for more information, see issue #80165 <https://github.com/rust-lang/rust/issues/80165>
[INFO] [stdout] 
[INFO] [stdout] 
[INFO] [stdout] warning: `...` range patterns are deprecated
[INFO] [stdout]   --> src/cartridge/models.rs:96:19
[INFO] [stdout]    |
[INFO] [stdout] 96 |             0x4000...0x5fff => {
[INFO] [stdout]    |                   ^^^ help: use `..=` for an inclusive range
[INFO] [stdout]    |
[INFO] [stdout]    = warning: this is accepted in the current edition (Rust 2015) but is a hard error in Rust 2021!
[INFO] [stdout]    = note: for more information, see issue #80165 <https://github.com/rust-lang/rust/issues/80165>
[INFO] [stdout] 
[INFO] [stdout] 
[INFO] [stdout] warning: `...` range patterns are deprecated
[INFO] [stdout]    --> src/cartridge/models.rs:109:19
[INFO] [stdout]     |
[INFO] [stdout] 109 |             0x6000...0x7fff =>
[INFO] [stdout]     |                   ^^^ help: use `..=` for an inclusive range
[INFO] [stdout]     |
[INFO] [stdout]     = warning: this is accepted in the current edition (Rust 2015) but is a hard error in Rust 2021!
[INFO] [stdout]     = note: for more information, see issue #80165 <https://github.com/rust-lang/rust/issues/80165>
[INFO] [stdout] 
[INFO] [stdout] 
[INFO] [stdout] warning: `...` range patterns are deprecated
[INFO] [stdout]    --> src/cartridge/models.rs:158:19
[INFO] [stdout]     |
[INFO] [stdout] 158 |             0x0000...0x1fff =>
[INFO] [stdout]     |                   ^^^ help: use `..=` for an inclusive range
[INFO] [stdout]     |
[INFO] [stdout]     = warning: this is accepted in the current edition (Rust 2015) but is a hard error in Rust 2021!
[INFO] [stdout]     = note: for more information, see issue #80165 <https://github.com/rust-lang/rust/issues/80165>
[INFO] [stdout] 
[INFO] [stdout] 
[INFO] [stdout] warning: `...` range patterns are deprecated
[INFO] [stdout]    --> src/cartridge/models.rs:165:19
[INFO] [stdout]     |
[INFO] [stdout] 165 |             0x2000...0x3fff => {
[INFO] [stdout]     |                   ^^^ help: use `..=` for an inclusive range
[INFO] [stdout]     |
[INFO] [stdout]     = warning: this is accepted in the current edition (Rust 2015) but is a hard error in Rust 2021!
[INFO] [stdout]     = note: for more information, see issue #80165 <https://github.com/rust-lang/rust/issues/80165>
[INFO] [stdout] 
[INFO] [stdout] 
[INFO] [stdout] warning: `...` range patterns are deprecated
[INFO] [stdout]    --> src/cartridge/models.rs:186:19
[INFO] [stdout]     |
[INFO] [stdout] 186 |             0x0000...0x1fff =>
[INFO] [stdout]     |                   ^^^ help: use `..=` for an inclusive range
[INFO] [stdout]     |
[INFO] [stdout]     = warning: this is accepted in the current edition (Rust 2015) but is a hard error in Rust 2021!
[INFO] [stdout]     = note: for more information, see issue #80165 <https://github.com/rust-lang/rust/issues/80165>
[INFO] [stdout] 
[INFO] [stdout] 
[INFO] [stdout] warning: `...` range patterns are deprecated
[INFO] [stdout]    --> src/cartridge/models.rs:193:19
[INFO] [stdout]     |
[INFO] [stdout] 193 |             0x2000...0x3fff =>
[INFO] [stdout]     |                   ^^^ help: use `..=` for an inclusive range
[INFO] [stdout]     |
[INFO] [stdout]     = warning: this is accepted in the current edition (Rust 2015) but is a hard error in Rust 2021!
[INFO] [stdout]     = note: for more information, see issue #80165 <https://github.com/rust-lang/rust/issues/80165>
[INFO] [stdout] 
[INFO] [stdout] 
[INFO] [stdout] warning: `...` range patterns are deprecated
[INFO] [stdout]    --> src/cartridge/models.rs:198:19
[INFO] [stdout]     |
[INFO] [stdout] 198 |             0x4000...0x5fff =>
[INFO] [stdout]     |                   ^^^ help: use `..=` for an inclusive range
[INFO] [stdout]     |
[INFO] [stdout]     = warning: this is accepted in the current edition (Rust 2015) but is a hard error in Rust 2021!
[INFO] [stdout]     = note: for more information, see issue #80165 <https://github.com/rust-lang/rust/issues/80165>
[INFO] [stdout] 
[INFO] [stdout] 
[INFO] [stdout] warning: `...` range patterns are deprecated
[INFO] [stdout]    --> src/cartridge/models.rs:203:19
[INFO] [stdout]     |
[INFO] [stdout] 203 |             0x6000...0x7fff => debug!("Unhandled RTC access"),
[INFO] [stdout]     |                   ^^^ help: use `..=` for an inclusive range
[INFO] [stdout]     |
[INFO] [stdout]     = warning: this is accepted in the current edition (Rust 2015) but is a hard error in Rust 2021!
[INFO] [stdout]     = note: for more information, see issue #80165 <https://github.com/rust-lang/rust/issues/80165>
[INFO] [stdout] 
[INFO] [stdout] 
[INFO] [stdout] warning: `...` range patterns are deprecated
[INFO] [stdout]    --> src/cartridge/models.rs:220:13
[INFO] [stdout]     |
[INFO] [stdout] 220 |         0x01...0x03 => mbc1::MODEL,
[INFO] [stdout]     |             ^^^ help: use `..=` for an inclusive range
[INFO] [stdout]     |
[INFO] [stdout]     = warning: this is accepted in the current edition (Rust 2015) but is a hard error in Rust 2021!
[INFO] [stdout]     = note: for more information, see issue #80165 <https://github.com/rust-lang/rust/issues/80165>
[INFO] [stdout] 
[INFO] [stdout] 
[INFO] [stdout] warning: `...` range patterns are deprecated
[INFO] [stdout]    --> src/cartridge/models.rs:221:13
[INFO] [stdout]     |
[INFO] [stdout] 221 |         0x05...0x06 => mbc2::MODEL,
[INFO] [stdout]     |             ^^^ help: use `..=` for an inclusive range
[INFO] [stdout]     |
[INFO] [stdout]     = warning: this is accepted in the current edition (Rust 2015) but is a hard error in Rust 2021!
[INFO] [stdout]     = note: for more information, see issue #80165 <https://github.com/rust-lang/rust/issues/80165>
[INFO] [stdout] 
[INFO] [stdout] 
[INFO] [stdout] warning: `...` range patterns are deprecated
[INFO] [stdout]    --> src/cartridge/models.rs:222:13
[INFO] [stdout]     |
[INFO] [stdout] 222 |         0x0f...0x13 => mbc3::MODEL,
[INFO] [stdout]     |             ^^^ help: use `..=` for an inclusive range
[INFO] [stdout]     |
[INFO] [stdout]     = warning: this is accepted in the current edition (Rust 2015) but is a hard error in Rust 2021!
[INFO] [stdout]     = note: for more information, see issue #80165 <https://github.com/rust-lang/rust/issues/80165>
[INFO] [stdout] 
[INFO] [stdout] 
[INFO] [stdout] warning: use of deprecated macro `try`: use the `?` operator instead
[INFO] [stdout]   --> src/cartridge/mod.rs:52:9
[INFO] [stdout]    |
[INFO] [stdout] 52 |         try!((&mut source)
[INFO] [stdout]    |         ^^^
[INFO] [stdout]    |
[INFO] [stdout]    = note: `#[warn(deprecated)]` on by default
[INFO] [stdout] 
[INFO] [stdout] 
[INFO] [stdout] warning: use of deprecated macro `try`: use the `?` operator instead
[INFO] [stdout]   --> src/cartridge/mod.rs:97:9
[INFO] [stdout]    |
[INFO] [stdout] 97 |         try!(cartridge.init_ram());
[INFO] [stdout]    |         ^^^
[INFO] [stdout] 
[INFO] [stdout] 
[INFO] [stdout] warning: use of deprecated macro `try`: use the `?` operator instead
[INFO] [stdout]   --> src/cartridge/mod.rs:47:26
[INFO] [stdout]    |
[INFO] [stdout] 47 |         let mut source = try!(File::open(rom_path));
[INFO] [stdout]    |                          ^^^
[INFO] [stdout] 
[INFO] [stdout] 
[INFO] [stdout] warning: use of deprecated macro `try`: use the `?` operator instead
[INFO] [stdout]   --> src/cartridge/mod.rs:90:25
[INFO] [stdout]    |
[INFO] [stdout] 90 |                 let r = try!(source.read(&mut cartridge.rom[off..]));
[INFO] [stdout]    |                         ^^^
[INFO] [stdout] 
[INFO] [stdout] 
[INFO] [stdout] warning: use of deprecated macro `try`: use the `?` operator instead
[INFO] [stdout]    --> src/cartridge/mod.rs:122:29
[INFO] [stdout]     |
[INFO] [stdout] 122 |         let mut save_file = try!(OpenOptions::new()
[INFO] [stdout]     |                             ^^^
[INFO] [stdout] 
[INFO] [stdout] 
[INFO] [stdout] warning: use of deprecated macro `try`: use the `?` operator instead
[INFO] [stdout]    --> src/cartridge/mod.rs:128:25
[INFO] [stdout]     |
[INFO] [stdout] 128 |         let save_size = try!(save_file.metadata()).len();
[INFO] [stdout]     |                         ^^^
[INFO] [stdout] 
[INFO] [stdout] 
[INFO] [stdout] warning: use of deprecated macro `try`: use the `?` operator instead
[INFO] [stdout]    --> src/cartridge/mod.rs:136:13
[INFO] [stdout]     |
[INFO] [stdout] 136 |             try!(save_file.write_all(&self.ram));
[INFO] [stdout]     |             ^^^
[INFO] [stdout] 
[INFO] [stdout] 
[INFO] [stdout] warning: use of deprecated macro `try`: use the `?` operator instead
[INFO] [stdout]    --> src/cartridge/mod.rs:139:13
[INFO] [stdout]     |
[INFO] [stdout] 139 |             try!((&mut save_file)
[INFO] [stdout]     |             ^^^
[INFO] [stdout] 
[INFO] [stdout] 
[INFO] [stdout] warning: use of deprecated macro `try`: use the `?` operator instead
[INFO] [stdout]    --> src/cartridge/mod.rs:164:13
[INFO] [stdout]     |
[INFO] [stdout] 164 |             try!(f.seek(SeekFrom::Start(0)));
[INFO] [stdout]     |             ^^^
[INFO] [stdout] 
[INFO] [stdout] 
[INFO] [stdout] warning: use of deprecated macro `try`: use the `?` operator instead
[INFO] [stdout]    --> src/cartridge/mod.rs:165:13
[INFO] [stdout]     |
[INFO] [stdout] 165 |             try!(f.write_all(&self.ram));
[INFO] [stdout]     |             ^^^
[INFO] [stdout] 
[INFO] [stdout] 
[INFO] [stdout] warning: use of deprecated macro `try`: use the `?` operator instead
[INFO] [stdout]    --> src/cartridge/mod.rs:382:9
[INFO] [stdout]     |
[INFO] [stdout] 382 |         try!(write!(
[INFO] [stdout]     |         ^^^
[INFO] [stdout] 
[INFO] [stdout] 
[INFO] [stdout] warning: unused imports: `Debug`, `Error`, `Formatter`
[INFO] [stdout]  --> src/cpu/cpu_test.rs:3:20
[INFO] [stdout]   |
[INFO] [stdout] 3 |     use std::fmt::{Debug, Error, Formatter};
[INFO] [stdout]   |                    ^^^^^  ^^^^^  ^^^^^^^^^
[INFO] [stdout]   |
[INFO] [stdout]   = note: `#[warn(unused_imports)]` on by default
[INFO] [stdout] 
[INFO] [stdout] 
[INFO] [stdout] warning: unused import: `std::thread::sleep`
[INFO] [stdout]  --> src/cpu/cpu_test.rs:5:9
[INFO] [stdout]   |
[INFO] [stdout] 5 |     use std::thread::sleep;
[INFO] [stdout]   |         ^^^^^^^^^^^^^^^^^^
[INFO] [stdout] 
[INFO] [stdout] 
[INFO] [stdout] warning: unused import: `std::time::Duration`
[INFO] [stdout]  --> src/cpu/cpu_test.rs:6:9
[INFO] [stdout]   |
[INFO] [stdout] 6 |     use std::time::Duration;
[INFO] [stdout]   |         ^^^^^^^^^^^^^^^^^^^
[INFO] [stdout] 
[INFO] [stdout] 
[INFO] [stdout] warning: use of deprecated macro `try`: use the `?` operator instead
[INFO] [stdout]    --> src/gb_rs_cpu/mod.rs:454:9
[INFO] [stdout]     |
[INFO] [stdout] 454 |         try!(writeln!(f, "Registers:"));
[INFO] [stdout]     |         ^^^
[INFO] [stdout] 
[INFO] [stdout] 
[INFO] [stdout] warning: use of deprecated macro `try`: use the `?` operator instead
[INFO] [stdout]    --> src/gb_rs_cpu/mod.rs:456:9
[INFO] [stdout]     |
[INFO] [stdout] 456 |         try!(writeln!(
[INFO] [stdout]     |         ^^^
[INFO] [stdout] 
[INFO] [stdout] 
[INFO] [stdout] warning: use of deprecated macro `try`: use the `?` operator instead
[INFO] [stdout]    --> src/gb_rs_cpu/mod.rs:464:9
[INFO] [stdout]     |
[INFO] [stdout] 464 |         try!(writeln!(
[INFO] [stdout]     |         ^^^
[INFO] [stdout] 
[INFO] [stdout] 
[INFO] [stdout] warning: use of deprecated macro `try`: use the `?` operator instead
[INFO] [stdout]    --> src/gb_rs_cpu/mod.rs:472:9
[INFO] [stdout]     |
[INFO] [stdout] 472 |         try!(writeln!(
[INFO] [stdout]     |         ^^^
[INFO] [stdout] 
[INFO] [stdout] 
[INFO] [stdout] warning: use of deprecated macro `try`: use the `?` operator instead
[INFO] [stdout]    --> src/gb_rs_cpu/mod.rs:479:9
[INFO] [stdout]     |
[INFO] [stdout] 479 |         try!(writeln!(
[INFO] [stdout]     |         ^^^
[INFO] [stdout] 
[INFO] [stdout] 
[INFO] [stdout] warning: use of deprecated macro `try`: use the `?` operator instead
[INFO] [stdout]    --> src/gb_rs_cpu/mod.rs:486:9
[INFO] [stdout]     |
[INFO] [stdout] 486 |         try!(writeln!(
[INFO] [stdout]     |         ^^^
[INFO] [stdout] 
[INFO] [stdout] 
[INFO] [stdout] warning: use of deprecated macro `try`: use the `?` operator instead
[INFO] [stdout]    --> src/gb_rs_cpu/mod.rs:493:9
[INFO] [stdout]     |
[INFO] [stdout] 493 |         try!(writeln!(
[INFO] [stdout]     |         ^^^
[INFO] [stdout] 
[INFO] [stdout] 
[INFO] [stdout] warning: use of deprecated macro `try`: use the `?` operator instead
[INFO] [stdout]    --> src/gb_rs_cpu/mod.rs:504:9
[INFO] [stdout]     |
[INFO] [stdout] 504 |         try!(writeln!(f, "Flags:"));
[INFO] [stdout]     |         ^^^
[INFO] [stdout] 
[INFO] [stdout] 
[INFO] [stdout] warning: use of deprecated macro `try`: use the `?` operator instead
[INFO] [stdout]    --> src/gb_rs_cpu/mod.rs:506:9
[INFO] [stdout]     |
[INFO] [stdout] 506 |         try!(writeln!(
[INFO] [stdout]     |         ^^^
[INFO] [stdout] 
[INFO] [stdout] 
[INFO] [stdout] warning: use of deprecated macro `try`: use the `?` operator instead
[INFO] [stdout]    --> src/gb_rs_cpu/mod.rs:512:9
[INFO] [stdout]     |
[INFO] [stdout] 512 |         try!(writeln!(
[INFO] [stdout]     |         ^^^
[INFO] [stdout] 
[INFO] [stdout] 
[INFO] [stdout] warning: trait objects without an explicit `dyn` are deprecated
[INFO] [stdout]   --> src/gpu/mod.rs:11:23
[INFO] [stdout]    |
[INFO] [stdout] 11 |     display: &'a mut (Display + 'a),
[INFO] [stdout]    |                       ^^^^^^^^^^^^ help: use `dyn`: `dyn Display + 'a`
[INFO] [stdout]    |
[INFO] [stdout]    = note: `#[warn(bare_trait_objects)]` on by default
[INFO] [stdout]    = warning: this is accepted in the current edition (Rust 2015) but is a hard error in Rust 2021!
[INFO] [stdout]    = note: for more information, see issue #80165 <https://github.com/rust-lang/rust/issues/80165>
[INFO] [stdout] 
[INFO] [stdout] 
[INFO] [stdout] warning: trait objects without an explicit `dyn` are deprecated
[INFO] [stdout]    --> src/gpu/mod.rs:119:37
[INFO] [stdout]     |
[INFO] [stdout] 119 |     pub fn new<'n>(display: &'n mut Display) -> Gpu<'n> {
[INFO] [stdout]     |                                     ^^^^^^^ help: use `dyn`: `dyn Display`
[INFO] [stdout]     |
[INFO] [stdout]     = warning: this is accepted in the current edition (Rust 2015) but is a hard error in Rust 2021!
[INFO] [stdout]     = note: for more information, see issue #80165 <https://github.com/rust-lang/rust/issues/80165>
[INFO] [stdout] 
[INFO] [stdout] 
[INFO] [stdout] warning: `...` range patterns are deprecated
[INFO] [stdout]    --> src/io/mod.rs:293:26
[INFO] [stdout]     |
[INFO] [stdout] 293 |             NR3_RAM_START...NR3_RAM_END => {
[INFO] [stdout]     |                          ^^^ help: use `..=` for an inclusive range
[INFO] [stdout]     |
[INFO] [stdout]     = warning: this is accepted in the current edition (Rust 2015) but is a hard error in Rust 2021!
[INFO] [stdout]     = note: for more information, see issue #80165 <https://github.com/rust-lang/rust/issues/80165>
[INFO] [stdout] 
[INFO] [stdout] 
[INFO] [stdout] warning: `...` range patterns are deprecated
[INFO] [stdout]    --> src/io/mod.rs:366:26
[INFO] [stdout]     |
[INFO] [stdout] 366 |             NR3_RAM_START...NR3_RAM_END => {
[INFO] [stdout]     |                          ^^^ help: use `..=` for an inclusive range
[INFO] [stdout]     |
[INFO] [stdout]     = warning: this is accepted in the current edition (Rust 2015) but is a hard error in Rust 2021!
[INFO] [stdout]     = note: for more information, see issue #80165 <https://github.com/rust-lang/rust/issues/80165>
[INFO] [stdout] 
[INFO] [stdout] 
[INFO] [stdout] warning: trait objects without an explicit `dyn` are deprecated
[INFO] [stdout]   --> src/main.rs:71:22
[INFO] [stdout]    |
[INFO] [stdout] 71 |     let mut cpu: Box<CanRunInstruction> = if argv.len() > 2 && &argv[2] == "gb-rs" {
[INFO] [stdout]    |                      ^^^^^^^^^^^^^^^^^ help: use `dyn`: `dyn CanRunInstruction`
[INFO] [stdout]    |
[INFO] [stdout]    = warning: this is accepted in the current edition (Rust 2015) but is a hard error in Rust 2021!
[INFO] [stdout]    = note: for more information, see issue #80165 <https://github.com/rust-lang/rust/issues/80165>
[INFO] [stdout] 
[INFO] [stdout] 
[INFO] [stdout] warning: variable does not need to be mutable
[INFO] [stdout]   --> src/cpu/cpu_test.rs:25:13
[INFO] [stdout]    |
[INFO] [stdout] 25 |         let mut audio = ::ui::sdl2::Audio::new(audio_channel, &sdl2.sdl2);
[INFO] [stdout]    |             ----^^^^^
[INFO] [stdout]    |             |
[INFO] [stdout]    |             help: remove this `mut`
[INFO] [stdout]    |
[INFO] [stdout]    = note: `#[warn(unused_mut)]` on by default
[INFO] [stdout] 
[INFO] [stdout] 
[INFO] [stdout] warning: variable does not need to be mutable
[INFO] [stdout]   --> src/cpu/cpu_test.rs:38:13
[INFO] [stdout]    |
[INFO] [stdout] 38 |         let mut audio2 = ::ui::sdl2::Audio::new(audio_channel2, &sdl2.sdl2);
[INFO] [stdout]    |             ----^^^^^^
[INFO] [stdout]    |             |
[INFO] [stdout]    |             help: remove this `mut`
[INFO] [stdout] 
[INFO] [stdout] 
[INFO] [stdout] warning: associated function is never used: `from_vec`
[INFO] [stdout]    --> src/cartridge/mod.rs:340:12
[INFO] [stdout]     |
[INFO] [stdout] 340 |     pub fn from_vec(rom: Vec<u8>) -> Cartridge {
[INFO] [stdout]     |            ^^^^^^^^
[INFO] [stdout]     |
[INFO] [stdout]     = note: `#[warn(dead_code)]` on by default
[INFO] [stdout] 
[INFO] [stdout] 
[INFO] [stdout] warning: associated function is never used: `reset`
[INFO] [stdout]    --> src/gb_rs_cpu/mod.rs:447:12
[INFO] [stdout]     |
[INFO] [stdout] 447 |     pub fn reset(&mut self) {
[INFO] [stdout]     |            ^^^^^
[INFO] [stdout] 
[INFO] [stdout] 
[INFO] [stdout] warning: struct is never constructed: `DummyController`
[INFO] [stdout]    --> src/ui/mod.rs:100:16
[INFO] [stdout]     |
[INFO] [stdout] 100 |     pub struct DummyController {
[INFO] [stdout]     |                ^^^^^^^^^^^^^^^
[INFO] [stdout] 
[INFO] [stdout] 
[INFO] [stdout] warning: associated function is never used: `new`
[INFO] [stdout]    --> src/ui/mod.rs:105:16
[INFO] [stdout]     |
[INFO] [stdout] 105 |         pub fn new() -> DummyController {
[INFO] [stdout]     |                ^^^
[INFO] [stdout] 
[INFO] [stdout] 
[INFO] [stdout] warning: associated function is never used: `buttons`
[INFO] [stdout]    --> src/ui/mod.rs:111:16
[INFO] [stdout]     |
[INFO] [stdout] 111 |         pub fn buttons(&self) -> &Cell<super::Buttons> {
[INFO] [stdout]     |                ^^^^^^^
[INFO] [stdout] 
[INFO] [stdout] 
[INFO] [stdout] warning: 49 warnings emitted
[INFO] [stdout] 
[INFO] [stdout] 
[INFO] [stderr]     Finished test [unoptimized + debuginfo] target(s) in 10.99s
[INFO] running `Command { std: "docker" "inspect" "3dad1653bdf0f6924b1d732513a2db45c68be8ea1608a0769cb031c7ff704635", kill_on_drop: false }`
[INFO] running `Command { std: "docker" "rm" "-f" "3dad1653bdf0f6924b1d732513a2db45c68be8ea1608a0769cb031c7ff704635", kill_on_drop: false }`
[INFO] [stdout] 3dad1653bdf0f6924b1d732513a2db45c68be8ea1608a0769cb031c7ff704635
[INFO] running `Command { std: "docker" "create" "-v" "/var/lib/crater-agent-workspace/builds/worker-13/target:/opt/rustwide/target:rw,Z" "-v" "/var/lib/crater-agent-workspace/builds/worker-13/source:/opt/rustwide/workdir:ro,Z" "-v" "/var/lib/crater-agent-workspace/cargo-home:/opt/rustwide/cargo-home:ro,Z" "-v" "/var/lib/crater-agent-workspace/rustup-home:/opt/rustwide/rustup-home:ro,Z" "-e" "SOURCE_DIR=/opt/rustwide/workdir" "-e" "CARGO_TARGET_DIR=/opt/rustwide/target" "-e" "CARGO_INCREMENTAL=0" "-e" "RUST_BACKTRACE=full" "-e" "RUSTFLAGS=--cap-lints=warn" "-e" "CARGO_HOME=/opt/rustwide/cargo-home" "-e" "RUSTUP_HOME=/opt/rustwide/rustup-home" "-w" "/opt/rustwide/workdir" "-m" "1610612736" "--user" "0:0" "--network" "none" "ghcr.io/rust-lang/crates-build-env/linux@sha256:34b6a614d2c27851fe6cbf88fbd1137609cefab8b10d0615aaeb6fd47975d74e" "/opt/rustwide/cargo-home/bin/cargo" "+beta-2021-08-01" "test" "--frozen", kill_on_drop: false }`
[INFO] [stdout] 25c3bb635b500c5acd5a75530d12fc625cf53385064c34ce2863edee486096ef
[INFO] [stderr] WARNING: Your kernel does not support swap limit capabilities or the cgroup is not mounted. Memory limited without swap.
[INFO] running `Command { std: "docker" "start" "-a" "25c3bb635b500c5acd5a75530d12fc625cf53385064c34ce2863edee486096ef", kill_on_drop: false }`
[INFO] [stderr]     Blocking waiting for file lock on package cache
[INFO] [stderr]     Blocking waiting for file lock on package cache
[INFO] [stderr] warning: `...` range patterns are deprecated
[INFO] [stderr]   --> src/cartridge/models.rs:81:19
[INFO] [stderr]    |
[INFO] [stderr] 81 |             0x0000...0x1fff =>
[INFO] [stderr]    |                   ^^^ help: use `..=` for an inclusive range
[INFO] [stderr]    |
[INFO] [stderr]    = note: `#[warn(ellipsis_inclusive_range_patterns)]` on by default
[INFO] [stderr]    = warning: this is accepted in the current edition (Rust 2015) but is a hard error in Rust 2021!
[INFO] [stderr]    = note: for more information, see issue #80165 <https://github.com/rust-lang/rust/issues/80165>
[INFO] [stderr] 
[INFO] [stderr] warning: `...` range patterns are deprecated
[INFO] [stderr]   --> src/cartridge/models.rs:88:19
[INFO] [stderr]    |
[INFO] [stderr] 88 |             0x2000...0x3fff => {
[INFO] [stderr]    |                   ^^^ help: use `..=` for an inclusive range
[INFO] [stderr]    |
[INFO] [stderr]    = warning: this is accepted in the current edition (Rust 2015) but is a hard error in Rust 2021!
[INFO] [stderr]    = note: for more information, see issue #80165 <https://github.com/rust-lang/rust/issues/80165>
[INFO] [stderr] 
[INFO] [stderr] warning: `...` range patterns are deprecated
[INFO] [stderr]   --> src/cartridge/models.rs:96:19
[INFO] [stderr]    |
[INFO] [stderr] 96 |             0x4000...0x5fff => {
[INFO] [stderr]    |                   ^^^ help: use `..=` for an inclusive range
[INFO] [stderr]    |
[INFO] [stderr]    = warning: this is accepted in the current edition (Rust 2015) but is a hard error in Rust 2021!
[INFO] [stderr]    = note: for more information, see issue #80165 <https://github.com/rust-lang/rust/issues/80165>
[INFO] [stderr] 
[INFO] [stderr] warning: `...` range patterns are deprecated
[INFO] [stderr]    --> src/cartridge/models.rs:109:19
[INFO] [stderr]     |
[INFO] [stderr] 109 |             0x6000...0x7fff =>
[INFO] [stderr]     |                   ^^^ help: use `..=` for an inclusive range
[INFO] [stderr]     |
[INFO] [stderr]     = warning: this is accepted in the current edition (Rust 2015) but is a hard error in Rust 2021!
[INFO] [stderr]     = note: for more information, see issue #80165 <https://github.com/rust-lang/rust/issues/80165>
[INFO] [stderr] 
[INFO] [stderr] warning: `...` range patterns are deprecated
[INFO] [stderr]    --> src/cartridge/models.rs:158:19
[INFO] [stderr]     |
[INFO] [stderr] 158 |             0x0000...0x1fff =>
[INFO] [stderr]     |                   ^^^ help: use `..=` for an inclusive range
[INFO] [stderr]     |
[INFO] [stderr]     = warning: this is accepted in the current edition (Rust 2015) but is a hard error in Rust 2021!
[INFO] [stderr]     = note: for more information, see issue #80165 <https://github.com/rust-lang/rust/issues/80165>
[INFO] [stderr] 
[INFO] [stderr] warning: `...` range patterns are deprecated
[INFO] [stderr]    --> src/cartridge/models.rs:165:19
[INFO] [stderr]     |
[INFO] [stderr] 165 |             0x2000...0x3fff => {
[INFO] [stderr]     |                   ^^^ help: use `..=` for an inclusive range
[INFO] [stderr]     |
[INFO] [stderr]     = warning: this is accepted in the current edition (Rust 2015) but is a hard error in Rust 2021!
[INFO] [stderr]     = note: for more information, see issue #80165 <https://github.com/rust-lang/rust/issues/80165>
[INFO] [stderr] 
[INFO] [stderr] warning: `...` range patterns are deprecated
[INFO] [stderr]    --> src/cartridge/models.rs:186:19
[INFO] [stderr]     |
[INFO] [stderr] 186 |             0x0000...0x1fff =>
[INFO] [stderr]     |                   ^^^ help: use `..=` for an inclusive range
[INFO] [stderr]     |
[INFO] [stderr]     = warning: this is accepted in the current edition (Rust 2015) but is a hard error in Rust 2021!
[INFO] [stderr]     = note: for more information, see issue #80165 <https://github.com/rust-lang/rust/issues/80165>
[INFO] [stderr] 
[INFO] [stderr] warning: `...` range patterns are deprecated
[INFO] [stderr]    --> src/cartridge/models.rs:193:19
[INFO] [stderr]     |
[INFO] [stderr] 193 |             0x2000...0x3fff =>
[INFO] [stderr]     |                   ^^^ help: use `..=` for an inclusive range
[INFO] [stderr]     |
[INFO] [stderr]     = warning: this is accepted in the current edition (Rust 2015) but is a hard error in Rust 2021!
[INFO] [stderr]     = note: for more information, see issue #80165 <https://github.com/rust-lang/rust/issues/80165>
[INFO] [stderr] 
[INFO] [stderr] warning: `...` range patterns are deprecated
[INFO] [stderr]    --> src/cartridge/models.rs:198:19
[INFO] [stderr]     |
[INFO] [stderr] 198 |             0x4000...0x5fff =>
[INFO] [stderr]     |                   ^^^ help: use `..=` for an inclusive range
[INFO] [stderr]     |
[INFO] [stderr]     = warning: this is accepted in the current edition (Rust 2015) but is a hard error in Rust 2021!
[INFO] [stderr]     = note: for more information, see issue #80165 <https://github.com/rust-lang/rust/issues/80165>
[INFO] [stderr] 
[INFO] [stderr] warning: `...` range patterns are deprecated
[INFO] [stderr]    --> src/cartridge/models.rs:203:19
[INFO] [stderr]     |
[INFO] [stderr] 203 |             0x6000...0x7fff => debug!("Unhandled RTC access"),
[INFO] [stderr]     |                   ^^^ help: use `..=` for an inclusive range
[INFO] [stderr]     |
[INFO] [stderr]     = warning: this is accepted in the current edition (Rust 2015) but is a hard error in Rust 2021!
[INFO] [stderr]     = note: for more information, see issue #80165 <https://github.com/rust-lang/rust/issues/80165>
[INFO] [stderr] 
[INFO] [stderr] warning: `...` range patterns are deprecated
[INFO] [stderr]    --> src/cartridge/models.rs:220:13
[INFO] [stderr]     |
[INFO] [stderr] 220 |         0x01...0x03 => mbc1::MODEL,
[INFO] [stderr]     |             ^^^ help: use `..=` for an inclusive range
[INFO] [stderr]     |
[INFO] [stderr]     = warning: this is accepted in the current edition (Rust 2015) but is a hard error in Rust 2021!
[INFO] [stderr]     = note: for more information, see issue #80165 <https://github.com/rust-lang/rust/issues/80165>
[INFO] [stderr] 
[INFO] [stderr] warning: `...` range patterns are deprecated
[INFO] [stderr]    --> src/cartridge/models.rs:221:13
[INFO] [stderr]     |
[INFO] [stderr] 221 |         0x05...0x06 => mbc2::MODEL,
[INFO] [stderr]     |             ^^^ help: use `..=` for an inclusive range
[INFO] [stderr]     |
[INFO] [stderr]     = warning: this is accepted in the current edition (Rust 2015) but is a hard error in Rust 2021!
[INFO] [stderr]     = note: for more information, see issue #80165 <https://github.com/rust-lang/rust/issues/80165>
[INFO] [stderr] 
[INFO] [stderr] warning: `...` range patterns are deprecated
[INFO] [stderr]    --> src/cartridge/models.rs:222:13
[INFO] [stderr]     |
[INFO] [stderr] 222 |         0x0f...0x13 => mbc3::MODEL,
[INFO] [stderr]     |             ^^^ help: use `..=` for an inclusive range
[INFO] [stderr]     |
[INFO] [stderr]     = warning: this is accepted in the current edition (Rust 2015) but is a hard error in Rust 2021!
[INFO] [stderr]     = note: for more information, see issue #80165 <https://github.com/rust-lang/rust/issues/80165>
[INFO] [stderr] 
[INFO] [stderr] warning: use of deprecated macro `try`: use the `?` operator instead
[INFO] [stderr]   --> src/cartridge/mod.rs:52:9
[INFO] [stderr]    |
[INFO] [stderr] 52 |         try!((&mut source)
[INFO] [stderr]    |         ^^^
[INFO] [stderr]    |
[INFO] [stderr]    = note: `#[warn(deprecated)]` on by default
[INFO] [stderr] 
[INFO] [stderr] warning: use of deprecated macro `try`: use the `?` operator instead
[INFO] [stderr]   --> src/cartridge/mod.rs:97:9
[INFO] [stderr]    |
[INFO] [stderr] 97 |         try!(cartridge.init_ram());
[INFO] [stderr]    |         ^^^
[INFO] [stderr] 
[INFO] [stderr] warning: use of deprecated macro `try`: use the `?` operator instead
[INFO] [stderr]   --> src/cartridge/mod.rs:47:26
[INFO] [stderr]    |
[INFO] [stderr] 47 |         let mut source = try!(File::open(rom_path));
[INFO] [stderr]    |                          ^^^
[INFO] [stderr] 
[INFO] [stderr] warning: use of deprecated macro `try`: use the `?` operator instead
[INFO] [stderr]   --> src/cartridge/mod.rs:90:25
[INFO] [stderr]    |
[INFO] [stderr] 90 |                 let r = try!(source.read(&mut cartridge.rom[off..]));
[INFO] [stderr]    |                         ^^^
[INFO] [stderr] 
[INFO] [stderr] warning: use of deprecated macro `try`: use the `?` operator instead
[INFO] [stderr]    --> src/cartridge/mod.rs:122:29
[INFO] [stderr]     |
[INFO] [stderr] 122 |         let mut save_file = try!(OpenOptions::new()
[INFO] [stderr]     |                             ^^^
[INFO] [stderr] 
[INFO] [stderr] warning: use of deprecated macro `try`: use the `?` operator instead
[INFO] [stderr]    --> src/cartridge/mod.rs:128:25
[INFO] [stderr]     |
[INFO] [stderr] 128 |         let save_size = try!(save_file.metadata()).len();
[INFO] [stderr]     |                         ^^^
[INFO] [stderr] 
[INFO] [stderr] warning: use of deprecated macro `try`: use the `?` operator instead
[INFO] [stderr]    --> src/cartridge/mod.rs:136:13
[INFO] [stderr]     |
[INFO] [stderr] 136 |             try!(save_file.write_all(&self.ram));
[INFO] [stderr]     |             ^^^
[INFO] [stderr] 
[INFO] [stderr] warning: use of deprecated macro `try`: use the `?` operator instead
[INFO] [stderr]    --> src/cartridge/mod.rs:139:13
[INFO] [stderr]     |
[INFO] [stderr] 139 |             try!((&mut save_file)
[INFO] [stderr]     |             ^^^
[INFO] [stderr] 
[INFO] [stderr] warning: use of deprecated macro `try`: use the `?` operator instead
[INFO] [stderr]    --> src/cartridge/mod.rs:164:13
[INFO] [stderr]     |
[INFO] [stderr] 164 |             try!(f.seek(SeekFrom::Start(0)));
[INFO] [stderr]     |             ^^^
[INFO] [stderr] 
[INFO] [stderr] warning: use of deprecated macro `try`: use the `?` operator instead
[INFO] [stderr]    --> src/cartridge/mod.rs:165:13
[INFO] [stderr]     |
[INFO] [stderr] 165 |             try!(f.write_all(&self.ram));
[INFO] [stderr]     |             ^^^
[INFO] [stderr] 
[INFO] [stderr] warning: use of deprecated macro `try`: use the `?` operator instead
[INFO] [stderr]    --> src/cartridge/mod.rs:382:9
[INFO] [stderr]     |
[INFO] [stderr] 382 |         try!(write!(
[INFO] [stderr]     |         ^^^
[INFO] [stderr] 
[INFO] [stderr] warning: unused imports: `Debug`, `Error`, `Formatter`
[INFO] [stderr]  --> src/cpu/cpu_test.rs:3:20
[INFO] [stderr]   |
[INFO] [stderr] 3 |     use std::fmt::{Debug, Error, Formatter};
[INFO] [stderr]   |                    ^^^^^  ^^^^^  ^^^^^^^^^
[INFO] [stderr]   |
[INFO] [stderr]   = note: `#[warn(unused_imports)]` on by default
[INFO] [stderr] 
[INFO] [stderr] warning: unused import: `std::thread::sleep`
[INFO] [stderr]  --> src/cpu/cpu_test.rs:5:9
[INFO] [stderr]   |
[INFO] [stderr] 5 |     use std::thread::sleep;
[INFO] [stderr]   |         ^^^^^^^^^^^^^^^^^^
[INFO] [stderr] 
[INFO] [stderr] warning: unused import: `std::time::Duration`
[INFO] [stderr]  --> src/cpu/cpu_test.rs:6:9
[INFO] [stderr]   |
[INFO] [stderr] 6 |     use std::time::Duration;
[INFO] [stderr]   |         ^^^^^^^^^^^^^^^^^^^
[INFO] [stderr] 
[INFO] [stderr] warning: use of deprecated macro `try`: use the `?` operator instead
[INFO] [stderr]    --> src/gb_rs_cpu/mod.rs:454:9
[INFO] [stderr]     |
[INFO] [stderr] 454 |         try!(writeln!(f, "Registers:"));
[INFO] [stderr]     |         ^^^
[INFO] [stderr] 
[INFO] [stderr] warning: use of deprecated macro `try`: use the `?` operator instead
[INFO] [stderr]    --> src/gb_rs_cpu/mod.rs:456:9
[INFO] [stderr]     |
[INFO] [stderr] 456 |         try!(writeln!(
[INFO] [stderr]     |         ^^^
[INFO] [stderr] 
[INFO] [stderr] warning: use of deprecated macro `try`: use the `?` operator instead
[INFO] [stderr]    --> src/gb_rs_cpu/mod.rs:464:9
[INFO] [stderr]     |
[INFO] [stderr] 464 |         try!(writeln!(
[INFO] [stderr]     |         ^^^
[INFO] [stderr] 
[INFO] [stderr] warning: use of deprecated macro `try`: use the `?` operator instead
[INFO] [stderr]    --> src/gb_rs_cpu/mod.rs:472:9
[INFO] [stderr]     |
[INFO] [stderr] 472 |         try!(writeln!(
[INFO] [stderr]     |         ^^^
[INFO] [stderr] 
[INFO] [stderr] warning: use of deprecated macro `try`: use the `?` operator instead
[INFO] [stderr]    --> src/gb_rs_cpu/mod.rs:479:9
[INFO] [stderr]     |
[INFO] [stderr] 479 |         try!(writeln!(
[INFO] [stderr]     |         ^^^
[INFO] [stderr] 
[INFO] [stderr] warning: use of deprecated macro `try`: use the `?` operator instead
[INFO] [stderr]    --> src/gb_rs_cpu/mod.rs:486:9
[INFO] [stderr]     |
[INFO] [stderr] 486 |         try!(writeln!(
[INFO] [stderr]     |         ^^^
[INFO] [stderr] 
[INFO] [stderr] warning: use of deprecated macro `try`: use the `?` operator instead
[INFO] [stderr]    --> src/gb_rs_cpu/mod.rs:493:9
[INFO] [stderr]     |
[INFO] [stderr] 493 |         try!(writeln!(
[INFO] [stderr]     |         ^^^
[INFO] [stderr] 
[INFO] [stderr] warning: use of deprecated macro `try`: use the `?` operator instead
[INFO] [stderr]    --> src/gb_rs_cpu/mod.rs:504:9
[INFO] [stderr]     |
[INFO] [stderr] 504 |         try!(writeln!(f, "Flags:"));
[INFO] [stderr]     |         ^^^
[INFO] [stderr] 
[INFO] [stderr] warning: use of deprecated macro `try`: use the `?` operator instead
[INFO] [stderr]    --> src/gb_rs_cpu/mod.rs:506:9
[INFO] [stderr]     |
[INFO] [stderr] 506 |         try!(writeln!(
[INFO] [stderr]     |         ^^^
[INFO] [stderr] 
[INFO] [stderr] warning: use of deprecated macro `try`: use the `?` operator instead
[INFO] [stderr]    --> src/gb_rs_cpu/mod.rs:512:9
[INFO] [stderr]     |
[INFO] [stderr] 512 |         try!(writeln!(
[INFO] [stderr]     |         ^^^
[INFO] [stderr] 
[INFO] [stderr] warning: trait objects without an explicit `dyn` are deprecated
[INFO] [stderr]   --> src/gpu/mod.rs:11:23
[INFO] [stderr]    |
[INFO] [stderr] 11 |     display: &'a mut (Display + 'a),
[INFO] [stderr]    |                       ^^^^^^^^^^^^ help: use `dyn`: `dyn Display + 'a`
[INFO] [stderr]    |
[INFO] [stderr]    = note: `#[warn(bare_trait_objects)]` on by default
[INFO] [stderr]    = warning: this is accepted in the current edition (Rust 2015) but is a hard error in Rust 2021!
[INFO] [stderr]    = note: for more information, see issue #80165 <https://github.com/rust-lang/rust/issues/80165>
[INFO] [stderr] 
[INFO] [stderr] warning: trait objects without an explicit `dyn` are deprecated
[INFO] [stderr]    --> src/gpu/mod.rs:119:37
[INFO] [stderr]     |
[INFO] [stderr] 119 |     pub fn new<'n>(display: &'n mut Display) -> Gpu<'n> {
[INFO] [stderr]     |                                     ^^^^^^^ help: use `dyn`: `dyn Display`
[INFO] [stderr]     |
[INFO] [stderr]     = warning: this is accepted in the current edition (Rust 2015) but is a hard error in Rust 2021!
[INFO] [stderr]     = note: for more information, see issue #80165 <https://github.com/rust-lang/rust/issues/80165>
[INFO] [stderr] 
[INFO] [stderr] warning: `...` range patterns are deprecated
[INFO] [stderr]    --> src/io/mod.rs:293:26
[INFO] [stderr]     |
[INFO] [stderr] 293 |             NR3_RAM_START...NR3_RAM_END => {
[INFO] [stderr]     |                          ^^^ help: use `..=` for an inclusive range
[INFO] [stderr]     |
[INFO] [stderr]     = warning: this is accepted in the current edition (Rust 2015) but is a hard error in Rust 2021!
[INFO] [stderr]     = note: for more information, see issue #80165 <https://github.com/rust-lang/rust/issues/80165>
[INFO] [stderr] 
[INFO] [stderr] warning: `...` range patterns are deprecated
[INFO] [stderr]    --> src/io/mod.rs:366:26
[INFO] [stderr]     |
[INFO] [stderr] 366 |             NR3_RAM_START...NR3_RAM_END => {
[INFO] [stderr]     |                          ^^^ help: use `..=` for an inclusive range
[INFO] [stderr]     |
[INFO] [stderr]     = warning: this is accepted in the current edition (Rust 2015) but is a hard error in Rust 2021!
[INFO] [stderr]     = note: for more information, see issue #80165 <https://github.com/rust-lang/rust/issues/80165>
[INFO] [stderr] 
[INFO] [stderr] warning: trait objects without an explicit `dyn` are deprecated
[INFO] [stderr]   --> src/main.rs:71:22
[INFO] [stderr]    |
[INFO] [stderr] 71 |     let mut cpu: Box<CanRunInstruction> = if argv.len() > 2 && &argv[2] == "gb-rs" {
[INFO] [stderr]    |                      ^^^^^^^^^^^^^^^^^ help: use `dyn`: `dyn CanRunInstruction`
[INFO] [stderr]    |
[INFO] [stderr]    = warning: this is accepted in the current edition (Rust 2015) but is a hard error in Rust 2021!
[INFO] [stderr]    = note: for more information, see issue #80165 <https://github.com/rust-lang/rust/issues/80165>
[INFO] [stderr] 
[INFO] [stderr] warning: variable does not need to be mutable
[INFO] [stderr]   --> src/cpu/cpu_test.rs:25:13
[INFO] [stderr]    |
[INFO] [stderr] 25 |         let mut audio = ::ui::sdl2::Audio::new(audio_channel, &sdl2.sdl2);
[INFO] [stderr]    |             ----^^^^^
[INFO] [stderr]    |             |
[INFO] [stderr]    |             help: remove this `mut`
[INFO] [stderr]    |
[INFO] [stderr]    = note: `#[warn(unused_mut)]` on by default
[INFO] [stderr] 
[INFO] [stderr] warning: variable does not need to be mutable
[INFO] [stderr]   --> src/cpu/cpu_test.rs:38:13
[INFO] [stderr]    |
[INFO] [stderr] 38 |         let mut audio2 = ::ui::sdl2::Audio::new(audio_channel2, &sdl2.sdl2);
[INFO] [stderr]    |             ----^^^^^^
[INFO] [stderr]    |             |
[INFO] [stderr]    |             help: remove this `mut`
[INFO] [stderr] 
[INFO] [stderr] warning: associated function is never used: `from_vec`
[INFO] [stderr]    --> src/cartridge/mod.rs:340:12
[INFO] [stderr]     |
[INFO] [stderr] 340 |     pub fn from_vec(rom: Vec<u8>) -> Cartridge {
[INFO] [stderr]     |            ^^^^^^^^
[INFO] [stderr]     |
[INFO] [stderr]     = note: `#[warn(dead_code)]` on by default
[INFO] [stderr] 
[INFO] [stderr] warning: associated function is never used: `reset`
[INFO] [stderr]    --> src/gb_rs_cpu/mod.rs:447:12
[INFO] [stderr]     |
[INFO] [stderr] 447 |     pub fn reset(&mut self) {
[INFO] [stderr]     |            ^^^^^
[INFO] [stderr] 
[INFO] [stderr] warning: struct is never constructed: `DummyController`
[INFO] [stderr]    --> src/ui/mod.rs:100:16
[INFO] [stderr]     |
[INFO] [stderr] 100 |     pub struct DummyController {
[INFO] [stderr]     |                ^^^^^^^^^^^^^^^
[INFO] [stderr] 
[INFO] [stderr] warning: associated function is never used: `new`
[INFO] [stderr]    --> src/ui/mod.rs:105:16
[INFO] [stderr]     |
[INFO] [stderr] 105 |         pub fn new() -> DummyController {
[INFO] [stderr]     |                ^^^
[INFO] [stderr] 
[INFO] [stderr] warning: associated function is never used: `buttons`
[INFO] [stderr]    --> src/ui/mod.rs:111:16
[INFO] [stderr]     |
[INFO] [stderr] 111 |         pub fn buttons(&self) -> &Cell<super::Buttons> {
[INFO] [stderr]     |                ^^^^^^^
[INFO] [stderr] 
[INFO] [stderr] warning: `gb-rs` (bin "gb-rs" test) generated 49 warnings
[INFO] [stderr]     Finished test [unoptimized + debuginfo] target(s) in 0.94s
[INFO] [stdout] 
[INFO] [stderr]      Running unittests (/opt/rustwide/target/debug/deps/gb_rs-f9a40ca2758b7821)
[INFO] [stdout] running 46 tests
[INFO] [stdout] test gpu::tests::color_conversion ... ok
[INFO] [stdout] test gpu::tests::palette_conversion ... ok
[INFO] [stdout] test spu::tests::readback::nr10 ... ok
[INFO] [stdout] test spu::tests::readback::nr11 ... ok
[INFO] [stdout] test spu::tests::readback::nr12 ... ok
[INFO] [stdout] test spu::tests::readback::nr24 ... ok
[INFO] [stdout] test spu::tests::readback::nr30 ... ok
[INFO] [stdout] test spu::tests::readback::nr21 ... ok
[INFO] [stdout] test spu::tests::readback::nr31 ... ok
[INFO] [stdout] test spu::tests::readback::nr50 ... ok
[INFO] [stdout] test spu::tests::readback::nr44 ... ok
[INFO] [stdout] test spu::tests::readback::nr41 ... ok
[INFO] [stdout] test gpu::tests::gpu_step ... ok
[INFO] [stdout] test spu::tests::readback::nr22 ... ok
[INFO] [stdout] test spu::tests::readback::nr34 ... ok
[INFO] [stdout] test spu::tests::readback::nr32 ... ok
[INFO] [stdout] test spu::tests::readback::nr33 ... ok
[INFO] [stdout] test spu::tests::readback::nr13 ... ok
[INFO] [stdout] test spu::tests::readback::nr14 ... ok
[INFO] [stdout] test spu::tests::readback::nr23 ... ok
[INFO] [stdout] test spu::tests::readback::nr42 ... ok
[INFO] [stdout] test spu::tests::readback::nr43 ... ok
[INFO] [stdout] test spu::tests::readback::nr51 ... ok
[INFO] [stdout] test spu::tests::readback::nr52 ... ok
[INFO] [stdout] test spu::tests::reset::nr12 ... ok
[INFO] [stdout] test spu::tests::reset::nr13 ... ok
[INFO] [stdout] test spu::tests::reset::nr14 ... ok
[INFO] [stdout] test spu::tests::reset::nr21 ... ok
[INFO] [stdout] test spu::tests::reset::nr22 ... ok
[INFO] [stdout] test spu::tests::reset::nr23 ... ok
[INFO] [stdout] test spu::tests::reset::nr30 ... ok
[INFO] [stdout] test spu::tests::reset::nr31 ... ok
[INFO] [stdout] test spu::tests::reset::nr32 ... ok
[INFO] [stdout] test spu::tests::reset::nr33 ... ok
[INFO] [stdout] test spu::tests::reset::nr34 ... ok
[INFO] [stdout] test spu::tests::reset::nr41 ... ok
[INFO] [stdout] test spu::tests::reset::nr42 ... ok
[INFO] [stdout] test spu::tests::reset::nr43 ... ok
[INFO] [stdout] test spu::tests::reset::nr44 ... ok
[INFO] [stdout] test spu::tests::reset::nr50 ... ok
[INFO] [stdout] test spu::tests::reset::nr51 ... ok
[INFO] [stdout] test spu::tests::reset::nr24 ... ok
[INFO] [stdout] test spu::tests::readback::wave_ram ... ok
[INFO] [stdout] test spu::tests::reset::nr11 ... ok
[INFO] [stdout] test spu::tests::reset::nr10 ... ok
[INFO] [stderr] error: XDG_RUNTIME_DIR not set in the environment.
[INFO] [stdout] test cpu::cpu_test::test::cpu_has_the_same_states_as_gb_rs_cpu ... FAILED
[INFO] [stdout] 
[INFO] [stdout] failures:
[INFO] [stdout] 
[INFO] [stdout] ---- cpu::cpu_test::test::cpu_has_the_same_states_as_gb_rs_cpu stdout ----
[INFO] [stdout] No controller foundthread 'cpu::cpu_test::test::cpu_has_the_same_states_as_gb_rs_cpu' panicked at 'called `Result::unwrap()` on an `Err` value: "No available video device"', src/ui/sdl2/display.rs:19:44
[INFO] [stdout] stack backtrace:
[INFO] [stdout]    0:     0x55d8b3c96620 - std::backtrace_rs::backtrace::libunwind::trace::hff4d1766e93f64f1
[INFO] [stdout]                                at /rustc/53fd98ca776cb875bc9e5514f56b52eb74f9e7a9/library/std/src/../../backtrace/src/backtrace/libunwind.rs:90:5
[INFO] [stdout]    1:     0x55d8b3c96620 - std::backtrace_rs::backtrace::trace_unsynchronized::h56bbc8eb78770bcb
[INFO] [stdout]                                at /rustc/53fd98ca776cb875bc9e5514f56b52eb74f9e7a9/library/std/src/../../backtrace/src/backtrace/mod.rs:66:5
[INFO] [stdout]    2:     0x55d8b3c96620 - std::sys_common::backtrace::_print_fmt::h5c8e75464faca780
[INFO] [stdout]                                at /rustc/53fd98ca776cb875bc9e5514f56b52eb74f9e7a9/library/std/src/sys_common/backtrace.rs:67:5
[INFO] [stdout]    3:     0x55d8b3c96620 - <std::sys_common::backtrace::_print::DisplayBacktrace as core::fmt::Display>::fmt::h48b88277def8b362
[INFO] [stdout]                                at /rustc/53fd98ca776cb875bc9e5514f56b52eb74f9e7a9/library/std/src/sys_common/backtrace.rs:46:22
[INFO] [stdout]    4:     0x55d8b3cb8e3c - core::fmt::write::h3381b3176fe2b3d3
[INFO] [stdout]                                at /rustc/53fd98ca776cb875bc9e5514f56b52eb74f9e7a9/library/core/src/fmt/mod.rs:1115:17
[INFO] [stdout]    5:     0x55d8b3c93175 - std::io::Write::write_fmt::h5f34a676f60246b5
[INFO] [stdout]                                at /rustc/53fd98ca776cb875bc9e5514f56b52eb74f9e7a9/library/std/src/io/mod.rs:1665:15
[INFO] [stdout]    6:     0x55d8b3c987eb - std::sys_common::backtrace::_print::ha537687d6c17dd0d
[INFO] [stdout]                                at /rustc/53fd98ca776cb875bc9e5514f56b52eb74f9e7a9/library/std/src/sys_common/backtrace.rs:49:5
[INFO] [stdout]    7:     0x55d8b3c987eb - std::sys_common::backtrace::print::h61376ae57d131d72
[INFO] [stdout]                                at /rustc/53fd98ca776cb875bc9e5514f56b52eb74f9e7a9/library/std/src/sys_common/backtrace.rs:36:9
[INFO] [stdout]    8:     0x55d8b3c987eb - std::panicking::default_hook::{{closure}}::h0f7208c0b9644a54
[INFO] [stdout]                                at /rustc/53fd98ca776cb875bc9e5514f56b52eb74f9e7a9/library/std/src/panicking.rs:208:50
[INFO] [stdout]    9:     0x55d8b3c982fc - std::panicking::default_hook::hdac7fc06578c14ce
[INFO] [stdout]                                at /rustc/53fd98ca776cb875bc9e5514f56b52eb74f9e7a9/library/std/src/panicking.rs:222:9
[INFO] [stdout]   10:     0x55d8b3c98eb4 - std::panicking::rust_panic_with_hook::h72b21c283da3d1ef
[INFO] [stdout]                                at /rustc/53fd98ca776cb875bc9e5514f56b52eb74f9e7a9/library/std/src/panicking.rs:622:17
[INFO] [stdout]   11:     0x55d8b3c98997 - std::panicking::begin_panic_handler::{{closure}}::he5778f1729cff84a
[INFO] [stdout]                                at /rustc/53fd98ca776cb875bc9e5514f56b52eb74f9e7a9/library/std/src/panicking.rs:519:13
[INFO] [stdout]   12:     0x55d8b3c96afc - std::sys_common::backtrace::__rust_end_short_backtrace::h2d11ca8b453b4b1d
[INFO] [stdout]                                at /rustc/53fd98ca776cb875bc9e5514f56b52eb74f9e7a9/library/std/src/sys_common/backtrace.rs:141:18
[INFO] [stdout]   13:     0x55d8b3c988f9 - rust_begin_unwind
[INFO] [stdout]                                at /rustc/53fd98ca776cb875bc9e5514f56b52eb74f9e7a9/library/std/src/panicking.rs:515:5
[INFO] [stdout]   14:     0x55d8b3c1bec1 - core::panicking::panic_fmt::hf9de31d4acbce4db
[INFO] [stdout]                                at /rustc/53fd98ca776cb875bc9e5514f56b52eb74f9e7a9/library/core/src/panicking.rs:92:14
[INFO] [stdout]   15:     0x55d8b3c1bfb3 - core::result::unwrap_failed::ha0c84e81219e5878
[INFO] [stdout]                                at /rustc/53fd98ca776cb875bc9e5514f56b52eb74f9e7a9/library/core/src/result.rs:1599:5
[INFO] [stdout]   16:     0x55d8b3c27093 - core::result::Result<T,E>::unwrap::h1a06c59c9daa5986
[INFO] [stdout]                                at /rustc/53fd98ca776cb875bc9e5514f56b52eb74f9e7a9/library/core/src/result.rs:1281:23
[INFO] [stdout]   17:     0x55d8b3c27093 - gb_rs::ui::sdl2::display::Display::new::h0d3455fc42e7c6d2
[INFO] [stdout]                                at /opt/rustwide/workdir/src/ui/sdl2/display.rs:19:31
[INFO] [stdout]   18:     0x55d8b3c333dd - gb_rs::ui::sdl2::Context::new_display::h25268c35ca5359a5
[INFO] [stdout]                                at /opt/rustwide/workdir/src/ui/sdl2/mod.rs:31:9
[INFO] [stdout]   19:     0x55d8b3c333dd - gb_rs::cpu::cpu_test::test::cpu_has_the_same_states_as_gb_rs_cpu::h90621b4f4a231660
[INFO] [stdout]                                at /opt/rustwide/workdir/src/cpu/cpu_test.rs:22:27
[INFO] [stdout]   20:     0x55d8b3c6e383 - core::ops::function::FnOnce::call_once::hbb52c4519d3137b0
[INFO] [stdout]                                at /rustc/53fd98ca776cb875bc9e5514f56b52eb74f9e7a9/library/core/src/ops/function.rs:227:5
[INFO] [stdout]   21:     0x55d8b3c6e383 - test::__rust_begin_short_backtrace::h86fe3a2a5a5121af
[INFO] [stdout]                                at /rustc/53fd98ca776cb875bc9e5514f56b52eb74f9e7a9/library/test/src/lib.rs:578:5
[INFO] [stdout]   22:     0x55d8b3c6ce38 - <alloc::boxed::Box<F,A> as core::ops::function::FnOnce<Args>>::call_once::hfd956bc3d57399be
[INFO] [stdout]                                at /rustc/53fd98ca776cb875bc9e5514f56b52eb74f9e7a9/library/alloc/src/boxed.rs:1572:9
[INFO] [stdout]   23:     0x55d8b3c6ce38 - <std::panic::AssertUnwindSafe<F> as core::ops::function::FnOnce<()>>::call_once::h40dc93e0ddb5938a
[INFO] [stdout]                                at /rustc/53fd98ca776cb875bc9e5514f56b52eb74f9e7a9/library/std/src/panic.rs:347:9
[INFO] [stdout]   24:     0x55d8b3c6ce38 - std::panicking::try::do_call::h90d07750cb47c562
[INFO] [stdout]                                at /rustc/53fd98ca776cb875bc9e5514f56b52eb74f9e7a9/library/std/src/panicking.rs:401:40
[INFO] [stdout]   25:     0x55d8b3c6ce38 - std::panicking::try::h063c84733ad2a629
[INFO] [stdout]                                at /rustc/53fd98ca776cb875bc9e5514f56b52eb74f9e7a9/library/std/src/panicking.rs:365:19
[INFO] [stdout]   26:     0x55d8b3c6ce38 - std::panic::catch_unwind::h0c464836a84e7c08
[INFO] [stdout]                                at /rustc/53fd98ca776cb875bc9e5514f56b52eb74f9e7a9/library/std/src/panic.rs:434:14
[INFO] [stdout]   27:     0x55d8b3c6ce38 - test::run_test_in_process::h5cb06ef620b157fc
[INFO] [stdout]                                at /rustc/53fd98ca776cb875bc9e5514f56b52eb74f9e7a9/library/test/src/lib.rs:601:18
[INFO] [stdout]   28:     0x55d8b3c6ce38 - test::run_test::run_test_inner::{{closure}}::h76f677f4b93f9828
[INFO] [stdout]                                at /rustc/53fd98ca776cb875bc9e5514f56b52eb74f9e7a9/library/test/src/lib.rs:493:39
[INFO] [stdout]   29:     0x55d8b3c3b5cd - test::run_test::run_test_inner::{{closure}}::h366d01fe04f4d67a
[INFO] [stdout]                                at /rustc/53fd98ca776cb875bc9e5514f56b52eb74f9e7a9/library/test/src/lib.rs:520:37
[INFO] [stdout]   30:     0x55d8b3c3b5cd - std::sys_common::backtrace::__rust_begin_short_backtrace::h7dfa0de4eb395af2
[INFO] [stdout]                                at /rustc/53fd98ca776cb875bc9e5514f56b52eb74f9e7a9/library/std/src/sys_common/backtrace.rs:125:18
[INFO] [stdout]   31:     0x55d8b3c3fd98 - std::thread::Builder::spawn_unchecked::{{closure}}::{{closure}}::hf0a74bb58798037f
[INFO] [stdout]                                at /rustc/53fd98ca776cb875bc9e5514f56b52eb74f9e7a9/library/std/src/thread/mod.rs:476:17
[INFO] [stdout]   32:     0x55d8b3c3fd98 - <std::panic::AssertUnwindSafe<F> as core::ops::function::FnOnce<()>>::call_once::hb024e854818586ac
[INFO] [stdout]                                at /rustc/53fd98ca776cb875bc9e5514f56b52eb74f9e7a9/library/std/src/panic.rs:347:9
[INFO] [stdout]   33:     0x55d8b3c3fd98 - std::panicking::try::do_call::hb2dd9f1d0d48e41d
[INFO] [stdout]                                at /rustc/53fd98ca776cb875bc9e5514f56b52eb74f9e7a9/library/std/src/panicking.rs:401:40
[INFO] [stdout]   34:     0x55d8b3c3fd98 - std::panicking::try::h4717ae7bac8b2bf3
[INFO] [stdout]                                at /rustc/53fd98ca776cb875bc9e5514f56b52eb74f9e7a9/library/std/src/panicking.rs:365:19
[INFO] [stdout]   35:     0x55d8b3c3fd98 - std::panic::catch_unwind::h0dc8a061326ce8d8
[INFO] [stdout]                                at /rustc/53fd98ca776cb875bc9e5514f56b52eb74f9e7a9/library/std/src/panic.rs:434:14
[INFO] [stdout]   36:     0x55d8b3c3fd98 - std::thread::Builder::spawn_unchecked::{{closure}}::haa369e2d6fd00aa1
[INFO] [stdout]                                at /rustc/53fd98ca776cb875bc9e5514f56b52eb74f9e7a9/library/std/src/thread/mod.rs:475:30
[INFO] [stdout]   37:     0x55d8b3c3fd98 - core::ops::function::FnOnce::call_once{{vtable.shim}}::h36dcf3de8b056f17
[INFO] [stdout]                                at /rustc/53fd98ca776cb875bc9e5514f56b52eb74f9e7a9/library/core/src/ops/function.rs:227:5
[INFO] [stdout]   38:     0x55d8b3c9da27 - <alloc::boxed::Box<F,A> as core::ops::function::FnOnce<Args>>::call_once::h65c29e4642be2358
[INFO] [stdout]                                at /rustc/53fd98ca776cb875bc9e5514f56b52eb74f9e7a9/library/alloc/src/boxed.rs:1572:9
[INFO] [stdout]   39:     0x55d8b3c9da27 - <alloc::boxed::Box<F,A> as core::ops::function::FnOnce<Args>>::call_once::hd0f8f7fbbd9fffbf
[INFO] [stdout]                                at /rustc/53fd98ca776cb875bc9e5514f56b52eb74f9e7a9/library/alloc/src/boxed.rs:1572:9
[INFO] [stdout]   40:     0x55d8b3c9da27 - std::sys::unix::thread::Thread::new::thread_start::h2fd22fee3ca77b65
[INFO] [stdout]                                at /rustc/53fd98ca776cb875bc9e5514f56b52eb74f9e7a9/library/std/src/sys/unix/thread.rs:74:17
[INFO] [stdout]   41:     0x7effa31d7609 - start_thread
[INFO] [stdout]   42:     0x7effa2fa7293 - clone
[INFO] [stdout]   43:                0x0 - <unknown>
[INFO] [stdout] 
[INFO] [stdout] 
[INFO] [stdout] failures:
[INFO] [stdout]     cpu::cpu_test::test::cpu_has_the_same_states_as_gb_rs_cpu
[INFO] [stdout] 
[INFO] [stdout] test result: FAILED. 45 passed; 1 failed; 0 ignored; 0 measured; 0 filtered out; finished in 0.11s
[INFO] [stdout] 
[INFO] [stderr] error: test failed, to rerun pass '--bin gb-rs'
[INFO] running `Command { std: "docker" "inspect" "25c3bb635b500c5acd5a75530d12fc625cf53385064c34ce2863edee486096ef", kill_on_drop: false }`
[INFO] running `Command { std: "docker" "rm" "-f" "25c3bb635b500c5acd5a75530d12fc625cf53385064c34ce2863edee486096ef", kill_on_drop: false }`
[INFO] [stdout] 25c3bb635b500c5acd5a75530d12fc625cf53385064c34ce2863edee486096ef
