[INFO] cloning repository https://github.com/jonasbb/mattermost-rs
[INFO] running `Command { std: "git" "-c" "credential.helper=" "-c" "credential.helper=/workspace/cargo-home/bin/git-credential-null" "clone" "--bare" "https://github.com/jonasbb/mattermost-rs" "/workspace/cache/git-repos/https%3A%2F%2Fgithub.com%2Fjonasbb%2Fmattermost-rs", kill_on_drop: false }`
[INFO] [stderr] Cloning into bare repository '/workspace/cache/git-repos/https%3A%2F%2Fgithub.com%2Fjonasbb%2Fmattermost-rs'...
[INFO] running `Command { std: "git" "rev-parse" "HEAD", kill_on_drop: false }`
[INFO] [stdout] 9603f3167c725939ff7c86d191aedb4cfb80fd1b
[INFO] testing jonasbb/mattermost-rs against 1.54.0 for beta-1.55-1
[INFO] running `Command { std: "git" "clone" "/workspace/cache/git-repos/https%3A%2F%2Fgithub.com%2Fjonasbb%2Fmattermost-rs" "/workspace/builds/worker-0/source", kill_on_drop: false }`
[INFO] [stderr] Cloning into '/workspace/builds/worker-0/source'...
[INFO] [stderr] done.
[INFO] validating manifest of git repo https://github.com/jonasbb/mattermost-rs on toolchain 1.54.0
[INFO] running `Command { std: "/workspace/cargo-home/bin/cargo" "+1.54.0" "metadata" "--manifest-path" "Cargo.toml" "--no-deps", kill_on_drop: false }`
[INFO] started tweaking git repo https://github.com/jonasbb/mattermost-rs
[INFO] finished tweaking git repo https://github.com/jonasbb/mattermost-rs
[INFO] tweaked toml for git repo https://github.com/jonasbb/mattermost-rs written to /workspace/builds/worker-0/source/Cargo.toml
[INFO] crate git repo https://github.com/jonasbb/mattermost-rs already has a lockfile, it will not be regenerated
[INFO] running `Command { std: "/workspace/cargo-home/bin/cargo" "+1.54.0" "fetch" "--manifest-path" "Cargo.toml", kill_on_drop: false }`
[INFO] [stderr]     Blocking waiting for file lock on package cache
[INFO] running `Command { std: "docker" "create" "-v" "/var/lib/crater-agent-workspace/builds/worker-0/target:/opt/rustwide/target:rw,Z" "-v" "/var/lib/crater-agent-workspace/builds/worker-0/source:/opt/rustwide/workdir:ro,Z" "-v" "/var/lib/crater-agent-workspace/cargo-home:/opt/rustwide/cargo-home:ro,Z" "-v" "/var/lib/crater-agent-workspace/rustup-home:/opt/rustwide/rustup-home:ro,Z" "-e" "SOURCE_DIR=/opt/rustwide/workdir" "-e" "CARGO_TARGET_DIR=/opt/rustwide/target" "-e" "CARGO_HOME=/opt/rustwide/cargo-home" "-e" "RUSTUP_HOME=/opt/rustwide/rustup-home" "-w" "/opt/rustwide/workdir" "-m" "1610612736" "--user" "0:0" "--network" "none" "ghcr.io/rust-lang/crates-build-env/linux@sha256:34b6a614d2c27851fe6cbf88fbd1137609cefab8b10d0615aaeb6fd47975d74e" "/opt/rustwide/cargo-home/bin/cargo" "+1.54.0" "metadata" "--no-deps" "--format-version=1", kill_on_drop: false }`
[INFO] [stdout] e0b15355d24a3b7349dca8655217ab7a4b4ac6523332e7dad1342dba0a23f809
[INFO] [stderr] WARNING: Your kernel does not support swap limit capabilities or the cgroup is not mounted. Memory limited without swap.
[INFO] running `Command { std: "docker" "start" "-a" "e0b15355d24a3b7349dca8655217ab7a4b4ac6523332e7dad1342dba0a23f809", kill_on_drop: false }`
[INFO] running `Command { std: "docker" "inspect" "e0b15355d24a3b7349dca8655217ab7a4b4ac6523332e7dad1342dba0a23f809", kill_on_drop: false }`
[INFO] running `Command { std: "docker" "rm" "-f" "e0b15355d24a3b7349dca8655217ab7a4b4ac6523332e7dad1342dba0a23f809", kill_on_drop: false }`
[INFO] [stdout] e0b15355d24a3b7349dca8655217ab7a4b4ac6523332e7dad1342dba0a23f809
[INFO] running `Command { std: "docker" "create" "-v" "/var/lib/crater-agent-workspace/builds/worker-0/target:/opt/rustwide/target:rw,Z" "-v" "/var/lib/crater-agent-workspace/builds/worker-0/source:/opt/rustwide/workdir:ro,Z" "-v" "/var/lib/crater-agent-workspace/cargo-home:/opt/rustwide/cargo-home:ro,Z" "-v" "/var/lib/crater-agent-workspace/rustup-home:/opt/rustwide/rustup-home:ro,Z" "-e" "SOURCE_DIR=/opt/rustwide/workdir" "-e" "CARGO_TARGET_DIR=/opt/rustwide/target" "-e" "CARGO_INCREMENTAL=0" "-e" "RUST_BACKTRACE=full" "-e" "RUSTFLAGS=--cap-lints=warn" "-e" "CARGO_HOME=/opt/rustwide/cargo-home" "-e" "RUSTUP_HOME=/opt/rustwide/rustup-home" "-w" "/opt/rustwide/workdir" "-m" "1610612736" "--user" "0:0" "--network" "none" "ghcr.io/rust-lang/crates-build-env/linux@sha256:34b6a614d2c27851fe6cbf88fbd1137609cefab8b10d0615aaeb6fd47975d74e" "/opt/rustwide/cargo-home/bin/cargo" "+1.54.0" "build" "--frozen" "--message-format=json", kill_on_drop: false }`
[INFO] [stdout] 721213c89582ec52574ef4af2a8b521941b06cc494a3bd68882ece4d269541bb
[INFO] [stderr] WARNING: Your kernel does not support swap limit capabilities or the cgroup is not mounted. Memory limited without swap.
[INFO] running `Command { std: "docker" "start" "-a" "721213c89582ec52574ef4af2a8b521941b06cc494a3bd68882ece4d269541bb", kill_on_drop: false }`
[INFO] [stderr]    Compiling cc v1.0.31
[INFO] [stderr]    Compiling syn v0.15.29
[INFO] [stderr]    Compiling serde v1.0.89
[INFO] [stderr]    Compiling regex v1.1.2
[INFO] [stderr]    Compiling openssl v0.10.19
[INFO] [stderr]    Compiling encoding_rs v0.8.17
[INFO] [stderr]    Compiling log v0.4.6
[INFO] [stderr]    Compiling backtrace v0.3.14
[INFO] [stderr]    Compiling tokio-sync v0.1.3
[INFO] [stderr]    Compiling yaml-rust v0.4.3
[INFO] [stderr]    Compiling tokio-executor v0.1.6
[INFO] [stderr]    Compiling iovec v0.1.2
[INFO] [stderr]    Compiling net2 v0.2.33
[INFO] [stderr]    Compiling num_cpus v1.10.0
[INFO] [stderr]    Compiling time v0.1.42
[INFO] [stderr]    Compiling atty v0.2.11
[INFO] [stderr]    Compiling quote v0.6.11
[INFO] [stderr]    Compiling aho-corasick v0.6.10
[INFO] [stderr]    Compiling url v1.7.2
[INFO] [stderr]    Compiling libflate v0.1.21
[INFO] [stderr]    Compiling clap v2.32.0
[INFO] [stderr]    Compiling bytes v0.4.12
[INFO] [stderr]    Compiling futures-cpupool v0.1.8
[INFO] [stderr]    Compiling tokio-current-thread v0.1.5
[INFO] [stderr]    Compiling tokio-timer v0.2.10
[INFO] [stderr]    Compiling want v0.0.6
[INFO] [stderr]    Compiling mio v0.6.16
[INFO] [stderr]    Compiling uuid v0.7.2
[INFO] [stderr]    Compiling parking_lot_core v0.4.0
[INFO] [stderr]    Compiling phf_generator v0.7.24
[INFO] [stderr]    Compiling tokio-threadpool v0.1.12
[INFO] [stderr]    Compiling tokio-io v0.1.12
[INFO] [stderr]    Compiling http v0.1.16
[INFO] [stderr]    Compiling phf_codegen v0.7.24
[INFO] [stderr]    Compiling parking_lot v0.7.1
[INFO] [stderr]    Compiling mime_guess v2.0.0-alpha.6
[INFO] [stderr]    Compiling mio-extras v2.0.5
[INFO] [stderr]    Compiling openssl-sys v0.9.42
[INFO] [stderr]    Compiling backtrace-sys v0.1.28
[INFO] [stderr]    Compiling tokio-reactor v0.1.9
[INFO] [stderr]    Compiling tokio v0.1.16
[INFO] [stderr]    Compiling tokio-tcp v0.1.3
[INFO] [stderr]    Compiling native-tls v0.2.2
[INFO] [stderr]    Compiling parse-zoneinfo v0.2.0
[INFO] [stderr]    Compiling env_logger v0.6.1
[INFO] [stderr]    Compiling error-chain v0.12.0
[INFO] [stderr]    Compiling h2 v0.1.16
[INFO] [stderr]    Compiling serde_derive v1.0.89
[INFO] [stderr]    Compiling structopt-derive v0.2.15
[INFO] [stderr]    Compiling chrono-tz v0.5.0
[INFO] [stderr]    Compiling ws v0.8.0
[INFO] [stderr]    Compiling hyper v0.12.25
[INFO] [stderr]    Compiling structopt v0.2.15
[INFO] [stderr]    Compiling hyper-tls v0.3.1
[INFO] [stderr]    Compiling serde_json v1.0.39
[INFO] [stderr]    Compiling chrono v0.4.6
[INFO] [stderr]    Compiling serde_urlencoded v0.5.4
[INFO] [stderr]    Compiling serde_yaml v0.8.8
[INFO] [stderr]    Compiling reqwest v0.9.11
[INFO] [stderr]    Compiling serde_with v1.2.0
[INFO] [stderr]    Compiling mattermost_structs v0.1.0 (/opt/rustwide/workdir)
[INFO] [stdout] warning: use of deprecated macro `r#try`: use the `?` operator instead
[INFO] [stdout]   --> src/serialize.rs:41:12
[INFO] [stdout]    |
[INFO] [stdout] 41 |         Ok(r#try!(d
[INFO] [stdout]    |            ^^^^^
[INFO] [stdout]    |
[INFO] [stdout]    = note: `#[warn(deprecated)]` on by default
[INFO] [stdout] 
[INFO] [stdout] 
[INFO] [stdout] warning: 1 warning emitted
[INFO] [stdout] 
[INFO] [stdout] 
[INFO] [stdout] warning: unnecessary trailing semicolon
[INFO] [stdout]    --> src/main.rs:164:6
[INFO] [stdout]     |
[INFO] [stdout] 164 |     };
[INFO] [stdout]     |      ^ help: remove this semicolon
[INFO] [stdout]     |
[INFO] [stdout]     = note: `#[warn(redundant_semicolons)]` on by default
[INFO] [stdout] 
[INFO] [stdout] 
[INFO] [stdout] warning: 1 warning emitted
[INFO] [stdout] 
[INFO] [stdout] 
[INFO] [stderr]     Finished dev [unoptimized + debuginfo] target(s) in 2m 27s
[INFO] running `Command { std: "docker" "inspect" "721213c89582ec52574ef4af2a8b521941b06cc494a3bd68882ece4d269541bb", kill_on_drop: false }`
[INFO] running `Command { std: "docker" "rm" "-f" "721213c89582ec52574ef4af2a8b521941b06cc494a3bd68882ece4d269541bb", kill_on_drop: false }`
[INFO] [stdout] 721213c89582ec52574ef4af2a8b521941b06cc494a3bd68882ece4d269541bb
[INFO] running `Command { std: "docker" "create" "-v" "/var/lib/crater-agent-workspace/builds/worker-0/target:/opt/rustwide/target:rw,Z" "-v" "/var/lib/crater-agent-workspace/builds/worker-0/source:/opt/rustwide/workdir:ro,Z" "-v" "/var/lib/crater-agent-workspace/cargo-home:/opt/rustwide/cargo-home:ro,Z" "-v" "/var/lib/crater-agent-workspace/rustup-home:/opt/rustwide/rustup-home:ro,Z" "-e" "SOURCE_DIR=/opt/rustwide/workdir" "-e" "CARGO_TARGET_DIR=/opt/rustwide/target" "-e" "CARGO_INCREMENTAL=0" "-e" "RUST_BACKTRACE=full" "-e" "RUSTFLAGS=--cap-lints=warn" "-e" "CARGO_HOME=/opt/rustwide/cargo-home" "-e" "RUSTUP_HOME=/opt/rustwide/rustup-home" "-w" "/opt/rustwide/workdir" "-m" "1610612736" "--user" "0:0" "--network" "none" "ghcr.io/rust-lang/crates-build-env/linux@sha256:34b6a614d2c27851fe6cbf88fbd1137609cefab8b10d0615aaeb6fd47975d74e" "/opt/rustwide/cargo-home/bin/cargo" "+1.54.0" "test" "--frozen" "--no-run" "--message-format=json", kill_on_drop: false }`
[INFO] [stdout] 5d4b25f9483c4db0e0b7e20e84e80d4fb13870ed6ff9b1a9c7b35ffbe6499652
[INFO] [stderr] WARNING: Your kernel does not support swap limit capabilities or the cgroup is not mounted. Memory limited without swap.
[INFO] running `Command { std: "docker" "start" "-a" "5d4b25f9483c4db0e0b7e20e84e80d4fb13870ed6ff9b1a9c7b35ffbe6499652", kill_on_drop: false }`
[INFO] [stdout] warning: use of deprecated macro `r#try`: use the `?` operator instead
[INFO] [stdout]   --> src/serialize.rs:41:12
[INFO] [stdout]    |
[INFO] [stdout] 41 |         Ok(r#try!(d
[INFO] [stdout]    |            ^^^^^
[INFO] [stdout]    |
[INFO] [stdout]    = note: `#[warn(deprecated)]` on by default
[INFO] [stdout] 
[INFO] [stdout] 
[INFO] [stdout] warning: 1 warning emitted
[INFO] [stdout] 
[INFO] [stdout] 
[INFO] [stderr]    Compiling mattermost_structs v0.1.0 (/opt/rustwide/workdir)
[INFO] [stdout] warning: unnecessary trailing semicolon
[INFO] [stdout]    --> src/main.rs:164:6
[INFO] [stdout]     |
[INFO] [stdout] 164 |     };
[INFO] [stdout]     |      ^ help: remove this semicolon
[INFO] [stdout]     |
[INFO] [stdout]     = note: `#[warn(redundant_semicolons)]` on by default
[INFO] [stdout] 
[INFO] [stdout] 
[INFO] [stdout] warning: use of deprecated macro `r#try`: use the `?` operator instead
[INFO] [stdout]   --> src/serialize.rs:41:12
[INFO] [stdout]    |
[INFO] [stdout] 41 |         Ok(r#try!(d
[INFO] [stdout]    |            ^^^^^
[INFO] [stdout]    |
[INFO] [stdout]    = note: `#[warn(deprecated)]` on by default
[INFO] [stdout] 
[INFO] [stdout] 
[INFO] [stdout] warning: 1 warning emitted
[INFO] [stdout] 
[INFO] [stdout] 
[INFO] [stdout] warning: 1 warning emitted
[INFO] [stdout] 
[INFO] [stdout] 
[INFO] [stderr]     Finished test [unoptimized + debuginfo] target(s) in 5.68s
[INFO] running `Command { std: "docker" "inspect" "5d4b25f9483c4db0e0b7e20e84e80d4fb13870ed6ff9b1a9c7b35ffbe6499652", kill_on_drop: false }`
[INFO] running `Command { std: "docker" "rm" "-f" "5d4b25f9483c4db0e0b7e20e84e80d4fb13870ed6ff9b1a9c7b35ffbe6499652", kill_on_drop: false }`
[INFO] [stdout] 5d4b25f9483c4db0e0b7e20e84e80d4fb13870ed6ff9b1a9c7b35ffbe6499652
[INFO] running `Command { std: "docker" "create" "-v" "/var/lib/crater-agent-workspace/builds/worker-0/target:/opt/rustwide/target:rw,Z" "-v" "/var/lib/crater-agent-workspace/builds/worker-0/source:/opt/rustwide/workdir:ro,Z" "-v" "/var/lib/crater-agent-workspace/cargo-home:/opt/rustwide/cargo-home:ro,Z" "-v" "/var/lib/crater-agent-workspace/rustup-home:/opt/rustwide/rustup-home:ro,Z" "-e" "SOURCE_DIR=/opt/rustwide/workdir" "-e" "CARGO_TARGET_DIR=/opt/rustwide/target" "-e" "CARGO_INCREMENTAL=0" "-e" "RUST_BACKTRACE=full" "-e" "RUSTFLAGS=--cap-lints=warn" "-e" "CARGO_HOME=/opt/rustwide/cargo-home" "-e" "RUSTUP_HOME=/opt/rustwide/rustup-home" "-w" "/opt/rustwide/workdir" "-m" "1610612736" "--user" "0:0" "--network" "none" "ghcr.io/rust-lang/crates-build-env/linux@sha256:34b6a614d2c27851fe6cbf88fbd1137609cefab8b10d0615aaeb6fd47975d74e" "/opt/rustwide/cargo-home/bin/cargo" "+1.54.0" "test" "--frozen", kill_on_drop: false }`
[INFO] [stdout] b4213dc16d237dd8466424cf4fb769d3adab3dcb39ef94cf58092eb2ae2b4c7e
[INFO] [stderr] WARNING: Your kernel does not support swap limit capabilities or the cgroup is not mounted. Memory limited without swap.
[INFO] running `Command { std: "docker" "start" "-a" "b4213dc16d237dd8466424cf4fb769d3adab3dcb39ef94cf58092eb2ae2b4c7e", kill_on_drop: false }`
[INFO] [stderr] warning: use of deprecated macro `r#try`: use the `?` operator instead
[INFO] [stderr]   --> src/serialize.rs:41:12
[INFO] [stderr]    |
[INFO] [stderr] 41 |         Ok(r#try!(d
[INFO] [stderr]    |            ^^^^^
[INFO] [stderr]    |
[INFO] [stderr]    = note: `#[warn(deprecated)]` on by default
[INFO] [stderr] 
[INFO] [stderr] warning: 1 warning emitted
[INFO] [stderr] 
[INFO] [stderr] warning: use of deprecated macro `r#try`: use the `?` operator instead
[INFO] [stderr]   --> src/serialize.rs:41:12
[INFO] [stderr]    |
[INFO] [stderr] 41 |         Ok(r#try!(d
[INFO] [stderr]    |            ^^^^^
[INFO] [stderr]    |
[INFO] [stderr]    = note: `#[warn(deprecated)]` on by default
[INFO] [stderr] 
[INFO] [stderr] warning: 1 warning emitted
[INFO] [stderr] 
[INFO] [stderr] warning: unnecessary trailing semicolon
[INFO] [stderr]    --> src/main.rs:164:6
[INFO] [stderr]     |
[INFO] [stderr] 164 |     };
[INFO] [stderr]     |      ^ help: remove this semicolon
[INFO] [stderr]     |
[INFO] [stderr]     = note: `#[warn(redundant_semicolons)]` on by default
[INFO] [stderr] 
[INFO] [stderr] warning: 1 warning emitted
[INFO] [stderr] 
[INFO] [stderr]     Finished test [unoptimized + debuginfo] target(s) in 0.14s
[INFO] [stdout] 
[INFO] [stderr]      Running unittests (/opt/rustwide/target/debug/deps/mattermost_structs-40177aec3b233377)
[INFO] [stdout] running 0 tests
[INFO] [stderr]      Running unittests (/opt/rustwide/target/debug/deps/mmstest-afbb4c6f0df17b4f)
[INFO] [stdout] 
[INFO] [stdout] test result: ok. 0 passed; 0 failed; 0 ignored; 0 measured; 0 filtered out; finished in 0.00s
[INFO] [stdout] 
[INFO] [stderr]      Running unittests (/opt/rustwide/target/debug/deps/test_parse_log-239e1b1b4194cef3)
[INFO] [stdout] 
[INFO] [stdout] running 0 tests
[INFO] [stdout] 
[INFO] [stdout] test result: ok. 0 passed; 0 failed; 0 ignored; 0 measured; 0 filtered out; finished in 0.00s
[INFO] [stdout] 
[INFO] [stderr]    Doc-tests mattermost_structs
[INFO] [stdout] 
[INFO] [stdout] running 0 tests
[INFO] [stdout] 
[INFO] [stdout] test result: ok. 0 passed; 0 failed; 0 ignored; 0 measured; 0 filtered out; finished in 0.00s
[INFO] [stdout] 
[INFO] [stdout] 
[INFO] [stdout] running 4 tests
[INFO] [stdout] test src/serialize.rs - serialize::option_ts_milliseconds::serialize (line 189) ... FAILED
[INFO] [stdout] test src/serialize.rs - serialize::option_ts_milliseconds::deserialize (line 151) ... FAILED
[INFO] [stdout] test src/serialize.rs - serialize::ts_seconds::deserialize (line 15) ... FAILED
[INFO] [stdout] test src/serialize.rs - serialize::ts_seconds::serialize (line 52) ... FAILED
[INFO] [stdout] 
[INFO] [stdout] failures:
[INFO] [stdout] 
[INFO] [stdout] ---- src/serialize.rs - serialize::option_ts_milliseconds::serialize (line 189) stdout ----
[INFO] [stdout] error[E0463]: can't find crate for `serde_derive`
[INFO] [stdout]  --> src/serialize.rs:194:14
[INFO] [stdout]   |
[INFO] [stdout] 6 | #[macro_use] extern crate serde_derive;
[INFO] [stdout]   |              ^^^^^^^^^^^^^^^^^^^^^^^^^^ can't find crate
[INFO] [stdout] 
[INFO] [stdout] error: aborting due to previous error
[INFO] [stdout] 
[INFO] [stdout] For more information about this error, try `rustc --explain E0463`.
[INFO] [stdout] Couldn't compile the test.
[INFO] [stdout] ---- src/serialize.rs - serialize::option_ts_milliseconds::deserialize (line 151) stdout ----
[INFO] [stdout] error[E0463]: can't find crate for `serde_derive`
[INFO] [stdout]  --> src/serialize.rs:156:14
[INFO] [stdout]   |
[INFO] [stdout] 6 | #[macro_use] extern crate serde_derive;
[INFO] [stdout]   |              ^^^^^^^^^^^^^^^^^^^^^^^^^^ can't find crate
[INFO] [stdout] 
[INFO] [stdout] error: aborting due to previous error
[INFO] [stdout] 
[INFO] [stdout] For more information about this error, try `rustc --explain E0463`.
[INFO] [stdout] Couldn't compile the test.
[INFO] [stdout] ---- src/serialize.rs - serialize::ts_seconds::deserialize (line 15) stdout ----
[INFO] [stdout] error[E0463]: can't find crate for `serde_derive`
[INFO] [stdout]  --> src/serialize.rs:20:14
[INFO] [stdout]   |
[INFO] [stdout] 6 | #[macro_use] extern crate serde_derive;
[INFO] [stdout]   |              ^^^^^^^^^^^^^^^^^^^^^^^^^^ can't find crate
[INFO] [stdout] 
[INFO] [stdout] error: aborting due to previous error
[INFO] [stdout] 
[INFO] [stdout] For more information about this error, try `rustc --explain E0463`.
[INFO] [stdout] Couldn't compile the test.
[INFO] [stdout] ---- src/serialize.rs - serialize::ts_seconds::serialize (line 52) stdout ----
[INFO] [stdout] error[E0463]: can't find crate for `serde_derive`
[INFO] [stdout]  --> src/serialize.rs:57:14
[INFO] [stdout]   |
[INFO] [stdout] 6 | #[macro_use] extern crate serde_derive;
[INFO] [stdout]   |              ^^^^^^^^^^^^^^^^^^^^^^^^^^ can't find crate
[INFO] [stdout] 
[INFO] [stdout] error: aborting due to previous error
[INFO] [stdout] 
[INFO] [stdout] For more information about this error, try `rustc --explain E0463`.
[INFO] [stdout] Couldn't compile the test.
[INFO] [stdout] 
[INFO] [stdout] failures:
[INFO] [stdout]     src/serialize.rs - serialize::option_ts_milliseconds::deserialize (line 151)
[INFO] [stdout]     src/serialize.rs - serialize::option_ts_milliseconds::serialize (line 189)
[INFO] [stdout]     src/serialize.rs - serialize::ts_seconds::deserialize (line 15)
[INFO] [stdout]     src/serialize.rs - serialize::ts_seconds::serialize (line 52)
[INFO] [stdout] 
[INFO] [stdout] test result: FAILED. 0 passed; 4 failed; 0 ignored; 0 measured; 0 filtered out; finished in 0.44s
[INFO] [stdout] 
[INFO] [stderr] error: test failed, to rerun pass '--doc'
[INFO] running `Command { std: "docker" "inspect" "b4213dc16d237dd8466424cf4fb769d3adab3dcb39ef94cf58092eb2ae2b4c7e", kill_on_drop: false }`
[INFO] running `Command { std: "docker" "rm" "-f" "b4213dc16d237dd8466424cf4fb769d3adab3dcb39ef94cf58092eb2ae2b4c7e", kill_on_drop: false }`
[INFO] [stdout] b4213dc16d237dd8466424cf4fb769d3adab3dcb39ef94cf58092eb2ae2b4c7e
