[INFO] cloning repository https://github.com/jokeyrhyme/dotfiles-rs
[INFO] running `Command { std: "git" "-c" "credential.helper=" "-c" "credential.helper=/workspace/cargo-home/bin/git-credential-null" "clone" "--bare" "https://github.com/jokeyrhyme/dotfiles-rs" "/workspace/cache/git-repos/https%3A%2F%2Fgithub.com%2Fjokeyrhyme%2Fdotfiles-rs", kill_on_drop: false }`
[INFO] [stderr] Cloning into bare repository '/workspace/cache/git-repos/https%3A%2F%2Fgithub.com%2Fjokeyrhyme%2Fdotfiles-rs'...
[INFO] running `Command { std: "git" "rev-parse" "HEAD", kill_on_drop: false }`
[INFO] [stdout] 8e723ee271675ba783e15e608164813a4a136efb
[INFO] testing jokeyrhyme/dotfiles-rs against 1.54.0 for beta-1.55-1
[INFO] running `Command { std: "git" "clone" "/workspace/cache/git-repos/https%3A%2F%2Fgithub.com%2Fjokeyrhyme%2Fdotfiles-rs" "/workspace/builds/worker-5/source", kill_on_drop: false }`
[INFO] [stderr] Cloning into '/workspace/builds/worker-5/source'...
[INFO] [stderr] done.
[INFO] validating manifest of git repo https://github.com/jokeyrhyme/dotfiles-rs on toolchain 1.54.0
[INFO] running `Command { std: "/workspace/cargo-home/bin/cargo" "+1.54.0" "metadata" "--manifest-path" "Cargo.toml" "--no-deps", kill_on_drop: false }`
[INFO] removed /workspace/builds/worker-5/source/rust-toolchain
[INFO] started tweaking git repo https://github.com/jokeyrhyme/dotfiles-rs
[INFO] finished tweaking git repo https://github.com/jokeyrhyme/dotfiles-rs
[INFO] tweaked toml for git repo https://github.com/jokeyrhyme/dotfiles-rs written to /workspace/builds/worker-5/source/Cargo.toml
[INFO] crate git repo https://github.com/jokeyrhyme/dotfiles-rs already has a lockfile, it will not be regenerated
[INFO] running `Command { std: "/workspace/cargo-home/bin/cargo" "+1.54.0" "fetch" "--manifest-path" "Cargo.toml", kill_on_drop: false }`
[INFO] running `Command { std: "docker" "create" "-v" "/var/lib/crater-agent-workspace/builds/worker-5/target:/opt/rustwide/target:rw,Z" "-v" "/var/lib/crater-agent-workspace/builds/worker-5/source:/opt/rustwide/workdir:ro,Z" "-v" "/var/lib/crater-agent-workspace/cargo-home:/opt/rustwide/cargo-home:ro,Z" "-v" "/var/lib/crater-agent-workspace/rustup-home:/opt/rustwide/rustup-home:ro,Z" "-e" "SOURCE_DIR=/opt/rustwide/workdir" "-e" "CARGO_TARGET_DIR=/opt/rustwide/target" "-e" "CARGO_HOME=/opt/rustwide/cargo-home" "-e" "RUSTUP_HOME=/opt/rustwide/rustup-home" "-w" "/opt/rustwide/workdir" "-m" "1610612736" "--user" "0:0" "--network" "none" "ghcr.io/rust-lang/crates-build-env/linux@sha256:34b6a614d2c27851fe6cbf88fbd1137609cefab8b10d0615aaeb6fd47975d74e" "/opt/rustwide/cargo-home/bin/cargo" "+1.54.0" "metadata" "--no-deps" "--format-version=1", kill_on_drop: false }`
[INFO] [stdout] 88748526643d9ccc08069bad3c48c6dce716f4e87cb15361f55dc1ba8817612e
[INFO] [stderr] WARNING: Your kernel does not support swap limit capabilities or the cgroup is not mounted. Memory limited without swap.
[INFO] running `Command { std: "docker" "start" "-a" "88748526643d9ccc08069bad3c48c6dce716f4e87cb15361f55dc1ba8817612e", kill_on_drop: false }`
[INFO] running `Command { std: "docker" "inspect" "88748526643d9ccc08069bad3c48c6dce716f4e87cb15361f55dc1ba8817612e", kill_on_drop: false }`
[INFO] running `Command { std: "docker" "rm" "-f" "88748526643d9ccc08069bad3c48c6dce716f4e87cb15361f55dc1ba8817612e", kill_on_drop: false }`
[INFO] [stdout] 88748526643d9ccc08069bad3c48c6dce716f4e87cb15361f55dc1ba8817612e
[INFO] running `Command { std: "docker" "create" "-v" "/var/lib/crater-agent-workspace/builds/worker-5/target:/opt/rustwide/target:rw,Z" "-v" "/var/lib/crater-agent-workspace/builds/worker-5/source:/opt/rustwide/workdir:ro,Z" "-v" "/var/lib/crater-agent-workspace/cargo-home:/opt/rustwide/cargo-home:ro,Z" "-v" "/var/lib/crater-agent-workspace/rustup-home:/opt/rustwide/rustup-home:ro,Z" "-e" "SOURCE_DIR=/opt/rustwide/workdir" "-e" "CARGO_TARGET_DIR=/opt/rustwide/target" "-e" "CARGO_INCREMENTAL=0" "-e" "RUST_BACKTRACE=full" "-e" "RUSTFLAGS=--cap-lints=warn" "-e" "CARGO_HOME=/opt/rustwide/cargo-home" "-e" "RUSTUP_HOME=/opt/rustwide/rustup-home" "-w" "/opt/rustwide/workdir" "-m" "1610612736" "--user" "0:0" "--network" "none" "ghcr.io/rust-lang/crates-build-env/linux@sha256:34b6a614d2c27851fe6cbf88fbd1137609cefab8b10d0615aaeb6fd47975d74e" "/opt/rustwide/cargo-home/bin/cargo" "+1.54.0" "build" "--frozen" "--message-format=json", kill_on_drop: false }`
[INFO] [stdout] 8aa1c82eca3bd5e46afecbd38efef50178732d058abb536950859fac31673ea9
[INFO] [stderr] WARNING: Your kernel does not support swap limit capabilities or the cgroup is not mounted. Memory limited without swap.
[INFO] running `Command { std: "docker" "start" "-a" "8aa1c82eca3bd5e46afecbd38efef50178732d058abb536950859fac31673ea9", kill_on_drop: false }`
[INFO] [stderr]    Compiling syn v1.0.33
[INFO] [stderr]    Compiling base64 v0.12.1
[INFO] [stderr]    Compiling bzip2-sys v0.1.8+1.0.8
[INFO] [stderr]    Compiling textwrap v0.12.1
[INFO] [stderr]    Compiling log v0.4.8
[INFO] [stderr]    Compiling encoding_rs v0.8.22
[INFO] [stderr]    Compiling quote v1.0.3
[INFO] [stderr]    Compiling net2 v0.2.33
[INFO] [stderr]    Compiling num_cpus v1.12.0
[INFO] [stderr]    Compiling openssl-sys v0.9.54
[INFO] [stderr]    Compiling native-tls v0.2.4
[INFO] [stderr]    Compiling futures-util v0.3.4
[INFO] [stderr]    Compiling socket2 v0.3.12
[INFO] [stderr]    Compiling aho-corasick v0.7.9
[INFO] [stderr]    Compiling xattr v0.2.2
[INFO] [stderr]    Compiling dirs-sys v0.3.5
[INFO] [stderr]    Compiling filetime v0.2.8
[INFO] [stderr]    Compiling subprocess v0.2.6
[INFO] [stderr]    Compiling toml v0.5.7
[INFO] [stderr]    Compiling flate2 v1.0.13
[INFO] [stderr]    Compiling serde_json v1.0.59
[INFO] [stderr]    Compiling libflate v1.0.3
[INFO] [stderr]    Compiling colored v2.0.0
[INFO] [stderr]    Compiling clap v2.33.3
[INFO] [stderr]    Compiling want v0.3.0
[INFO] [stderr]    Compiling dirs v3.0.1
[INFO] [stderr]    Compiling mio v0.6.21
[INFO] [stderr]    Compiling tar v0.4.30
[INFO] [stderr]    Compiling serde_urlencoded v0.6.1
[INFO] [stderr]    Compiling openssl v0.10.28
[INFO] [stderr]    Compiling sha2 v0.8.2
[INFO] [stderr]    Compiling uuid v0.7.4
[INFO] [stderr]    Compiling chrono v0.4.19
[INFO] [stderr]    Compiling regex v1.4.1
[INFO] [stderr]    Compiling mktemp v0.4.0
[INFO] [stderr]    Compiling tokio v0.2.13
[INFO] [stderr]    Compiling bzip2 v0.3.3
[INFO] [stderr]    Compiling Inflector v0.11.4
[INFO] [stderr]    Compiling tokio-util v0.2.0
[INFO] [stderr]    Compiling tokio-tls v0.3.0
[INFO] [stderr]    Compiling h2 v0.2.2
[INFO] [stderr]    Compiling pin-project-internal v0.4.8
[INFO] [stderr]    Compiling thiserror-impl v1.0.19
[INFO] [stderr]    Compiling serde_derive v1.0.117
[INFO] [stderr]    Compiling thiserror v1.0.19
[INFO] [stderr]    Compiling zip v0.5.8
[INFO] [stderr]    Compiling which v4.0.2
[INFO] [stderr]    Compiling pin-project v0.4.8
[INFO] [stderr]    Compiling hyper v0.13.6
[INFO] [stderr]    Compiling hyper-tls v0.4.1
[INFO] [stderr]    Compiling reqwest v0.10.8
[INFO] [stderr]    Compiling jokeyrhyme-dotfiles v0.38.0 (/opt/rustwide/workdir)
[INFO] [stdout] warning: use of deprecated associated function `zip::read::ZipFile::<'a>::sanitized_name`: by stripping `..`s from the path, the meaning of paths can change.
[INFO] [stdout]                 You must use a sanitization strategy that's appropriate for your input
[INFO] [stdout]   --> src/utils/archive.rs:98:32
[INFO] [stdout]    |
[INFO] [stdout] 98 |         let entry_path = entry.sanitized_name();
[INFO] [stdout]    |                                ^^^^^^^^^^^^^^
[INFO] [stdout]    |
[INFO] [stdout]    = note: `#[warn(deprecated)]` on by default
[INFO] [stdout] 
[INFO] [stdout] 
[INFO] [stdout] warning: taking a mutable reference to a `const` item
[INFO] [stdout]   --> src/tasks/atlantis.rs:35:5
[INFO] [stdout]    |
[INFO] [stdout] 35 |     GHRA_TASK.sync()
[INFO] [stdout]    |     ^^^^^^^^^^^^^^^^
[INFO] [stdout]    |
[INFO] [stdout]    = note: `#[warn(const_item_mutation)]` on by default
[INFO] [stdout]    = note: each usage of a `const` item creates a new temporary
[INFO] [stdout]    = note: the mutable reference will refer to this temporary, not the original `const` item
[INFO] [stdout] note: mutable reference created due to call to this method
[INFO] [stdout]   --> src/lib/ghratask.rs:24:5
[INFO] [stdout]    |
[INFO] [stdout] 24 |     pub fn sync(&mut self) -> task::Result {
[INFO] [stdout]    |     ^^^^^^^^^^^^^^^^^^^^^^^^^^^^^^^^^^^^^^
[INFO] [stdout] note: `const` item defined here
[INFO] [stdout]   --> src/tasks/atlantis.rs:20:1
[INFO] [stdout]    |
[INFO] [stdout] 20 | / const GHRA_TASK: GHRATask = GHRATask {
[INFO] [stdout] 21 | |     asset_filter,
[INFO] [stdout] 22 | |     command: "atlantis",
[INFO] [stdout] 23 | |     repo: ("runatlantis", "atlantis"),
[INFO] [stdout] 24 | |     trim_version,
[INFO] [stdout] 25 | |     version_arg: "version",
[INFO] [stdout] 26 | | };
[INFO] [stdout]    | |__^
[INFO] [stdout] 
[INFO] [stdout] 
[INFO] [stdout] warning: taking a mutable reference to a `const` item
[INFO] [stdout]   --> src/tasks/atlantis.rs:43:5
[INFO] [stdout]    |
[INFO] [stdout] 43 |     GHRA_TASK.update(sync)
[INFO] [stdout]    |     ^^^^^^^^^^^^^^^^^^^^^^
[INFO] [stdout]    |
[INFO] [stdout]    = note: each usage of a `const` item creates a new temporary
[INFO] [stdout]    = note: the mutable reference will refer to this temporary, not the original `const` item
[INFO] [stdout] note: mutable reference created due to call to this method
[INFO] [stdout]   --> src/lib/ghratask.rs:42:5
[INFO] [stdout]    |
[INFO] [stdout] 42 |     pub fn update(&mut self, sync: Status) -> task::Result {
[INFO] [stdout]    |     ^^^^^^^^^^^^^^^^^^^^^^^^^^^^^^^^^^^^^^^^^^^^^^^^^^^^^^
[INFO] [stdout] note: `const` item defined here
[INFO] [stdout]   --> src/tasks/atlantis.rs:20:1
[INFO] [stdout]    |
[INFO] [stdout] 20 | / const GHRA_TASK: GHRATask = GHRATask {
[INFO] [stdout] 21 | |     asset_filter,
[INFO] [stdout] 22 | |     command: "atlantis",
[INFO] [stdout] 23 | |     repo: ("runatlantis", "atlantis"),
[INFO] [stdout] 24 | |     trim_version,
[INFO] [stdout] 25 | |     version_arg: "version",
[INFO] [stdout] 26 | | };
[INFO] [stdout]    | |__^
[INFO] [stdout] 
[INFO] [stdout] 
[INFO] [stdout] warning: taking a mutable reference to a `const` item
[INFO] [stdout]   --> src/tasks/bazel.rs:49:5
[INFO] [stdout]    |
[INFO] [stdout] 49 |     GHR_TASK.update(sync)
[INFO] [stdout]    |     ^^^^^^^^^^^^^^^^^^^^^
[INFO] [stdout]    |
[INFO] [stdout]    = note: each usage of a `const` item creates a new temporary
[INFO] [stdout]    = note: the mutable reference will refer to this temporary, not the original `const` item
[INFO] [stdout] note: mutable reference created due to call to this method
[INFO] [stdout]   --> src/lib/ghrtask.rs:67:5
[INFO] [stdout]    |
[INFO] [stdout] 67 |     pub fn update(&mut self, sync: Status) -> task::Result {
[INFO] [stdout]    |     ^^^^^^^^^^^^^^^^^^^^^^^^^^^^^^^^^^^^^^^^^^^^^^^^^^^^^^
[INFO] [stdout] note: `const` item defined here
[INFO] [stdout]   --> src/tasks/bazel.rs:20:1
[INFO] [stdout]    |
[INFO] [stdout] 20 | / const GHR_TASK: GHRTask = GHRTask {
[INFO] [stdout] 21 | |     asset_filter,
[INFO] [stdout] 22 | |     command: "bazel",
[INFO] [stdout] 23 | |     repo: ("bazelbuild", "bazel"),
[INFO] [stdout] 24 | |     trim_version,
[INFO] [stdout] 25 | |     version_arg: "version",
[INFO] [stdout] 26 | | };
[INFO] [stdout]    | |__^
[INFO] [stdout] 
[INFO] [stdout] 
[INFO] [stdout] warning: taking a mutable reference to a `const` item
[INFO] [stdout]   --> src/tasks/dep.rs:51:5
[INFO] [stdout]    |
[INFO] [stdout] 51 |     GHR_TASK.update(sync)
[INFO] [stdout]    |     ^^^^^^^^^^^^^^^^^^^^^
[INFO] [stdout]    |
[INFO] [stdout]    = note: each usage of a `const` item creates a new temporary
[INFO] [stdout]    = note: the mutable reference will refer to this temporary, not the original `const` item
[INFO] [stdout] note: mutable reference created due to call to this method
[INFO] [stdout]   --> src/lib/ghrtask.rs:67:5
[INFO] [stdout]    |
[INFO] [stdout] 67 |     pub fn update(&mut self, sync: Status) -> task::Result {
[INFO] [stdout]    |     ^^^^^^^^^^^^^^^^^^^^^^^^^^^^^^^^^^^^^^^^^^^^^^^^^^^^^^
[INFO] [stdout] note: `const` item defined here
[INFO] [stdout]   --> src/tasks/dep.rs:18:1
[INFO] [stdout]    |
[INFO] [stdout] 18 | / const GHR_TASK: GHRTask = GHRTask {
[INFO] [stdout] 19 | |     asset_filter,
[INFO] [stdout] 20 | |     command: "dep",
[INFO] [stdout] 21 | |     repo: ("golang", "dep"),
[INFO] [stdout] 22 | |     trim_version,
[INFO] [stdout] 23 | |     version_arg: "version",
[INFO] [stdout] 24 | | };
[INFO] [stdout]    | |__^
[INFO] [stdout] 
[INFO] [stdout] 
[INFO] [stdout] warning: taking a mutable reference to a `const` item
[INFO] [stdout]   --> src/tasks/gitleaks.rs:44:5
[INFO] [stdout]    |
[INFO] [stdout] 44 |     GHR_TASK.update(sync)
[INFO] [stdout]    |     ^^^^^^^^^^^^^^^^^^^^^
[INFO] [stdout]    |
[INFO] [stdout]    = note: each usage of a `const` item creates a new temporary
[INFO] [stdout]    = note: the mutable reference will refer to this temporary, not the original `const` item
[INFO] [stdout] note: mutable reference created due to call to this method
[INFO] [stdout]   --> src/lib/ghrtask.rs:67:5
[INFO] [stdout]    |
[INFO] [stdout] 67 |     pub fn update(&mut self, sync: Status) -> task::Result {
[INFO] [stdout]    |     ^^^^^^^^^^^^^^^^^^^^^^^^^^^^^^^^^^^^^^^^^^^^^^^^^^^^^^
[INFO] [stdout] note: `const` item defined here
[INFO] [stdout]   --> src/tasks/gitleaks.rs:22:1
[INFO] [stdout]    |
[INFO] [stdout] 22 | / const GHR_TASK: GHRTask = GHRTask {
[INFO] [stdout] 23 | |     asset_filter,
[INFO] [stdout] 24 | |     command: "gitleaks",
[INFO] [stdout] 25 | |     repo: ("zricethezav", "gitleaks"),
[INFO] [stdout] 26 | |     trim_version,
[INFO] [stdout] 27 | |     version_arg: "--version",
[INFO] [stdout] 28 | | };
[INFO] [stdout]    | |__^
[INFO] [stdout] 
[INFO] [stdout] 
[INFO] [stdout] warning: taking a mutable reference to a `const` item
[INFO] [stdout]   --> src/tasks/gitsizer.rs:35:5
[INFO] [stdout]    |
[INFO] [stdout] 35 |     GHRA_TASK.sync()
[INFO] [stdout]    |     ^^^^^^^^^^^^^^^^
[INFO] [stdout]    |
[INFO] [stdout]    = note: each usage of a `const` item creates a new temporary
[INFO] [stdout]    = note: the mutable reference will refer to this temporary, not the original `const` item
[INFO] [stdout] note: mutable reference created due to call to this method
[INFO] [stdout]   --> src/lib/ghratask.rs:24:5
[INFO] [stdout]    |
[INFO] [stdout] 24 |     pub fn sync(&mut self) -> task::Result {
[INFO] [stdout]    |     ^^^^^^^^^^^^^^^^^^^^^^^^^^^^^^^^^^^^^^
[INFO] [stdout] note: `const` item defined here
[INFO] [stdout]   --> src/tasks/gitsizer.rs:20:1
[INFO] [stdout]    |
[INFO] [stdout] 20 | / const GHRA_TASK: GHRATask = GHRATask {
[INFO] [stdout] 21 | |     asset_filter,
[INFO] [stdout] 22 | |     command: "git-sizer",
[INFO] [stdout] 23 | |     repo: ("github", "git-sizer"),
[INFO] [stdout] 24 | |     trim_version,
[INFO] [stdout] 25 | |     version_arg: "--version",
[INFO] [stdout] 26 | | };
[INFO] [stdout]    | |__^
[INFO] [stdout] 
[INFO] [stdout] 
[INFO] [stdout] warning: taking a mutable reference to a `const` item
[INFO] [stdout]   --> src/tasks/gitsizer.rs:43:5
[INFO] [stdout]    |
[INFO] [stdout] 43 |     GHRA_TASK.update(sync)
[INFO] [stdout]    |     ^^^^^^^^^^^^^^^^^^^^^^
[INFO] [stdout]    |
[INFO] [stdout]    = note: each usage of a `const` item creates a new temporary
[INFO] [stdout]    = note: the mutable reference will refer to this temporary, not the original `const` item
[INFO] [stdout] note: mutable reference created due to call to this method
[INFO] [stdout]   --> src/lib/ghratask.rs:42:5
[INFO] [stdout]    |
[INFO] [stdout] 42 |     pub fn update(&mut self, sync: Status) -> task::Result {
[INFO] [stdout]    |     ^^^^^^^^^^^^^^^^^^^^^^^^^^^^^^^^^^^^^^^^^^^^^^^^^^^^^^
[INFO] [stdout] note: `const` item defined here
[INFO] [stdout]   --> src/tasks/gitsizer.rs:20:1
[INFO] [stdout]    |
[INFO] [stdout] 20 | / const GHRA_TASK: GHRATask = GHRATask {
[INFO] [stdout] 21 | |     asset_filter,
[INFO] [stdout] 22 | |     command: "git-sizer",
[INFO] [stdout] 23 | |     repo: ("github", "git-sizer"),
[INFO] [stdout] 24 | |     trim_version,
[INFO] [stdout] 25 | |     version_arg: "--version",
[INFO] [stdout] 26 | | };
[INFO] [stdout]    | |__^
[INFO] [stdout] 
[INFO] [stdout] 
[INFO] [stdout] warning: taking a mutable reference to a `const` item
[INFO] [stdout]   --> src/tasks/hadolint.rs:50:5
[INFO] [stdout]    |
[INFO] [stdout] 50 |     GHR_TASK.update(sync)
[INFO] [stdout]    |     ^^^^^^^^^^^^^^^^^^^^^
[INFO] [stdout]    |
[INFO] [stdout]    = note: each usage of a `const` item creates a new temporary
[INFO] [stdout]    = note: the mutable reference will refer to this temporary, not the original `const` item
[INFO] [stdout] note: mutable reference created due to call to this method
[INFO] [stdout]   --> src/lib/ghrtask.rs:67:5
[INFO] [stdout]    |
[INFO] [stdout] 67 |     pub fn update(&mut self, sync: Status) -> task::Result {
[INFO] [stdout]    |     ^^^^^^^^^^^^^^^^^^^^^^^^^^^^^^^^^^^^^^^^^^^^^^^^^^^^^^
[INFO] [stdout] note: `const` item defined here
[INFO] [stdout]   --> src/tasks/hadolint.rs:22:1
[INFO] [stdout]    |
[INFO] [stdout] 22 | / const GHR_TASK: GHRTask = GHRTask {
[INFO] [stdout] 23 | |     asset_filter,
[INFO] [stdout] 24 | |     command: "hadolint",
[INFO] [stdout] 25 | |     repo: ("hadolint", "hadolint"),
[INFO] [stdout] 26 | |     trim_version,
[INFO] [stdout] 27 | |     version_arg: "--version",
[INFO] [stdout] 28 | | };
[INFO] [stdout]    | |__^
[INFO] [stdout] 
[INFO] [stdout] 
[INFO] [stdout] warning: taking a mutable reference to a `const` item
[INFO] [stdout]   --> src/tasks/jq.rs:62:5
[INFO] [stdout]    |
[INFO] [stdout] 62 |     GHR_TASK.update(sync)
[INFO] [stdout]    |     ^^^^^^^^^^^^^^^^^^^^^
[INFO] [stdout]    |
[INFO] [stdout]    = note: each usage of a `const` item creates a new temporary
[INFO] [stdout]    = note: the mutable reference will refer to this temporary, not the original `const` item
[INFO] [stdout] note: mutable reference created due to call to this method
[INFO] [stdout]   --> src/lib/ghrtask.rs:67:5
[INFO] [stdout]    |
[INFO] [stdout] 67 |     pub fn update(&mut self, sync: Status) -> task::Result {
[INFO] [stdout]    |     ^^^^^^^^^^^^^^^^^^^^^^^^^^^^^^^^^^^^^^^^^^^^^^^^^^^^^^
[INFO] [stdout] note: `const` item defined here
[INFO] [stdout]   --> src/tasks/jq.rs:19:1
[INFO] [stdout]    |
[INFO] [stdout] 19 | / const GHR_TASK: GHRTask = GHRTask {
[INFO] [stdout] 20 | |     asset_filter,
[INFO] [stdout] 21 | |     command: "jq",
[INFO] [stdout] 22 | |     repo: ("stedolan", "jq"),
[INFO] [stdout] 23 | |     trim_version,
[INFO] [stdout] 24 | |     version_arg: "--version",
[INFO] [stdout] 25 | | };
[INFO] [stdout]    | |__^
[INFO] [stdout] 
[INFO] [stdout] 
[INFO] [stdout] warning: taking a mutable reference to a `const` item
[INFO] [stdout]   --> src/tasks/minikube.rs:48:5
[INFO] [stdout]    |
[INFO] [stdout] 48 |     GHR_TASK.update(sync)
[INFO] [stdout]    |     ^^^^^^^^^^^^^^^^^^^^^
[INFO] [stdout]    |
[INFO] [stdout]    = note: each usage of a `const` item creates a new temporary
[INFO] [stdout]    = note: the mutable reference will refer to this temporary, not the original `const` item
[INFO] [stdout] note: mutable reference created due to call to this method
[INFO] [stdout]   --> src/lib/ghrtask.rs:67:5
[INFO] [stdout]    |
[INFO] [stdout] 67 |     pub fn update(&mut self, sync: Status) -> task::Result {
[INFO] [stdout]    |     ^^^^^^^^^^^^^^^^^^^^^^^^^^^^^^^^^^^^^^^^^^^^^^^^^^^^^^
[INFO] [stdout] note: `const` item defined here
[INFO] [stdout]   --> src/tasks/minikube.rs:20:1
[INFO] [stdout]    |
[INFO] [stdout] 20 | / const GHR_TASK: GHRTask = GHRTask {
[INFO] [stdout] 21 | |     asset_filter,
[INFO] [stdout] 22 | |     command: "minikube",
[INFO] [stdout] 23 | |     repo: ("kubernetes", "minikube"),
[INFO] [stdout] 24 | |     trim_version,
[INFO] [stdout] 25 | |     version_arg: "version",
[INFO] [stdout] 26 | | };
[INFO] [stdout]    | |__^
[INFO] [stdout] 
[INFO] [stdout] 
[INFO] [stdout] warning: taking a mutable reference to a `const` item
[INFO] [stdout]   --> src/tasks/shfmt.rs:41:5
[INFO] [stdout]    |
[INFO] [stdout] 41 |     GHR_TASK.update(sync)
[INFO] [stdout]    |     ^^^^^^^^^^^^^^^^^^^^^
[INFO] [stdout]    |
[INFO] [stdout]    = note: each usage of a `const` item creates a new temporary
[INFO] [stdout]    = note: the mutable reference will refer to this temporary, not the original `const` item
[INFO] [stdout] note: mutable reference created due to call to this method
[INFO] [stdout]   --> src/lib/ghrtask.rs:67:5
[INFO] [stdout]    |
[INFO] [stdout] 67 |     pub fn update(&mut self, sync: Status) -> task::Result {
[INFO] [stdout]    |     ^^^^^^^^^^^^^^^^^^^^^^^^^^^^^^^^^^^^^^^^^^^^^^^^^^^^^^
[INFO] [stdout] note: `const` item defined here
[INFO] [stdout]   --> src/tasks/shfmt.rs:18:1
[INFO] [stdout]    |
[INFO] [stdout] 18 | / const GHR_TASK: GHRTask = GHRTask {
[INFO] [stdout] 19 | |     asset_filter,
[INFO] [stdout] 20 | |     command: "shfmt",
[INFO] [stdout] 21 | |     repo: ("mvdan", "sh"),
[INFO] [stdout] 22 | |     trim_version,
[INFO] [stdout] 23 | |     version_arg: "--version",
[INFO] [stdout] 24 | | };
[INFO] [stdout]    | |__^
[INFO] [stdout] 
[INFO] [stdout] 
[INFO] [stdout] warning: taking a mutable reference to a `const` item
[INFO] [stdout]   --> src/tasks/skaffold.rs:45:5
[INFO] [stdout]    |
[INFO] [stdout] 45 |     GHR_TASK.update(sync)
[INFO] [stdout]    |     ^^^^^^^^^^^^^^^^^^^^^
[INFO] [stdout]    |
[INFO] [stdout]    = note: each usage of a `const` item creates a new temporary
[INFO] [stdout]    = note: the mutable reference will refer to this temporary, not the original `const` item
[INFO] [stdout] note: mutable reference created due to call to this method
[INFO] [stdout]   --> src/lib/ghrtask.rs:67:5
[INFO] [stdout]    |
[INFO] [stdout] 67 |     pub fn update(&mut self, sync: Status) -> task::Result {
[INFO] [stdout]    |     ^^^^^^^^^^^^^^^^^^^^^^^^^^^^^^^^^^^^^^^^^^^^^^^^^^^^^^
[INFO] [stdout] note: `const` item defined here
[INFO] [stdout]   --> src/tasks/skaffold.rs:22:1
[INFO] [stdout]    |
[INFO] [stdout] 22 | / const GHR_TASK: GHRTask = GHRTask {
[INFO] [stdout] 23 | |     asset_filter,
[INFO] [stdout] 24 | |     command: "skaffold",
[INFO] [stdout] 25 | |     repo: ("GoogleCloudPlatform", "skaffold"),
[INFO] [stdout] 26 | |     trim_version,
[INFO] [stdout] 27 | |     version_arg: "version",
[INFO] [stdout] 28 | | };
[INFO] [stdout]    | |__^
[INFO] [stdout] 
[INFO] [stdout] 
[INFO] [stdout] warning: taking a mutable reference to a `const` item
[INFO] [stdout]   --> src/tasks/vale.rs:61:5
[INFO] [stdout]    |
[INFO] [stdout] 61 |     GHRA_TASK.sync()
[INFO] [stdout]    |     ^^^^^^^^^^^^^^^^
[INFO] [stdout]    |
[INFO] [stdout]    = note: each usage of a `const` item creates a new temporary
[INFO] [stdout]    = note: the mutable reference will refer to this temporary, not the original `const` item
[INFO] [stdout] note: mutable reference created due to call to this method
[INFO] [stdout]   --> src/lib/ghratask.rs:24:5
[INFO] [stdout]    |
[INFO] [stdout] 24 |     pub fn sync(&mut self) -> task::Result {
[INFO] [stdout]    |     ^^^^^^^^^^^^^^^^^^^^^^^^^^^^^^^^^^^^^^
[INFO] [stdout] note: `const` item defined here
[INFO] [stdout]   --> src/tasks/vale.rs:19:1
[INFO] [stdout]    |
[INFO] [stdout] 19 | / const GHRA_TASK: GHRATask = GHRATask {
[INFO] [stdout] 20 | |     asset_filter,
[INFO] [stdout] 21 | |     command: "vale",
[INFO] [stdout] 22 | |     repo: ("errata-ai", "vale"),
[INFO] [stdout] 23 | |     trim_version,
[INFO] [stdout] 24 | |     version_arg: "--version",
[INFO] [stdout] 25 | | };
[INFO] [stdout]    | |__^
[INFO] [stdout] 
[INFO] [stdout] 
[INFO] [stdout] warning: taking a mutable reference to a `const` item
[INFO] [stdout]   --> src/tasks/vale.rs:69:5
[INFO] [stdout]    |
[INFO] [stdout] 69 |     GHRA_TASK.update(sync)
[INFO] [stdout]    |     ^^^^^^^^^^^^^^^^^^^^^^
[INFO] [stdout]    |
[INFO] [stdout]    = note: each usage of a `const` item creates a new temporary
[INFO] [stdout]    = note: the mutable reference will refer to this temporary, not the original `const` item
[INFO] [stdout] note: mutable reference created due to call to this method
[INFO] [stdout]   --> src/lib/ghratask.rs:42:5
[INFO] [stdout]    |
[INFO] [stdout] 42 |     pub fn update(&mut self, sync: Status) -> task::Result {
[INFO] [stdout]    |     ^^^^^^^^^^^^^^^^^^^^^^^^^^^^^^^^^^^^^^^^^^^^^^^^^^^^^^
[INFO] [stdout] note: `const` item defined here
[INFO] [stdout]   --> src/tasks/vale.rs:19:1
[INFO] [stdout]    |
[INFO] [stdout] 19 | / const GHRA_TASK: GHRATask = GHRATask {
[INFO] [stdout] 20 | |     asset_filter,
[INFO] [stdout] 21 | |     command: "vale",
[INFO] [stdout] 22 | |     repo: ("errata-ai", "vale"),
[INFO] [stdout] 23 | |     trim_version,
[INFO] [stdout] 24 | |     version_arg: "--version",
[INFO] [stdout] 25 | | };
[INFO] [stdout]    | |__^
[INFO] [stdout] 
[INFO] [stdout] 
[INFO] [stdout] warning: taking a mutable reference to a `const` item
[INFO] [stdout]   --> src/tasks/yq.rs:45:5
[INFO] [stdout]    |
[INFO] [stdout] 45 |     GHR_TASK.update(sync)
[INFO] [stdout]    |     ^^^^^^^^^^^^^^^^^^^^^
[INFO] [stdout]    |
[INFO] [stdout]    = note: each usage of a `const` item creates a new temporary
[INFO] [stdout]    = note: the mutable reference will refer to this temporary, not the original `const` item
[INFO] [stdout] note: mutable reference created due to call to this method
[INFO] [stdout]   --> src/lib/ghrtask.rs:67:5
[INFO] [stdout]    |
[INFO] [stdout] 67 |     pub fn update(&mut self, sync: Status) -> task::Result {
[INFO] [stdout]    |     ^^^^^^^^^^^^^^^^^^^^^^^^^^^^^^^^^^^^^^^^^^^^^^^^^^^^^^
[INFO] [stdout] note: `const` item defined here
[INFO] [stdout]   --> src/tasks/yq.rs:22:1
[INFO] [stdout]    |
[INFO] [stdout] 22 | / const GHR_TASK: GHRTask = GHRTask {
[INFO] [stdout] 23 | |     asset_filter,
[INFO] [stdout] 24 | |     command: "yq",
[INFO] [stdout] 25 | |     repo: ("mikefarah", "yq"),
[INFO] [stdout] 26 | |     trim_version,
[INFO] [stdout] 27 | |     version_arg: "--version",
[INFO] [stdout] 28 | | };
[INFO] [stdout]    | |__^
[INFO] [stdout] 
[INFO] [stdout] 
[INFO] [stdout] warning: 16 warnings emitted
[INFO] [stdout] 
[INFO] [stdout] 
[INFO] [stderr]     Finished dev [unoptimized + debuginfo] target(s) in 2m 10s
[INFO] running `Command { std: "docker" "inspect" "8aa1c82eca3bd5e46afecbd38efef50178732d058abb536950859fac31673ea9", kill_on_drop: false }`
[INFO] running `Command { std: "docker" "rm" "-f" "8aa1c82eca3bd5e46afecbd38efef50178732d058abb536950859fac31673ea9", kill_on_drop: false }`
[INFO] [stdout] 8aa1c82eca3bd5e46afecbd38efef50178732d058abb536950859fac31673ea9
[INFO] running `Command { std: "docker" "create" "-v" "/var/lib/crater-agent-workspace/builds/worker-5/target:/opt/rustwide/target:rw,Z" "-v" "/var/lib/crater-agent-workspace/builds/worker-5/source:/opt/rustwide/workdir:ro,Z" "-v" "/var/lib/crater-agent-workspace/cargo-home:/opt/rustwide/cargo-home:ro,Z" "-v" "/var/lib/crater-agent-workspace/rustup-home:/opt/rustwide/rustup-home:ro,Z" "-e" "SOURCE_DIR=/opt/rustwide/workdir" "-e" "CARGO_TARGET_DIR=/opt/rustwide/target" "-e" "CARGO_INCREMENTAL=0" "-e" "RUST_BACKTRACE=full" "-e" "RUSTFLAGS=--cap-lints=warn" "-e" "CARGO_HOME=/opt/rustwide/cargo-home" "-e" "RUSTUP_HOME=/opt/rustwide/rustup-home" "-w" "/opt/rustwide/workdir" "-m" "1610612736" "--user" "0:0" "--network" "none" "ghcr.io/rust-lang/crates-build-env/linux@sha256:34b6a614d2c27851fe6cbf88fbd1137609cefab8b10d0615aaeb6fd47975d74e" "/opt/rustwide/cargo-home/bin/cargo" "+1.54.0" "test" "--frozen" "--no-run" "--message-format=json", kill_on_drop: false }`
[INFO] [stderr] WARNING: Your kernel does not support swap limit capabilities or the cgroup is not mounted. Memory limited without swap.
[INFO] [stdout] f7b814226e27bd21392dc1e633643a28be4fa83ab6660fa47ab392142842cb29
[INFO] running `Command { std: "docker" "start" "-a" "f7b814226e27bd21392dc1e633643a28be4fa83ab6660fa47ab392142842cb29", kill_on_drop: false }`
[INFO] [stderr]    Compiling jokeyrhyme-dotfiles v0.38.0 (/opt/rustwide/workdir)
[INFO] [stdout] warning: use of deprecated associated function `zip::read::ZipFile::<'a>::sanitized_name`: by stripping `..`s from the path, the meaning of paths can change.
[INFO] [stdout]                 You must use a sanitization strategy that's appropriate for your input
[INFO] [stdout]   --> src/utils/archive.rs:98:32
[INFO] [stdout]    |
[INFO] [stdout] 98 |         let entry_path = entry.sanitized_name();
[INFO] [stdout]    |                                ^^^^^^^^^^^^^^
[INFO] [stdout]    |
[INFO] [stdout]    = note: `#[warn(deprecated)]` on by default
[INFO] [stdout] 
[INFO] [stdout] 
[INFO] [stdout] warning: taking a mutable reference to a `const` item
[INFO] [stdout]   --> src/tasks/atlantis.rs:35:5
[INFO] [stdout]    |
[INFO] [stdout] 35 |     GHRA_TASK.sync()
[INFO] [stdout]    |     ^^^^^^^^^^^^^^^^
[INFO] [stdout]    |
[INFO] [stdout]    = note: `#[warn(const_item_mutation)]` on by default
[INFO] [stdout]    = note: each usage of a `const` item creates a new temporary
[INFO] [stdout]    = note: the mutable reference will refer to this temporary, not the original `const` item
[INFO] [stdout] note: mutable reference created due to call to this method
[INFO] [stdout]   --> src/lib/ghratask.rs:24:5
[INFO] [stdout]    |
[INFO] [stdout] 24 |     pub fn sync(&mut self) -> task::Result {
[INFO] [stdout]    |     ^^^^^^^^^^^^^^^^^^^^^^^^^^^^^^^^^^^^^^
[INFO] [stdout] note: `const` item defined here
[INFO] [stdout]   --> src/tasks/atlantis.rs:20:1
[INFO] [stdout]    |
[INFO] [stdout] 20 | / const GHRA_TASK: GHRATask = GHRATask {
[INFO] [stdout] 21 | |     asset_filter,
[INFO] [stdout] 22 | |     command: "atlantis",
[INFO] [stdout] 23 | |     repo: ("runatlantis", "atlantis"),
[INFO] [stdout] 24 | |     trim_version,
[INFO] [stdout] 25 | |     version_arg: "version",
[INFO] [stdout] 26 | | };
[INFO] [stdout]    | |__^
[INFO] [stdout] 
[INFO] [stdout] 
[INFO] [stdout] warning: taking a mutable reference to a `const` item
[INFO] [stdout]   --> src/tasks/atlantis.rs:43:5
[INFO] [stdout]    |
[INFO] [stdout] 43 |     GHRA_TASK.update(sync)
[INFO] [stdout]    |     ^^^^^^^^^^^^^^^^^^^^^^
[INFO] [stdout]    |
[INFO] [stdout]    = note: each usage of a `const` item creates a new temporary
[INFO] [stdout]    = note: the mutable reference will refer to this temporary, not the original `const` item
[INFO] [stdout] note: mutable reference created due to call to this method
[INFO] [stdout]   --> src/lib/ghratask.rs:42:5
[INFO] [stdout]    |
[INFO] [stdout] 42 |     pub fn update(&mut self, sync: Status) -> task::Result {
[INFO] [stdout]    |     ^^^^^^^^^^^^^^^^^^^^^^^^^^^^^^^^^^^^^^^^^^^^^^^^^^^^^^
[INFO] [stdout] note: `const` item defined here
[INFO] [stdout]   --> src/tasks/atlantis.rs:20:1
[INFO] [stdout]    |
[INFO] [stdout] 20 | / const GHRA_TASK: GHRATask = GHRATask {
[INFO] [stdout] 21 | |     asset_filter,
[INFO] [stdout] 22 | |     command: "atlantis",
[INFO] [stdout] 23 | |     repo: ("runatlantis", "atlantis"),
[INFO] [stdout] 24 | |     trim_version,
[INFO] [stdout] 25 | |     version_arg: "version",
[INFO] [stdout] 26 | | };
[INFO] [stdout]    | |__^
[INFO] [stdout] 
[INFO] [stdout] 
[INFO] [stdout] warning: taking a mutable reference to a `const` item
[INFO] [stdout]   --> src/tasks/bazel.rs:49:5
[INFO] [stdout]    |
[INFO] [stdout] 49 |     GHR_TASK.update(sync)
[INFO] [stdout]    |     ^^^^^^^^^^^^^^^^^^^^^
[INFO] [stdout]    |
[INFO] [stdout]    = note: each usage of a `const` item creates a new temporary
[INFO] [stdout]    = note: the mutable reference will refer to this temporary, not the original `const` item
[INFO] [stdout] note: mutable reference created due to call to this method
[INFO] [stdout]   --> src/lib/ghrtask.rs:67:5
[INFO] [stdout]    |
[INFO] [stdout] 67 |     pub fn update(&mut self, sync: Status) -> task::Result {
[INFO] [stdout]    |     ^^^^^^^^^^^^^^^^^^^^^^^^^^^^^^^^^^^^^^^^^^^^^^^^^^^^^^
[INFO] [stdout] note: `const` item defined here
[INFO] [stdout]   --> src/tasks/bazel.rs:20:1
[INFO] [stdout]    |
[INFO] [stdout] 20 | / const GHR_TASK: GHRTask = GHRTask {
[INFO] [stdout] 21 | |     asset_filter,
[INFO] [stdout] 22 | |     command: "bazel",
[INFO] [stdout] 23 | |     repo: ("bazelbuild", "bazel"),
[INFO] [stdout] 24 | |     trim_version,
[INFO] [stdout] 25 | |     version_arg: "version",
[INFO] [stdout] 26 | | };
[INFO] [stdout]    | |__^
[INFO] [stdout] 
[INFO] [stdout] 
[INFO] [stdout] warning: taking a mutable reference to a `const` item
[INFO] [stdout]   --> src/tasks/dep.rs:51:5
[INFO] [stdout]    |
[INFO] [stdout] 51 |     GHR_TASK.update(sync)
[INFO] [stdout]    |     ^^^^^^^^^^^^^^^^^^^^^
[INFO] [stdout]    |
[INFO] [stdout]    = note: each usage of a `const` item creates a new temporary
[INFO] [stdout]    = note: the mutable reference will refer to this temporary, not the original `const` item
[INFO] [stdout] note: mutable reference created due to call to this method
[INFO] [stdout]   --> src/lib/ghrtask.rs:67:5
[INFO] [stdout]    |
[INFO] [stdout] 67 |     pub fn update(&mut self, sync: Status) -> task::Result {
[INFO] [stdout]    |     ^^^^^^^^^^^^^^^^^^^^^^^^^^^^^^^^^^^^^^^^^^^^^^^^^^^^^^
[INFO] [stdout] note: `const` item defined here
[INFO] [stdout]   --> src/tasks/dep.rs:18:1
[INFO] [stdout]    |
[INFO] [stdout] 18 | / const GHR_TASK: GHRTask = GHRTask {
[INFO] [stdout] 19 | |     asset_filter,
[INFO] [stdout] 20 | |     command: "dep",
[INFO] [stdout] 21 | |     repo: ("golang", "dep"),
[INFO] [stdout] 22 | |     trim_version,
[INFO] [stdout] 23 | |     version_arg: "version",
[INFO] [stdout] 24 | | };
[INFO] [stdout]    | |__^
[INFO] [stdout] 
[INFO] [stdout] 
[INFO] [stdout] warning: taking a mutable reference to a `const` item
[INFO] [stdout]   --> src/tasks/gitleaks.rs:44:5
[INFO] [stdout]    |
[INFO] [stdout] 44 |     GHR_TASK.update(sync)
[INFO] [stdout]    |     ^^^^^^^^^^^^^^^^^^^^^
[INFO] [stdout]    |
[INFO] [stdout]    = note: each usage of a `const` item creates a new temporary
[INFO] [stdout]    = note: the mutable reference will refer to this temporary, not the original `const` item
[INFO] [stdout] note: mutable reference created due to call to this method
[INFO] [stdout]   --> src/lib/ghrtask.rs:67:5
[INFO] [stdout]    |
[INFO] [stdout] 67 |     pub fn update(&mut self, sync: Status) -> task::Result {
[INFO] [stdout]    |     ^^^^^^^^^^^^^^^^^^^^^^^^^^^^^^^^^^^^^^^^^^^^^^^^^^^^^^
[INFO] [stdout] note: `const` item defined here
[INFO] [stdout]   --> src/tasks/gitleaks.rs:22:1
[INFO] [stdout]    |
[INFO] [stdout] 22 | / const GHR_TASK: GHRTask = GHRTask {
[INFO] [stdout] 23 | |     asset_filter,
[INFO] [stdout] 24 | |     command: "gitleaks",
[INFO] [stdout] 25 | |     repo: ("zricethezav", "gitleaks"),
[INFO] [stdout] 26 | |     trim_version,
[INFO] [stdout] 27 | |     version_arg: "--version",
[INFO] [stdout] 28 | | };
[INFO] [stdout]    | |__^
[INFO] [stdout] 
[INFO] [stdout] 
[INFO] [stdout] warning: taking a mutable reference to a `const` item
[INFO] [stdout]   --> src/tasks/gitsizer.rs:35:5
[INFO] [stdout]    |
[INFO] [stdout] 35 |     GHRA_TASK.sync()
[INFO] [stdout]    |     ^^^^^^^^^^^^^^^^
[INFO] [stdout]    |
[INFO] [stdout]    = note: each usage of a `const` item creates a new temporary
[INFO] [stdout]    = note: the mutable reference will refer to this temporary, not the original `const` item
[INFO] [stdout] note: mutable reference created due to call to this method
[INFO] [stdout]   --> src/lib/ghratask.rs:24:5
[INFO] [stdout]    |
[INFO] [stdout] 24 |     pub fn sync(&mut self) -> task::Result {
[INFO] [stdout]    |     ^^^^^^^^^^^^^^^^^^^^^^^^^^^^^^^^^^^^^^
[INFO] [stdout] note: `const` item defined here
[INFO] [stdout]   --> src/tasks/gitsizer.rs:20:1
[INFO] [stdout]    |
[INFO] [stdout] 20 | / const GHRA_TASK: GHRATask = GHRATask {
[INFO] [stdout] 21 | |     asset_filter,
[INFO] [stdout] 22 | |     command: "git-sizer",
[INFO] [stdout] 23 | |     repo: ("github", "git-sizer"),
[INFO] [stdout] 24 | |     trim_version,
[INFO] [stdout] 25 | |     version_arg: "--version",
[INFO] [stdout] 26 | | };
[INFO] [stdout]    | |__^
[INFO] [stdout] 
[INFO] [stdout] 
[INFO] [stdout] warning: taking a mutable reference to a `const` item
[INFO] [stdout]   --> src/tasks/gitsizer.rs:43:5
[INFO] [stdout]    |
[INFO] [stdout] 43 |     GHRA_TASK.update(sync)
[INFO] [stdout]    |     ^^^^^^^^^^^^^^^^^^^^^^
[INFO] [stdout]    |
[INFO] [stdout]    = note: each usage of a `const` item creates a new temporary
[INFO] [stdout]    = note: the mutable reference will refer to this temporary, not the original `const` item
[INFO] [stdout] note: mutable reference created due to call to this method
[INFO] [stdout]   --> src/lib/ghratask.rs:42:5
[INFO] [stdout]    |
[INFO] [stdout] 42 |     pub fn update(&mut self, sync: Status) -> task::Result {
[INFO] [stdout]    |     ^^^^^^^^^^^^^^^^^^^^^^^^^^^^^^^^^^^^^^^^^^^^^^^^^^^^^^
[INFO] [stdout] note: `const` item defined here
[INFO] [stdout]   --> src/tasks/gitsizer.rs:20:1
[INFO] [stdout]    |
[INFO] [stdout] 20 | / const GHRA_TASK: GHRATask = GHRATask {
[INFO] [stdout] 21 | |     asset_filter,
[INFO] [stdout] 22 | |     command: "git-sizer",
[INFO] [stdout] 23 | |     repo: ("github", "git-sizer"),
[INFO] [stdout] 24 | |     trim_version,
[INFO] [stdout] 25 | |     version_arg: "--version",
[INFO] [stdout] 26 | | };
[INFO] [stdout]    | |__^
[INFO] [stdout] 
[INFO] [stdout] 
[INFO] [stdout] warning: taking a mutable reference to a `const` item
[INFO] [stdout]   --> src/tasks/hadolint.rs:50:5
[INFO] [stdout]    |
[INFO] [stdout] 50 |     GHR_TASK.update(sync)
[INFO] [stdout]    |     ^^^^^^^^^^^^^^^^^^^^^
[INFO] [stdout]    |
[INFO] [stdout]    = note: each usage of a `const` item creates a new temporary
[INFO] [stdout]    = note: the mutable reference will refer to this temporary, not the original `const` item
[INFO] [stdout] note: mutable reference created due to call to this method
[INFO] [stdout]   --> src/lib/ghrtask.rs:67:5
[INFO] [stdout]    |
[INFO] [stdout] 67 |     pub fn update(&mut self, sync: Status) -> task::Result {
[INFO] [stdout]    |     ^^^^^^^^^^^^^^^^^^^^^^^^^^^^^^^^^^^^^^^^^^^^^^^^^^^^^^
[INFO] [stdout] note: `const` item defined here
[INFO] [stdout]   --> src/tasks/hadolint.rs:22:1
[INFO] [stdout]    |
[INFO] [stdout] 22 | / const GHR_TASK: GHRTask = GHRTask {
[INFO] [stdout] 23 | |     asset_filter,
[INFO] [stdout] 24 | |     command: "hadolint",
[INFO] [stdout] 25 | |     repo: ("hadolint", "hadolint"),
[INFO] [stdout] 26 | |     trim_version,
[INFO] [stdout] 27 | |     version_arg: "--version",
[INFO] [stdout] 28 | | };
[INFO] [stdout]    | |__^
[INFO] [stdout] 
[INFO] [stdout] 
[INFO] [stdout] warning: taking a mutable reference to a `const` item
[INFO] [stdout]   --> src/tasks/jq.rs:62:5
[INFO] [stdout]    |
[INFO] [stdout] 62 |     GHR_TASK.update(sync)
[INFO] [stdout]    |     ^^^^^^^^^^^^^^^^^^^^^
[INFO] [stdout]    |
[INFO] [stdout]    = note: each usage of a `const` item creates a new temporary
[INFO] [stdout]    = note: the mutable reference will refer to this temporary, not the original `const` item
[INFO] [stdout] note: mutable reference created due to call to this method
[INFO] [stdout]   --> src/lib/ghrtask.rs:67:5
[INFO] [stdout]    |
[INFO] [stdout] 67 |     pub fn update(&mut self, sync: Status) -> task::Result {
[INFO] [stdout]    |     ^^^^^^^^^^^^^^^^^^^^^^^^^^^^^^^^^^^^^^^^^^^^^^^^^^^^^^
[INFO] [stdout] note: `const` item defined here
[INFO] [stdout]   --> src/tasks/jq.rs:19:1
[INFO] [stdout]    |
[INFO] [stdout] 19 | / const GHR_TASK: GHRTask = GHRTask {
[INFO] [stdout] 20 | |     asset_filter,
[INFO] [stdout] 21 | |     command: "jq",
[INFO] [stdout] 22 | |     repo: ("stedolan", "jq"),
[INFO] [stdout] 23 | |     trim_version,
[INFO] [stdout] 24 | |     version_arg: "--version",
[INFO] [stdout] 25 | | };
[INFO] [stdout]    | |__^
[INFO] [stdout] 
[INFO] [stdout] 
[INFO] [stdout] warning: taking a mutable reference to a `const` item
[INFO] [stdout]   --> src/tasks/minikube.rs:48:5
[INFO] [stdout]    |
[INFO] [stdout] 48 |     GHR_TASK.update(sync)
[INFO] [stdout]    |     ^^^^^^^^^^^^^^^^^^^^^
[INFO] [stdout]    |
[INFO] [stdout]    = note: each usage of a `const` item creates a new temporary
[INFO] [stdout]    = note: the mutable reference will refer to this temporary, not the original `const` item
[INFO] [stdout] note: mutable reference created due to call to this method
[INFO] [stdout]   --> src/lib/ghrtask.rs:67:5
[INFO] [stdout]    |
[INFO] [stdout] 67 |     pub fn update(&mut self, sync: Status) -> task::Result {
[INFO] [stdout]    |     ^^^^^^^^^^^^^^^^^^^^^^^^^^^^^^^^^^^^^^^^^^^^^^^^^^^^^^
[INFO] [stdout] note: `const` item defined here
[INFO] [stdout]   --> src/tasks/minikube.rs:20:1
[INFO] [stdout]    |
[INFO] [stdout] 20 | / const GHR_TASK: GHRTask = GHRTask {
[INFO] [stdout] 21 | |     asset_filter,
[INFO] [stdout] 22 | |     command: "minikube",
[INFO] [stdout] 23 | |     repo: ("kubernetes", "minikube"),
[INFO] [stdout] 24 | |     trim_version,
[INFO] [stdout] 25 | |     version_arg: "version",
[INFO] [stdout] 26 | | };
[INFO] [stdout]    | |__^
[INFO] [stdout] 
[INFO] [stdout] 
[INFO] [stdout] warning: taking a mutable reference to a `const` item
[INFO] [stdout]   --> src/tasks/shfmt.rs:41:5
[INFO] [stdout]    |
[INFO] [stdout] 41 |     GHR_TASK.update(sync)
[INFO] [stdout]    |     ^^^^^^^^^^^^^^^^^^^^^
[INFO] [stdout]    |
[INFO] [stdout]    = note: each usage of a `const` item creates a new temporary
[INFO] [stdout]    = note: the mutable reference will refer to this temporary, not the original `const` item
[INFO] [stdout] note: mutable reference created due to call to this method
[INFO] [stdout]   --> src/lib/ghrtask.rs:67:5
[INFO] [stdout]    |
[INFO] [stdout] 67 |     pub fn update(&mut self, sync: Status) -> task::Result {
[INFO] [stdout]    |     ^^^^^^^^^^^^^^^^^^^^^^^^^^^^^^^^^^^^^^^^^^^^^^^^^^^^^^
[INFO] [stdout] note: `const` item defined here
[INFO] [stdout]   --> src/tasks/shfmt.rs:18:1
[INFO] [stdout]    |
[INFO] [stdout] 18 | / const GHR_TASK: GHRTask = GHRTask {
[INFO] [stdout] 19 | |     asset_filter,
[INFO] [stdout] 20 | |     command: "shfmt",
[INFO] [stdout] 21 | |     repo: ("mvdan", "sh"),
[INFO] [stdout] 22 | |     trim_version,
[INFO] [stdout] 23 | |     version_arg: "--version",
[INFO] [stdout] 24 | | };
[INFO] [stdout]    | |__^
[INFO] [stdout] 
[INFO] [stdout] 
[INFO] [stdout] warning: taking a mutable reference to a `const` item
[INFO] [stdout]   --> src/tasks/skaffold.rs:45:5
[INFO] [stdout]    |
[INFO] [stdout] 45 |     GHR_TASK.update(sync)
[INFO] [stdout]    |     ^^^^^^^^^^^^^^^^^^^^^
[INFO] [stdout]    |
[INFO] [stdout]    = note: each usage of a `const` item creates a new temporary
[INFO] [stdout]    = note: the mutable reference will refer to this temporary, not the original `const` item
[INFO] [stdout] note: mutable reference created due to call to this method
[INFO] [stdout]   --> src/lib/ghrtask.rs:67:5
[INFO] [stdout]    |
[INFO] [stdout] 67 |     pub fn update(&mut self, sync: Status) -> task::Result {
[INFO] [stdout]    |     ^^^^^^^^^^^^^^^^^^^^^^^^^^^^^^^^^^^^^^^^^^^^^^^^^^^^^^
[INFO] [stdout] note: `const` item defined here
[INFO] [stdout]   --> src/tasks/skaffold.rs:22:1
[INFO] [stdout]    |
[INFO] [stdout] 22 | / const GHR_TASK: GHRTask = GHRTask {
[INFO] [stdout] 23 | |     asset_filter,
[INFO] [stdout] 24 | |     command: "skaffold",
[INFO] [stdout] 25 | |     repo: ("GoogleCloudPlatform", "skaffold"),
[INFO] [stdout] 26 | |     trim_version,
[INFO] [stdout] 27 | |     version_arg: "version",
[INFO] [stdout] 28 | | };
[INFO] [stdout]    | |__^
[INFO] [stdout] 
[INFO] [stdout] 
[INFO] [stdout] warning: taking a mutable reference to a `const` item
[INFO] [stdout]   --> src/tasks/vale.rs:61:5
[INFO] [stdout]    |
[INFO] [stdout] 61 |     GHRA_TASK.sync()
[INFO] [stdout]    |     ^^^^^^^^^^^^^^^^
[INFO] [stdout]    |
[INFO] [stdout]    = note: each usage of a `const` item creates a new temporary
[INFO] [stdout]    = note: the mutable reference will refer to this temporary, not the original `const` item
[INFO] [stdout] note: mutable reference created due to call to this method
[INFO] [stdout]   --> src/lib/ghratask.rs:24:5
[INFO] [stdout]    |
[INFO] [stdout] 24 |     pub fn sync(&mut self) -> task::Result {
[INFO] [stdout]    |     ^^^^^^^^^^^^^^^^^^^^^^^^^^^^^^^^^^^^^^
[INFO] [stdout] note: `const` item defined here
[INFO] [stdout]   --> src/tasks/vale.rs:19:1
[INFO] [stdout]    |
[INFO] [stdout] 19 | / const GHRA_TASK: GHRATask = GHRATask {
[INFO] [stdout] 20 | |     asset_filter,
[INFO] [stdout] 21 | |     command: "vale",
[INFO] [stdout] 22 | |     repo: ("errata-ai", "vale"),
[INFO] [stdout] 23 | |     trim_version,
[INFO] [stdout] 24 | |     version_arg: "--version",
[INFO] [stdout] 25 | | };
[INFO] [stdout]    | |__^
[INFO] [stdout] 
[INFO] [stdout] 
[INFO] [stdout] warning: taking a mutable reference to a `const` item
[INFO] [stdout]   --> src/tasks/vale.rs:69:5
[INFO] [stdout]    |
[INFO] [stdout] 69 |     GHRA_TASK.update(sync)
[INFO] [stdout]    |     ^^^^^^^^^^^^^^^^^^^^^^
[INFO] [stdout]    |
[INFO] [stdout]    = note: each usage of a `const` item creates a new temporary
[INFO] [stdout]    = note: the mutable reference will refer to this temporary, not the original `const` item
[INFO] [stdout] note: mutable reference created due to call to this method
[INFO] [stdout]   --> src/lib/ghratask.rs:42:5
[INFO] [stdout]    |
[INFO] [stdout] 42 |     pub fn update(&mut self, sync: Status) -> task::Result {
[INFO] [stdout]    |     ^^^^^^^^^^^^^^^^^^^^^^^^^^^^^^^^^^^^^^^^^^^^^^^^^^^^^^
[INFO] [stdout] note: `const` item defined here
[INFO] [stdout]   --> src/tasks/vale.rs:19:1
[INFO] [stdout]    |
[INFO] [stdout] 19 | / const GHRA_TASK: GHRATask = GHRATask {
[INFO] [stdout] 20 | |     asset_filter,
[INFO] [stdout] 21 | |     command: "vale",
[INFO] [stdout] 22 | |     repo: ("errata-ai", "vale"),
[INFO] [stdout] 23 | |     trim_version,
[INFO] [stdout] 24 | |     version_arg: "--version",
[INFO] [stdout] 25 | | };
[INFO] [stdout]    | |__^
[INFO] [stdout] 
[INFO] [stdout] 
[INFO] [stdout] warning: taking a mutable reference to a `const` item
[INFO] [stdout]   --> src/tasks/yq.rs:45:5
[INFO] [stdout]    |
[INFO] [stdout] 45 |     GHR_TASK.update(sync)
[INFO] [stdout]    |     ^^^^^^^^^^^^^^^^^^^^^
[INFO] [stdout]    |
[INFO] [stdout]    = note: each usage of a `const` item creates a new temporary
[INFO] [stdout]    = note: the mutable reference will refer to this temporary, not the original `const` item
[INFO] [stdout] note: mutable reference created due to call to this method
[INFO] [stdout]   --> src/lib/ghrtask.rs:67:5
[INFO] [stdout]    |
[INFO] [stdout] 67 |     pub fn update(&mut self, sync: Status) -> task::Result {
[INFO] [stdout]    |     ^^^^^^^^^^^^^^^^^^^^^^^^^^^^^^^^^^^^^^^^^^^^^^^^^^^^^^
[INFO] [stdout] note: `const` item defined here
[INFO] [stdout]   --> src/tasks/yq.rs:22:1
[INFO] [stdout]    |
[INFO] [stdout] 22 | / const GHR_TASK: GHRTask = GHRTask {
[INFO] [stdout] 23 | |     asset_filter,
[INFO] [stdout] 24 | |     command: "yq",
[INFO] [stdout] 25 | |     repo: ("mikefarah", "yq"),
[INFO] [stdout] 26 | |     trim_version,
[INFO] [stdout] 27 | |     version_arg: "--version",
[INFO] [stdout] 28 | | };
[INFO] [stdout]    | |__^
[INFO] [stdout] 
[INFO] [stdout] 
[INFO] [stdout] warning: panic message is not a string literal
[INFO] [stdout]   --> src/utils/git.rs:93:56
[INFO] [stdout]    |
[INFO] [stdout] 93 |         assert!(path_is_git_repository(&project_path), true);
[INFO] [stdout]    |                                                        ^^^^
[INFO] [stdout]    |
[INFO] [stdout]    = note: `#[warn(non_fmt_panic)]` on by default
[INFO] [stdout]    = note: this is no longer accepted in Rust 2021
[INFO] [stdout] help: add a "{}" format string to Display the message
[INFO] [stdout]    |
[INFO] [stdout] 93 |         assert!(path_is_git_repository(&project_path), "{}", true);
[INFO] [stdout]    |                                                        ^^^^^
[INFO] [stdout] 
[INFO] [stdout] 
[INFO] [stdout] warning: panic message is not a string literal
[INFO] [stdout]    --> src/utils/git.rs:108:53
[INFO] [stdout]     |
[INFO] [stdout] 108 |         assert!(path_is_git_repository(&temp_path), true);
[INFO] [stdout]     |                                                     ^^^^
[INFO] [stdout]     |
[INFO] [stdout]     = note: this is no longer accepted in Rust 2021
[INFO] [stdout] help: add a "{}" format string to Display the message
[INFO] [stdout]     |
[INFO] [stdout] 108 |         assert!(path_is_git_repository(&temp_path), "{}", true);
[INFO] [stdout]     |                                                     ^^^^^
[INFO] [stdout] 
[INFO] [stdout] 
[INFO] [stdout] warning: 18 warnings emitted
[INFO] [stdout] 
[INFO] [stdout] 
[INFO] [stderr]     Finished test [unoptimized + debuginfo] target(s) in 15.97s
[INFO] running `Command { std: "docker" "inspect" "f7b814226e27bd21392dc1e633643a28be4fa83ab6660fa47ab392142842cb29", kill_on_drop: false }`
[INFO] running `Command { std: "docker" "rm" "-f" "f7b814226e27bd21392dc1e633643a28be4fa83ab6660fa47ab392142842cb29", kill_on_drop: false }`
[INFO] [stdout] f7b814226e27bd21392dc1e633643a28be4fa83ab6660fa47ab392142842cb29
[INFO] running `Command { std: "docker" "create" "-v" "/var/lib/crater-agent-workspace/builds/worker-5/target:/opt/rustwide/target:rw,Z" "-v" "/var/lib/crater-agent-workspace/builds/worker-5/source:/opt/rustwide/workdir:ro,Z" "-v" "/var/lib/crater-agent-workspace/cargo-home:/opt/rustwide/cargo-home:ro,Z" "-v" "/var/lib/crater-agent-workspace/rustup-home:/opt/rustwide/rustup-home:ro,Z" "-e" "SOURCE_DIR=/opt/rustwide/workdir" "-e" "CARGO_TARGET_DIR=/opt/rustwide/target" "-e" "CARGO_INCREMENTAL=0" "-e" "RUST_BACKTRACE=full" "-e" "RUSTFLAGS=--cap-lints=warn" "-e" "CARGO_HOME=/opt/rustwide/cargo-home" "-e" "RUSTUP_HOME=/opt/rustwide/rustup-home" "-w" "/opt/rustwide/workdir" "-m" "1610612736" "--user" "0:0" "--network" "none" "ghcr.io/rust-lang/crates-build-env/linux@sha256:34b6a614d2c27851fe6cbf88fbd1137609cefab8b10d0615aaeb6fd47975d74e" "/opt/rustwide/cargo-home/bin/cargo" "+1.54.0" "test" "--frozen", kill_on_drop: false }`
[INFO] [stdout] 5e6a87edc498eecd64768ed70d51d19411d4a97aaa22f6689384a17f4ce008b5
[INFO] [stderr] WARNING: Your kernel does not support swap limit capabilities or the cgroup is not mounted. Memory limited without swap.
[INFO] running `Command { std: "docker" "start" "-a" "5e6a87edc498eecd64768ed70d51d19411d4a97aaa22f6689384a17f4ce008b5", kill_on_drop: false }`
[INFO] [stderr] warning: use of deprecated associated function `zip::read::ZipFile::<'a>::sanitized_name`: by stripping `..`s from the path, the meaning of paths can change.
[INFO] [stderr]                 You must use a sanitization strategy that's appropriate for your input
[INFO] [stderr]   --> src/utils/archive.rs:98:32
[INFO] [stderr]    |
[INFO] [stderr] 98 |         let entry_path = entry.sanitized_name();
[INFO] [stderr]    |                                ^^^^^^^^^^^^^^
[INFO] [stderr]    |
[INFO] [stderr]    = note: `#[warn(deprecated)]` on by default
[INFO] [stderr] 
[INFO] [stderr] warning: taking a mutable reference to a `const` item
[INFO] [stderr]   --> src/tasks/atlantis.rs:35:5
[INFO] [stderr]    |
[INFO] [stderr] 35 |     GHRA_TASK.sync()
[INFO] [stderr]    |     ^^^^^^^^^^^^^^^^
[INFO] [stderr]    |
[INFO] [stderr]    = note: `#[warn(const_item_mutation)]` on by default
[INFO] [stderr]    = note: each usage of a `const` item creates a new temporary
[INFO] [stderr]    = note: the mutable reference will refer to this temporary, not the original `const` item
[INFO] [stderr] note: mutable reference created due to call to this method
[INFO] [stderr]   --> src/lib/ghratask.rs:24:5
[INFO] [stderr]    |
[INFO] [stderr] 24 |     pub fn sync(&mut self) -> task::Result {
[INFO] [stderr]    |     ^^^^^^^^^^^^^^^^^^^^^^^^^^^^^^^^^^^^^^
[INFO] [stderr] note: `const` item defined here
[INFO] [stderr]   --> src/tasks/atlantis.rs:20:1
[INFO] [stderr]    |
[INFO] [stderr] 20 | / const GHRA_TASK: GHRATask = GHRATask {
[INFO] [stderr] 21 | |     asset_filter,
[INFO] [stderr] 22 | |     command: "atlantis",
[INFO] [stderr] 23 | |     repo: ("runatlantis", "atlantis"),
[INFO] [stderr] 24 | |     trim_version,
[INFO] [stderr] 25 | |     version_arg: "version",
[INFO] [stderr] 26 | | };
[INFO] [stderr]    | |__^
[INFO] [stderr] 
[INFO] [stderr] warning: taking a mutable reference to a `const` item
[INFO] [stderr]   --> src/tasks/atlantis.rs:43:5
[INFO] [stderr]    |
[INFO] [stderr] 43 |     GHRA_TASK.update(sync)
[INFO] [stderr]    |     ^^^^^^^^^^^^^^^^^^^^^^
[INFO] [stderr]    |
[INFO] [stderr]    = note: each usage of a `const` item creates a new temporary
[INFO] [stderr]    = note: the mutable reference will refer to this temporary, not the original `const` item
[INFO] [stderr] note: mutable reference created due to call to this method
[INFO] [stderr]   --> src/lib/ghratask.rs:42:5
[INFO] [stderr]    |
[INFO] [stderr] 42 |     pub fn update(&mut self, sync: Status) -> task::Result {
[INFO] [stderr]    |     ^^^^^^^^^^^^^^^^^^^^^^^^^^^^^^^^^^^^^^^^^^^^^^^^^^^^^^
[INFO] [stderr] note: `const` item defined here
[INFO] [stderr]   --> src/tasks/atlantis.rs:20:1
[INFO] [stderr]    |
[INFO] [stderr] 20 | / const GHRA_TASK: GHRATask = GHRATask {
[INFO] [stderr] 21 | |     asset_filter,
[INFO] [stderr] 22 | |     command: "atlantis",
[INFO] [stderr] 23 | |     repo: ("runatlantis", "atlantis"),
[INFO] [stderr] 24 | |     trim_version,
[INFO] [stderr] 25 | |     version_arg: "version",
[INFO] [stderr] 26 | | };
[INFO] [stderr]    | |__^
[INFO] [stderr] 
[INFO] [stderr] warning: taking a mutable reference to a `const` item
[INFO] [stderr]   --> src/tasks/bazel.rs:49:5
[INFO] [stderr]    |
[INFO] [stderr] 49 |     GHR_TASK.update(sync)
[INFO] [stderr]    |     ^^^^^^^^^^^^^^^^^^^^^
[INFO] [stderr]    |
[INFO] [stderr]    = note: each usage of a `const` item creates a new temporary
[INFO] [stderr]    = note: the mutable reference will refer to this temporary, not the original `const` item
[INFO] [stderr] note: mutable reference created due to call to this method
[INFO] [stderr]   --> src/lib/ghrtask.rs:67:5
[INFO] [stderr]    |
[INFO] [stderr] 67 |     pub fn update(&mut self, sync: Status) -> task::Result {
[INFO] [stderr]    |     ^^^^^^^^^^^^^^^^^^^^^^^^^^^^^^^^^^^^^^^^^^^^^^^^^^^^^^
[INFO] [stderr] note: `const` item defined here
[INFO] [stderr]   --> src/tasks/bazel.rs:20:1
[INFO] [stderr]    |
[INFO] [stderr] 20 | / const GHR_TASK: GHRTask = GHRTask {
[INFO] [stderr] 21 | |     asset_filter,
[INFO] [stderr] 22 | |     command: "bazel",
[INFO] [stderr] 23 | |     repo: ("bazelbuild", "bazel"),
[INFO] [stderr] 24 | |     trim_version,
[INFO] [stderr] 25 | |     version_arg: "version",
[INFO] [stderr] 26 | | };
[INFO] [stderr]    | |__^
[INFO] [stderr] 
[INFO] [stderr] warning: taking a mutable reference to a `const` item
[INFO] [stderr]   --> src/tasks/dep.rs:51:5
[INFO] [stderr]    |
[INFO] [stderr] 51 |     GHR_TASK.update(sync)
[INFO] [stderr]    |     ^^^^^^^^^^^^^^^^^^^^^
[INFO] [stderr]    |
[INFO] [stderr]    = note: each usage of a `const` item creates a new temporary
[INFO] [stderr]    = note: the mutable reference will refer to this temporary, not the original `const` item
[INFO] [stderr] note: mutable reference created due to call to this method
[INFO] [stderr]   --> src/lib/ghrtask.rs:67:5
[INFO] [stderr]    |
[INFO] [stderr] 67 |     pub fn update(&mut self, sync: Status) -> task::Result {
[INFO] [stderr]    |     ^^^^^^^^^^^^^^^^^^^^^^^^^^^^^^^^^^^^^^^^^^^^^^^^^^^^^^
[INFO] [stderr] note: `const` item defined here
[INFO] [stderr]   --> src/tasks/dep.rs:18:1
[INFO] [stderr]    |
[INFO] [stderr] 18 | / const GHR_TASK: GHRTask = GHRTask {
[INFO] [stderr] 19 | |     asset_filter,
[INFO] [stderr] 20 | |     command: "dep",
[INFO] [stderr] 21 | |     repo: ("golang", "dep"),
[INFO] [stderr] 22 | |     trim_version,
[INFO] [stderr] 23 | |     version_arg: "version",
[INFO] [stderr] 24 | | };
[INFO] [stderr]    | |__^
[INFO] [stderr] 
[INFO] [stderr] warning: taking a mutable reference to a `const` item
[INFO] [stderr]   --> src/tasks/gitleaks.rs:44:5
[INFO] [stderr]    |
[INFO] [stderr] 44 |     GHR_TASK.update(sync)
[INFO] [stderr]    |     ^^^^^^^^^^^^^^^^^^^^^
[INFO] [stderr]    |
[INFO] [stderr]    = note: each usage of a `const` item creates a new temporary
[INFO] [stderr]    = note: the mutable reference will refer to this temporary, not the original `const` item
[INFO] [stderr] note: mutable reference created due to call to this method
[INFO] [stderr]   --> src/lib/ghrtask.rs:67:5
[INFO] [stderr]    |
[INFO] [stderr] 67 |     pub fn update(&mut self, sync: Status) -> task::Result {
[INFO] [stderr]    |     ^^^^^^^^^^^^^^^^^^^^^^^^^^^^^^^^^^^^^^^^^^^^^^^^^^^^^^
[INFO] [stderr] note: `const` item defined here
[INFO] [stderr]   --> src/tasks/gitleaks.rs:22:1
[INFO] [stderr]    |
[INFO] [stderr] 22 | / const GHR_TASK: GHRTask = GHRTask {
[INFO] [stderr] 23 | |     asset_filter,
[INFO] [stderr] 24 | |     command: "gitleaks",
[INFO] [stderr] 25 | |     repo: ("zricethezav", "gitleaks"),
[INFO] [stderr] 26 | |     trim_version,
[INFO] [stderr] 27 | |     version_arg: "--version",
[INFO] [stderr] 28 | | };
[INFO] [stderr]    | |__^
[INFO] [stderr] 
[INFO] [stderr] warning: taking a mutable reference to a `const` item
[INFO] [stderr]   --> src/tasks/gitsizer.rs:35:5
[INFO] [stderr]    |
[INFO] [stderr] 35 |     GHRA_TASK.sync()
[INFO] [stderr]    |     ^^^^^^^^^^^^^^^^
[INFO] [stderr]    |
[INFO] [stderr]    = note: each usage of a `const` item creates a new temporary
[INFO] [stderr]    = note: the mutable reference will refer to this temporary, not the original `const` item
[INFO] [stderr] note: mutable reference created due to call to this method
[INFO] [stderr]   --> src/lib/ghratask.rs:24:5
[INFO] [stderr]    |
[INFO] [stderr] 24 |     pub fn sync(&mut self) -> task::Result {
[INFO] [stderr]    |     ^^^^^^^^^^^^^^^^^^^^^^^^^^^^^^^^^^^^^^
[INFO] [stderr] note: `const` item defined here
[INFO] [stderr]   --> src/tasks/gitsizer.rs:20:1
[INFO] [stderr]    |
[INFO] [stderr] 20 | / const GHRA_TASK: GHRATask = GHRATask {
[INFO] [stderr] 21 | |     asset_filter,
[INFO] [stderr] 22 | |     command: "git-sizer",
[INFO] [stderr] 23 | |     repo: ("github", "git-sizer"),
[INFO] [stderr] 24 | |     trim_version,
[INFO] [stderr] 25 | |     version_arg: "--version",
[INFO] [stderr] 26 | | };
[INFO] [stderr]    | |__^
[INFO] [stderr] 
[INFO] [stderr] warning: taking a mutable reference to a `const` item
[INFO] [stderr]   --> src/tasks/gitsizer.rs:43:5
[INFO] [stderr]    |
[INFO] [stderr] 43 |     GHRA_TASK.update(sync)
[INFO] [stderr]    |     ^^^^^^^^^^^^^^^^^^^^^^
[INFO] [stderr]    |
[INFO] [stderr]    = note: each usage of a `const` item creates a new temporary
[INFO] [stderr]    = note: the mutable reference will refer to this temporary, not the original `const` item
[INFO] [stderr] note: mutable reference created due to call to this method
[INFO] [stderr]   --> src/lib/ghratask.rs:42:5
[INFO] [stderr]    |
[INFO] [stderr] 42 |     pub fn update(&mut self, sync: Status) -> task::Result {
[INFO] [stderr]    |     ^^^^^^^^^^^^^^^^^^^^^^^^^^^^^^^^^^^^^^^^^^^^^^^^^^^^^^
[INFO] [stderr] note: `const` item defined here
[INFO] [stderr]   --> src/tasks/gitsizer.rs:20:1
[INFO] [stderr]    |
[INFO] [stderr] 20 | / const GHRA_TASK: GHRATask = GHRATask {
[INFO] [stderr] 21 | |     asset_filter,
[INFO] [stderr] 22 | |     command: "git-sizer",
[INFO] [stderr] 23 | |     repo: ("github", "git-sizer"),
[INFO] [stderr] 24 | |     trim_version,
[INFO] [stderr] 25 | |     version_arg: "--version",
[INFO] [stderr] 26 | | };
[INFO] [stderr]    | |__^
[INFO] [stderr] 
[INFO] [stderr] warning: taking a mutable reference to a `const` item
[INFO] [stderr]   --> src/tasks/hadolint.rs:50:5
[INFO] [stderr]    |
[INFO] [stderr] 50 |     GHR_TASK.update(sync)
[INFO] [stderr]    |     ^^^^^^^^^^^^^^^^^^^^^
[INFO] [stderr]    |
[INFO] [stderr]    = note: each usage of a `const` item creates a new temporary
[INFO] [stderr]    = note: the mutable reference will refer to this temporary, not the original `const` item
[INFO] [stderr] note: mutable reference created due to call to this method
[INFO] [stderr]   --> src/lib/ghrtask.rs:67:5
[INFO] [stderr]    |
[INFO] [stderr] 67 |     pub fn update(&mut self, sync: Status) -> task::Result {
[INFO] [stderr]    |     ^^^^^^^^^^^^^^^^^^^^^^^^^^^^^^^^^^^^^^^^^^^^^^^^^^^^^^
[INFO] [stderr] note: `const` item defined here
[INFO] [stderr]   --> src/tasks/hadolint.rs:22:1
[INFO] [stderr]    |
[INFO] [stderr] 22 | / const GHR_TASK: GHRTask = GHRTask {
[INFO] [stderr] 23 | |     asset_filter,
[INFO] [stderr] 24 | |     command: "hadolint",
[INFO] [stderr] 25 | |     repo: ("hadolint", "hadolint"),
[INFO] [stderr] 26 | |     trim_version,
[INFO] [stderr] 27 | |     version_arg: "--version",
[INFO] [stderr] 28 | | };
[INFO] [stderr]    | |__^
[INFO] [stderr] 
[INFO] [stderr] warning: taking a mutable reference to a `const` item
[INFO] [stderr]   --> src/tasks/jq.rs:62:5
[INFO] [stderr]    |
[INFO] [stderr] 62 |     GHR_TASK.update(sync)
[INFO] [stderr]    |     ^^^^^^^^^^^^^^^^^^^^^
[INFO] [stderr]    |
[INFO] [stderr]    = note: each usage of a `const` item creates a new temporary
[INFO] [stderr]    = note: the mutable reference will refer to this temporary, not the original `const` item
[INFO] [stderr] note: mutable reference created due to call to this method
[INFO] [stderr]   --> src/lib/ghrtask.rs:67:5
[INFO] [stderr]    |
[INFO] [stderr] 67 |     pub fn update(&mut self, sync: Status) -> task::Result {
[INFO] [stderr]    |     ^^^^^^^^^^^^^^^^^^^^^^^^^^^^^^^^^^^^^^^^^^^^^^^^^^^^^^
[INFO] [stderr] note: `const` item defined here
[INFO] [stderr]   --> src/tasks/jq.rs:19:1
[INFO] [stderr]    |
[INFO] [stderr] 19 | / const GHR_TASK: GHRTask = GHRTask {
[INFO] [stderr] 20 | |     asset_filter,
[INFO] [stderr] 21 | |     command: "jq",
[INFO] [stderr] 22 | |     repo: ("stedolan", "jq"),
[INFO] [stderr] 23 | |     trim_version,
[INFO] [stderr] 24 | |     version_arg: "--version",
[INFO] [stderr] 25 | | };
[INFO] [stderr]    | |__^
[INFO] [stderr] 
[INFO] [stderr] warning: taking a mutable reference to a `const` item
[INFO] [stderr]   --> src/tasks/minikube.rs:48:5
[INFO] [stderr]    |
[INFO] [stderr] 48 |     GHR_TASK.update(sync)
[INFO] [stderr]    |     ^^^^^^^^^^^^^^^^^^^^^
[INFO] [stderr]    |
[INFO] [stderr]    = note: each usage of a `const` item creates a new temporary
[INFO] [stderr]    = note: the mutable reference will refer to this temporary, not the original `const` item
[INFO] [stderr] note: mutable reference created due to call to this method
[INFO] [stderr]   --> src/lib/ghrtask.rs:67:5
[INFO] [stderr]    |
[INFO] [stderr] 67 |     pub fn update(&mut self, sync: Status) -> task::Result {
[INFO] [stderr]    |     ^^^^^^^^^^^^^^^^^^^^^^^^^^^^^^^^^^^^^^^^^^^^^^^^^^^^^^
[INFO] [stderr] note: `const` item defined here
[INFO] [stderr]   --> src/tasks/minikube.rs:20:1
[INFO] [stderr]    |
[INFO] [stderr] 20 | / const GHR_TASK: GHRTask = GHRTask {
[INFO] [stderr] 21 | |     asset_filter,
[INFO] [stderr] 22 | |     command: "minikube",
[INFO] [stderr] 23 | |     repo: ("kubernetes", "minikube"),
[INFO] [stderr] 24 | |     trim_version,
[INFO] [stderr] 25 | |     version_arg: "version",
[INFO] [stderr] 26 | | };
[INFO] [stderr]    | |__^
[INFO] [stderr] 
[INFO] [stderr] warning: taking a mutable reference to a `const` item
[INFO] [stderr]   --> src/tasks/shfmt.rs:41:5
[INFO] [stderr]    |
[INFO] [stderr] 41 |     GHR_TASK.update(sync)
[INFO] [stderr]    |     ^^^^^^^^^^^^^^^^^^^^^
[INFO] [stderr]    |
[INFO] [stderr]    = note: each usage of a `const` item creates a new temporary
[INFO] [stderr]    = note: the mutable reference will refer to this temporary, not the original `const` item
[INFO] [stderr] note: mutable reference created due to call to this method
[INFO] [stderr]   --> src/lib/ghrtask.rs:67:5
[INFO] [stderr]    |
[INFO] [stderr] 67 |     pub fn update(&mut self, sync: Status) -> task::Result {
[INFO] [stderr]    |     ^^^^^^^^^^^^^^^^^^^^^^^^^^^^^^^^^^^^^^^^^^^^^^^^^^^^^^
[INFO] [stderr] note: `const` item defined here
[INFO] [stderr]   --> src/tasks/shfmt.rs:18:1
[INFO] [stderr]    |
[INFO] [stderr] 18 | / const GHR_TASK: GHRTask = GHRTask {
[INFO] [stderr] 19 | |     asset_filter,
[INFO] [stderr] 20 | |     command: "shfmt",
[INFO] [stderr] 21 | |     repo: ("mvdan", "sh"),
[INFO] [stderr] 22 | |     trim_version,
[INFO] [stderr] 23 | |     version_arg: "--version",
[INFO] [stderr] 24 | | };
[INFO] [stderr]    | |__^
[INFO] [stderr] 
[INFO] [stderr] warning: taking a mutable reference to a `const` item
[INFO] [stderr]   --> src/tasks/skaffold.rs:45:5
[INFO] [stderr]    |
[INFO] [stderr] 45 |     GHR_TASK.update(sync)
[INFO] [stderr]    |     ^^^^^^^^^^^^^^^^^^^^^
[INFO] [stderr]    |
[INFO] [stderr]    = note: each usage of a `const` item creates a new temporary
[INFO] [stderr]    = note: the mutable reference will refer to this temporary, not the original `const` item
[INFO] [stderr] note: mutable reference created due to call to this method
[INFO] [stderr]   --> src/lib/ghrtask.rs:67:5
[INFO] [stderr]    |
[INFO] [stderr] 67 |     pub fn update(&mut self, sync: Status) -> task::Result {
[INFO] [stderr]    |     ^^^^^^^^^^^^^^^^^^^^^^^^^^^^^^^^^^^^^^^^^^^^^^^^^^^^^^
[INFO] [stderr] note: `const` item defined here
[INFO] [stderr]   --> src/tasks/skaffold.rs:22:1
[INFO] [stderr]    |
[INFO] [stderr] 22 | / const GHR_TASK: GHRTask = GHRTask {
[INFO] [stderr] 23 | |     asset_filter,
[INFO] [stderr] 24 | |     command: "skaffold",
[INFO] [stderr] 25 | |     repo: ("GoogleCloudPlatform", "skaffold"),
[INFO] [stderr] 26 | |     trim_version,
[INFO] [stderr] 27 | |     version_arg: "version",
[INFO] [stderr] 28 | | };
[INFO] [stderr]    | |__^
[INFO] [stderr] 
[INFO] [stderr] warning: taking a mutable reference to a `const` item
[INFO] [stderr]   --> src/tasks/vale.rs:61:5
[INFO] [stderr]    |
[INFO] [stderr] 61 |     GHRA_TASK.sync()
[INFO] [stderr]    |     ^^^^^^^^^^^^^^^^
[INFO] [stderr]    |
[INFO] [stderr]    = note: each usage of a `const` item creates a new temporary
[INFO] [stderr]    = note: the mutable reference will refer to this temporary, not the original `const` item
[INFO] [stderr] note: mutable reference created due to call to this method
[INFO] [stderr]   --> src/lib/ghratask.rs:24:5
[INFO] [stderr]    |
[INFO] [stderr] 24 |     pub fn sync(&mut self) -> task::Result {
[INFO] [stderr]    |     ^^^^^^^^^^^^^^^^^^^^^^^^^^^^^^^^^^^^^^
[INFO] [stderr] note: `const` item defined here
[INFO] [stderr]   --> src/tasks/vale.rs:19:1
[INFO] [stderr]    |
[INFO] [stderr] 19 | / const GHRA_TASK: GHRATask = GHRATask {
[INFO] [stderr] 20 | |     asset_filter,
[INFO] [stderr] 21 | |     command: "vale",
[INFO] [stderr] 22 | |     repo: ("errata-ai", "vale"),
[INFO] [stderr] 23 | |     trim_version,
[INFO] [stderr] 24 | |     version_arg: "--version",
[INFO] [stderr] 25 | | };
[INFO] [stderr]    | |__^
[INFO] [stderr] 
[INFO] [stderr] warning: taking a mutable reference to a `const` item
[INFO] [stderr]   --> src/tasks/vale.rs:69:5
[INFO] [stderr]    |
[INFO] [stderr] 69 |     GHRA_TASK.update(sync)
[INFO] [stderr]    |     ^^^^^^^^^^^^^^^^^^^^^^
[INFO] [stderr]    |
[INFO] [stderr]    = note: each usage of a `const` item creates a new temporary
[INFO] [stderr]    = note: the mutable reference will refer to this temporary, not the original `const` item
[INFO] [stderr] note: mutable reference created due to call to this method
[INFO] [stderr]   --> src/lib/ghratask.rs:42:5
[INFO] [stderr]    |
[INFO] [stderr] 42 |     pub fn update(&mut self, sync: Status) -> task::Result {
[INFO] [stderr]    |     ^^^^^^^^^^^^^^^^^^^^^^^^^^^^^^^^^^^^^^^^^^^^^^^^^^^^^^
[INFO] [stderr] note: `const` item defined here
[INFO] [stderr]   --> src/tasks/vale.rs:19:1
[INFO] [stderr]    |
[INFO] [stderr] 19 | / const GHRA_TASK: GHRATask = GHRATask {
[INFO] [stderr] 20 | |     asset_filter,
[INFO] [stderr] 21 | |     command: "vale",
[INFO] [stderr] 22 | |     repo: ("errata-ai", "vale"),
[INFO] [stderr] 23 | |     trim_version,
[INFO] [stderr] 24 | |     version_arg: "--version",
[INFO] [stderr] 25 | | };
[INFO] [stderr]    | |__^
[INFO] [stderr] 
[INFO] [stderr] warning: taking a mutable reference to a `const` item
[INFO] [stderr]   --> src/tasks/yq.rs:45:5
[INFO] [stderr]    |
[INFO] [stderr] 45 |     GHR_TASK.update(sync)
[INFO] [stderr]    |     ^^^^^^^^^^^^^^^^^^^^^
[INFO] [stderr]    |
[INFO] [stderr]    = note: each usage of a `const` item creates a new temporary
[INFO] [stderr]    = note: the mutable reference will refer to this temporary, not the original `const` item
[INFO] [stderr] note: mutable reference created due to call to this method
[INFO] [stderr]   --> src/lib/ghrtask.rs:67:5
[INFO] [stderr]    |
[INFO] [stderr] 67 |     pub fn update(&mut self, sync: Status) -> task::Result {
[INFO] [stderr]    |     ^^^^^^^^^^^^^^^^^^^^^^^^^^^^^^^^^^^^^^^^^^^^^^^^^^^^^^
[INFO] [stderr] note: `const` item defined here
[INFO] [stderr]   --> src/tasks/yq.rs:22:1
[INFO] [stderr]    |
[INFO] [stderr] 22 | / const GHR_TASK: GHRTask = GHRTask {
[INFO] [stderr] 23 | |     asset_filter,
[INFO] [stderr] 24 | |     command: "yq",
[INFO] [stderr] 25 | |     repo: ("mikefarah", "yq"),
[INFO] [stderr] 26 | |     trim_version,
[INFO] [stderr] 27 | |     version_arg: "--version",
[INFO] [stderr] 28 | | };
[INFO] [stderr]    | |__^
[INFO] [stderr] 
[INFO] [stderr] warning: panic message is not a string literal
[INFO] [stderr]   --> src/utils/git.rs:93:56
[INFO] [stderr]    |
[INFO] [stderr] 93 |         assert!(path_is_git_repository(&project_path), true);
[INFO] [stderr]    |                                                        ^^^^
[INFO] [stderr]    |
[INFO] [stderr]    = note: `#[warn(non_fmt_panic)]` on by default
[INFO] [stderr]    = note: this is no longer accepted in Rust 2021
[INFO] [stderr] help: add a "{}" format string to Display the message
[INFO] [stderr]    |
[INFO] [stderr] 93 |         assert!(path_is_git_repository(&project_path), "{}", true);
[INFO] [stderr]    |                                                        ^^^^^
[INFO] [stderr] 
[INFO] [stderr] warning: panic message is not a string literal
[INFO] [stderr]    --> src/utils/git.rs:108:53
[INFO] [stderr]     |
[INFO] [stderr] 108 |         assert!(path_is_git_repository(&temp_path), true);
[INFO] [stderr]     |                                                     ^^^^
[INFO] [stderr]     |
[INFO] [stderr]     = note: this is no longer accepted in Rust 2021
[INFO] [stderr] help: add a "{}" format string to Display the message
[INFO] [stderr]     |
[INFO] [stderr] 108 |         assert!(path_is_git_repository(&temp_path), "{}", true);
[INFO] [stderr]     |                                                     ^^^^^
[INFO] [stderr] 
[INFO] [stderr] warning: 18 warnings emitted
[INFO] [stderr] 
[INFO] [stderr]     Finished test [unoptimized + debuginfo] target(s) in 0.44s
[INFO] [stderr]      Running unittests (/opt/rustwide/target/debug/deps/jokeyrhyme_dotfiles-82a21c744c7feaa1)
[INFO] [stdout] 
[INFO] [stdout] running 57 tests
[INFO] [stdout] test lib::env::tests::to_bash ... ok
[INFO] [stdout] test lib::env::tests::to_zsh ... ok
[INFO] [stdout] test lib::favourites::tests::cull_and_status_works ... ok
[INFO] [stdout] test lib::favourites::tests::fill_and_status_works ... ok
[INFO] [stdout] test lib::favourites::tests::diff_before_after_works ... ok
[INFO] [stdout] test lib::pip::tests::pippackages_from_string ... ok
[INFO] [stdout] test lib::env::tests::to_fish ... ok
[INFO] [stdout] test lib::favourites::tests::surplus_filters_correctly ... ok
[INFO] [stdout] test lib::favourites::tests::missing_filters_correctly ... ok
[INFO] [stdout] test tasks::git::test::extract_commands_from_strings ... ok
[INFO] [stdout] test lib::ssh::fields::tests::yesnoask_to_from_str ... ok
[INFO] [stdout] test lib::ssh::fields::tests::yesno_to_from_str ... ok
[INFO] [stdout] test tasks::minikube::tests::trim_version_output ... ok
[INFO] [stdout] test lib::goget::tests::found_finds_goimports ... ok
[INFO] [stdout] test lib::goget::tests::found_does_not_find_missing ... ok
[INFO] [stdout] test lib::ssh::fields::tests::yesnoduration_to_from_str ... ok
[INFO] [stdout] test lib::cargo::tests::test_parse_installed ... ok
[INFO] [stdout] test lib::python::tests::which_v2_does_not_find_v3 ... ok
[INFO] [stdout] test tasks::tests::sequence_lists_all_tasks ... ok
[INFO] [stdout] test tasks::ssh::tests::is_blacklist_supported_by_versions ... ok
[INFO] [stdout] test lib::ssh::fields::tests::yesnoaskautoautoask_to_from_str ... ok
[INFO] [stdout] test lib::brew::tests::brew_exe_does_not_panic ... ok
[INFO] [stdout] test tasks::tests::mapping_maps_all_tasks ... ok
[INFO] [stdout] test utils::env::tests::test_home_dir ... ok
[INFO] [stdout] test utils::archive::tests::extract_fixture_foo_txt_tar ... ok
[INFO] [stdout] test utils::archive::tests::extract_fixture_foo_txt_zip ... ok
[INFO] [stdout] test utils::archive::tests::extract_fixture_foo_txt_gz ... ok
[INFO] [stdout] test tasks::git::test::parse_config_toml ... ok
[INFO] [stdout] test utils::fs::tests::check_cargo_manifest_dir ... ok
[INFO] [stdout] test utils::fs::tests::check_cargo ... ok
[INFO] [stdout] test utils::golang::tests::arch_is_not_x86_64 ... ok
[INFO] [stdout] test utils::github::tests::parse_releases_json_works ... ok
[INFO] [stdout] test lib::cache::tests::url_filename_does_not_include_credentials ... ok
[INFO] [stdout] test lib::version::tests::is_stable_versions ... ok
[INFO] [stdout] test lib::ssh::fields::tests::duration_to_from_str ... ok
[INFO] [stdout] test utils::golang::tests::os_is_not_macos ... ok
[INFO] [stdout] test utils::nodejs::tests::arch_is_not_x86_64 ... ok
[INFO] [stdout] test utils::nodejs::tests::os_is_not_macos_or_windows ... ok
[INFO] [stdout] test lib::cache::tests::url_filename_truncates_and_hashes_long_inputs ... ok
[INFO] [stdout] test lib::cache::tests::url_metadata_path_works ... ok
[INFO] [stdout] test lib::python::tests::which_v3_is_different_to_which_v2 ... ok
[INFO] [stdout] test utils::ssh::tests::bitor_merges_configs ... ok
[INFO] [stdout] test utils::ssh::tests::string_from_config ... ok
[INFO] [stdout] test utils::ssh::tests::config_from_string ... ok
[INFO] [stdout] test utils::git::tests::has_is_true_for_unix ... ok
[INFO] [stdout] test tasks::ssh::tests::ssh_version_is_not_blank ... ok
[INFO] [stdout] test utils::process::tests::command_spawn_wait_does_not_exist ... ok
[INFO] [stdout] test utils::git::tests::path_is_git_repository_here ... ok
[INFO] [stdout] test utils::golang::tests::latest_version_found ... FAILED
[INFO] [stdout] test utils::http::tests::fetch_page ... FAILED
[INFO] [stdout] test utils::github::tests::latest_release_github_hub ... FAILED
[INFO] [stdout] test utils::github::tests::fetch_tags_github_hub ... FAILED
[INFO] [stdout] test utils::nodejs::tests::latest_version_found ... FAILED
[INFO] [stdout] test tasks::rust::tests::test_cargo_latest_version ... FAILED
[INFO] [stderr] Cloning into '/tmp/4eb5a71171634f1fb2d1637c2b413e26'...
[INFO] [stderr] warning: --depth is ignored in local clones; use file:// instead.
[INFO] [stdout] cargo 1.54.0 (5ae8d74b3 2021-06-22)
[INFO] [stderr] done.
[INFO] [stdout] test utils::process::tests::command_spawn_wait_cargo_version ... ok
[INFO] [stdout] test utils::process::tests::command_output_cargo_version ... ok
[INFO] [stdout] HEAD is now at 8e723ee Update README.md
[INFO] [stdout] test utils::git::tests::shallow_clone_and_shallow_fetch ... ok
[INFO] [stdout] 
[INFO] [stdout] failures:
[INFO] [stdout] 
[INFO] [stdout] ---- utils::golang::tests::latest_version_found stdout ----
[INFO] [stdout] thread 'utils::golang::tests::latest_version_found' panicked at 'called `Result::unwrap()` on an `Err` value: GitHub("", IoError("", Custom { kind: Other, error: "reqwest::Error { kind: Request, url: \"https://api.github.com/repos/golang/go/git/refs/tags\", source: hyper::Error(Connect, ConnectError(\"dns error\", Custom { kind: Other, error: \"failed to lookup address information: Temporary failure in name resolution\" })) }" }))', src/utils/golang.rs:87:35
[INFO] [stdout] stack backtrace:
[INFO] [stdout]    0:     0x56110e5db300 - std::backtrace_rs::backtrace::libunwind::trace::h34055254b57d8e79
[INFO] [stdout]                                at /rustc/a178d0322ce20e33eac124758e837cbd80a6f633/library/std/src/../../backtrace/src/backtrace/libunwind.rs:90:5
[INFO] [stdout]    1:     0x56110e5db300 - std::backtrace_rs::backtrace::trace_unsynchronized::h8f1e3fbd9afff6ec
[INFO] [stdout]                                at /rustc/a178d0322ce20e33eac124758e837cbd80a6f633/library/std/src/../../backtrace/src/backtrace/mod.rs:66:5
[INFO] [stdout]    2:     0x56110e5db300 - std::sys_common::backtrace::_print_fmt::h3a99a796b770c360
[INFO] [stdout]                                at /rustc/a178d0322ce20e33eac124758e837cbd80a6f633/library/std/src/sys_common/backtrace.rs:67:5
[INFO] [stdout]    3:     0x56110e5db300 - <std::sys_common::backtrace::_print::DisplayBacktrace as core::fmt::Display>::fmt::h32d1f94a80615d18
[INFO] [stdout]                                at /rustc/a178d0322ce20e33eac124758e837cbd80a6f633/library/std/src/sys_common/backtrace.rs:46:22
[INFO] [stdout]    4:     0x56110e60325c - core::fmt::write::h306731c068f7162c
[INFO] [stdout]                                at /rustc/a178d0322ce20e33eac124758e837cbd80a6f633/library/core/src/fmt/mod.rs:1110:17
[INFO] [stdout]    5:     0x56110e5d4585 - std::io::Write::write_fmt::h87f19b0a2cd190bc
[INFO] [stdout]                                at /rustc/a178d0322ce20e33eac124758e837cbd80a6f633/library/std/src/io/mod.rs:1588:15
[INFO] [stdout]    6:     0x56110e5dd99b - std::sys_common::backtrace::_print::h5abaa2601a852287
[INFO] [stdout]                                at /rustc/a178d0322ce20e33eac124758e837cbd80a6f633/library/std/src/sys_common/backtrace.rs:49:5
[INFO] [stdout]    7:     0x56110e5dd99b - std::sys_common::backtrace::print::h8d81445442bb638f
[INFO] [stdout]                                at /rustc/a178d0322ce20e33eac124758e837cbd80a6f633/library/std/src/sys_common/backtrace.rs:36:9
[INFO] [stdout]    8:     0x56110e5dd99b - std::panicking::default_hook::{{closure}}::hcfe804496a9fa747
[INFO] [stdout]                                at /rustc/a178d0322ce20e33eac124758e837cbd80a6f633/library/std/src/panicking.rs:208:50
[INFO] [stdout]    9:     0x56110e5dd4ac - std::panicking::default_hook::hbea8e3ccf2ba8901
[INFO] [stdout]                                at /rustc/a178d0322ce20e33eac124758e837cbd80a6f633/library/std/src/panicking.rs:222:9
[INFO] [stdout]   10:     0x56110e5de064 - std::panicking::rust_panic_with_hook::h7ee9e1a2d0f8975a
[INFO] [stdout]                                at /rustc/a178d0322ce20e33eac124758e837cbd80a6f633/library/std/src/panicking.rs:622:17
[INFO] [stdout]   11:     0x56110e5ddb47 - std::panicking::begin_panic_handler::{{closure}}::h8ab3b4491718b2c7
[INFO] [stdout]                                at /rustc/a178d0322ce20e33eac124758e837cbd80a6f633/library/std/src/panicking.rs:519:13
[INFO] [stdout]   12:     0x56110e5db7fc - std::sys_common::backtrace::__rust_end_short_backtrace::hd489062ffa586a9f
[INFO] [stdout]                                at /rustc/a178d0322ce20e33eac124758e837cbd80a6f633/library/std/src/sys_common/backtrace.rs:141:18
[INFO] [stdout]   13:     0x56110e5ddaa9 - rust_begin_unwind
[INFO] [stdout]                                at /rustc/a178d0322ce20e33eac124758e837cbd80a6f633/library/std/src/panicking.rs:515:5
[INFO] [stdout]   14:     0x56110dd00e81 - core::panicking::panic_fmt::hca6330e3e14086b4
[INFO] [stdout]                                at /rustc/a178d0322ce20e33eac124758e837cbd80a6f633/library/core/src/panicking.rs:92:14
[INFO] [stdout]   15:     0x56110dd00f73 - core::result::unwrap_failed::h6160d2b4bfbb0e87
[INFO] [stdout]                                at /rustc/a178d0322ce20e33eac124758e837cbd80a6f633/library/core/src/result.rs:1355:5
[INFO] [stdout]   16:     0x56110dd57e38 - core::result::Result<T,E>::unwrap::hf4d86000d247dc45
[INFO] [stdout]                                at /rustc/a178d0322ce20e33eac124758e837cbd80a6f633/library/core/src/result.rs:1037:23
[INFO] [stdout]   17:     0x56110dd529e7 - jokeyrhyme_dotfiles::utils::golang::tests::latest_version_found::h01e5cecadb6f78d0
[INFO] [stdout]                                at /opt/rustwide/workdir/src/utils/golang.rs:87:18
[INFO] [stdout]   18:     0x56110dd529aa - jokeyrhyme_dotfiles::utils::golang::tests::latest_version_found::{{closure}}::h358ab31bd5172c50
[INFO] [stdout]                                at /opt/rustwide/workdir/src/utils/golang.rs:86:5
[INFO] [stdout]   19:     0x56110ddb701e - core::ops::function::FnOnce::call_once::h5642b27619cdf021
[INFO] [stdout]                                at /rustc/a178d0322ce20e33eac124758e837cbd80a6f633/library/core/src/ops/function.rs:227:5
[INFO] [stdout]   20:     0x56110dfb3d23 - core::ops::function::FnOnce::call_once::h152e7e439ff59e19
[INFO] [stdout]                                at /rustc/a178d0322ce20e33eac124758e837cbd80a6f633/library/core/src/ops/function.rs:227:5
[INFO] [stdout]   21:     0x56110dfb3d23 - test::__rust_begin_short_backtrace::h0908f3b1fdbb72ab
[INFO] [stdout]                                at /rustc/a178d0322ce20e33eac124758e837cbd80a6f633/library/test/src/lib.rs:577:5
[INFO] [stdout]   22:     0x56110dfb27e0 - <alloc::boxed::Box<F,A> as core::ops::function::FnOnce<Args>>::call_once::hf6d2a51e5587546c
[INFO] [stdout]                                at /rustc/a178d0322ce20e33eac124758e837cbd80a6f633/library/alloc/src/boxed.rs:1575:9
[INFO] [stdout]   23:     0x56110dfb27e0 - <std::panic::AssertUnwindSafe<F> as core::ops::function::FnOnce<()>>::call_once::h8af660f3a89ef593
[INFO] [stdout]                                at /rustc/a178d0322ce20e33eac124758e837cbd80a6f633/library/std/src/panic.rs:347:9
[INFO] [stdout]   24:     0x56110dfb27e0 - std::panicking::try::do_call::hd36aef60f84b6d36
[INFO] [stdout]                                at /rustc/a178d0322ce20e33eac124758e837cbd80a6f633/library/std/src/panicking.rs:401:40
[INFO] [stdout]   25:     0x56110dfb27e0 - std::panicking::try::h9932b4480e69817c
[INFO] [stdout]                                at /rustc/a178d0322ce20e33eac124758e837cbd80a6f633/library/std/src/panicking.rs:365:19
[INFO] [stdout]   26:     0x56110dfb27e0 - std::panic::catch_unwind::h6aa177099cfff5f8
[INFO] [stdout]                                at /rustc/a178d0322ce20e33eac124758e837cbd80a6f633/library/std/src/panic.rs:434:14
[INFO] [stdout]   27:     0x56110dfb27e0 - test::run_test_in_process::h5884d6f2d99e20c3
[INFO] [stdout]                                at /rustc/a178d0322ce20e33eac124758e837cbd80a6f633/library/test/src/lib.rs:600:18
[INFO] [stdout]   28:     0x56110dfb27e0 - test::run_test::run_test_inner::{{closure}}::h6fdc58c6d5f5b6e3
[INFO] [stdout]                                at /rustc/a178d0322ce20e33eac124758e837cbd80a6f633/library/test/src/lib.rs:492:39
[INFO] [stdout]   29:     0x56110df8be92 - test::run_test::run_test_inner::{{closure}}::h408365d67a78ade8
[INFO] [stdout]                                at /rustc/a178d0322ce20e33eac124758e837cbd80a6f633/library/test/src/lib.rs:519:37
[INFO] [stdout]   30:     0x56110df8be92 - std::sys_common::backtrace::__rust_begin_short_backtrace::hb560b77c4f701523
[INFO] [stdout]                                at /rustc/a178d0322ce20e33eac124758e837cbd80a6f633/library/std/src/sys_common/backtrace.rs:125:18
[INFO] [stdout]   31:     0x56110df8fa48 - std::thread::Builder::spawn_unchecked::{{closure}}::{{closure}}::hf2e7831dad93c597
[INFO] [stdout]                                at /rustc/a178d0322ce20e33eac124758e837cbd80a6f633/library/std/src/thread/mod.rs:481:17
[INFO] [stdout]   32:     0x56110df8fa48 - <std::panic::AssertUnwindSafe<F> as core::ops::function::FnOnce<()>>::call_once::hd2e08783d8be4d02
[INFO] [stdout]                                at /rustc/a178d0322ce20e33eac124758e837cbd80a6f633/library/std/src/panic.rs:347:9
[INFO] [stdout]   33:     0x56110df8fa48 - std::panicking::try::do_call::h062597b7acfd6b82
[INFO] [stdout]                                at /rustc/a178d0322ce20e33eac124758e837cbd80a6f633/library/std/src/panicking.rs:401:40
[INFO] [stdout]   34:     0x56110df8fa48 - std::panicking::try::h0d7b79db04c14552
[INFO] [stdout]                                at /rustc/a178d0322ce20e33eac124758e837cbd80a6f633/library/std/src/panicking.rs:365:19
[INFO] [stdout]   35:     0x56110df8fa48 - std::panic::catch_unwind::hb01a0b5e7c8cd43b
[INFO] [stdout]                                at /rustc/a178d0322ce20e33eac124758e837cbd80a6f633/library/std/src/panic.rs:434:14
[INFO] [stdout]   36:     0x56110df8fa48 - std::thread::Builder::spawn_unchecked::{{closure}}::h5bde48cc887e0d1e
[INFO] [stdout]                                at /rustc/a178d0322ce20e33eac124758e837cbd80a6f633/library/std/src/thread/mod.rs:480:30
[INFO] [stdout]   37:     0x56110df8fa48 - core::ops::function::FnOnce::call_once{{vtable.shim}}::h745ea30807a29e55
[INFO] [stdout]                                at /rustc/a178d0322ce20e33eac124758e837cbd80a6f633/library/core/src/ops/function.rs:227:5
[INFO] [stdout]   38:     0x56110e5e5f47 - <alloc::boxed::Box<F,A> as core::ops::function::FnOnce<Args>>::call_once::h7ece6cfefaff1005
[INFO] [stdout]                                at /rustc/a178d0322ce20e33eac124758e837cbd80a6f633/library/alloc/src/boxed.rs:1575:9
[INFO] [stdout]   39:     0x56110e5e5f47 - <alloc::boxed::Box<F,A> as core::ops::function::FnOnce<Args>>::call_once::hb8b48e55c21f193e
[INFO] [stdout]                                at /rustc/a178d0322ce20e33eac124758e837cbd80a6f633/library/alloc/src/boxed.rs:1575:9
[INFO] [stdout]   40:     0x56110e5e5f47 - std::sys::unix::thread::Thread::new::thread_start::h8c7c4450dba62914
[INFO] [stdout]                                at /rustc/a178d0322ce20e33eac124758e837cbd80a6f633/library/std/src/sys/unix/thread.rs:71:17
[INFO] [stdout]   41:     0x7f9efa9e7609 - start_thread
[INFO] [stdout]   42:     0x7f9efa7bd293 - clone
[INFO] [stdout]   43:                0x0 - <unknown>
[INFO] [stdout] 
[INFO] [stdout] ---- utils::http::tests::fetch_page stdout ----
[INFO] [stdout] thread 'utils::http::tests::fetch_page' panicked at 'called `Result::unwrap()` on an `Err` value: Custom { kind: Other, error: "reqwest::Error { kind: Request, url: \"https://github.com/jokeyrhyme/dotfiles-rs\", source: hyper::Error(Connect, ConnectError(\"dns error\", Custom { kind: Other, error: \"failed to lookup address information: Temporary failure in name resolution\" })) }" }', src/utils/http.rs:107:42
[INFO] [stdout] stack backtrace:
[INFO] [stdout]    0:     0x56110e5db300 - std::backtrace_rs::backtrace::libunwind::trace::h34055254b57d8e79
[INFO] [stdout]                                at /rustc/a178d0322ce20e33eac124758e837cbd80a6f633/library/std/src/../../backtrace/src/backtrace/libunwind.rs:90:5
[INFO] [stdout]    1:     0x56110e5db300 - std::backtrace_rs::backtrace::trace_unsynchronized::h8f1e3fbd9afff6ec
[INFO] [stdout]                                at /rustc/a178d0322ce20e33eac124758e837cbd80a6f633/library/std/src/../../backtrace/src/backtrace/mod.rs:66:5
[INFO] [stdout]    2:     0x56110e5db300 - std::sys_common::backtrace::_print_fmt::h3a99a796b770c360
[INFO] [stdout]                                at /rustc/a178d0322ce20e33eac124758e837cbd80a6f633/library/std/src/sys_common/backtrace.rs:67:5
[INFO] [stdout]    3:     0x56110e5db300 - <std::sys_common::backtrace::_print::DisplayBacktrace as core::fmt::Display>::fmt::h32d1f94a80615d18
[INFO] [stdout]                                at /rustc/a178d0322ce20e33eac124758e837cbd80a6f633/library/std/src/sys_common/backtrace.rs:46:22
[INFO] [stdout]    4:     0x56110e60325c - core::fmt::write::h306731c068f7162c
[INFO] [stdout]                                at /rustc/a178d0322ce20e33eac124758e837cbd80a6f633/library/core/src/fmt/mod.rs:1110:17
[INFO] [stdout]    5:     0x56110e5d4585 - std::io::Write::write_fmt::h87f19b0a2cd190bc
[INFO] [stdout]                                at /rustc/a178d0322ce20e33eac124758e837cbd80a6f633/library/std/src/io/mod.rs:1588:15
[INFO] [stdout]    6:     0x56110e5dd99b - std::sys_common::backtrace::_print::h5abaa2601a852287
[INFO] [stdout]                                at /rustc/a178d0322ce20e33eac124758e837cbd80a6f633/library/std/src/sys_common/backtrace.rs:49:5
[INFO] [stdout]    7:     0x56110e5dd99b - std::sys_common::backtrace::print::h8d81445442bb638f
[INFO] [stdout]                                at /rustc/a178d0322ce20e33eac124758e837cbd80a6f633/library/std/src/sys_common/backtrace.rs:36:9
[INFO] [stdout]    8:     0x56110e5dd99b - std::panicking::default_hook::{{closure}}::hcfe804496a9fa747
[INFO] [stdout]                                at /rustc/a178d0322ce20e33eac124758e837cbd80a6f633/library/std/src/panicking.rs:208:50
[INFO] [stdout]    9:     0x56110e5dd4ac - std::panicking::default_hook::hbea8e3ccf2ba8901
[INFO] [stdout]                                at /rustc/a178d0322ce20e33eac124758e837cbd80a6f633/library/std/src/panicking.rs:222:9
[INFO] [stdout]   10:     0x56110e5de064 - std::panicking::rust_panic_with_hook::h7ee9e1a2d0f8975a
[INFO] [stdout]                                at /rustc/a178d0322ce20e33eac124758e837cbd80a6f633/library/std/src/panicking.rs:622:17
[INFO] [stdout]   11:     0x56110e5ddb47 - std::panicking::begin_panic_handler::{{closure}}::h8ab3b4491718b2c7
[INFO] [stdout]                                at /rustc/a178d0322ce20e33eac124758e837cbd80a6f633/library/std/src/panicking.rs:519:13
[INFO] [stdout]   12:     0x56110e5db7fc - std::sys_common::backtrace::__rust_end_short_backtrace::hd489062ffa586a9f
[INFO] [stdout]                                at /rustc/a178d0322ce20e33eac124758e837cbd80a6f633/library/std/src/sys_common/backtrace.rs:141:18
[INFO] [stdout]   13:     0x56110e5ddaa9 - rust_begin_unwind
[INFO] [stdout]                                at /rustc/a178d0322ce20e33eac124758e837cbd80a6f633/library/std/src/panicking.rs:515:5
[INFO] [stdout]   14:     0x56110dd00e81 - core::panicking::panic_fmt::hca6330e3e14086b4
[INFO] [stdout]                                at /rustc/a178d0322ce20e33eac124758e837cbd80a6f633/library/core/src/panicking.rs:92:14
[INFO] [stdout]   15:     0x56110dd00f73 - core::result::unwrap_failed::h6160d2b4bfbb0e87
[INFO] [stdout]                                at /rustc/a178d0322ce20e33eac124758e837cbd80a6f633/library/core/src/result.rs:1355:5
[INFO] [stdout]   16:     0x56110dfd2c2e - core::result::Result<T,E>::unwrap::ha00e09e66d304bdc
[INFO] [stdout]                                at /rustc/a178d0322ce20e33eac124758e837cbd80a6f633/library/core/src/result.rs:1037:23
[INFO] [stdout]   17:     0x56110dd43ca2 - jokeyrhyme_dotfiles::utils::http::tests::fetch_page::h1d01844cc63fc79a
[INFO] [stdout]                                at /opt/rustwide/workdir/src/utils/http.rs:107:23
[INFO] [stdout]   18:     0x56110dd43c1a - jokeyrhyme_dotfiles::utils::http::tests::fetch_page::{{closure}}::h28ced71b94101e7a
[INFO] [stdout]                                at /opt/rustwide/workdir/src/utils/http.rs:105:5
[INFO] [stdout]   19:     0x56110ddb688e - core::ops::function::FnOnce::call_once::h015ba5f526735476
[INFO] [stdout]                                at /rustc/a178d0322ce20e33eac124758e837cbd80a6f633/library/core/src/ops/function.rs:227:5
[INFO] [stdout]   20:     0x56110dfb3d23 - core::ops::function::FnOnce::call_once::h152e7e439ff59e19
[INFO] [stdout]                                at /rustc/a178d0322ce20e33eac124758e837cbd80a6f633/library/core/src/ops/function.rs:227:5
[INFO] [stdout]   21:     0x56110dfb3d23 - test::__rust_begin_short_backtrace::h0908f3b1fdbb72ab
[INFO] [stdout]                                at /rustc/a178d0322ce20e33eac124758e837cbd80a6f633/library/test/src/lib.rs:577:5
[INFO] [stdout]   22:     0x56110dfb27e0 - <alloc::boxed::Box<F,A> as core::ops::function::FnOnce<Args>>::call_once::hf6d2a51e5587546c
[INFO] [stdout]                                at /rustc/a178d0322ce20e33eac124758e837cbd80a6f633/library/alloc/src/boxed.rs:1575:9
[INFO] [stdout]   23:     0x56110dfb27e0 - <std::panic::AssertUnwindSafe<F> as core::ops::function::FnOnce<()>>::call_once::h8af660f3a89ef593
[INFO] [stdout]                                at /rustc/a178d0322ce20e33eac124758e837cbd80a6f633/library/std/src/panic.rs:347:9
[INFO] [stdout]   24:     0x56110dfb27e0 - std::panicking::try::do_call::hd36aef60f84b6d36
[INFO] [stdout]                                at /rustc/a178d0322ce20e33eac124758e837cbd80a6f633/library/std/src/panicking.rs:401:40
[INFO] [stdout]   25:     0x56110dfb27e0 - std::panicking::try::h9932b4480e69817c
[INFO] [stdout]                                at /rustc/a178d0322ce20e33eac124758e837cbd80a6f633/library/std/src/panicking.rs:365:19
[INFO] [stdout]   26:     0x56110dfb27e0 - std::panic::catch_unwind::h6aa177099cfff5f8
[INFO] [stdout]                                at /rustc/a178d0322ce20e33eac124758e837cbd80a6f633/library/std/src/panic.rs:434:14
[INFO] [stdout]   27:     0x56110dfb27e0 - test::run_test_in_process::h5884d6f2d99e20c3
[INFO] [stdout]                                at /rustc/a178d0322ce20e33eac124758e837cbd80a6f633/library/test/src/lib.rs:600:18
[INFO] [stdout]   28:     0x56110dfb27e0 - test::run_test::run_test_inner::{{closure}}::h6fdc58c6d5f5b6e3
[INFO] [stdout]                                at /rustc/a178d0322ce20e33eac124758e837cbd80a6f633/library/test/src/lib.rs:492:39
[INFO] [stdout]   29:     0x56110df8be92 - test::run_test::run_test_inner::{{closure}}::h408365d67a78ade8
[INFO] [stdout]                                at /rustc/a178d0322ce20e33eac124758e837cbd80a6f633/library/test/src/lib.rs:519:37
[INFO] [stdout]   30:     0x56110df8be92 - std::sys_common::backtrace::__rust_begin_short_backtrace::hb560b77c4f701523
[INFO] [stdout]                                at /rustc/a178d0322ce20e33eac124758e837cbd80a6f633/library/std/src/sys_common/backtrace.rs:125:18
[INFO] [stdout]   31:     0x56110df8fa48 - std::thread::Builder::spawn_unchecked::{{closure}}::{{closure}}::hf2e7831dad93c597
[INFO] [stdout]                                at /rustc/a178d0322ce20e33eac124758e837cbd80a6f633/library/std/src/thread/mod.rs:481:17
[INFO] [stdout]   32:     0x56110df8fa48 - <std::panic::AssertUnwindSafe<F> as core::ops::function::FnOnce<()>>::call_once::hd2e08783d8be4d02
[INFO] [stdout]                                at /rustc/a178d0322ce20e33eac124758e837cbd80a6f633/library/std/src/panic.rs:347:9
[INFO] [stdout]   33:     0x56110df8fa48 - std::panicking::try::do_call::h062597b7acfd6b82
[INFO] [stdout]                                at /rustc/a178d0322ce20e33eac124758e837cbd80a6f633/library/std/src/panicking.rs:401:40
[INFO] [stdout]   34:     0x56110df8fa48 - std::panicking::try::h0d7b79db04c14552
[INFO] [stdout]                                at /rustc/a178d0322ce20e33eac124758e837cbd80a6f633/library/std/src/panicking.rs:365:19
[INFO] [stdout]   35:     0x56110df8fa48 - std::panic::catch_unwind::hb01a0b5e7c8cd43b
[INFO] [stdout]                                at /rustc/a178d0322ce20e33eac124758e837cbd80a6f633/library/std/src/panic.rs:434:14
[INFO] [stdout]   36:     0x56110df8fa48 - std::thread::Builder::spawn_unchecked::{{closure}}::h5bde48cc887e0d1e
[INFO] [stdout]                                at /rustc/a178d0322ce20e33eac124758e837cbd80a6f633/library/std/src/thread/mod.rs:480:30
[INFO] [stdout]   37:     0x56110df8fa48 - core::ops::function::FnOnce::call_once{{vtable.shim}}::h745ea30807a29e55
[INFO] [stdout]                                at /rustc/a178d0322ce20e33eac124758e837cbd80a6f633/library/core/src/ops/function.rs:227:5
[INFO] [stdout]   38:     0x56110e5e5f47 - <alloc::boxed::Box<F,A> as core::ops::function::FnOnce<Args>>::call_once::h7ece6cfefaff1005
[INFO] [stdout]                                at /rustc/a178d0322ce20e33eac124758e837cbd80a6f633/library/alloc/src/boxed.rs:1575:9
[INFO] [stdout]   39:     0x56110e5e5f47 - <alloc::boxed::Box<F,A> as core::ops::function::FnOnce<Args>>::call_once::hb8b48e55c21f193e
[INFO] [stdout]                                at /rustc/a178d0322ce20e33eac124758e837cbd80a6f633/library/alloc/src/boxed.rs:1575:9
[INFO] [stdout]   40:     0x56110e5e5f47 - std::sys::unix::thread::Thread::new::thread_start::h8c7c4450dba62914
[INFO] [stdout]                                at /rustc/a178d0322ce20e33eac124758e837cbd80a6f633/library/std/src/sys/unix/thread.rs:71:17
[INFO] [stdout]   41:     0x7f9efa9e7609 - start_thread
[INFO] [stdout]   42:     0x7f9efa7bd293 - clone
[INFO] [stdout]   43:                0x0 - <unknown>
[INFO] [stdout] 
[INFO] [stdout] ---- utils::github::tests::latest_release_github_hub stdout ----
[INFO] [stdout] thread 'utils::github::tests::latest_release_github_hub' panicked at 'must fetch: IoError("", Custom { kind: Other, error: "reqwest::Error { kind: Request, url: \"https://api.github.com/repos/github/hub/releases\", source: hyper::Error(Connect, ConnectError(\"dns error\", Custom { kind: Other, error: \"failed to lookup address information: Temporary failure in name resolution\" })) }" })', src/utils/github.rs:262:55
[INFO] [stdout] stack backtrace:
[INFO] [stdout]    0:     0x56110e5db300 - std::backtrace_rs::backtrace::libunwind::trace::h34055254b57d8e79
[INFO] [stdout]                                at /rustc/a178d0322ce20e33eac124758e837cbd80a6f633/library/std/src/../../backtrace/src/backtrace/libunwind.rs:90:5
[INFO] [stdout]    1:     0x56110e5db300 - std::backtrace_rs::backtrace::trace_unsynchronized::h8f1e3fbd9afff6ec
[INFO] [stdout]                                at /rustc/a178d0322ce20e33eac124758e837cbd80a6f633/library/std/src/../../backtrace/src/backtrace/mod.rs:66:5
[INFO] [stdout]    2:     0x56110e5db300 - std::sys_common::backtrace::_print_fmt::h3a99a796b770c360
[INFO] [stdout]                                at /rustc/a178d0322ce20e33eac124758e837cbd80a6f633/library/std/src/sys_common/backtrace.rs:67:5
[INFO] [stdout]    3:     0x56110e5db300 - <std::sys_common::backtrace::_print::DisplayBacktrace as core::fmt::Display>::fmt::h32d1f94a80615d18
[INFO] [stdout]                                at /rustc/a178d0322ce20e33eac124758e837cbd80a6f633/library/std/src/sys_common/backtrace.rs:46:22
[INFO] [stdout]    4:     0x56110e60325c - core::fmt::write::h306731c068f7162c
[INFO] [stdout]                                at /rustc/a178d0322ce20e33eac124758e837cbd80a6f633/library/core/src/fmt/mod.rs:1110:17
[INFO] [stdout]    5:     0x56110e5d4585 - std::io::Write::write_fmt::h87f19b0a2cd190bc
[INFO] [stdout]                                at /rustc/a178d0322ce20e33eac124758e837cbd80a6f633/library/std/src/io/mod.rs:1588:15
[INFO] [stdout]    6:     0x56110e5dd99b - std::sys_common::backtrace::_print::h5abaa2601a852287
[INFO] [stdout]                                at /rustc/a178d0322ce20e33eac124758e837cbd80a6f633/library/std/src/sys_common/backtrace.rs:49:5
[INFO] [stdout]    7:     0x56110e5dd99b - std::sys_common::backtrace::print::h8d81445442bb638f
[INFO] [stdout]                                at /rustc/a178d0322ce20e33eac124758e837cbd80a6f633/library/std/src/sys_common/backtrace.rs:36:9
[INFO] [stdout]    8:     0x56110e5dd99b - std::panicking::default_hook::{{closure}}::hcfe804496a9fa747
[INFO] [stdout]                                at /rustc/a178d0322ce20e33eac124758e837cbd80a6f633/library/std/src/panicking.rs:208:50
[INFO] [stdout]    9:     0x56110e5dd4ac - std::panicking::default_hook::hbea8e3ccf2ba8901
[INFO] [stdout]                                at /rustc/a178d0322ce20e33eac124758e837cbd80a6f633/library/std/src/panicking.rs:222:9
[INFO] [stdout]   10:     0x56110e5de064 - std::panicking::rust_panic_with_hook::h7ee9e1a2d0f8975a
[INFO] [stdout]                                at /rustc/a178d0322ce20e33eac124758e837cbd80a6f633/library/std/src/panicking.rs:622:17
[INFO] [stdout]   11:     0x56110e5ddb47 - std::panicking::begin_panic_handler::{{closure}}::h8ab3b4491718b2c7
[INFO] [stdout]                                at /rustc/a178d0322ce20e33eac124758e837cbd80a6f633/library/std/src/panicking.rs:519:13
[INFO] [stdout]   12:     0x56110e5db7fc - std::sys_common::backtrace::__rust_end_short_backtrace::hd489062ffa586a9f
[INFO] [stdout]                                at /rustc/a178d0322ce20e33eac124758e837cbd80a6f633/library/std/src/sys_common/backtrace.rs:141:18
[INFO] [stdout]   13:     0x56110e5ddaa9 - rust_begin_unwind
[INFO] [stdout]                                at /rustc/a178d0322ce20e33eac124758e837cbd80a6f633/library/std/src/panicking.rs:515:5
[INFO] [stdout]   14:     0x56110dd00e81 - core::panicking::panic_fmt::hca6330e3e14086b4
[INFO] [stdout]                                at /rustc/a178d0322ce20e33eac124758e837cbd80a6f633/library/core/src/panicking.rs:92:14
[INFO] [stdout]   15:     0x56110dd00f73 - core::result::unwrap_failed::h6160d2b4bfbb0e87
[INFO] [stdout]                                at /rustc/a178d0322ce20e33eac124758e837cbd80a6f633/library/core/src/result.rs:1355:5
[INFO] [stdout]   16:     0x56110dd5721f - core::result::Result<T,E>::expect::h21722821751e8eff
[INFO] [stdout]                                at /rustc/a178d0322ce20e33eac124758e837cbd80a6f633/library/core/src/result.rs:997:23
[INFO] [stdout]   17:     0x56110dd6f51a - jokeyrhyme_dotfiles::utils::github::tests::latest_release_github_hub::h7c2b28858ce31cc3
[INFO] [stdout]                                at /opt/rustwide/workdir/src/utils/github.rs:262:23
[INFO] [stdout]   18:     0x56110dd6f4aa - jokeyrhyme_dotfiles::utils::github::tests::latest_release_github_hub::{{closure}}::ha3f6c0f417ed70c6
[INFO] [stdout]                                at /opt/rustwide/workdir/src/utils/github.rs:261:5
[INFO] [stdout]   19:     0x56110ddb68ce - core::ops::function::FnOnce::call_once::h066181173061849a
[INFO] [stdout]                                at /rustc/a178d0322ce20e33eac124758e837cbd80a6f633/library/core/src/ops/function.rs:227:5
[INFO] [stdout]   20:     0x56110dfb3d23 - core::ops::function::FnOnce::call_once::h152e7e439ff59e19
[INFO] [stdout]                                at /rustc/a178d0322ce20e33eac124758e837cbd80a6f633/library/core/src/ops/function.rs:227:5
[INFO] [stdout]   21:     0x56110dfb3d23 - test::__rust_begin_short_backtrace::h0908f3b1fdbb72ab
[INFO] [stdout]                                at /rustc/a178d0322ce20e33eac124758e837cbd80a6f633/library/test/src/lib.rs:577:5
[INFO] [stdout]   22:     0x56110dfb27e0 - <alloc::boxed::Box<F,A> as core::ops::function::FnOnce<Args>>::call_once::hf6d2a51e5587546c
[INFO] [stdout]                                at /rustc/a178d0322ce20e33eac124758e837cbd80a6f633/library/alloc/src/boxed.rs:1575:9
[INFO] [stdout]   23:     0x56110dfb27e0 - <std::panic::AssertUnwindSafe<F> as core::ops::function::FnOnce<()>>::call_once::h8af660f3a89ef593
[INFO] [stdout]                                at /rustc/a178d0322ce20e33eac124758e837cbd80a6f633/library/std/src/panic.rs:347:9
[INFO] [stdout]   24:     0x56110dfb27e0 - std::panicking::try::do_call::hd36aef60f84b6d36
[INFO] [stdout]                                at /rustc/a178d0322ce20e33eac124758e837cbd80a6f633/library/std/src/panicking.rs:401:40
[INFO] [stdout]   25:     0x56110dfb27e0 - std::panicking::try::h9932b4480e69817c
[INFO] [stdout]                                at /rustc/a178d0322ce20e33eac124758e837cbd80a6f633/library/std/src/panicking.rs:365:19
[INFO] [stdout]   26:     0x56110dfb27e0 - std::panic::catch_unwind::h6aa177099cfff5f8
[INFO] [stdout]                                at /rustc/a178d0322ce20e33eac124758e837cbd80a6f633/library/std/src/panic.rs:434:14
[INFO] [stdout]   27:     0x56110dfb27e0 - test::run_test_in_process::h5884d6f2d99e20c3
[INFO] [stdout]                                at /rustc/a178d0322ce20e33eac124758e837cbd80a6f633/library/test/src/lib.rs:600:18
[INFO] [stdout]   28:     0x56110dfb27e0 - test::run_test::run_test_inner::{{closure}}::h6fdc58c6d5f5b6e3
[INFO] [stdout]                                at /rustc/a178d0322ce20e33eac124758e837cbd80a6f633/library/test/src/lib.rs:492:39
[INFO] [stdout]   29:     0x56110df8be92 - test::run_test::run_test_inner::{{closure}}::h408365d67a78ade8
[INFO] [stdout]                                at /rustc/a178d0322ce20e33eac124758e837cbd80a6f633/library/test/src/lib.rs:519:37
[INFO] [stdout]   30:     0x56110df8be92 - std::sys_common::backtrace::__rust_begin_short_backtrace::hb560b77c4f701523
[INFO] [stdout]                                at /rustc/a178d0322ce20e33eac124758e837cbd80a6f633/library/std/src/sys_common/backtrace.rs:125:18
[INFO] [stdout]   31:     0x56110df8fa48 - std::thread::Builder::spawn_unchecked::{{closure}}::{{closure}}::hf2e7831dad93c597
[INFO] [stdout]                                at /rustc/a178d0322ce20e33eac124758e837cbd80a6f633/library/std/src/thread/mod.rs:481:17
[INFO] [stdout]   32:     0x56110df8fa48 - <std::panic::AssertUnwindSafe<F> as core::ops::function::FnOnce<()>>::call_once::hd2e08783d8be4d02
[INFO] [stdout]                                at /rustc/a178d0322ce20e33eac124758e837cbd80a6f633/library/std/src/panic.rs:347:9
[INFO] [stdout]   33:     0x56110df8fa48 - std::panicking::try::do_call::h062597b7acfd6b82
[INFO] [stdout]                                at /rustc/a178d0322ce20e33eac124758e837cbd80a6f633/library/std/src/panicking.rs:401:40
[INFO] [stdout]   34:     0x56110df8fa48 - std::panicking::try::h0d7b79db04c14552
[INFO] [stdout]                                at /rustc/a178d0322ce20e33eac124758e837cbd80a6f633/library/std/src/panicking.rs:365:19
[INFO] [stdout]   35:     0x56110df8fa48 - std::panic::catch_unwind::hb01a0b5e7c8cd43b
[INFO] [stdout]                                at /rustc/a178d0322ce20e33eac124758e837cbd80a6f633/library/std/src/panic.rs:434:14
[INFO] [stdout]   36:     0x56110df8fa48 - std::thread::Builder::spawn_unchecked::{{closure}}::h5bde48cc887e0d1e
[INFO] [stdout]                                at /rustc/a178d0322ce20e33eac124758e837cbd80a6f633/library/std/src/thread/mod.rs:480:30
[INFO] [stdout]   37:     0x56110df8fa48 - core::ops::function::FnOnce::call_once{{vtable.shim}}::h745ea30807a29e55
[INFO] [stdout]                                at /rustc/a178d0322ce20e33eac124758e837cbd80a6f633/library/core/src/ops/function.rs:227:5
[INFO] [stdout]   38:     0x56110e5e5f47 - <alloc::boxed::Box<F,A> as core::ops::function::FnOnce<Args>>::call_once::h7ece6cfefaff1005
[INFO] [stdout]                                at /rustc/a178d0322ce20e33eac124758e837cbd80a6f633/library/alloc/src/boxed.rs:1575:9
[INFO] [stdout]   39:     0x56110e5e5f47 - <alloc::boxed::Box<F,A> as core::ops::function::FnOnce<Args>>::call_once::hb8b48e55c21f193e
[INFO] [stdout]                                at /rustc/a178d0322ce20e33eac124758e837cbd80a6f633/library/alloc/src/boxed.rs:1575:9
[INFO] [stdout]   40:     0x56110e5e5f47 - std::sys::unix::thread::Thread::new::thread_start::h8c7c4450dba62914
[INFO] [stdout]                                at /rustc/a178d0322ce20e33eac124758e837cbd80a6f633/library/std/src/sys/unix/thread.rs:71:17
[INFO] [stdout]   41:     0x7f9efa9e7609 - start_thread
[INFO] [stdout]   42:     0x7f9efa7bd293 - clone
[INFO] [stdout]   43:                0x0 - <unknown>
[INFO] [stdout] 
[INFO] [stdout] ---- utils::github::tests::fetch_tags_github_hub stdout ----
[INFO] [stdout] thread 'utils::github::tests::fetch_tags_github_hub' panicked at 'must fetch: IoError("", Custom { kind: Other, error: "reqwest::Error { kind: Request, url: \"https://api.github.com/repos/github/hub/git/refs/tags\", source: hyper::Error(Connect, ConnectError(\"dns error\", Custom { kind: Other, error: \"failed to lookup address information: Temporary failure in name resolution\" })) }" })', src/utils/github.rs:253:48
[INFO] [stdout] stack backtrace:
[INFO] [stdout]    0:     0x56110e5db300 - std::backtrace_rs::backtrace::libunwind::trace::h34055254b57d8e79
[INFO] [stdout]                                at /rustc/a178d0322ce20e33eac124758e837cbd80a6f633/library/std/src/../../backtrace/src/backtrace/libunwind.rs:90:5
[INFO] [stdout]    1:     0x56110e5db300 - std::backtrace_rs::backtrace::trace_unsynchronized::h8f1e3fbd9afff6ec
[INFO] [stdout]                                at /rustc/a178d0322ce20e33eac124758e837cbd80a6f633/library/std/src/../../backtrace/src/backtrace/mod.rs:66:5
[INFO] [stdout]    2:     0x56110e5db300 - std::sys_common::backtrace::_print_fmt::h3a99a796b770c360
[INFO] [stdout]                                at /rustc/a178d0322ce20e33eac124758e837cbd80a6f633/library/std/src/sys_common/backtrace.rs:67:5
[INFO] [stdout]    3:     0x56110e5db300 - <std::sys_common::backtrace::_print::DisplayBacktrace as core::fmt::Display>::fmt::h32d1f94a80615d18
[INFO] [stdout]                                at /rustc/a178d0322ce20e33eac124758e837cbd80a6f633/library/std/src/sys_common/backtrace.rs:46:22
[INFO] [stdout]    4:     0x56110e60325c - core::fmt::write::h306731c068f7162c
[INFO] [stdout]                                at /rustc/a178d0322ce20e33eac124758e837cbd80a6f633/library/core/src/fmt/mod.rs:1110:17
[INFO] [stdout]    5:     0x56110e5d4585 - std::io::Write::write_fmt::h87f19b0a2cd190bc
[INFO] [stdout]                                at /rustc/a178d0322ce20e33eac124758e837cbd80a6f633/library/std/src/io/mod.rs:1588:15
[INFO] [stdout]    6:     0x56110e5dd99b - std::sys_common::backtrace::_print::h5abaa2601a852287
[INFO] [stdout]                                at /rustc/a178d0322ce20e33eac124758e837cbd80a6f633/library/std/src/sys_common/backtrace.rs:49:5
[INFO] [stdout]    7:     0x56110e5dd99b - std::sys_common::backtrace::print::h8d81445442bb638f
[INFO] [stdout]                                at /rustc/a178d0322ce20e33eac124758e837cbd80a6f633/library/std/src/sys_common/backtrace.rs:36:9
[INFO] [stdout]    8:     0x56110e5dd99b - std::panicking::default_hook::{{closure}}::hcfe804496a9fa747
[INFO] [stdout]                                at /rustc/a178d0322ce20e33eac124758e837cbd80a6f633/library/std/src/panicking.rs:208:50
[INFO] [stdout]    9:     0x56110e5dd4ac - std::panicking::default_hook::hbea8e3ccf2ba8901
[INFO] [stdout]                                at /rustc/a178d0322ce20e33eac124758e837cbd80a6f633/library/std/src/panicking.rs:222:9
[INFO] [stdout]   10:     0x56110e5de064 - std::panicking::rust_panic_with_hook::h7ee9e1a2d0f8975a
[INFO] [stdout]                                at /rustc/a178d0322ce20e33eac124758e837cbd80a6f633/library/std/src/panicking.rs:622:17
[INFO] [stdout]   11:     0x56110e5ddb47 - std::panicking::begin_panic_handler::{{closure}}::h8ab3b4491718b2c7
[INFO] [stdout]                                at /rustc/a178d0322ce20e33eac124758e837cbd80a6f633/library/std/src/panicking.rs:519:13
[INFO] [stdout]   12:     0x56110e5db7fc - std::sys_common::backtrace::__rust_end_short_backtrace::hd489062ffa586a9f
[INFO] [stdout]                                at /rustc/a178d0322ce20e33eac124758e837cbd80a6f633/library/std/src/sys_common/backtrace.rs:141:18
[INFO] [stdout]   13:     0x56110e5ddaa9 - rust_begin_unwind
[INFO] [stdout]                                at /rustc/a178d0322ce20e33eac124758e837cbd80a6f633/library/std/src/panicking.rs:515:5
[INFO] [stdout]   14:     0x56110dd00e81 - core::panicking::panic_fmt::hca6330e3e14086b4
[INFO] [stdout]                                at /rustc/a178d0322ce20e33eac124758e837cbd80a6f633/library/core/src/panicking.rs:92:14
[INFO] [stdout]   15:     0x56110dd00f73 - core::result::unwrap_failed::h6160d2b4bfbb0e87
[INFO] [stdout]                                at /rustc/a178d0322ce20e33eac124758e837cbd80a6f633/library/core/src/result.rs:1355:5
[INFO] [stdout]   16:     0x56110dd57918 - core::result::Result<T,E>::expect::hf9be2f603341e53d
[INFO] [stdout]                                at /rustc/a178d0322ce20e33eac124758e837cbd80a6f633/library/core/src/result.rs:997:23
[INFO] [stdout]   17:     0x56110dd6f2a4 - jokeyrhyme_dotfiles::utils::github::tests::fetch_tags_github_hub::h4d6dc2a49937fc52
[INFO] [stdout]                                at /opt/rustwide/workdir/src/utils/github.rs:253:20
[INFO] [stdout]   18:     0x56110dd6f23a - jokeyrhyme_dotfiles::utils::github::tests::fetch_tags_github_hub::{{closure}}::h9bb3629bb4b9523f
[INFO] [stdout]                                at /opt/rustwide/workdir/src/utils/github.rs:252:5
[INFO] [stdout]   19:     0x56110ddb6f9e - core::ops::function::FnOnce::call_once::h510f5840acd9f471
[INFO] [stdout]                                at /rustc/a178d0322ce20e33eac124758e837cbd80a6f633/library/core/src/ops/function.rs:227:5
[INFO] [stdout]   20:     0x56110dfb3d23 - core::ops::function::FnOnce::call_once::h152e7e439ff59e19
[INFO] [stdout]                                at /rustc/a178d0322ce20e33eac124758e837cbd80a6f633/library/core/src/ops/function.rs:227:5
[INFO] [stdout]   21:     0x56110dfb3d23 - test::__rust_begin_short_backtrace::h0908f3b1fdbb72ab
[INFO] [stdout]                                at /rustc/a178d0322ce20e33eac124758e837cbd80a6f633/library/test/src/lib.rs:577:5
[INFO] [stdout]   22:     0x56110dfb27e0 - <alloc::boxed::Box<F,A> as core::ops::function::FnOnce<Args>>::call_once::hf6d2a51e5587546c
[INFO] [stdout]                                at /rustc/a178d0322ce20e33eac124758e837cbd80a6f633/library/alloc/src/boxed.rs:1575:9
[INFO] [stdout]   23:     0x56110dfb27e0 - <std::panic::AssertUnwindSafe<F> as core::ops::function::FnOnce<()>>::call_once::h8af660f3a89ef593
[INFO] [stdout]                                at /rustc/a178d0322ce20e33eac124758e837cbd80a6f633/library/std/src/panic.rs:347:9
[INFO] [stdout]   24:     0x56110dfb27e0 - std::panicking::try::do_call::hd36aef60f84b6d36
[INFO] [stdout]                                at /rustc/a178d0322ce20e33eac124758e837cbd80a6f633/library/std/src/panicking.rs:401:40
[INFO] [stdout]   25:     0x56110dfb27e0 - std::panicking::try::h9932b4480e69817c
[INFO] [stdout]                                at /rustc/a178d0322ce20e33eac124758e837cbd80a6f633/library/std/src/panicking.rs:365:19
[INFO] [stdout]   26:     0x56110dfb27e0 - std::panic::catch_unwind::h6aa177099cfff5f8
[INFO] [stdout]                                at /rustc/a178d0322ce20e33eac124758e837cbd80a6f633/library/std/src/panic.rs:434:14
[INFO] [stdout]   27:     0x56110dfb27e0 - test::run_test_in_process::h5884d6f2d99e20c3
[INFO] [stdout]                                at /rustc/a178d0322ce20e33eac124758e837cbd80a6f633/library/test/src/lib.rs:600:18
[INFO] [stdout]   28:     0x56110dfb27e0 - test::run_test::run_test_inner::{{closure}}::h6fdc58c6d5f5b6e3
[INFO] [stdout]                                at /rustc/a178d0322ce20e33eac124758e837cbd80a6f633/library/test/src/lib.rs:492:39
[INFO] [stdout]   29:     0x56110df8be92 - test::run_test::run_test_inner::{{closure}}::h408365d67a78ade8
[INFO] [stdout]                                at /rustc/a178d0322ce20e33eac124758e837cbd80a6f633/library/test/src/lib.rs:519:37
[INFO] [stdout]   30:     0x56110df8be92 - std::sys_common::backtrace::__rust_begin_short_backtrace::hb560b77c4f701523
[INFO] [stdout]                                at /rustc/a178d0322ce20e33eac124758e837cbd80a6f633/library/std/src/sys_common/backtrace.rs:125:18
[INFO] [stdout]   31:     0x56110df8fa48 - std::thread::Builder::spawn_unchecked::{{closure}}::{{closure}}::hf2e7831dad93c597
[INFO] [stdout]                                at /rustc/a178d0322ce20e33eac124758e837cbd80a6f633/library/std/src/thread/mod.rs:481:17
[INFO] [stdout]   32:     0x56110df8fa48 - <std::panic::AssertUnwindSafe<F> as core::ops::function::FnOnce<()>>::call_once::hd2e08783d8be4d02
[INFO] [stdout]                                at /rustc/a178d0322ce20e33eac124758e837cbd80a6f633/library/std/src/panic.rs:347:9
[INFO] [stdout]   33:     0x56110df8fa48 - std::panicking::try::do_call::h062597b7acfd6b82
[INFO] [stdout]                                at /rustc/a178d0322ce20e33eac124758e837cbd80a6f633/library/std/src/panicking.rs:401:40
[INFO] [stdout]   34:     0x56110df8fa48 - std::panicking::try::h0d7b79db04c14552
[INFO] [stdout]                                at /rustc/a178d0322ce20e33eac124758e837cbd80a6f633/library/std/src/panicking.rs:365:19
[INFO] [stdout]   35:     0x56110df8fa48 - std::panic::catch_unwind::hb01a0b5e7c8cd43b
[INFO] [stdout]                                at /rustc/a178d0322ce20e33eac124758e837cbd80a6f633/library/std/src/panic.rs:434:14
[INFO] [stdout]   36:     0x56110df8fa48 - std::thread::Builder::spawn_unchecked::{{closure}}::h5bde48cc887e0d1e
[INFO] [stdout]                                at /rustc/a178d0322ce20e33eac124758e837cbd80a6f633/library/std/src/thread/mod.rs:480:30
[INFO] [stdout]   37:     0x56110df8fa48 - core::ops::function::FnOnce::call_once{{vtable.shim}}::h745ea30807a29e55
[INFO] [stdout]                                at /rustc/a178d0322ce20e33eac124758e837cbd80a6f633/library/core/src/ops/function.rs:227:5
[INFO] [stdout]   38:     0x56110e5e5f47 - <alloc::boxed::Box<F,A> as core::ops::function::FnOnce<Args>>::call_once::h7ece6cfefaff1005
[INFO] [stdout]                                at /rustc/a178d0322ce20e33eac124758e837cbd80a6f633/library/alloc/src/boxed.rs:1575:9
[INFO] [stdout]   39:     0x56110e5e5f47 - <alloc::boxed::Box<F,A> as core::ops::function::FnOnce<Args>>::call_once::hb8b48e55c21f193e
[INFO] [stdout]                                at /rustc/a178d0322ce20e33eac124758e837cbd80a6f633/library/alloc/src/boxed.rs:1575:9
[INFO] [stdout]   40:     0x56110e5e5f47 - std::sys::unix::thread::Thread::new::thread_start::h8c7c4450dba62914
[INFO] [stdout]                                at /rustc/a178d0322ce20e33eac124758e837cbd80a6f633/library/std/src/sys/unix/thread.rs:71:17
[INFO] [stdout]   41:     0x7f9efa9e7609 - start_thread
[INFO] [stdout]   42:     0x7f9efa7bd293 - clone
[INFO] [stdout]   43:                0x0 - <unknown>
[INFO] [stdout] 
[INFO] [stdout] ---- utils::nodejs::tests::latest_version_found stdout ----
[INFO] [stdout] thread 'utils::nodejs::tests::latest_version_found' panicked at 'must fetch: Custom { kind: Other, error: "reqwest::Error { kind: Request, url: \"https://nodejs.org/dist/index.json\", source: hyper::Error(Connect, ConnectError(\"dns error\", Custom { kind: Other, error: \"failed to lookup address information: Temporary failure in name resolution\" })) }" }', src/utils/nodejs.rs:142:40
[INFO] [stdout] stack backtrace:
[INFO] [stdout]    0:     0x56110e5db300 - std::backtrace_rs::backtrace::libunwind::trace::h34055254b57d8e79
[INFO] [stdout]                                at /rustc/a178d0322ce20e33eac124758e837cbd80a6f633/library/std/src/../../backtrace/src/backtrace/libunwind.rs:90:5
[INFO] [stdout]    1:     0x56110e5db300 - std::backtrace_rs::backtrace::trace_unsynchronized::h8f1e3fbd9afff6ec
[INFO] [stdout]                                at /rustc/a178d0322ce20e33eac124758e837cbd80a6f633/library/std/src/../../backtrace/src/backtrace/mod.rs:66:5
[INFO] [stdout]    2:     0x56110e5db300 - std::sys_common::backtrace::_print_fmt::h3a99a796b770c360
[INFO] [stdout]                                at /rustc/a178d0322ce20e33eac124758e837cbd80a6f633/library/std/src/sys_common/backtrace.rs:67:5
[INFO] [stdout]    3:     0x56110e5db300 - <std::sys_common::backtrace::_print::DisplayBacktrace as core::fmt::Display>::fmt::h32d1f94a80615d18
[INFO] [stdout]                                at /rustc/a178d0322ce20e33eac124758e837cbd80a6f633/library/std/src/sys_common/backtrace.rs:46:22
[INFO] [stdout]    4:     0x56110e60325c - core::fmt::write::h306731c068f7162c
[INFO] [stdout]                                at /rustc/a178d0322ce20e33eac124758e837cbd80a6f633/library/core/src/fmt/mod.rs:1110:17
[INFO] [stdout]    5:     0x56110e5d4585 - std::io::Write::write_fmt::h87f19b0a2cd190bc
[INFO] [stdout]                                at /rustc/a178d0322ce20e33eac124758e837cbd80a6f633/library/std/src/io/mod.rs:1588:15
[INFO] [stdout]    6:     0x56110e5dd99b - std::sys_common::backtrace::_print::h5abaa2601a852287
[INFO] [stdout]                                at /rustc/a178d0322ce20e33eac124758e837cbd80a6f633/library/std/src/sys_common/backtrace.rs:49:5
[INFO] [stdout]    7:     0x56110e5dd99b - std::sys_common::backtrace::print::h8d81445442bb638f
[INFO] [stdout]                                at /rustc/a178d0322ce20e33eac124758e837cbd80a6f633/library/std/src/sys_common/backtrace.rs:36:9
[INFO] [stdout]    8:     0x56110e5dd99b - std::panicking::default_hook::{{closure}}::hcfe804496a9fa747
[INFO] [stdout]                                at /rustc/a178d0322ce20e33eac124758e837cbd80a6f633/library/std/src/panicking.rs:208:50
[INFO] [stdout]    9:     0x56110e5dd4ac - std::panicking::default_hook::hbea8e3ccf2ba8901
[INFO] [stdout]                                at /rustc/a178d0322ce20e33eac124758e837cbd80a6f633/library/std/src/panicking.rs:222:9
[INFO] [stdout]   10:     0x56110e5de064 - std::panicking::rust_panic_with_hook::h7ee9e1a2d0f8975a
[INFO] [stdout]                                at /rustc/a178d0322ce20e33eac124758e837cbd80a6f633/library/std/src/panicking.rs:622:17
[INFO] [stdout]   11:     0x56110e5ddb47 - std::panicking::begin_panic_handler::{{closure}}::h8ab3b4491718b2c7
[INFO] [stdout]                                at /rustc/a178d0322ce20e33eac124758e837cbd80a6f633/library/std/src/panicking.rs:519:13
[INFO] [stdout]   12:     0x56110e5db7fc - std::sys_common::backtrace::__rust_end_short_backtrace::hd489062ffa586a9f
[INFO] [stdout]                                at /rustc/a178d0322ce20e33eac124758e837cbd80a6f633/library/std/src/sys_common/backtrace.rs:141:18
[INFO] [stdout]   13:     0x56110e5ddaa9 - rust_begin_unwind
[INFO] [stdout]                                at /rustc/a178d0322ce20e33eac124758e837cbd80a6f633/library/std/src/panicking.rs:515:5
[INFO] [stdout]   14:     0x56110dd00e81 - core::panicking::panic_fmt::hca6330e3e14086b4
[INFO] [stdout]                                at /rustc/a178d0322ce20e33eac124758e837cbd80a6f633/library/core/src/panicking.rs:92:14
[INFO] [stdout]   15:     0x56110dd00f73 - core::result::unwrap_failed::h6160d2b4bfbb0e87
[INFO] [stdout]                                at /rustc/a178d0322ce20e33eac124758e837cbd80a6f633/library/core/src/result.rs:1355:5
[INFO] [stdout]   16:     0x56110dd57146 - core::result::Result<T,E>::expect::h20e7da4f63e93fec
[INFO] [stdout]                                at /rustc/a178d0322ce20e33eac124758e837cbd80a6f633/library/core/src/result.rs:997:23
[INFO] [stdout]   17:     0x56110dddb490 - jokeyrhyme_dotfiles::utils::nodejs::tests::latest_version_found::hcc767058451c340c
[INFO] [stdout]                                at /opt/rustwide/workdir/src/utils/nodejs.rs:142:23
[INFO] [stdout]   18:     0x56110dddb44a - jokeyrhyme_dotfiles::utils::nodejs::tests::latest_version_found::{{closure}}::h080b7c0e1cad1a0b
[INFO] [stdout]                                at /opt/rustwide/workdir/src/utils/nodejs.rs:141:5
[INFO] [stdout]   19:     0x56110ddb6e4e - core::ops::function::FnOnce::call_once::h363adc3a0bd7d2a9
[INFO] [stdout]                                at /rustc/a178d0322ce20e33eac124758e837cbd80a6f633/library/core/src/ops/function.rs:227:5
[INFO] [stdout]   20:     0x56110dfb3d23 - core::ops::function::FnOnce::call_once::h152e7e439ff59e19
[INFO] [stdout]                                at /rustc/a178d0322ce20e33eac124758e837cbd80a6f633/library/core/src/ops/function.rs:227:5
[INFO] [stdout]   21:     0x56110dfb3d23 - test::__rust_begin_short_backtrace::h0908f3b1fdbb72ab
[INFO] [stdout]                                at /rustc/a178d0322ce20e33eac124758e837cbd80a6f633/library/test/src/lib.rs:577:5
[INFO] [stdout]   22:     0x56110dfb27e0 - <alloc::boxed::Box<F,A> as core::ops::function::FnOnce<Args>>::call_once::hf6d2a51e5587546c
[INFO] [stdout]                                at /rustc/a178d0322ce20e33eac124758e837cbd80a6f633/library/alloc/src/boxed.rs:1575:9
[INFO] [stdout]   23:     0x56110dfb27e0 - <std::panic::AssertUnwindSafe<F> as core::ops::function::FnOnce<()>>::call_once::h8af660f3a89ef593
[INFO] [stdout]                                at /rustc/a178d0322ce20e33eac124758e837cbd80a6f633/library/std/src/panic.rs:347:9
[INFO] [stdout]   24:     0x56110dfb27e0 - std::panicking::try::do_call::hd36aef60f84b6d36
[INFO] [stdout]                                at /rustc/a178d0322ce20e33eac124758e837cbd80a6f633/library/std/src/panicking.rs:401:40
[INFO] [stdout]   25:     0x56110dfb27e0 - std::panicking::try::h9932b4480e69817c
[INFO] [stdout]                                at /rustc/a178d0322ce20e33eac124758e837cbd80a6f633/library/std/src/panicking.rs:365:19
[INFO] [stdout]   26:     0x56110dfb27e0 - std::panic::catch_unwind::h6aa177099cfff5f8
[INFO] [stdout]                                at /rustc/a178d0322ce20e33eac124758e837cbd80a6f633/library/std/src/panic.rs:434:14
[INFO] [stdout]   27:     0x56110dfb27e0 - test::run_test_in_process::h5884d6f2d99e20c3
[INFO] [stdout]                                at /rustc/a178d0322ce20e33eac124758e837cbd80a6f633/library/test/src/lib.rs:600:18
[INFO] [stdout]   28:     0x56110dfb27e0 - test::run_test::run_test_inner::{{closure}}::h6fdc58c6d5f5b6e3
[INFO] [stdout]                                at /rustc/a178d0322ce20e33eac124758e837cbd80a6f633/library/test/src/lib.rs:492:39
[INFO] [stdout]   29:     0x56110df8be92 - test::run_test::run_test_inner::{{closure}}::h408365d67a78ade8
[INFO] [stdout]                                at /rustc/a178d0322ce20e33eac124758e837cbd80a6f633/library/test/src/lib.rs:519:37
[INFO] [stdout]   30:     0x56110df8be92 - std::sys_common::backtrace::__rust_begin_short_backtrace::hb560b77c4f701523
[INFO] [stdout]                                at /rustc/a178d0322ce20e33eac124758e837cbd80a6f633/library/std/src/sys_common/backtrace.rs:125:18
[INFO] [stdout]   31:     0x56110df8fa48 - std::thread::Builder::spawn_unchecked::{{closure}}::{{closure}}::hf2e7831dad93c597
[INFO] [stdout]                                at /rustc/a178d0322ce20e33eac124758e837cbd80a6f633/library/std/src/thread/mod.rs:481:17
[INFO] [stdout]   32:     0x56110df8fa48 - <std::panic::AssertUnwindSafe<F> as core::ops::function::FnOnce<()>>::call_once::hd2e08783d8be4d02
[INFO] [stdout]                                at /rustc/a178d0322ce20e33eac124758e837cbd80a6f633/library/std/src/panic.rs:347:9
[INFO] [stdout]   33:     0x56110df8fa48 - std::panicking::try::do_call::h062597b7acfd6b82
[INFO] [stdout]                                at /rustc/a178d0322ce20e33eac124758e837cbd80a6f633/library/std/src/panicking.rs:401:40
[INFO] [stdout]   34:     0x56110df8fa48 - std::panicking::try::h0d7b79db04c14552
[INFO] [stdout]                                at /rustc/a178d0322ce20e33eac124758e837cbd80a6f633/library/std/src/panicking.rs:365:19
[INFO] [stdout]   35:     0x56110df8fa48 - std::panic::catch_unwind::hb01a0b5e7c8cd43b
[INFO] [stdout]                                at /rustc/a178d0322ce20e33eac124758e837cbd80a6f633/library/std/src/panic.rs:434:14
[INFO] [stdout]   36:     0x56110df8fa48 - std::thread::Builder::spawn_unchecked::{{closure}}::h5bde48cc887e0d1e
[INFO] [stdout]                                at /rustc/a178d0322ce20e33eac124758e837cbd80a6f633/library/std/src/thread/mod.rs:480:30
[INFO] [stdout]   37:     0x56110df8fa48 - core::ops::function::FnOnce::call_once{{vtable.shim}}::h745ea30807a29e55
[INFO] [stdout]                                at /rustc/a178d0322ce20e33eac124758e837cbd80a6f633/library/core/src/ops/function.rs:227:5
[INFO] [stdout]   38:     0x56110e5e5f47 - <alloc::boxed::Box<F,A> as core::ops::function::FnOnce<Args>>::call_once::h7ece6cfefaff1005
[INFO] [stdout]                                at /rustc/a178d0322ce20e33eac124758e837cbd80a6f633/library/alloc/src/boxed.rs:1575:9
[INFO] [stdout]   39:     0x56110e5e5f47 - <alloc::boxed::Box<F,A> as core::ops::function::FnOnce<Args>>::call_once::hb8b48e55c21f193e
[INFO] [stdout]                                at /rustc/a178d0322ce20e33eac124758e837cbd80a6f633/library/alloc/src/boxed.rs:1575:9
[INFO] [stdout]   40:     0x56110e5e5f47 - std::sys::unix::thread::Thread::new::thread_start::h8c7c4450dba62914
[INFO] [stdout]                                at /rustc/a178d0322ce20e33eac124758e837cbd80a6f633/library/std/src/sys/unix/thread.rs:71:17
[INFO] [stdout]   41:     0x7f9efa9e7609 - start_thread
[INFO] [stdout]   42:     0x7f9efa7bd293 - clone
[INFO] [stdout]   43:                0x0 - <unknown>
[INFO] [stdout] 
[INFO] [stdout] ---- tasks::rust::tests::test_cargo_latest_version stdout ----
[INFO] [stdout] thread 'tasks::rust::tests::test_cargo_latest_version' panicked at 'must execute: "not found"', src/tasks/rust.rs:135:53
[INFO] [stdout] stack backtrace:
[INFO] [stdout]    0:     0x56110e5db300 - std::backtrace_rs::backtrace::libunwind::trace::h34055254b57d8e79
[INFO] [stdout]                                at /rustc/a178d0322ce20e33eac124758e837cbd80a6f633/library/std/src/../../backtrace/src/backtrace/libunwind.rs:90:5
[INFO] [stdout]    1:     0x56110e5db300 - std::backtrace_rs::backtrace::trace_unsynchronized::h8f1e3fbd9afff6ec
[INFO] [stdout]                                at /rustc/a178d0322ce20e33eac124758e837cbd80a6f633/library/std/src/../../backtrace/src/backtrace/mod.rs:66:5
[INFO] [stdout]    2:     0x56110e5db300 - std::sys_common::backtrace::_print_fmt::h3a99a796b770c360
[INFO] [stdout]                                at /rustc/a178d0322ce20e33eac124758e837cbd80a6f633/library/std/src/sys_common/backtrace.rs:67:5
[INFO] [stdout]    3:     0x56110e5db300 - <std::sys_common::backtrace::_print::DisplayBacktrace as core::fmt::Display>::fmt::h32d1f94a80615d18
[INFO] [stdout]                                at /rustc/a178d0322ce20e33eac124758e837cbd80a6f633/library/std/src/sys_common/backtrace.rs:46:22
[INFO] [stdout]    4:     0x56110e60325c - core::fmt::write::h306731c068f7162c
[INFO] [stdout]                                at /rustc/a178d0322ce20e33eac124758e837cbd80a6f633/library/core/src/fmt/mod.rs:1110:17
[INFO] [stdout]    5:     0x56110e5d4585 - std::io::Write::write_fmt::h87f19b0a2cd190bc
[INFO] [stdout]                                at /rustc/a178d0322ce20e33eac124758e837cbd80a6f633/library/std/src/io/mod.rs:1588:15
[INFO] [stdout]    6:     0x56110e5dd99b - std::sys_common::backtrace::_print::h5abaa2601a852287
[INFO] [stdout]                                at /rustc/a178d0322ce20e33eac124758e837cbd80a6f633/library/std/src/sys_common/backtrace.rs:49:5
[INFO] [stdout]    7:     0x56110e5dd99b - std::sys_common::backtrace::print::h8d81445442bb638f
[INFO] [stdout]                                at /rustc/a178d0322ce20e33eac124758e837cbd80a6f633/library/std/src/sys_common/backtrace.rs:36:9
[INFO] [stdout]    8:     0x56110e5dd99b - std::panicking::default_hook::{{closure}}::hcfe804496a9fa747
[INFO] [stdout]                                at /rustc/a178d0322ce20e33eac124758e837cbd80a6f633/library/std/src/panicking.rs:208:50
[INFO] [stdout]    9:     0x56110e5dd4ac - std::panicking::default_hook::hbea8e3ccf2ba8901
[INFO] [stdout]                                at /rustc/a178d0322ce20e33eac124758e837cbd80a6f633/library/std/src/panicking.rs:222:9
[INFO] [stdout]   10:     0x56110e5de064 - std::panicking::rust_panic_with_hook::h7ee9e1a2d0f8975a
[INFO] [stdout]                                at /rustc/a178d0322ce20e33eac124758e837cbd80a6f633/library/std/src/panicking.rs:622:17
[INFO] [stdout]   11:     0x56110e5ddb47 - std::panicking::begin_panic_handler::{{closure}}::h8ab3b4491718b2c7
[INFO] [stdout]                                at /rustc/a178d0322ce20e33eac124758e837cbd80a6f633/library/std/src/panicking.rs:519:13
[INFO] [stdout]   12:     0x56110e5db7fc - std::sys_common::backtrace::__rust_end_short_backtrace::hd489062ffa586a9f
[INFO] [stdout]                                at /rustc/a178d0322ce20e33eac124758e837cbd80a6f633/library/std/src/sys_common/backtrace.rs:141:18
[INFO] [stdout]   13:     0x56110e5ddaa9 - rust_begin_unwind
[INFO] [stdout]                                at /rustc/a178d0322ce20e33eac124758e837cbd80a6f633/library/std/src/panicking.rs:515:5
[INFO] [stdout]   14:     0x56110dd00e81 - core::panicking::panic_fmt::hca6330e3e14086b4
[INFO] [stdout]                                at /rustc/a178d0322ce20e33eac124758e837cbd80a6f633/library/core/src/panicking.rs:92:14
[INFO] [stdout]   15:     0x56110dd00f73 - core::result::unwrap_failed::h6160d2b4bfbb0e87
[INFO] [stdout]                                at /rustc/a178d0322ce20e33eac124758e837cbd80a6f633/library/core/src/result.rs:1355:5
[INFO] [stdout]   16:     0x56110dd5745f - core::result::Result<T,E>::expect::h45a2d676ea185e7a
[INFO] [stdout]                                at /rustc/a178d0322ce20e33eac124758e837cbd80a6f633/library/core/src/result.rs:997:23
[INFO] [stdout]   17:     0x56110ddb202c - jokeyrhyme_dotfiles::tasks::rust::tests::test_cargo_latest_version::hed58fee57439d60a
[INFO] [stdout]                                at /opt/rustwide/workdir/src/tasks/rust.rs:135:23
[INFO] [stdout]   18:     0x56110ddb1fda - jokeyrhyme_dotfiles::tasks::rust::tests::test_cargo_latest_version::{{closure}}::hbec0552f88ff30ca
[INFO] [stdout]                                at /opt/rustwide/workdir/src/tasks/rust.rs:134:5
[INFO] [stdout]   19:     0x56110ddb750e - core::ops::function::FnOnce::call_once::hb63db876cecce8ac
[INFO] [stdout]                                at /rustc/a178d0322ce20e33eac124758e837cbd80a6f633/library/core/src/ops/function.rs:227:5
[INFO] [stdout]   20:     0x56110dfb3d23 - core::ops::function::FnOnce::call_once::h152e7e439ff59e19
[INFO] [stdout]                                at /rustc/a178d0322ce20e33eac124758e837cbd80a6f633/library/core/src/ops/function.rs:227:5
[INFO] [stdout]   21:     0x56110dfb3d23 - test::__rust_begin_short_backtrace::h0908f3b1fdbb72ab
[INFO] [stdout]                                at /rustc/a178d0322ce20e33eac124758e837cbd80a6f633/library/test/src/lib.rs:577:5
[INFO] [stdout]   22:     0x56110dfb27e0 - <alloc::boxed::Box<F,A> as core::ops::function::FnOnce<Args>>::call_once::hf6d2a51e5587546c
[INFO] [stdout]                                at /rustc/a178d0322ce20e33eac124758e837cbd80a6f633/library/alloc/src/boxed.rs:1575:9
[INFO] [stdout]   23:     0x56110dfb27e0 - <std::panic::AssertUnwindSafe<F> as core::ops::function::FnOnce<()>>::call_once::h8af660f3a89ef593
[INFO] [stdout]                                at /rustc/a178d0322ce20e33eac124758e837cbd80a6f633/library/std/src/panic.rs:347:9
[INFO] [stdout]   24:     0x56110dfb27e0 - std::panicking::try::do_call::hd36aef60f84b6d36
[INFO] [stdout]                                at /rustc/a178d0322ce20e33eac124758e837cbd80a6f633/library/std/src/panicking.rs:401:40
[INFO] [stdout]   25:     0x56110dfb27e0 - std::panicking::try::h9932b4480e69817c
[INFO] [stdout]                                at /rustc/a178d0322ce20e33eac124758e837cbd80a6f633/library/std/src/panicking.rs:365:19
[INFO] [stdout]   26:     0x56110dfb27e0 - std::panic::catch_unwind::h6aa177099cfff5f8
[INFO] [stdout]                                at /rustc/a178d0322ce20e33eac124758e837cbd80a6f633/library/std/src/panic.rs:434:14
[INFO] [stdout]   27:     0x56110dfb27e0 - test::run_test_in_process::h5884d6f2d99e20c3
[INFO] [stdout]                                at /rustc/a178d0322ce20e33eac124758e837cbd80a6f633/library/test/src/lib.rs:600:18
[INFO] [stdout]   28:     0x56110dfb27e0 - test::run_test::run_test_inner::{{closure}}::h6fdc58c6d5f5b6e3
[INFO] [stdout]                                at /rustc/a178d0322ce20e33eac124758e837cbd80a6f633/library/test/src/lib.rs:492:39
[INFO] [stdout]   29:     0x56110df8be92 - test::run_test::run_test_inner::{{closure}}::h408365d67a78ade8
[INFO] [stdout]                                at /rustc/a178d0322ce20e33eac124758e837cbd80a6f633/library/test/src/lib.rs:519:37
[INFO] [stdout]   30:     0x56110df8be92 - std::sys_common::backtrace::__rust_begin_short_backtrace::hb560b77c4f701523
[INFO] [stdout]                                at /rustc/a178d0322ce20e33eac124758e837cbd80a6f633/library/std/src/sys_common/backtrace.rs:125:18
[INFO] [stdout]   31:     0x56110df8fa48 - std::thread::Builder::spawn_unchecked::{{closure}}::{{closure}}::hf2e7831dad93c597
[INFO] [stdout]                                at /rustc/a178d0322ce20e33eac124758e837cbd80a6f633/library/std/src/thread/mod.rs:481:17
[INFO] [stdout]   32:     0x56110df8fa48 - <std::panic::AssertUnwindSafe<F> as core::ops::function::FnOnce<()>>::call_once::hd2e08783d8be4d02
[INFO] [stdout]                                at /rustc/a178d0322ce20e33eac124758e837cbd80a6f633/library/std/src/panic.rs:347:9
[INFO] [stdout]   33:     0x56110df8fa48 - std::panicking::try::do_call::h062597b7acfd6b82
[INFO] [stdout]                                at /rustc/a178d0322ce20e33eac124758e837cbd80a6f633/library/std/src/panicking.rs:401:40
[INFO] [stdout]   34:     0x56110df8fa48 - std::panicking::try::h0d7b79db04c14552
[INFO] [stdout]                                at /rustc/a178d0322ce20e33eac124758e837cbd80a6f633/library/std/src/panicking.rs:365:19
[INFO] [stdout]   35:     0x56110df8fa48 - std::panic::catch_unwind::hb01a0b5e7c8cd43b
[INFO] [stdout]                                at /rustc/a178d0322ce20e33eac124758e837cbd80a6f633/library/std/src/panic.rs:434:14
[INFO] [stdout]   36:     0x56110df8fa48 - std::thread::Builder::spawn_unchecked::{{closure}}::h5bde48cc887e0d1e
[INFO] [stdout]                                at /rustc/a178d0322ce20e33eac124758e837cbd80a6f633/library/std/src/thread/mod.rs:480:30
[INFO] [stdout]   37:     0x56110df8fa48 - core::ops::function::FnOnce::call_once{{vtable.shim}}::h745ea30807a29e55
[INFO] [stdout]                                at /rustc/a178d0322ce20e33eac124758e837cbd80a6f633/library/core/src/ops/function.rs:227:5
[INFO] [stdout]   38:     0x56110e5e5f47 - <alloc::boxed::Box<F,A> as core::ops::function::FnOnce<Args>>::call_once::h7ece6cfefaff1005
[INFO] [stdout]                                at /rustc/a178d0322ce20e33eac124758e837cbd80a6f633/library/alloc/src/boxed.rs:1575:9
[INFO] [stdout]   39:     0x56110e5e5f47 - <alloc::boxed::Box<F,A> as core::ops::function::FnOnce<Args>>::call_once::hb8b48e55c21f193e
[INFO] [stdout]                                at /rustc/a178d0322ce20e33eac124758e837cbd80a6f633/library/alloc/src/boxed.rs:1575:9
[INFO] [stdout]   40:     0x56110e5e5f47 - std::sys::unix::thread::Thread::new::thread_start::h8c7c4450dba62914
[INFO] [stdout]                                at /rustc/a178d0322ce20e33eac124758e837cbd80a6f633/library/std/src/sys/unix/thread.rs:71:17
[INFO] [stdout]   41:     0x7f9efa9e7609 - start_thread
[INFO] [stdout]   42:     0x7f9efa7bd293 - clone
[INFO] [stdout]   43:                0x0 - <unknown>
[INFO] [stdout] 
[INFO] [stdout] 
[INFO] [stdout] failures:
[INFO] [stdout]     tasks::rust::tests::test_cargo_latest_version
[INFO] [stdout]     utils::github::tests::fetch_tags_github_hub
[INFO] [stdout]     utils::github::tests::latest_release_github_hub
[INFO] [stdout]     utils::golang::tests::latest_version_found
[INFO] [stdout]     utils::http::tests::fetch_page
[INFO] [stdout]     utils::nodejs::tests::latest_version_found
[INFO] [stdout] 
[INFO] [stdout] test result: FAILED. 51 passed; 6 failed; 0 ignored; 0 measured; 0 filtered out; finished in 1.08s
[INFO] [stdout] 
[INFO] [stderr] error: test failed, to rerun pass '--bin jokeyrhyme-dotfiles'
[INFO] running `Command { std: "docker" "inspect" "5e6a87edc498eecd64768ed70d51d19411d4a97aaa22f6689384a17f4ce008b5", kill_on_drop: false }`
[INFO] running `Command { std: "docker" "rm" "-f" "5e6a87edc498eecd64768ed70d51d19411d4a97aaa22f6689384a17f4ce008b5", kill_on_drop: false }`
[INFO] [stdout] 5e6a87edc498eecd64768ed70d51d19411d4a97aaa22f6689384a17f4ce008b5
