[INFO] cloning repository https://github.com/jlgerber/swinstall_stack
[INFO] running `Command { std: "git" "-c" "credential.helper=" "-c" "credential.helper=/workspace/cargo-home/bin/git-credential-null" "clone" "--bare" "https://github.com/jlgerber/swinstall_stack" "/workspace/cache/git-repos/https%3A%2F%2Fgithub.com%2Fjlgerber%2Fswinstall_stack", kill_on_drop: false }`
[INFO] [stderr] Cloning into bare repository '/workspace/cache/git-repos/https%3A%2F%2Fgithub.com%2Fjlgerber%2Fswinstall_stack'...
[INFO] running `Command { std: "git" "rev-parse" "HEAD", kill_on_drop: false }`
[INFO] [stdout] 41fea568b447b39fa0c909ace12bacebe59704fe
[INFO] testing jlgerber/swinstall_stack against 1.54.0 for beta-1.55-1
[INFO] running `Command { std: "git" "clone" "/workspace/cache/git-repos/https%3A%2F%2Fgithub.com%2Fjlgerber%2Fswinstall_stack" "/workspace/builds/worker-69/source", kill_on_drop: false }`
[INFO] [stderr] Cloning into '/workspace/builds/worker-69/source'...
[INFO] [stderr] done.
[INFO] validating manifest of git repo https://github.com/jlgerber/swinstall_stack on toolchain 1.54.0
[INFO] running `Command { std: "/workspace/cargo-home/bin/cargo" "+1.54.0" "metadata" "--manifest-path" "Cargo.toml" "--no-deps", kill_on_drop: false }`
[INFO] started tweaking git repo https://github.com/jlgerber/swinstall_stack
[INFO] finished tweaking git repo https://github.com/jlgerber/swinstall_stack
[INFO] tweaked toml for git repo https://github.com/jlgerber/swinstall_stack written to /workspace/builds/worker-69/source/Cargo.toml
[INFO] crate git repo https://github.com/jlgerber/swinstall_stack already has a lockfile, it will not be regenerated
[INFO] running `Command { std: "/workspace/cargo-home/bin/cargo" "+1.54.0" "fetch" "--manifest-path" "Cargo.toml", kill_on_drop: false }`
[INFO] running `Command { std: "docker" "create" "-v" "/var/lib/crater-agent-workspace/builds/worker-69/target:/opt/rustwide/target:rw,Z" "-v" "/var/lib/crater-agent-workspace/builds/worker-69/source:/opt/rustwide/workdir:ro,Z" "-v" "/var/lib/crater-agent-workspace/cargo-home:/opt/rustwide/cargo-home:ro,Z" "-v" "/var/lib/crater-agent-workspace/rustup-home:/opt/rustwide/rustup-home:ro,Z" "-e" "SOURCE_DIR=/opt/rustwide/workdir" "-e" "CARGO_TARGET_DIR=/opt/rustwide/target" "-e" "CARGO_HOME=/opt/rustwide/cargo-home" "-e" "RUSTUP_HOME=/opt/rustwide/rustup-home" "-w" "/opt/rustwide/workdir" "-m" "1610612736" "--user" "0:0" "--network" "none" "ghcr.io/rust-lang/crates-build-env/linux@sha256:34b6a614d2c27851fe6cbf88fbd1137609cefab8b10d0615aaeb6fd47975d74e" "/opt/rustwide/cargo-home/bin/cargo" "+1.54.0" "metadata" "--no-deps" "--format-version=1", kill_on_drop: false }`
[INFO] [stdout] 5a2d5d4eaede5a96c18b91acd3277fc9f1463ef593f311b6e31c640135ab0fa0
[INFO] running `Command { std: "docker" "start" "-a" "5a2d5d4eaede5a96c18b91acd3277fc9f1463ef593f311b6e31c640135ab0fa0", kill_on_drop: false }`
[INFO] running `Command { std: "docker" "inspect" "5a2d5d4eaede5a96c18b91acd3277fc9f1463ef593f311b6e31c640135ab0fa0", kill_on_drop: false }`
[INFO] running `Command { std: "docker" "rm" "-f" "5a2d5d4eaede5a96c18b91acd3277fc9f1463ef593f311b6e31c640135ab0fa0", kill_on_drop: false }`
[INFO] [stdout] 5a2d5d4eaede5a96c18b91acd3277fc9f1463ef593f311b6e31c640135ab0fa0
[INFO] running `Command { std: "docker" "create" "-v" "/var/lib/crater-agent-workspace/builds/worker-69/target:/opt/rustwide/target:rw,Z" "-v" "/var/lib/crater-agent-workspace/builds/worker-69/source:/opt/rustwide/workdir:ro,Z" "-v" "/var/lib/crater-agent-workspace/cargo-home:/opt/rustwide/cargo-home:ro,Z" "-v" "/var/lib/crater-agent-workspace/rustup-home:/opt/rustwide/rustup-home:ro,Z" "-e" "SOURCE_DIR=/opt/rustwide/workdir" "-e" "CARGO_TARGET_DIR=/opt/rustwide/target" "-e" "CARGO_INCREMENTAL=0" "-e" "RUST_BACKTRACE=full" "-e" "RUSTFLAGS=--cap-lints=warn" "-e" "CARGO_HOME=/opt/rustwide/cargo-home" "-e" "RUSTUP_HOME=/opt/rustwide/rustup-home" "-w" "/opt/rustwide/workdir" "-m" "1610612736" "--user" "0:0" "--network" "none" "ghcr.io/rust-lang/crates-build-env/linux@sha256:34b6a614d2c27851fe6cbf88fbd1137609cefab8b10d0615aaeb6fd47975d74e" "/opt/rustwide/cargo-home/bin/cargo" "+1.54.0" "build" "--frozen" "--message-format=json", kill_on_drop: false }`
[INFO] [stdout] 575f2d81dff65a56e4319f7d947b0420339e2f9cce7d84c6ec5811315b4c97ba
[INFO] running `Command { std: "docker" "start" "-a" "575f2d81dff65a56e4319f7d947b0420339e2f9cce7d84c6ec5811315b4c97ba", kill_on_drop: false }`
[INFO] [stderr]     Blocking waiting for file lock on package cache
[INFO] [stderr]    Compiling libc v0.2.45
[INFO] [stderr]    Compiling proc-macro2 v0.4.24
[INFO] [stderr]    Compiling unicode-xid v0.1.0
[INFO] [stderr]    Compiling cfg-if v0.1.6
[INFO] [stderr]    Compiling cc v1.0.28
[INFO] [stderr]    Compiling autocfg v0.1.1
[INFO] [stderr]    Compiling num-traits v0.2.6
[INFO] [stderr]    Compiling failure_derive v0.1.3
[INFO] [stderr]    Compiling lazy_static v1.2.0
[INFO] [stderr]    Compiling regex v1.1.0
[INFO] [stderr]    Compiling unicode-segmentation v1.2.1
[INFO] [stderr]    Compiling num-integer v0.1.39
[INFO] [stderr]    Compiling ucd-util v0.1.3
[INFO] [stderr]    Compiling rustc-demangle v0.1.11
[INFO] [stderr]    Compiling encoding_rs v0.8.13
[INFO] [stderr]    Compiling unicode-width v0.1.5
[INFO] [stderr]    Compiling utf8-ranges v1.0.2
[INFO] [stderr]    Compiling strsim v0.7.0
[INFO] [stderr]    Compiling bitflags v1.0.4
[INFO] [stderr]    Compiling termcolor v1.0.4
[INFO] [stderr]    Compiling memchr v2.1.2
[INFO] [stderr]    Compiling humantime v1.2.0
[INFO] [stderr]    Compiling thread_local v0.3.6
[INFO] [stderr]    Compiling log v0.4.6
[INFO] [stderr]    Compiling regex-syntax v0.6.4
[INFO] [stderr]    Compiling heck v0.3.1
[INFO] [stderr]    Compiling textwrap v0.10.0
[INFO] [stderr]    Compiling backtrace v0.3.13
[INFO] [stderr]    Compiling backtrace-sys v0.1.28
[INFO] [stderr]    Compiling atty v0.2.11
[INFO] [stderr]    Compiling time v0.1.41
[INFO] [stderr]    Compiling quote v0.6.10
[INFO] [stderr]    Compiling clap v2.32.0
[INFO] [stderr]    Compiling aho-corasick v0.6.9
[INFO] [stderr]    Compiling chrono v0.4.6
[INFO] [stderr]    Compiling syn v0.15.23
[INFO] [stderr]    Compiling env_logger v0.6.0
[INFO] [stderr]    Compiling synstructure v0.10.1
[INFO] [stderr]    Compiling structopt-derive v0.2.14
[INFO] [stderr]    Compiling failure v0.1.3
[INFO] [stderr]    Compiling quick-xml v0.13.1
[INFO] [stderr]    Compiling structopt v0.2.14
[INFO] [stderr]    Compiling swinstall_stack v0.1.0 (/opt/rustwide/workdir)
[INFO] [stdout] warning: unused import: `PathBuf`
[INFO] [stdout]   --> src/parser.rs:15:18
[INFO] [stdout]    |
[INFO] [stdout] 15 |     path::{Path, PathBuf},
[INFO] [stdout]    |                  ^^^^^^^
[INFO] [stdout]    |
[INFO] [stdout]    = note: `#[warn(unused_imports)]` on by default
[INFO] [stdout] 
[INFO] [stdout] 
[INFO] [stdout] warning: unreachable expression
[INFO] [stdout]    --> src/schemas/one.rs:262:9
[INFO] [stdout]     |
[INFO] [stdout] 207 | /         loop {
[INFO] [stdout] 208 | |             match reader.read_event(&mut buf) {
[INFO] [stdout] 209 | |                 Ok(Event::Empty(ref e)) => {
[INFO] [stdout] 210 | |                     in_empty = true;
[INFO] [stdout] ...   |
[INFO] [stdout] 260 | |             }
[INFO] [stdout] 261 | |         }
[INFO] [stdout]     | |_________- any code following this expression is unreachable
[INFO] [stdout] 262 |           Err(SwInstallError::NoCurrentFound)?
[INFO] [stdout]     |           ^^^^^^^^^^^^^^^^^^^^^^^^^^^^^^^^^^^^ unreachable expression
[INFO] [stdout]     |
[INFO] [stdout]     = note: `#[warn(unreachable_code)]` on by default
[INFO] [stdout] 
[INFO] [stdout] 
[INFO] [stdout] warning: value assigned to `in_empty` is never read
[INFO] [stdout]    --> src/schemas/one.rs:206:17
[INFO] [stdout]     |
[INFO] [stdout] 206 |         let mut in_empty = false;
[INFO] [stdout]     |                 ^^^^^^^^
[INFO] [stdout]     |
[INFO] [stdout]     = note: `#[warn(unused_assignments)]` on by default
[INFO] [stdout]     = help: maybe it is overwritten before being read?
[INFO] [stdout] 
[INFO] [stdout] 
[INFO] [stdout] warning: 3 warnings emitted
[INFO] [stdout] 
[INFO] [stdout] 
[INFO] [stderr]     Finished dev [unoptimized + debuginfo] target(s) in 39.72s
[INFO] running `Command { std: "docker" "inspect" "575f2d81dff65a56e4319f7d947b0420339e2f9cce7d84c6ec5811315b4c97ba", kill_on_drop: false }`
[INFO] running `Command { std: "docker" "rm" "-f" "575f2d81dff65a56e4319f7d947b0420339e2f9cce7d84c6ec5811315b4c97ba", kill_on_drop: false }`
[INFO] [stdout] 575f2d81dff65a56e4319f7d947b0420339e2f9cce7d84c6ec5811315b4c97ba
[INFO] running `Command { std: "docker" "create" "-v" "/var/lib/crater-agent-workspace/builds/worker-69/target:/opt/rustwide/target:rw,Z" "-v" "/var/lib/crater-agent-workspace/builds/worker-69/source:/opt/rustwide/workdir:ro,Z" "-v" "/var/lib/crater-agent-workspace/cargo-home:/opt/rustwide/cargo-home:ro,Z" "-v" "/var/lib/crater-agent-workspace/rustup-home:/opt/rustwide/rustup-home:ro,Z" "-e" "SOURCE_DIR=/opt/rustwide/workdir" "-e" "CARGO_TARGET_DIR=/opt/rustwide/target" "-e" "CARGO_INCREMENTAL=0" "-e" "RUST_BACKTRACE=full" "-e" "RUSTFLAGS=--cap-lints=warn" "-e" "CARGO_HOME=/opt/rustwide/cargo-home" "-e" "RUSTUP_HOME=/opt/rustwide/rustup-home" "-w" "/opt/rustwide/workdir" "-m" "1610612736" "--user" "0:0" "--network" "none" "ghcr.io/rust-lang/crates-build-env/linux@sha256:34b6a614d2c27851fe6cbf88fbd1137609cefab8b10d0615aaeb6fd47975d74e" "/opt/rustwide/cargo-home/bin/cargo" "+1.54.0" "test" "--frozen" "--no-run" "--message-format=json", kill_on_drop: false }`
[INFO] [stdout] 87f1dc7158fc64881ae15e92e255376080830ba0fd443b45309ca2f8899314d2
[INFO] running `Command { std: "docker" "start" "-a" "87f1dc7158fc64881ae15e92e255376080830ba0fd443b45309ca2f8899314d2", kill_on_drop: false }`
[INFO] [stderr]     Blocking waiting for file lock on package cache
[INFO] [stderr]    Compiling swinstall_stack v0.1.0 (/opt/rustwide/workdir)
[INFO] [stdout] warning: unused import: `PathBuf`
[INFO] [stdout]   --> src/parser.rs:15:18
[INFO] [stdout]    |
[INFO] [stdout] 15 |     path::{Path, PathBuf},
[INFO] [stdout]    |                  ^^^^^^^
[INFO] [stdout]    |
[INFO] [stdout]    = note: `#[warn(unused_imports)]` on by default
[INFO] [stdout] 
[INFO] [stdout] 
[INFO] [stdout] warning: unreachable expression
[INFO] [stdout]    --> src/schemas/one.rs:262:9
[INFO] [stdout]     |
[INFO] [stdout] 207 | /         loop {
[INFO] [stdout] 208 | |             match reader.read_event(&mut buf) {
[INFO] [stdout] 209 | |                 Ok(Event::Empty(ref e)) => {
[INFO] [stdout] 210 | |                     in_empty = true;
[INFO] [stdout] ...   |
[INFO] [stdout] 260 | |             }
[INFO] [stdout] 261 | |         }
[INFO] [stdout]     | |_________- any code following this expression is unreachable
[INFO] [stdout] 262 |           Err(SwInstallError::NoCurrentFound)?
[INFO] [stdout]     |           ^^^^^^^^^^^^^^^^^^^^^^^^^^^^^^^^^^^^ unreachable expression
[INFO] [stdout]     |
[INFO] [stdout]     = note: `#[warn(unreachable_code)]` on by default
[INFO] [stdout] 
[INFO] [stdout] 
[INFO] [stdout] warning: value assigned to `in_empty` is never read
[INFO] [stdout]    --> src/schemas/one.rs:206:17
[INFO] [stdout]     |
[INFO] [stdout] 206 |         let mut in_empty = false;
[INFO] [stdout]     |                 ^^^^^^^^
[INFO] [stdout]     |
[INFO] [stdout]     = note: `#[warn(unused_assignments)]` on by default
[INFO] [stdout]     = help: maybe it is overwritten before being read?
[INFO] [stdout] 
[INFO] [stdout] 
[INFO] [stdout] warning: 3 warnings emitted
[INFO] [stdout] 
[INFO] [stdout] 
[INFO] [stdout] warning: unused import: `PathBuf`
[INFO] [stdout]   --> src/parser.rs:15:18
[INFO] [stdout]    |
[INFO] [stdout] 15 |     path::{Path, PathBuf},
[INFO] [stdout]    |                  ^^^^^^^
[INFO] [stdout]    |
[INFO] [stdout]    = note: `#[warn(unused_imports)]` on by default
[INFO] [stdout] 
[INFO] [stdout] 
[INFO] [stdout] warning: unreachable expression
[INFO] [stdout]    --> src/schemas/one.rs:262:9
[INFO] [stdout]     |
[INFO] [stdout] 207 | /         loop {
[INFO] [stdout] 208 | |             match reader.read_event(&mut buf) {
[INFO] [stdout] 209 | |                 Ok(Event::Empty(ref e)) => {
[INFO] [stdout] 210 | |                     in_empty = true;
[INFO] [stdout] ...   |
[INFO] [stdout] 260 | |             }
[INFO] [stdout] 261 | |         }
[INFO] [stdout]     | |_________- any code following this expression is unreachable
[INFO] [stdout] 262 |           Err(SwInstallError::NoCurrentFound)?
[INFO] [stdout]     |           ^^^^^^^^^^^^^^^^^^^^^^^^^^^^^^^^^^^^ unreachable expression
[INFO] [stdout]     |
[INFO] [stdout]     = note: `#[warn(unreachable_code)]` on by default
[INFO] [stdout] 
[INFO] [stdout] 
[INFO] [stdout] warning: unused variable: `reader`
[INFO] [stdout]    --> src/parser.rs:162:27
[INFO] [stdout]     |
[INFO] [stdout] 162 |         fn current(&self, reader: &mut Reader<Self::SwBufReader>) -> Result<String, SwInstallError> {
[INFO] [stdout]     |                           ^^^^^^ help: if this is intentional, prefix it with an underscore: `_reader`
[INFO] [stdout]     |
[INFO] [stdout]     = note: `#[warn(unused_variables)]` on by default
[INFO] [stdout] 
[INFO] [stdout] 
[INFO] [stdout] warning: unused variable: `reader`
[INFO] [stdout]    --> src/parser.rs:167:30
[INFO] [stdout]     |
[INFO] [stdout] 167 |         fn current_at(&self, reader: &mut Reader<Self::SwBufReader>, datetime: &NaiveDateTime)
[INFO] [stdout]     |                              ^^^^^^ help: if this is intentional, prefix it with an underscore: `_reader`
[INFO] [stdout] 
[INFO] [stdout] 
[INFO] [stdout] warning: unused variable: `datetime`
[INFO] [stdout]    --> src/parser.rs:167:70
[INFO] [stdout]     |
[INFO] [stdout] 167 |         fn current_at(&self, reader: &mut Reader<Self::SwBufReader>, datetime: &NaiveDateTime)
[INFO] [stdout]     |                                                                      ^^^^^^^^ help: if this is intentional, prefix it with an underscore: `_datetime`
[INFO] [stdout] 
[INFO] [stdout] 
[INFO] [stdout] warning: unused variable: `reader`
[INFO] [stdout]    --> src/parser.rs:186:27
[INFO] [stdout]     |
[INFO] [stdout] 186 |         fn current(&self, reader: &mut Reader<Self::SwBufReader>) -> Result<String, SwInstallError> {
[INFO] [stdout]     |                           ^^^^^^ help: if this is intentional, prefix it with an underscore: `_reader`
[INFO] [stdout] 
[INFO] [stdout] 
[INFO] [stdout] warning: unused variable: `reader`
[INFO] [stdout]    --> src/parser.rs:191:30
[INFO] [stdout]     |
[INFO] [stdout] 191 |         fn current_at(&self, reader: &mut Reader<Self::SwBufReader>, datetime: &NaiveDateTime)
[INFO] [stdout]     |                              ^^^^^^ help: if this is intentional, prefix it with an underscore: `_reader`
[INFO] [stdout] 
[INFO] [stdout] 
[INFO] [stdout] warning: unused variable: `datetime`
[INFO] [stdout]    --> src/parser.rs:191:70
[INFO] [stdout]     |
[INFO] [stdout] 191 |         fn current_at(&self, reader: &mut Reader<Self::SwBufReader>, datetime: &NaiveDateTime)
[INFO] [stdout]     |                                                                      ^^^^^^^^ help: if this is intentional, prefix it with an underscore: `_datetime`
[INFO] [stdout] 
[INFO] [stdout] 
[INFO] [stdout] warning: value assigned to `in_empty` is never read
[INFO] [stdout]    --> src/schemas/one.rs:206:17
[INFO] [stdout]     |
[INFO] [stdout] 206 |         let mut in_empty = false;
[INFO] [stdout]     |                 ^^^^^^^^
[INFO] [stdout]     |
[INFO] [stdout]     = note: `#[warn(unused_assignments)]` on by default
[INFO] [stdout]     = help: maybe it is overwritten before being read?
[INFO] [stdout] 
[INFO] [stdout] 
[INFO] [stdout] warning: 9 warnings emitted
[INFO] [stdout] 
[INFO] [stdout] 
[INFO] [stderr]     Finished test [unoptimized + debuginfo] target(s) in 2.58s
[INFO] running `Command { std: "docker" "inspect" "87f1dc7158fc64881ae15e92e255376080830ba0fd443b45309ca2f8899314d2", kill_on_drop: false }`
[INFO] running `Command { std: "docker" "rm" "-f" "87f1dc7158fc64881ae15e92e255376080830ba0fd443b45309ca2f8899314d2", kill_on_drop: false }`
[INFO] [stdout] 87f1dc7158fc64881ae15e92e255376080830ba0fd443b45309ca2f8899314d2
[INFO] running `Command { std: "docker" "create" "-v" "/var/lib/crater-agent-workspace/builds/worker-69/target:/opt/rustwide/target:rw,Z" "-v" "/var/lib/crater-agent-workspace/builds/worker-69/source:/opt/rustwide/workdir:ro,Z" "-v" "/var/lib/crater-agent-workspace/cargo-home:/opt/rustwide/cargo-home:ro,Z" "-v" "/var/lib/crater-agent-workspace/rustup-home:/opt/rustwide/rustup-home:ro,Z" "-e" "SOURCE_DIR=/opt/rustwide/workdir" "-e" "CARGO_TARGET_DIR=/opt/rustwide/target" "-e" "CARGO_INCREMENTAL=0" "-e" "RUST_BACKTRACE=full" "-e" "RUSTFLAGS=--cap-lints=warn" "-e" "CARGO_HOME=/opt/rustwide/cargo-home" "-e" "RUSTUP_HOME=/opt/rustwide/rustup-home" "-w" "/opt/rustwide/workdir" "-m" "1610612736" "--user" "0:0" "--network" "none" "ghcr.io/rust-lang/crates-build-env/linux@sha256:34b6a614d2c27851fe6cbf88fbd1137609cefab8b10d0615aaeb6fd47975d74e" "/opt/rustwide/cargo-home/bin/cargo" "+1.54.0" "test" "--frozen", kill_on_drop: false }`
[INFO] [stdout] 0794d4ba26425a06edbc43ba3ea0c34df326f133c5c97cac18099072b4c73253
[INFO] running `Command { std: "docker" "start" "-a" "0794d4ba26425a06edbc43ba3ea0c34df326f133c5c97cac18099072b4c73253", kill_on_drop: false }`
[INFO] [stderr] warning: unused import: `PathBuf`
[INFO] [stderr]   --> src/parser.rs:15:18
[INFO] [stderr]    |
[INFO] [stderr] 15 |     path::{Path, PathBuf},
[INFO] [stderr]    |                  ^^^^^^^
[INFO] [stderr]    |
[INFO] [stderr]    = note: `#[warn(unused_imports)]` on by default
[INFO] [stderr] 
[INFO] [stderr] warning: unreachable expression
[INFO] [stderr]    --> src/schemas/one.rs:262:9
[INFO] [stderr]     |
[INFO] [stderr] 207 | /         loop {
[INFO] [stderr] 208 | |             match reader.read_event(&mut buf) {
[INFO] [stderr] 209 | |                 Ok(Event::Empty(ref e)) => {
[INFO] [stderr] 210 | |                     in_empty = true;
[INFO] [stderr] ...   |
[INFO] [stderr] 260 | |             }
[INFO] [stderr] 261 | |         }
[INFO] [stderr]     | |_________- any code following this expression is unreachable
[INFO] [stderr] 262 |           Err(SwInstallError::NoCurrentFound)?
[INFO] [stderr]     |           ^^^^^^^^^^^^^^^^^^^^^^^^^^^^^^^^^^^^ unreachable expression
[INFO] [stderr]     |
[INFO] [stderr]     = note: `#[warn(unreachable_code)]` on by default
[INFO] [stderr] 
[INFO] [stderr] warning: value assigned to `in_empty` is never read
[INFO] [stderr]    --> src/schemas/one.rs:206:17
[INFO] [stderr]     |
[INFO] [stderr] 206 |         let mut in_empty = false;
[INFO] [stderr]     |                 ^^^^^^^^
[INFO] [stderr]     |
[INFO] [stderr]     = note: `#[warn(unused_assignments)]` on by default
[INFO] [stderr]     = help: maybe it is overwritten before being read?
[INFO] [stderr] 
[INFO] [stderr] warning: 3 warnings emitted
[INFO] [stderr] 
[INFO] [stderr] warning: unused import: `PathBuf`
[INFO] [stderr]   --> src/parser.rs:15:18
[INFO] [stderr]    |
[INFO] [stderr] 15 |     path::{Path, PathBuf},
[INFO] [stderr]    |                  ^^^^^^^
[INFO] [stderr]    |
[INFO] [stderr]    = note: `#[warn(unused_imports)]` on by default
[INFO] [stderr] 
[INFO] [stderr] warning: unreachable expression
[INFO] [stderr]    --> src/schemas/one.rs:262:9
[INFO] [stderr]     |
[INFO] [stderr] 207 | /         loop {
[INFO] [stderr] 208 | |             match reader.read_event(&mut buf) {
[INFO] [stderr] 209 | |                 Ok(Event::Empty(ref e)) => {
[INFO] [stderr] 210 | |                     in_empty = true;
[INFO] [stderr] ...   |
[INFO] [stderr] 260 | |             }
[INFO] [stderr] 261 | |         }
[INFO] [stderr]     | |_________- any code following this expression is unreachable
[INFO] [stderr] 262 |           Err(SwInstallError::NoCurrentFound)?
[INFO] [stderr]     |           ^^^^^^^^^^^^^^^^^^^^^^^^^^^^^^^^^^^^ unreachable expression
[INFO] [stderr]     |
[INFO] [stderr]     = note: `#[warn(unreachable_code)]` on by default
[INFO] [stderr] 
[INFO] [stderr] warning: unused variable: `reader`
[INFO] [stderr]    --> src/parser.rs:162:27
[INFO] [stderr]     |
[INFO] [stderr] 162 |         fn current(&self, reader: &mut Reader<Self::SwBufReader>) -> Result<String, SwInstallError> {
[INFO] [stderr]     |                           ^^^^^^ help: if this is intentional, prefix it with an underscore: `_reader`
[INFO] [stderr]     |
[INFO] [stderr]     = note: `#[warn(unused_variables)]` on by default
[INFO] [stderr] 
[INFO] [stderr] warning: unused variable: `reader`
[INFO] [stderr]    --> src/parser.rs:167:30
[INFO] [stderr]     |
[INFO] [stderr] 167 |         fn current_at(&self, reader: &mut Reader<Self::SwBufReader>, datetime: &NaiveDateTime)
[INFO] [stderr]     |                              ^^^^^^ help: if this is intentional, prefix it with an underscore: `_reader`
[INFO] [stderr] 
[INFO] [stderr] warning: unused variable: `datetime`
[INFO] [stderr]    --> src/parser.rs:167:70
[INFO] [stderr]     |
[INFO] [stderr] 167 |         fn current_at(&self, reader: &mut Reader<Self::SwBufReader>, datetime: &NaiveDateTime)
[INFO] [stderr]     |                                                                      ^^^^^^^^ help: if this is intentional, prefix it with an underscore: `_datetime`
[INFO] [stderr] 
[INFO] [stderr] warning: unused variable: `reader`
[INFO] [stderr]    --> src/parser.rs:186:27
[INFO] [stderr]     |
[INFO] [stderr] 186 |         fn current(&self, reader: &mut Reader<Self::SwBufReader>) -> Result<String, SwInstallError> {
[INFO] [stderr]     |                           ^^^^^^ help: if this is intentional, prefix it with an underscore: `_reader`
[INFO] [stderr] 
[INFO] [stderr] warning: unused variable: `reader`
[INFO] [stderr]    --> src/parser.rs:191:30
[INFO] [stderr]     |
[INFO] [stderr] 191 |         fn current_at(&self, reader: &mut Reader<Self::SwBufReader>, datetime: &NaiveDateTime)
[INFO] [stderr]     |                              ^^^^^^ help: if this is intentional, prefix it with an underscore: `_reader`
[INFO] [stderr] 
[INFO] [stderr] warning: unused variable: `datetime`
[INFO] [stderr]    --> src/parser.rs:191:70
[INFO] [stderr]     |
[INFO] [stderr] 191 |         fn current_at(&self, reader: &mut Reader<Self::SwBufReader>, datetime: &NaiveDateTime)
[INFO] [stderr]     |                                                                      ^^^^^^^^ help: if this is intentional, prefix it with an underscore: `_datetime`
[INFO] [stderr] 
[INFO] [stderr] warning: value assigned to `in_empty` is never read
[INFO] [stderr]    --> src/schemas/one.rs:206:17
[INFO] [stderr]     |
[INFO] [stderr] 206 |         let mut in_empty = false;
[INFO] [stderr]     |                 ^^^^^^^^
[INFO] [stderr]     |
[INFO] [stderr]     = note: `#[warn(unused_assignments)]` on by default
[INFO] [stderr]     = help: maybe it is overwritten before being read?
[INFO] [stderr] 
[INFO] [stderr] warning: 9 warnings emitted
[INFO] [stderr] 
[INFO] [stderr]     Finished test [unoptimized + debuginfo] target(s) in 0.05s
[INFO] [stderr]      Running unittests (/opt/rustwide/target/debug/deps/swinstall_stack-633352564110bade)
[INFO] [stdout] 
[INFO] [stdout] running 7 tests
[INFO] [stdout] test parser::tests::get_swinstall_parser ... ok
[INFO] [stdout] test parser::tests::register_schema ... ok
[INFO] [stdout] test utils::tests::swinstall_stack_from_versionless_file ... ok
[INFO] [stdout] test utils::tests::versioned_file_from_versionless_file ... ok
[INFO] [stdout] test schemas::one::tests::elt_from_attrs_with_revision ... ok
[INFO] [stdout] test schemas::two::tests::elt_from_attrs ... ok
[INFO] [stdout] test schemas::one::tests::elt_from_attrs ... ok
[INFO] [stdout] 
[INFO] [stdout] test result: ok. 7 passed; 0 failed; 0 ignored; 0 measured; 0 filtered out; finished in 0.00s
[INFO] [stdout] 
[INFO] [stderr]      Running unittests (/opt/rustwide/target/debug/deps/swinst-2d5aadc029fee51d)
[INFO] [stdout] 
[INFO] [stdout] running 0 tests
[INFO] [stdout] 
[INFO] [stdout] test result: ok. 0 passed; 0 failed; 0 ignored; 0 measured; 0 filtered out; finished in 0.00s
[INFO] [stdout] 
[INFO] [stderr]    Doc-tests swinstall_stack
[INFO] [stdout] 
[INFO] [stdout] running 3 tests
[INFO] [stdout] test src/schemas/one.rs - schemas::one (line 27) ... FAILED
[INFO] [stdout] test src/schemas/one.rs - schemas::one (line 21) ... FAILED
[INFO] [stdout] test src/traits.rs - traits (line 14) ... FAILED
[INFO] [stdout] 
[INFO] [stdout] failures:
[INFO] [stdout] 
[INFO] [stdout] ---- src/schemas/one.rs - schemas::one (line 27) stdout ----
[INFO] [stdout] error: expected `::`, found `.`
[INFO] [stdout]  --> src/schemas/one.rs:28:11
[INFO] [stdout]   |
[INFO] [stdout] 3 | <filename>.<ext>_<version>
[INFO] [stdout]   |           ^ expected `::`
[INFO] [stdout] 
[INFO] [stdout] error: aborting due to previous error
[INFO] [stdout] 
[INFO] [stdout] Couldn't compile the test.
[INFO] [stdout] ---- src/schemas/one.rs - schemas::one (line 21) stdout ----
[INFO] [stdout] error: expected `::`, found `.`
[INFO] [stdout]  --> src/schemas/one.rs:22:11
[INFO] [stdout]   |
[INFO] [stdout] 3 | <filename>.<ext>_swinstall_store
[INFO] [stdout]   |           ^ expected `::`
[INFO] [stdout] 
[INFO] [stdout] error: aborting due to previous error
[INFO] [stdout] 
[INFO] [stdout] Couldn't compile the test.
[INFO] [stdout] ---- src/traits.rs - traits (line 14) stdout ----
[INFO] [stdout] error: expected one of `!`, `.`, `::`, `;`, `?`, `{`, `}`, or an operator, found `the`
[INFO] [stdout]  --> src/traits.rs:15:15
[INFO] [stdout]   |
[INFO] [stdout] 4 | - identifying the schema version of the swinstall_stack xml file
[INFO] [stdout]   |               ^^^ expected one of 8 possible tokens
[INFO] [stdout] 
[INFO] [stdout] error: aborting due to previous error
[INFO] [stdout] 
[INFO] [stdout] Couldn't compile the test.
[INFO] [stdout] 
[INFO] [stdout] failures:
[INFO] [stdout]     src/schemas/one.rs - schemas::one (line 21)
[INFO] [stdout]     src/schemas/one.rs - schemas::one (line 27)
[INFO] [stdout]     src/traits.rs - traits (line 14)
[INFO] [stdout] 
[INFO] [stdout] test result: FAILED. 0 passed; 3 failed; 0 ignored; 0 measured; 0 filtered out; finished in 0.06s
[INFO] [stdout] 
[INFO] [stderr] error: test failed, to rerun pass '--doc'
[INFO] running `Command { std: "docker" "inspect" "0794d4ba26425a06edbc43ba3ea0c34df326f133c5c97cac18099072b4c73253", kill_on_drop: false }`
[INFO] running `Command { std: "docker" "rm" "-f" "0794d4ba26425a06edbc43ba3ea0c34df326f133c5c97cac18099072b4c73253", kill_on_drop: false }`
[INFO] [stdout] 0794d4ba26425a06edbc43ba3ea0c34df326f133c5c97cac18099072b4c73253
