[INFO] cloning repository https://github.com/jjmark15/pair-commit-rust
[INFO] running `Command { std: "git" "-c" "credential.helper=" "-c" "credential.helper=/workspace/cargo-home/bin/git-credential-null" "clone" "--bare" "https://github.com/jjmark15/pair-commit-rust" "/workspace/cache/git-repos/https%3A%2F%2Fgithub.com%2Fjjmark15%2Fpair-commit-rust", kill_on_drop: false }`
[INFO] [stderr] Cloning into bare repository '/workspace/cache/git-repos/https%3A%2F%2Fgithub.com%2Fjjmark15%2Fpair-commit-rust'...
[INFO] running `Command { std: "git" "rev-parse" "HEAD", kill_on_drop: false }`
[INFO] [stdout] 16144d8512c8298810e25a21019032bab3e4a3bd
[INFO] testing jjmark15/pair-commit-rust against 1.54.0 for beta-1.55-1
[INFO] running `Command { std: "git" "clone" "/workspace/cache/git-repos/https%3A%2F%2Fgithub.com%2Fjjmark15%2Fpair-commit-rust" "/workspace/builds/worker-23/source", kill_on_drop: false }`
[INFO] [stderr] Cloning into '/workspace/builds/worker-23/source'...
[INFO] [stderr] done.
[INFO] validating manifest of git repo https://github.com/jjmark15/pair-commit-rust on toolchain 1.54.0
[INFO] running `Command { std: "/workspace/cargo-home/bin/cargo" "+1.54.0" "metadata" "--manifest-path" "Cargo.toml" "--no-deps", kill_on_drop: false }`
[INFO] started tweaking git repo https://github.com/jjmark15/pair-commit-rust
[INFO] finished tweaking git repo https://github.com/jjmark15/pair-commit-rust
[INFO] tweaked toml for git repo https://github.com/jjmark15/pair-commit-rust written to /workspace/builds/worker-23/source/Cargo.toml
[INFO] crate git repo https://github.com/jjmark15/pair-commit-rust already has a lockfile, it will not be regenerated
[INFO] running `Command { std: "/workspace/cargo-home/bin/cargo" "+1.54.0" "fetch" "--manifest-path" "Cargo.toml", kill_on_drop: false }`
[INFO] [stderr]     Blocking waiting for file lock on package cache
[INFO] [stderr]     Blocking waiting for file lock on package cache
[INFO] running `Command { std: "docker" "create" "-v" "/var/lib/crater-agent-workspace/builds/worker-23/target:/opt/rustwide/target:rw,Z" "-v" "/var/lib/crater-agent-workspace/builds/worker-23/source:/opt/rustwide/workdir:ro,Z" "-v" "/var/lib/crater-agent-workspace/cargo-home:/opt/rustwide/cargo-home:ro,Z" "-v" "/var/lib/crater-agent-workspace/rustup-home:/opt/rustwide/rustup-home:ro,Z" "-e" "SOURCE_DIR=/opt/rustwide/workdir" "-e" "CARGO_TARGET_DIR=/opt/rustwide/target" "-e" "CARGO_HOME=/opt/rustwide/cargo-home" "-e" "RUSTUP_HOME=/opt/rustwide/rustup-home" "-w" "/opt/rustwide/workdir" "-m" "1610612736" "--user" "0:0" "--network" "none" "ghcr.io/rust-lang/crates-build-env/linux@sha256:34b6a614d2c27851fe6cbf88fbd1137609cefab8b10d0615aaeb6fd47975d74e" "/opt/rustwide/cargo-home/bin/cargo" "+1.54.0" "metadata" "--no-deps" "--format-version=1", kill_on_drop: false }`
[INFO] [stdout] 97b9ec4587e3a814d277e0cff9a2fb7ac7acdc04ada066799b94115510b5b537
[INFO] running `Command { std: "docker" "start" "-a" "97b9ec4587e3a814d277e0cff9a2fb7ac7acdc04ada066799b94115510b5b537", kill_on_drop: false }`
[INFO] running `Command { std: "docker" "inspect" "97b9ec4587e3a814d277e0cff9a2fb7ac7acdc04ada066799b94115510b5b537", kill_on_drop: false }`
[INFO] running `Command { std: "docker" "rm" "-f" "97b9ec4587e3a814d277e0cff9a2fb7ac7acdc04ada066799b94115510b5b537", kill_on_drop: false }`
[INFO] [stdout] 97b9ec4587e3a814d277e0cff9a2fb7ac7acdc04ada066799b94115510b5b537
[INFO] running `Command { std: "docker" "create" "-v" "/var/lib/crater-agent-workspace/builds/worker-23/target:/opt/rustwide/target:rw,Z" "-v" "/var/lib/crater-agent-workspace/builds/worker-23/source:/opt/rustwide/workdir:ro,Z" "-v" "/var/lib/crater-agent-workspace/cargo-home:/opt/rustwide/cargo-home:ro,Z" "-v" "/var/lib/crater-agent-workspace/rustup-home:/opt/rustwide/rustup-home:ro,Z" "-e" "SOURCE_DIR=/opt/rustwide/workdir" "-e" "CARGO_TARGET_DIR=/opt/rustwide/target" "-e" "CARGO_INCREMENTAL=0" "-e" "RUST_BACKTRACE=full" "-e" "RUSTFLAGS=--cap-lints=warn" "-e" "CARGO_HOME=/opt/rustwide/cargo-home" "-e" "RUSTUP_HOME=/opt/rustwide/rustup-home" "-w" "/opt/rustwide/workdir" "-m" "1610612736" "--user" "0:0" "--network" "none" "ghcr.io/rust-lang/crates-build-env/linux@sha256:34b6a614d2c27851fe6cbf88fbd1137609cefab8b10d0615aaeb6fd47975d74e" "/opt/rustwide/cargo-home/bin/cargo" "+1.54.0" "build" "--frozen" "--message-format=json", kill_on_drop: false }`
[INFO] [stdout] 5dc779820f2998bf0dfc6a482a4eb194b8570260fd78795cbe494497e905233c
[INFO] running `Command { std: "docker" "start" "-a" "5dc779820f2998bf0dfc6a482a4eb194b8570260fd78795cbe494497e905233c", kill_on_drop: false }`
[INFO] [stderr]     Blocking waiting for file lock on package cache
[INFO] [stderr]    Compiling libc v0.2.66
[INFO] [stderr]    Compiling syn v1.0.12
[INFO] [stderr]    Compiling serde v1.0.104
[INFO] [stderr]    Compiling unicode-width v0.1.7
[INFO] [stderr]    Compiling linked-hash-map v0.5.2
[INFO] [stderr]    Compiling regex-syntax v0.6.12
[INFO] [stderr]    Compiling dtoa v0.4.4
[INFO] [stderr]    Compiling thread_local v0.3.6
[INFO] [stderr]    Compiling aho-corasick v0.7.6
[INFO] [stderr]    Compiling textwrap v0.11.0
[INFO] [stderr]    Compiling yaml-rust v0.4.3
[INFO] [stderr]    Compiling atty v0.2.13
[INFO] [stderr]    Compiling dirs-sys v0.3.4
[INFO] [stderr]    Compiling regex v1.3.1
[INFO] [stderr]    Compiling clap v2.33.0
[INFO] [stderr]    Compiling dirs v2.0.2
[INFO] [stderr]    Compiling serde_derive v1.0.104
[INFO] [stderr]    Compiling serde_yaml v0.8.11
[INFO] [stderr]    Compiling pair-commit-tool v0.1.0 (/opt/rustwide/workdir)
[INFO] [stderr]     Finished dev [unoptimized + debuginfo] target(s) in 28.89s
[INFO] running `Command { std: "docker" "inspect" "5dc779820f2998bf0dfc6a482a4eb194b8570260fd78795cbe494497e905233c", kill_on_drop: false }`
[INFO] running `Command { std: "docker" "rm" "-f" "5dc779820f2998bf0dfc6a482a4eb194b8570260fd78795cbe494497e905233c", kill_on_drop: false }`
[INFO] [stdout] 5dc779820f2998bf0dfc6a482a4eb194b8570260fd78795cbe494497e905233c
[INFO] running `Command { std: "docker" "create" "-v" "/var/lib/crater-agent-workspace/builds/worker-23/target:/opt/rustwide/target:rw,Z" "-v" "/var/lib/crater-agent-workspace/builds/worker-23/source:/opt/rustwide/workdir:ro,Z" "-v" "/var/lib/crater-agent-workspace/cargo-home:/opt/rustwide/cargo-home:ro,Z" "-v" "/var/lib/crater-agent-workspace/rustup-home:/opt/rustwide/rustup-home:ro,Z" "-e" "SOURCE_DIR=/opt/rustwide/workdir" "-e" "CARGO_TARGET_DIR=/opt/rustwide/target" "-e" "CARGO_INCREMENTAL=0" "-e" "RUST_BACKTRACE=full" "-e" "RUSTFLAGS=--cap-lints=warn" "-e" "CARGO_HOME=/opt/rustwide/cargo-home" "-e" "RUSTUP_HOME=/opt/rustwide/rustup-home" "-w" "/opt/rustwide/workdir" "-m" "1610612736" "--user" "0:0" "--network" "none" "ghcr.io/rust-lang/crates-build-env/linux@sha256:34b6a614d2c27851fe6cbf88fbd1137609cefab8b10d0615aaeb6fd47975d74e" "/opt/rustwide/cargo-home/bin/cargo" "+1.54.0" "test" "--frozen" "--no-run" "--message-format=json", kill_on_drop: false }`
[INFO] [stdout] 0ebe1b4aed3e2e6bbc8180e764cf1c7e783af51679ff2dcb6a2c7bac6bd1d4cf
[INFO] running `Command { std: "docker" "start" "-a" "0ebe1b4aed3e2e6bbc8180e764cf1c7e783af51679ff2dcb6a2c7bac6bd1d4cf", kill_on_drop: false }`
[INFO] [stderr]     Blocking waiting for file lock on package cache
[INFO] [stderr]     Blocking waiting for file lock on package cache
[INFO] [stderr]    Compiling pair-commit-tool v0.1.0 (/opt/rustwide/workdir)
[INFO] [stderr]     Finished test [unoptimized + debuginfo] target(s) in 3.07s
[INFO] running `Command { std: "docker" "inspect" "0ebe1b4aed3e2e6bbc8180e764cf1c7e783af51679ff2dcb6a2c7bac6bd1d4cf", kill_on_drop: false }`
[INFO] running `Command { std: "docker" "rm" "-f" "0ebe1b4aed3e2e6bbc8180e764cf1c7e783af51679ff2dcb6a2c7bac6bd1d4cf", kill_on_drop: false }`
[INFO] [stdout] 0ebe1b4aed3e2e6bbc8180e764cf1c7e783af51679ff2dcb6a2c7bac6bd1d4cf
[INFO] running `Command { std: "docker" "create" "-v" "/var/lib/crater-agent-workspace/builds/worker-23/target:/opt/rustwide/target:rw,Z" "-v" "/var/lib/crater-agent-workspace/builds/worker-23/source:/opt/rustwide/workdir:ro,Z" "-v" "/var/lib/crater-agent-workspace/cargo-home:/opt/rustwide/cargo-home:ro,Z" "-v" "/var/lib/crater-agent-workspace/rustup-home:/opt/rustwide/rustup-home:ro,Z" "-e" "SOURCE_DIR=/opt/rustwide/workdir" "-e" "CARGO_TARGET_DIR=/opt/rustwide/target" "-e" "CARGO_INCREMENTAL=0" "-e" "RUST_BACKTRACE=full" "-e" "RUSTFLAGS=--cap-lints=warn" "-e" "CARGO_HOME=/opt/rustwide/cargo-home" "-e" "RUSTUP_HOME=/opt/rustwide/rustup-home" "-w" "/opt/rustwide/workdir" "-m" "1610612736" "--user" "0:0" "--network" "none" "ghcr.io/rust-lang/crates-build-env/linux@sha256:34b6a614d2c27851fe6cbf88fbd1137609cefab8b10d0615aaeb6fd47975d74e" "/opt/rustwide/cargo-home/bin/cargo" "+1.54.0" "test" "--frozen", kill_on_drop: false }`
[INFO] [stdout] 7be9aa389545ec5318a1e5c821a1286ff36dd077813ce920470aecb30118af12
[INFO] running `Command { std: "docker" "start" "-a" "7be9aa389545ec5318a1e5c821a1286ff36dd077813ce920470aecb30118af12", kill_on_drop: false }`
[INFO] [stderr]     Finished test [unoptimized + debuginfo] target(s) in 0.10s
[INFO] [stderr]      Running unittests (/opt/rustwide/target/debug/deps/pair_commit_tool-3bbd72b139af67e8)
[INFO] [stdout] 
[INFO] [stdout] running 15 tests
[INFO] [stdout] test models::author::author_collection::tests::test_active_authors ... ok
[INFO] [stdout] test models::author::author_collection::tests::test_add_author ... ok
[INFO] [stdout] test models::author::author_collection::tests::test_from_vec ... ok
[INFO] [stdout] test models::author::author_collection::tests::test_authors_with_indexes ... ok
[INFO] [stdout] test models::author::author_collection::tests::test_join_all_active_coauthor_strings ... ok
[INFO] [stdout] test models::author::tests::test_author_activate ... ok
[INFO] [stdout] test models::author::tests::test_author_active_false_default ... ok
[INFO] [stdout] test models::author::tests::test_author_deactivate ... ok
[INFO] [stdout] test models::author::tests::test_author_display ... ok
[INFO] [stdout] test models::author::tests::test_author_initialisation ... ok
[INFO] [stdout] test models::author::tests::test_email ... ok
[INFO] [stdout] test models::author::tests::test_name ... ok
[INFO] [stdout] test models::author::author_collection::tests::test_set_active_authors_by_indexes ... ok
[INFO] [stdout] test models::author::tests::test_create_author_vec ... ok
[INFO] [stdout] test models::author::tests::test_serialize_authors ... FAILED
[INFO] [stdout] 
[INFO] [stdout] failures:
[INFO] [stdout] 
[INFO] [stdout] ---- models::author::tests::test_serialize_authors stdout ----
[INFO] [stdout] thread 'models::author::tests::test_serialize_authors' panicked at 'attempted to leave type `linked_hash_map::Node<yaml::Yaml, yaml::Yaml>` uninitialized, which is invalid', /rustc/a178d0322ce20e33eac124758e837cbd80a6f633/library/core/src/mem/mod.rs:660:9
[INFO] [stdout] stack backtrace:
[INFO] [stdout]    0:     0x555a8ad529c0 - std::backtrace_rs::backtrace::libunwind::trace::h34055254b57d8e79
[INFO] [stdout]                                at /rustc/a178d0322ce20e33eac124758e837cbd80a6f633/library/std/src/../../backtrace/src/backtrace/libunwind.rs:90:5
[INFO] [stdout]    1:     0x555a8ad529c0 - std::backtrace_rs::backtrace::trace_unsynchronized::h8f1e3fbd9afff6ec
[INFO] [stdout]                                at /rustc/a178d0322ce20e33eac124758e837cbd80a6f633/library/std/src/../../backtrace/src/backtrace/mod.rs:66:5
[INFO] [stdout]    2:     0x555a8ad529c0 - std::sys_common::backtrace::_print_fmt::h3a99a796b770c360
[INFO] [stdout]                                at /rustc/a178d0322ce20e33eac124758e837cbd80a6f633/library/std/src/sys_common/backtrace.rs:67:5
[INFO] [stdout]    3:     0x555a8ad529c0 - <std::sys_common::backtrace::_print::DisplayBacktrace as core::fmt::Display>::fmt::h32d1f94a80615d18
[INFO] [stdout]                                at /rustc/a178d0322ce20e33eac124758e837cbd80a6f633/library/std/src/sys_common/backtrace.rs:46:22
[INFO] [stdout]    4:     0x555a8ad764dc - core::fmt::write::h306731c068f7162c
[INFO] [stdout]                                at /rustc/a178d0322ce20e33eac124758e837cbd80a6f633/library/core/src/fmt/mod.rs:1110:17
[INFO] [stdout]    5:     0x555a8ad4f8e5 - std::io::Write::write_fmt::h87f19b0a2cd190bc
[INFO] [stdout]                                at /rustc/a178d0322ce20e33eac124758e837cbd80a6f633/library/std/src/io/mod.rs:1588:15
[INFO] [stdout]    6:     0x555a8ad54b2b - std::sys_common::backtrace::_print::h5abaa2601a852287
[INFO] [stdout]                                at /rustc/a178d0322ce20e33eac124758e837cbd80a6f633/library/std/src/sys_common/backtrace.rs:49:5
[INFO] [stdout]    7:     0x555a8ad54b2b - std::sys_common::backtrace::print::h8d81445442bb638f
[INFO] [stdout]                                at /rustc/a178d0322ce20e33eac124758e837cbd80a6f633/library/std/src/sys_common/backtrace.rs:36:9
[INFO] [stdout]    8:     0x555a8ad54b2b - std::panicking::default_hook::{{closure}}::hcfe804496a9fa747
[INFO] [stdout]                                at /rustc/a178d0322ce20e33eac124758e837cbd80a6f633/library/std/src/panicking.rs:208:50
[INFO] [stdout]    9:     0x555a8ad5463c - std::panicking::default_hook::hbea8e3ccf2ba8901
[INFO] [stdout]                                at /rustc/a178d0322ce20e33eac124758e837cbd80a6f633/library/std/src/panicking.rs:222:9
[INFO] [stdout]   10:     0x555a8ad551f4 - std::panicking::rust_panic_with_hook::h7ee9e1a2d0f8975a
[INFO] [stdout]                                at /rustc/a178d0322ce20e33eac124758e837cbd80a6f633/library/std/src/panicking.rs:622:17
[INFO] [stdout]   11:     0x555a8ad54ca7 - std::panicking::begin_panic_handler::{{closure}}::h8ab3b4491718b2c7
[INFO] [stdout]                                at /rustc/a178d0322ce20e33eac124758e837cbd80a6f633/library/std/src/panicking.rs:517:13
[INFO] [stdout]   12:     0x555a8ad52ebc - std::sys_common::backtrace::__rust_end_short_backtrace::hd489062ffa586a9f
[INFO] [stdout]                                at /rustc/a178d0322ce20e33eac124758e837cbd80a6f633/library/std/src/sys_common/backtrace.rs:141:18
[INFO] [stdout]   13:     0x555a8ad54c39 - rust_begin_unwind
[INFO] [stdout]                                at /rustc/a178d0322ce20e33eac124758e837cbd80a6f633/library/std/src/panicking.rs:515:5
[INFO] [stdout]   14:     0x555a8acd0651 - core::panicking::panic_fmt::hca6330e3e14086b4
[INFO] [stdout]                                at /rustc/a178d0322ce20e33eac124758e837cbd80a6f633/library/core/src/panicking.rs:92:14
[INFO] [stdout]   15:     0x555a8acd059d - core::panicking::panic::h1a48d878ff3dcd40
[INFO] [stdout]                                at /rustc/a178d0322ce20e33eac124758e837cbd80a6f633/library/core/src/panicking.rs:50:5
[INFO] [stdout]   16:     0x555a8aced6ba - core::mem::uninitialized::h32818301dbfb5861
[INFO] [stdout]                                at /rustc/a178d0322ce20e33eac124758e837cbd80a6f633/library/core/src/mem/mod.rs:660:9
[INFO] [stdout]   17:     0x555a8aced6ba - linked_hash_map::LinkedHashMap<K,V,S>::ensure_guard_node::ha6610ce41106ad21
[INFO] [stdout]                                at /opt/rustwide/cargo-home/registry/src/github.com-1ecc6299db9ec823/linked-hash-map-0.5.2/src/lib.rs:174:52
[INFO] [stdout]   18:     0x555a8aced8ec - linked_hash_map::LinkedHashMap<K,V,S>::insert::haa458d324b13468a
[INFO] [stdout]                                at /opt/rustwide/cargo-home/registry/src/github.com-1ecc6299db9ec823/linked-hash-map-0.5.2/src/lib.rs:304:9
[INFO] [stdout]   19:     0x555a8acdce20 - <serde_yaml::ser::SerializeStruct as serde::ser::SerializeStruct>::serialize_field::hc9e2023474f37e61
[INFO] [stdout]                                at /opt/rustwide/cargo-home/registry/src/github.com-1ecc6299db9ec823/serde_yaml-0.8.11/src/ser.rs:359:9
[INFO] [stdout]   20:     0x555a8acd6fa5 - pair_commit_tool::models::author::_IMPL_SERIALIZE_FOR_Author::<impl serde::ser::Serialize for pair_commit_tool::models::author::Author>::serialize::hb8d899a3ccc50716
[INFO] [stdout]                                at /opt/rustwide/workdir/src/models/author/mod.rs:16:17
[INFO] [stdout]   21:     0x555a8acd64a8 - serde::ser::impls::<impl serde::ser::Serialize for &T>::serialize::h6f7c9640831a3bd1
[INFO] [stdout]                                at /opt/rustwide/cargo-home/registry/src/github.com-1ecc6299db9ec823/serde-1.0.104/src/ser/impls.rs:390:17
[INFO] [stdout]   22:     0x555a8acd64d8 - serde::ser::impls::<impl serde::ser::Serialize for &T>::serialize::hf5e414c927091245
[INFO] [stdout]                                at /opt/rustwide/cargo-home/registry/src/github.com-1ecc6299db9ec823/serde-1.0.104/src/ser/impls.rs:390:17
[INFO] [stdout]   23:     0x555a8acdb8cb - serde_yaml::ser::to_yaml::hb556d0f06fb727bd
[INFO] [stdout]                                at /opt/rustwide/cargo-home/registry/src/github.com-1ecc6299db9ec823/serde_yaml-0.8.11/src/ser.rs:448:5
[INFO] [stdout]   24:     0x555a8acdcb08 - <serde_yaml::ser::SerializeArray as serde::ser::SerializeSeq>::serialize_element::h39673a5ba33fac21
[INFO] [stdout]                                at /opt/rustwide/cargo-home/registry/src/github.com-1ecc6299db9ec823/serde_yaml-0.8.11/src/ser.rs:256:25
[INFO] [stdout]   25:     0x555a8acdc866 - serde::ser::Serializer::collect_seq::h28a6fede092356a2
[INFO] [stdout]                                at /opt/rustwide/cargo-home/registry/src/github.com-1ecc6299db9ec823/serde-1.0.104/src/ser/mod.rs:1282:18
[INFO] [stdout]   26:     0x555a8acdae95 - serde::ser::impls::<impl serde::ser::Serialize for alloc::vec::Vec<T>>::serialize::h6d2294e0741d2806
[INFO] [stdout]                                at /opt/rustwide/cargo-home/registry/src/github.com-1ecc6299db9ec823/serde-1.0.104/src/ser/impls.rs:198:17
[INFO] [stdout]   27:     0x555a8acdae68 - serde::ser::impls::<impl serde::ser::Serialize for &T>::serialize::hd5e484de56f3d93c
[INFO] [stdout]                                at /opt/rustwide/cargo-home/registry/src/github.com-1ecc6299db9ec823/serde-1.0.104/src/ser/impls.rs:390:17
[INFO] [stdout]   28:     0x555a8acdb82b - serde_yaml::ser::to_yaml::h3fce357883cabee6
[INFO] [stdout]                                at /opt/rustwide/cargo-home/registry/src/github.com-1ecc6299db9ec823/serde_yaml-0.8.11/src/ser.rs:448:5
[INFO] [stdout]   29:     0x555a8acdbb39 - serde_yaml::ser::to_writer::hc2769a9b330cb629
[INFO] [stdout]                                at /opt/rustwide/cargo-home/registry/src/github.com-1ecc6299db9ec823/serde_yaml-0.8.11/src/ser.rs:394:15
[INFO] [stdout]   30:     0x555a8acdb709 - serde_yaml::ser::to_vec::h81efefc562b29815
[INFO] [stdout]                                at /opt/rustwide/cargo-home/registry/src/github.com-1ecc6299db9ec823/serde_yaml-0.8.11/src/ser.rs:411:5
[INFO] [stdout]   31:     0x555a8acdb975 - serde_yaml::ser::to_string::he2df5f429f5ea075
[INFO] [stdout]                                at /opt/rustwide/cargo-home/registry/src/github.com-1ecc6299db9ec823/serde_yaml-0.8.11/src/ser.rs:423:26
[INFO] [stdout]   32:     0x555a8acde1dd - pair_commit_tool::models::author::tests::test_serialize_authors::hb87e91a553019b07
[INFO] [stdout]                                at /opt/rustwide/workdir/src/models/author/mod.rs:217:17
[INFO] [stdout]   33:     0x555a8acde10a - pair_commit_tool::models::author::tests::test_serialize_authors::{{closure}}::h0ec35a841e48b1a6
[INFO] [stdout]                                at /opt/rustwide/workdir/src/models/author/mod.rs:212:5
[INFO] [stdout]   34:     0x555a8acd75ee - core::ops::function::FnOnce::call_once::h1c7282fe85177625
[INFO] [stdout]                                at /rustc/a178d0322ce20e33eac124758e837cbd80a6f633/library/core/src/ops/function.rs:227:5
[INFO] [stdout]   35:     0x555a8ad294a3 - core::ops::function::FnOnce::call_once::h152e7e439ff59e19
[INFO] [stdout]                                at /rustc/a178d0322ce20e33eac124758e837cbd80a6f633/library/core/src/ops/function.rs:227:5
[INFO] [stdout]   36:     0x555a8ad294a3 - test::__rust_begin_short_backtrace::h0908f3b1fdbb72ab
[INFO] [stdout]                                at /rustc/a178d0322ce20e33eac124758e837cbd80a6f633/library/test/src/lib.rs:577:5
[INFO] [stdout]   37:     0x555a8ad27f60 - <alloc::boxed::Box<F,A> as core::ops::function::FnOnce<Args>>::call_once::hf6d2a51e5587546c
[INFO] [stdout]                                at /rustc/a178d0322ce20e33eac124758e837cbd80a6f633/library/alloc/src/boxed.rs:1575:9
[INFO] [stdout]   38:     0x555a8ad27f60 - <std::panic::AssertUnwindSafe<F> as core::ops::function::FnOnce<()>>::call_once::h8af660f3a89ef593
[INFO] [stdout]                                at /rustc/a178d0322ce20e33eac124758e837cbd80a6f633/library/std/src/panic.rs:347:9
[INFO] [stdout]   39:     0x555a8ad27f60 - std::panicking::try::do_call::hd36aef60f84b6d36
[INFO] [stdout]                                at /rustc/a178d0322ce20e33eac124758e837cbd80a6f633/library/std/src/panicking.rs:401:40
[INFO] [stdout]   40:     0x555a8ad27f60 - std::panicking::try::h9932b4480e69817c
[INFO] [stdout]                                at /rustc/a178d0322ce20e33eac124758e837cbd80a6f633/library/std/src/panicking.rs:365:19
[INFO] [stdout]   41:     0x555a8ad27f60 - std::panic::catch_unwind::h6aa177099cfff5f8
[INFO] [stdout]                                at /rustc/a178d0322ce20e33eac124758e837cbd80a6f633/library/std/src/panic.rs:434:14
[INFO] [stdout]   42:     0x555a8ad27f60 - test::run_test_in_process::h5884d6f2d99e20c3
[INFO] [stdout]                                at /rustc/a178d0322ce20e33eac124758e837cbd80a6f633/library/test/src/lib.rs:600:18
[INFO] [stdout]   43:     0x555a8ad27f60 - test::run_test::run_test_inner::{{closure}}::h6fdc58c6d5f5b6e3
[INFO] [stdout]                                at /rustc/a178d0322ce20e33eac124758e837cbd80a6f633/library/test/src/lib.rs:492:39
[INFO] [stdout]   44:     0x555a8ad01612 - test::run_test::run_test_inner::{{closure}}::h408365d67a78ade8
[INFO] [stdout]                                at /rustc/a178d0322ce20e33eac124758e837cbd80a6f633/library/test/src/lib.rs:519:37
[INFO] [stdout]   45:     0x555a8ad01612 - std::sys_common::backtrace::__rust_begin_short_backtrace::hb560b77c4f701523
[INFO] [stdout]                                at /rustc/a178d0322ce20e33eac124758e837cbd80a6f633/library/std/src/sys_common/backtrace.rs:125:18
[INFO] [stdout]   46:     0x555a8ad051c8 - std::thread::Builder::spawn_unchecked::{{closure}}::{{closure}}::hf2e7831dad93c597
[INFO] [stdout]                                at /rustc/a178d0322ce20e33eac124758e837cbd80a6f633/library/std/src/thread/mod.rs:481:17
[INFO] [stdout]   47:     0x555a8ad051c8 - <std::panic::AssertUnwindSafe<F> as core::ops::function::FnOnce<()>>::call_once::hd2e08783d8be4d02
[INFO] [stdout]                                at /rustc/a178d0322ce20e33eac124758e837cbd80a6f633/library/std/src/panic.rs:347:9
[INFO] [stdout]   48:     0x555a8ad051c8 - std::panicking::try::do_call::h062597b7acfd6b82
[INFO] [stdout]                                at /rustc/a178d0322ce20e33eac124758e837cbd80a6f633/library/std/src/panicking.rs:401:40
[INFO] [stdout]   49:     0x555a8ad051c8 - std::panicking::try::h0d7b79db04c14552
[INFO] [stdout]                                at /rustc/a178d0322ce20e33eac124758e837cbd80a6f633/library/std/src/panicking.rs:365:19
[INFO] [stdout]   50:     0x555a8ad051c8 - std::panic::catch_unwind::hb01a0b5e7c8cd43b
[INFO] [stdout]                                at /rustc/a178d0322ce20e33eac124758e837cbd80a6f633/library/std/src/panic.rs:434:14
[INFO] [stdout]   51:     0x555a8ad051c8 - std::thread::Builder::spawn_unchecked::{{closure}}::h5bde48cc887e0d1e
[INFO] [stdout]                                at /rustc/a178d0322ce20e33eac124758e837cbd80a6f633/library/std/src/thread/mod.rs:480:30
[INFO] [stdout]   52:     0x555a8ad051c8 - core::ops::function::FnOnce::call_once{{vtable.shim}}::h745ea30807a29e55
[INFO] [stdout]                                at /rustc/a178d0322ce20e33eac124758e837cbd80a6f633/library/core/src/ops/function.rs:227:5
[INFO] [stdout]   53:     0x555a8ad59cb7 - <alloc::boxed::Box<F,A> as core::ops::function::FnOnce<Args>>::call_once::h7ece6cfefaff1005
[INFO] [stdout]                                at /rustc/a178d0322ce20e33eac124758e837cbd80a6f633/library/alloc/src/boxed.rs:1575:9
[INFO] [stdout]   54:     0x555a8ad59cb7 - <alloc::boxed::Box<F,A> as core::ops::function::FnOnce<Args>>::call_once::hb8b48e55c21f193e
[INFO] [stdout]                                at /rustc/a178d0322ce20e33eac124758e837cbd80a6f633/library/alloc/src/boxed.rs:1575:9
[INFO] [stdout]   55:     0x555a8ad59cb7 - std::sys::unix::thread::Thread::new::thread_start::h8c7c4450dba62914
[INFO] [stdout]                                at /rustc/a178d0322ce20e33eac124758e837cbd80a6f633/library/std/src/sys/unix/thread.rs:71:17
[INFO] [stdout]   56:     0x7f909024e609 - start_thread
[INFO] [stdout]   57:     0x7f9090020293 - clone
[INFO] [stdout]   58:                0x0 - <unknown>
[INFO] [stdout] 
[INFO] [stdout] 
[INFO] [stdout] failures:
[INFO] [stdout]     models::author::tests::test_serialize_authors
[INFO] [stdout] 
[INFO] [stdout] test result: FAILED. 14 passed; 1 failed; 0 ignored; 0 measured; 0 filtered out; finished in 0.02s
[INFO] [stdout] 
[INFO] [stderr] error: test failed, to rerun pass '--lib'
[INFO] running `Command { std: "docker" "inspect" "7be9aa389545ec5318a1e5c821a1286ff36dd077813ce920470aecb30118af12", kill_on_drop: false }`
[INFO] running `Command { std: "docker" "rm" "-f" "7be9aa389545ec5318a1e5c821a1286ff36dd077813ce920470aecb30118af12", kill_on_drop: false }`
[INFO] [stdout] 7be9aa389545ec5318a1e5c821a1286ff36dd077813ce920470aecb30118af12
